[INFO] fetching crate aldrin-codegen 0.2.0...
[INFO] checking aldrin-codegen-0.2.0 against nightly-2024-02-05 for check-cfg
[INFO] extracting crate aldrin-codegen 0.2.0 into /workspace/builds/worker-2-tc1/source
[INFO] validating manifest of crates.io crate aldrin-codegen 0.2.0 on toolchain nightly-2024-02-05
[INFO] running `Command { std: CARGO_HOME="/workspace/cargo-home" RUSTUP_HOME="/workspace/rustup-home" "/workspace/cargo-home/bin/cargo" "+nightly-2024-02-05" "metadata" "--manifest-path" "Cargo.toml" "--no-deps", kill_on_drop: false }`
[INFO] started tweaking crates.io crate aldrin-codegen 0.2.0
[INFO] finished tweaking crates.io crate aldrin-codegen 0.2.0
[INFO] tweaked toml for crates.io crate aldrin-codegen 0.2.0 written to /workspace/builds/worker-2-tc1/source/Cargo.toml
[INFO] running `Command { std: CARGO_HOME="/workspace/cargo-home" RUSTUP_HOME="/workspace/rustup-home" "/workspace/cargo-home/bin/cargo" "+nightly-2024-02-05" "generate-lockfile" "--manifest-path" "Cargo.toml", kill_on_drop: false }`
[INFO] [stderr]     Blocking waiting for file lock on package cache
[INFO] [stderr]     Updating crates.io index
[INFO] running `Command { std: CARGO_HOME="/workspace/cargo-home" RUSTUP_HOME="/workspace/rustup-home" "/workspace/cargo-home/bin/cargo" "+nightly-2024-02-05" "fetch" "--manifest-path" "Cargo.toml", kill_on_drop: false }`
[INFO] [stderr]  Downloading crates ...
[INFO] [stderr]   Downloaded uuid v1.7.0
[INFO] [stderr]   Downloaded diffy v0.3.0
[INFO] [stderr]   Downloaded aldrin-parser v0.2.0
[INFO] running `Command { std: "docker" "create" "-v" "/var/lib/crater-agent-workspace/builds/worker-2-tc1/target:/opt/rustwide/target:rw,Z" "-v" "/var/lib/crater-agent-workspace/builds/worker-2-tc1/source:/opt/rustwide/workdir:ro,Z" "-v" "/var/lib/crater-agent-workspace/cargo-home:/opt/rustwide/cargo-home:ro,Z" "-v" "/var/lib/crater-agent-workspace/rustup-home:/opt/rustwide/rustup-home:ro,Z" "-e" "SOURCE_DIR=/opt/rustwide/workdir" "-e" "CARGO_TARGET_DIR=/opt/rustwide/target" "-e" "CARGO_HOME=/opt/rustwide/cargo-home" "-e" "RUSTUP_HOME=/opt/rustwide/rustup-home" "-w" "/opt/rustwide/workdir" "-m" "1610612736" "--user" "0:0" "--network" "none" "ghcr.io/rust-lang/crates-build-env/linux@sha256:2788e3201cd34a07e3172128adcd8b3090168a8e3bcc40d7c032b9dda1df7d1c" "/opt/rustwide/cargo-home/bin/cargo" "+nightly-2024-02-05" "metadata" "--no-deps" "--format-version=1", kill_on_drop: false }`
[INFO] [stdout] c1b3b56e96f858dead3ffc321d4f9b177f2c816a0ea7beecf89b06487107f070
[INFO] running `Command { std: "docker" "start" "-a" "c1b3b56e96f858dead3ffc321d4f9b177f2c816a0ea7beecf89b06487107f070", kill_on_drop: false }`
[INFO] running `Command { std: "docker" "inspect" "c1b3b56e96f858dead3ffc321d4f9b177f2c816a0ea7beecf89b06487107f070", kill_on_drop: false }`
[INFO] running `Command { std: "docker" "rm" "-f" "c1b3b56e96f858dead3ffc321d4f9b177f2c816a0ea7beecf89b06487107f070", kill_on_drop: false }`
[INFO] [stdout] c1b3b56e96f858dead3ffc321d4f9b177f2c816a0ea7beecf89b06487107f070
[INFO] running `Command { std: "docker" "create" "-v" "/var/lib/crater-agent-workspace/builds/worker-2-tc1/target:/opt/rustwide/target:rw,Z" "-v" "/var/lib/crater-agent-workspace/builds/worker-2-tc1/source:/opt/rustwide/workdir:ro,Z" "-v" "/var/lib/crater-agent-workspace/cargo-home:/opt/rustwide/cargo-home:ro,Z" "-v" "/var/lib/crater-agent-workspace/rustup-home:/opt/rustwide/rustup-home:ro,Z" "-e" "SOURCE_DIR=/opt/rustwide/workdir" "-e" "CARGO_TARGET_DIR=/opt/rustwide/target" "-e" "CARGO_INCREMENTAL=0" "-e" "RUST_BACKTRACE=full" "-e" "RUSTFLAGS=--cap-lints=forbid" "-e" "RUSTDOCFLAGS=--cap-lints=forbid" "-e" "CARGO_HOME=/opt/rustwide/cargo-home" "-e" "RUSTUP_HOME=/opt/rustwide/rustup-home" "-w" "/opt/rustwide/workdir" "-m" "1610612736" "--user" "0:0" "--network" "none" "ghcr.io/rust-lang/crates-build-env/linux@sha256:2788e3201cd34a07e3172128adcd8b3090168a8e3bcc40d7c032b9dda1df7d1c" "/opt/rustwide/cargo-home/bin/cargo" "+nightly-2024-02-05" "check" "--frozen" "--all" "--all-targets" "--message-format=json", kill_on_drop: false }`
[INFO] [stdout] d0c0996ff3df5dd2fa7e3f721eb67360c1356d1b21fb11761cb57f19267a30a2
[INFO] running `Command { std: "docker" "start" "-a" "d0c0996ff3df5dd2fa7e3f721eb67360c1356d1b21fb11761cb57f19267a30a2", kill_on_drop: false }`
[INFO] [stderr]    Compiling libc v0.2.153
[INFO] [stderr]     Checking futures-sink v0.3.30
[INFO] [stderr]     Checking overload v0.1.1
[INFO] [stderr]     Checking futures-core v0.3.30
[INFO] [stderr]     Checking unicode-width v0.1.11
[INFO] [stderr]     Checking futures-task v0.3.30
[INFO] [stderr]     Checking strsim v0.10.0
[INFO] [stderr]     Checking heck v0.4.1
[INFO] [stderr]     Checking pin-utils v0.1.0
[INFO] [stderr]     Checking futures-io v0.3.30
[INFO] [stderr]    Compiling syn v2.0.48
[INFO] [stderr]     Checking nu-ansi-term v0.46.0
[INFO] [stderr]     Checking futures-channel v0.3.30
[INFO] [stderr]     Checking futures-util v0.3.30
[INFO] [stderr]     Checking diffy v0.3.0
[INFO] [stderr]     Checking getrandom v0.2.12
[INFO] [stderr]     Checking uuid v1.7.0
[INFO] [stderr]     Checking futures v0.3.30
[INFO] [stderr]    Compiling thiserror-impl v1.0.56
[INFO] [stderr]    Compiling tokio-macros v2.2.0
[INFO] [stderr]     Checking tokio v1.36.0
[INFO] [stderr]    Compiling thiserror v1.0.56
[INFO] [stderr]    Compiling pest v2.7.7
[INFO] [stderr]    Compiling pest_meta v2.7.7
[INFO] [stderr]    Compiling pest_generator v2.7.7
[INFO] [stderr]    Compiling pest_derive v2.7.7
[INFO] [stderr]     Checking aldrin-parser v0.2.0
[INFO] [stderr]     Checking aldrin-codegen v0.2.0 (/opt/rustwide/workdir)
[INFO] [stdout] error[E0433]: failed to resolve: use of undeclared crate or module `aldrin`
[INFO] [stdout]  --> src/rust/test.rs:6:5
[INFO] [stdout]   |
[INFO] [stdout] 6 | use aldrin::core::{ObjectUuid, SerializedValue};
[INFO] [stdout]   |     ^^^^^^ use of undeclared crate or module `aldrin`
[INFO] [stdout] 
[INFO] [stdout] 
[INFO] [stdout] error[E0433]: failed to resolve: use of undeclared crate or module `aldrin_test`
[INFO] [stdout]  --> src/rust/test.rs:8:5
[INFO] [stdout]   |
[INFO] [stdout] 8 | use aldrin_test::tokio::TestBroker;
[INFO] [stdout]   |     ^^^^^^^^^^^ use of undeclared crate or module `aldrin_test`
[INFO] [stdout] 
[INFO] [stdout] 
[INFO] [stdout] error[E0432]: unresolved import `aldrin`
[INFO] [stdout]  --> src/rust/test.rs:7:5
[INFO] [stdout]   |
[INFO] [stdout] 7 | use aldrin::Error;
[INFO] [stdout]   |     ^^^^^^ use of undeclared crate or module `aldrin`
[INFO] [stdout] 
[INFO] [stdout] 
[INFO] [stdout] error[E0433]: failed to resolve: use of undeclared crate or module `aldrin`
[INFO] [stdout]  --> src/rust/test.rs:1:1
[INFO] [stdout]   |
[INFO] [stdout] 1 | aldrin::generate!("test/constants.aldrin");
[INFO] [stdout]   | ^^^^^^ use of undeclared crate or module `aldrin`
[INFO] [stdout] 
[INFO] [stdout] 
[INFO] [stdout] error[E0433]: failed to resolve: use of undeclared crate or module `aldrin`
[INFO] [stdout]  --> src/rust/test.rs:2:1
[INFO] [stdout]   |
[INFO] [stdout] 2 | aldrin::generate!("test/generic_struct.aldrin");
[INFO] [stdout]   | ^^^^^^ use of undeclared crate or module `aldrin`
[INFO] [stdout] 
[INFO] [stdout] 
[INFO] [stdout] error[E0433]: failed to resolve: use of undeclared crate or module `aldrin`
[INFO] [stdout]  --> src/rust/test.rs:3:1
[INFO] [stdout]   |
[INFO] [stdout] 3 | aldrin::generate!("test/options.aldrin");
[INFO] [stdout]   | ^^^^^^ use of undeclared crate or module `aldrin`
[INFO] [stdout] 
[INFO] [stdout] 
[INFO] [stdout] error[E0433]: failed to resolve: use of undeclared crate or module `aldrin`
[INFO] [stdout]  --> src/rust/test.rs:4:1
[INFO] [stdout]   |
[INFO] [stdout] 4 | aldrin::generate!("test/test1.aldrin");
[INFO] [stdout]   | ^^^^^^ use of undeclared crate or module `aldrin`
[INFO] [stdout] 
[INFO] [stdout] 
[INFO] [stdout] error[E0433]: failed to resolve: use of undeclared crate or module `test1`
[INFO] [stdout]   --> src/rust/test.rs:18:19
[INFO] [stdout]    |
[INFO] [stdout] 18 |     let mut svc = test1::Test1::create(&obj).await.unwrap();
[INFO] [stdout]    |                   ^^^^^ use of undeclared crate or module `test1`
[INFO] [stdout] 
[INFO] [stdout] 
[INFO] [stdout] error[E0433]: failed to resolve: use of undeclared crate or module `test1`
[INFO] [stdout]   --> src/rust/test.rs:41:19
[INFO] [stdout]    |
[INFO] [stdout] 41 |     let mut svc = test1::Test1::create(&obj).await.unwrap();
[INFO] [stdout]    |                   ^^^^^ use of undeclared crate or module `test1`
[INFO] [stdout] 
[INFO] [stdout] 
[INFO] [stdout] error[E0433]: failed to resolve: use of undeclared crate or module `aldrin`
[INFO] [stdout]   --> src/rust/test.rs:77:12
[INFO] [stdout]    |
[INFO] [stdout] 77 |     let g: aldrin::core::Struct = s1_serialized.deserialize().unwrap();
[INFO] [stdout]    |            ^^^^^^ use of undeclared crate or module `aldrin`
[INFO] [stdout] 
[INFO] [stdout] 
[INFO] [stdout] error[E0433]: failed to resolve: function `constants` is not a crate or module
[INFO] [stdout]   --> src/rust/test.rs:54:16
[INFO] [stdout]    |
[INFO] [stdout] 54 |     assert_eq!(constants::CONST_U8, 1);
[INFO] [stdout]    |                ^^^^^^^^^ function `constants` is not a crate or module
[INFO] [stdout] 
[INFO] [stdout] 
[INFO] [stdout] error[E0433]: failed to resolve: function `constants` is not a crate or module
[INFO] [stdout]   --> src/rust/test.rs:55:16
[INFO] [stdout]    |
[INFO] [stdout] 55 |     assert_eq!(constants::CONST_I8, 2);
[INFO] [stdout]    |                ^^^^^^^^^ function `constants` is not a crate or module
[INFO] [stdout] 
[INFO] [stdout] 
[INFO] [stdout] error[E0433]: failed to resolve: function `constants` is not a crate or module
[INFO] [stdout]   --> src/rust/test.rs:56:16
[INFO] [stdout]    |
[INFO] [stdout] 56 |     assert_eq!(constants::CONST_U16, 3);
[INFO] [stdout]    |                ^^^^^^^^^ function `constants` is not a crate or module
[INFO] [stdout] 
[INFO] [stdout] 
[INFO] [stdout] error[E0433]: failed to resolve: function `constants` is not a crate or module
[INFO] [stdout]   --> src/rust/test.rs:57:16
[INFO] [stdout]    |
[INFO] [stdout] 57 |     assert_eq!(constants::CONST_I16, 4);
[INFO] [stdout]    |                ^^^^^^^^^ function `constants` is not a crate or module
[INFO] [stdout] 
[INFO] [stdout] 
[INFO] [stdout] error[E0433]: failed to resolve: function `constants` is not a crate or module
[INFO] [stdout]   --> src/rust/test.rs:58:16
[INFO] [stdout]    |
[INFO] [stdout] 58 |     assert_eq!(constants::CONST_U32, 5);
[INFO] [stdout]    |                ^^^^^^^^^ function `constants` is not a crate or module
[INFO] [stdout] 
[INFO] [stdout] 
[INFO] [stdout] error[E0433]: failed to resolve: function `constants` is not a crate or module
[INFO] [stdout]   --> src/rust/test.rs:59:16
[INFO] [stdout]    |
[INFO] [stdout] 59 |     assert_eq!(constants::CONST_I32, 6);
[INFO] [stdout]    |                ^^^^^^^^^ function `constants` is not a crate or module
[INFO] [stdout] 
[INFO] [stdout] 
[INFO] [stdout] error[E0433]: failed to resolve: function `constants` is not a crate or module
[INFO] [stdout]   --> src/rust/test.rs:60:16
[INFO] [stdout]    |
[INFO] [stdout] 60 |     assert_eq!(constants::CONST_U64, 7);
[INFO] [stdout]    |                ^^^^^^^^^ function `constants` is not a crate or module
[INFO] [stdout] 
[INFO] [stdout] 
[INFO] [stdout] error[E0433]: failed to resolve: function `constants` is not a crate or module
[INFO] [stdout]   --> src/rust/test.rs:61:16
[INFO] [stdout]    |
[INFO] [stdout] 61 |     assert_eq!(constants::CONST_I64, 8);
[INFO] [stdout]    |                ^^^^^^^^^ function `constants` is not a crate or module
[INFO] [stdout] 
[INFO] [stdout] 
[INFO] [stdout] error[E0433]: failed to resolve: function `constants` is not a crate or module
[INFO] [stdout]   --> src/rust/test.rs:62:16
[INFO] [stdout]    |
[INFO] [stdout] 62 |     assert_eq!(constants::CONST_STRING, "string");
[INFO] [stdout]    |                ^^^^^^^^^ function `constants` is not a crate or module
[INFO] [stdout] 
[INFO] [stdout] 
[INFO] [stdout] error[E0433]: failed to resolve: function `constants` is not a crate or module
[INFO] [stdout]   --> src/rust/test.rs:64:9
[INFO] [stdout]    |
[INFO] [stdout] 64 |         constants::CONST_UUID,
[INFO] [stdout]    |         ^^^^^^^^^ function `constants` is not a crate or module
[INFO] [stdout] 
[INFO] [stdout] 
[INFO] [stdout] warning: unused import: `futures::StreamExt`
[INFO] [stdout]  --> src/rust/test.rs:9:5
[INFO] [stdout]   |
[INFO] [stdout] 9 | use futures::StreamExt;
[INFO] [stdout]   |     ^^^^^^^^^^^^^^^^^^
[INFO] [stdout]   |
[INFO] [stdout]   = note: `#[warn(unused_imports)]` on by default
[INFO] [stdout] 
[INFO] [stdout] 
[INFO] [stdout] error[E0433]: failed to resolve: function `generic_struct` is not a crate or module
[INFO] [stdout]   --> src/rust/test.rs:79:13
[INFO] [stdout]    |
[INFO] [stdout] 79 |     let s2: generic_struct::Struct = g_serialized.deserialize().unwrap();
[INFO] [stdout]    |             ^^^^^^^^^^^^^^ function `generic_struct` is not a crate or module
[INFO] [stdout] 
[INFO] [stdout] 
[INFO] [stdout] error[E0433]: failed to resolve: function `generic_struct` is not a crate or module
[INFO] [stdout]   --> src/rust/test.rs:71:14
[INFO] [stdout]    |
[INFO] [stdout] 71 |     let s1 = generic_struct::Struct {
[INFO] [stdout]    |              ^^^^^^^^^^^^^^ function `generic_struct` is not a crate or module
[INFO] [stdout] 
[INFO] [stdout] 
[INFO] [stdout] error: aborting due to 22 previous errors; 1 warning emitted
[INFO] [stdout] 
[INFO] [stdout] 
[INFO] [stdout] Some errors have detailed explanations: E0432, E0433.
[INFO] [stdout] 
[INFO] [stdout] For more information about an error, try `rustc --explain E0432`.
[INFO] [stdout] 
[INFO] [stderr] error: could not compile `aldrin-codegen` (lib test) due to 23 previous errors; 1 warning emitted
[INFO] [stderr] warning: build failed, waiting for other jobs to finish...
[INFO] running `Command { std: "docker" "inspect" "d0c0996ff3df5dd2fa7e3f721eb67360c1356d1b21fb11761cb57f19267a30a2", kill_on_drop: false }`
[INFO] running `Command { std: "docker" "rm" "-f" "d0c0996ff3df5dd2fa7e3f721eb67360c1356d1b21fb11761cb57f19267a30a2", kill_on_drop: false }`
[INFO] [stdout] d0c0996ff3df5dd2fa7e3f721eb67360c1356d1b21fb11761cb57f19267a30a2
[INFO] checking aldrin-codegen-0.2.0 against nightly-2024-02-05+rustflags=-Dunexpected_cfgs+cargoflags=-Zcheck-cfg for check-cfg
[INFO] extracting crate aldrin-codegen 0.2.0 into /workspace/builds/worker-2-tc2/source
[INFO] validating manifest of crates.io crate aldrin-codegen 0.2.0 on toolchain nightly-2024-02-05
[INFO] running `Command { std: CARGO_HOME="/workspace/cargo-home" RUSTUP_HOME="/workspace/rustup-home" "/workspace/cargo-home/bin/cargo" "+nightly-2024-02-05" "metadata" "--manifest-path" "Cargo.toml" "--no-deps", kill_on_drop: false }`
[INFO] started tweaking crates.io crate aldrin-codegen 0.2.0
[INFO] finished tweaking crates.io crate aldrin-codegen 0.2.0
[INFO] tweaked toml for crates.io crate aldrin-codegen 0.2.0 written to /workspace/builds/worker-2-tc2/source/Cargo.toml
[INFO] running `Command { std: CARGO_HOME="/workspace/cargo-home" RUSTUP_HOME="/workspace/rustup-home" "/workspace/cargo-home/bin/cargo" "+nightly-2024-02-05" "generate-lockfile" "--manifest-path" "Cargo.toml", kill_on_drop: false }`
[INFO] [stderr]     Updating crates.io index
[INFO] running `Command { std: CARGO_HOME="/workspace/cargo-home" RUSTUP_HOME="/workspace/rustup-home" "/workspace/cargo-home/bin/cargo" "+nightly-2024-02-05" "fetch" "--manifest-path" "Cargo.toml", kill_on_drop: false }`
[INFO] running `Command { std: "docker" "create" "-v" "/var/lib/crater-agent-workspace/builds/worker-2-tc2/target:/opt/rustwide/target:rw,Z" "-v" "/var/lib/crater-agent-workspace/builds/worker-2-tc2/source:/opt/rustwide/workdir:ro,Z" "-v" "/var/lib/crater-agent-workspace/cargo-home:/opt/rustwide/cargo-home:ro,Z" "-v" "/var/lib/crater-agent-workspace/rustup-home:/opt/rustwide/rustup-home:ro,Z" "-e" "SOURCE_DIR=/opt/rustwide/workdir" "-e" "CARGO_TARGET_DIR=/opt/rustwide/target" "-e" "CARGO_HOME=/opt/rustwide/cargo-home" "-e" "RUSTUP_HOME=/opt/rustwide/rustup-home" "-w" "/opt/rustwide/workdir" "-m" "1610612736" "--user" "0:0" "--network" "none" "ghcr.io/rust-lang/crates-build-env/linux@sha256:2788e3201cd34a07e3172128adcd8b3090168a8e3bcc40d7c032b9dda1df7d1c" "/opt/rustwide/cargo-home/bin/cargo" "+nightly-2024-02-05" "metadata" "--no-deps" "--format-version=1", kill_on_drop: false }`
[INFO] [stdout] 19eef2ce4e1df4cab2ae3a64f158ad53261af22658508afc88778fb8f5fc8bd4
[INFO] running `Command { std: "docker" "start" "-a" "19eef2ce4e1df4cab2ae3a64f158ad53261af22658508afc88778fb8f5fc8bd4", kill_on_drop: false }`
[INFO] running `Command { std: "docker" "inspect" "19eef2ce4e1df4cab2ae3a64f158ad53261af22658508afc88778fb8f5fc8bd4", kill_on_drop: false }`
[INFO] running `Command { std: "docker" "rm" "-f" "19eef2ce4e1df4cab2ae3a64f158ad53261af22658508afc88778fb8f5fc8bd4", kill_on_drop: false }`
[INFO] [stdout] 19eef2ce4e1df4cab2ae3a64f158ad53261af22658508afc88778fb8f5fc8bd4
[INFO] running `Command { std: "docker" "create" "-v" "/var/lib/crater-agent-workspace/builds/worker-2-tc2/target:/opt/rustwide/target:rw,Z" "-v" "/var/lib/crater-agent-workspace/builds/worker-2-tc2/source:/opt/rustwide/workdir:ro,Z" "-v" "/var/lib/crater-agent-workspace/cargo-home:/opt/rustwide/cargo-home:ro,Z" "-v" "/var/lib/crater-agent-workspace/rustup-home:/opt/rustwide/rustup-home:ro,Z" "-e" "SOURCE_DIR=/opt/rustwide/workdir" "-e" "CARGO_TARGET_DIR=/opt/rustwide/target" "-e" "CARGO_INCREMENTAL=0" "-e" "RUST_BACKTRACE=full" "-e" "RUSTFLAGS=--cap-lints=forbid -Dunexpected_cfgs" "-e" "RUSTDOCFLAGS=--cap-lints=forbid" "-e" "CARGO_HOME=/opt/rustwide/cargo-home" "-e" "RUSTUP_HOME=/opt/rustwide/rustup-home" "-w" "/opt/rustwide/workdir" "-m" "1610612736" "--user" "0:0" "--network" "none" "ghcr.io/rust-lang/crates-build-env/linux@sha256:2788e3201cd34a07e3172128adcd8b3090168a8e3bcc40d7c032b9dda1df7d1c" "/opt/rustwide/cargo-home/bin/cargo" "+nightly-2024-02-05" "check" "--frozen" "--all" "--all-targets" "--message-format=json" "-Zcheck-cfg", kill_on_drop: false }`
[INFO] [stdout] 845283c865b55926647fafa28c56a438240abb8c581dafcb6fbe0283662b3a3d
[INFO] running `Command { std: "docker" "start" "-a" "845283c865b55926647fafa28c56a438240abb8c581dafcb6fbe0283662b3a3d", kill_on_drop: false }`
[INFO] [stderr]    Compiling libc v0.2.153
[INFO] [stderr]     Checking overload v0.1.1
[INFO] [stderr]     Checking futures-sink v0.3.30
[INFO] [stderr]     Checking futures-core v0.3.30
[INFO] [stderr]     Checking strsim v0.10.0
[INFO] [stderr]     Checking unicode-width v0.1.11
[INFO] [stderr]     Checking heck v0.4.1
[INFO] [stderr]     Checking futures-task v0.3.30
[INFO] [stderr]     Checking pin-utils v0.1.0
[INFO] [stderr]     Checking futures-io v0.3.30
[INFO] [stderr]    Compiling syn v2.0.48
[INFO] [stderr]     Checking nu-ansi-term v0.46.0
[INFO] [stderr]     Checking futures-channel v0.3.30
[INFO] [stderr]     Checking futures-util v0.3.30
[INFO] [stderr]     Checking diffy v0.3.0
[INFO] [stderr]     Checking getrandom v0.2.12
[INFO] [stderr]     Checking uuid v1.7.0
[INFO] [stderr]     Checking futures v0.3.30
[INFO] [stderr]    Compiling thiserror-impl v1.0.56
[INFO] [stderr]    Compiling tokio-macros v2.2.0
[INFO] [stderr]     Checking tokio v1.36.0
[INFO] [stderr]    Compiling thiserror v1.0.56
[INFO] [stderr]    Compiling pest v2.7.7
[INFO] [stderr]    Compiling pest_meta v2.7.7
[INFO] [stderr]    Compiling pest_generator v2.7.7
[INFO] [stderr]    Compiling pest_derive v2.7.7
[INFO] [stderr]     Checking aldrin-parser v0.2.0
[INFO] [stderr]     Checking aldrin-codegen v0.2.0 (/opt/rustwide/workdir)
[INFO] [stdout] error[E0433]: failed to resolve: use of undeclared crate or module `aldrin`
[INFO] [stdout]  --> src/rust/test.rs:6:5
[INFO] [stdout]   |
[INFO] [stdout] 6 | use aldrin::core::{ObjectUuid, SerializedValue};
[INFO] [stdout]   |     ^^^^^^ use of undeclared crate or module `aldrin`
[INFO] [stdout] 
[INFO] [stdout] 
[INFO] [stdout] error[E0433]: failed to resolve: use of undeclared crate or module `aldrin_test`
[INFO] [stdout]  --> src/rust/test.rs:8:5
[INFO] [stdout]   |
[INFO] [stdout] 8 | use aldrin_test::tokio::TestBroker;
[INFO] [stdout]   |     ^^^^^^^^^^^ use of undeclared crate or module `aldrin_test`
[INFO] [stdout] 
[INFO] [stdout] 
[INFO] [stdout] error[E0432]: unresolved import `aldrin`
[INFO] [stdout]  --> src/rust/test.rs:7:5
[INFO] [stdout]   |
[INFO] [stdout] 7 | use aldrin::Error;
[INFO] [stdout]   |     ^^^^^^ use of undeclared crate or module `aldrin`
[INFO] [stdout] 
[INFO] [stdout] 
[INFO] [stdout] error[E0433]: failed to resolve: use of undeclared crate or module `aldrin`
[INFO] [stdout]  --> src/rust/test.rs:1:1
[INFO] [stdout]   |
[INFO] [stdout] 1 | aldrin::generate!("test/constants.aldrin");
[INFO] [stdout]   | ^^^^^^ use of undeclared crate or module `aldrin`
[INFO] [stdout] 
[INFO] [stdout] 
[INFO] [stdout] error[E0433]: failed to resolve: use of undeclared crate or module `aldrin`
[INFO] [stdout]  --> src/rust/test.rs:2:1
[INFO] [stdout]   |
[INFO] [stdout] 2 | aldrin::generate!("test/generic_struct.aldrin");
[INFO] [stdout]   | ^^^^^^ use of undeclared crate or module `aldrin`
[INFO] [stdout] 
[INFO] [stdout] 
[INFO] [stdout] error[E0433]: failed to resolve: use of undeclared crate or module `aldrin`
[INFO] [stdout]  --> src/rust/test.rs:3:1
[INFO] [stdout]   |
[INFO] [stdout] 3 | aldrin::generate!("test/options.aldrin");
[INFO] [stdout]   | ^^^^^^ use of undeclared crate or module `aldrin`
[INFO] [stdout] 
[INFO] [stdout] 
[INFO] [stdout] error[E0433]: failed to resolve: use of undeclared crate or module `aldrin`
[INFO] [stdout]  --> src/rust/test.rs:4:1
[INFO] [stdout]   |
[INFO] [stdout] 4 | aldrin::generate!("test/test1.aldrin");
[INFO] [stdout]   | ^^^^^^ use of undeclared crate or module `aldrin`
[INFO] [stdout] 
[INFO] [stdout] 
[INFO] [stdout] error[E0433]: failed to resolve: use of undeclared crate or module `test1`
[INFO] [stdout]   --> src/rust/test.rs:18:19
[INFO] [stdout]    |
[INFO] [stdout] 18 |     let mut svc = test1::Test1::create(&obj).await.unwrap();
[INFO] [stdout]    |                   ^^^^^ use of undeclared crate or module `test1`
[INFO] [stdout] 
[INFO] [stdout] 
[INFO] [stdout] error[E0433]: failed to resolve: use of undeclared crate or module `test1`
[INFO] [stdout]   --> src/rust/test.rs:41:19
[INFO] [stdout]    |
[INFO] [stdout] 41 |     let mut svc = test1::Test1::create(&obj).await.unwrap();
[INFO] [stdout]    |                   ^^^^^ use of undeclared crate or module `test1`
[INFO] [stdout] 
[INFO] [stdout] 
[INFO] [stdout] error[E0433]: failed to resolve: use of undeclared crate or module `aldrin`
[INFO] [stdout]   --> src/rust/test.rs:77:12
[INFO] [stdout]    |
[INFO] [stdout] 77 |     let g: aldrin::core::Struct = s1_serialized.deserialize().unwrap();
[INFO] [stdout]    |            ^^^^^^ use of undeclared crate or module `aldrin`
[INFO] [stdout] 
[INFO] [stdout] 
[INFO] [stdout] error[E0433]: failed to resolve: function `constants` is not a crate or module
[INFO] [stdout]   --> src/rust/test.rs:54:16
[INFO] [stdout]    |
[INFO] [stdout] 54 |     assert_eq!(constants::CONST_U8, 1);
[INFO] [stdout]    |                ^^^^^^^^^ function `constants` is not a crate or module
[INFO] [stdout] 
[INFO] [stdout] 
[INFO] [stdout] error[E0433]: failed to resolve: function `constants` is not a crate or module
[INFO] [stdout]   --> src/rust/test.rs:55:16
[INFO] [stdout]    |
[INFO] [stdout] 55 |     assert_eq!(constants::CONST_I8, 2);
[INFO] [stdout]    |                ^^^^^^^^^ function `constants` is not a crate or module
[INFO] [stdout] 
[INFO] [stdout] 
[INFO] [stdout] error[E0433]: failed to resolve: function `constants` is not a crate or module
[INFO] [stdout]   --> src/rust/test.rs:56:16
[INFO] [stdout]    |
[INFO] [stdout] 56 |     assert_eq!(constants::CONST_U16, 3);
[INFO] [stdout]    |                ^^^^^^^^^ function `constants` is not a crate or module
[INFO] [stdout] 
[INFO] [stdout] 
[INFO] [stdout] error[E0433]: failed to resolve: function `constants` is not a crate or module
[INFO] [stdout]   --> src/rust/test.rs:57:16
[INFO] [stdout]    |
[INFO] [stdout] 57 |     assert_eq!(constants::CONST_I16, 4);
[INFO] [stdout]    |                ^^^^^^^^^ function `constants` is not a crate or module
[INFO] [stdout] 
[INFO] [stdout] 
[INFO] [stdout] error[E0433]: failed to resolve: function `constants` is not a crate or module
[INFO] [stdout]   --> src/rust/test.rs:58:16
[INFO] [stdout]    |
[INFO] [stdout] 58 |     assert_eq!(constants::CONST_U32, 5);
[INFO] [stdout]    |                ^^^^^^^^^ function `constants` is not a crate or module
[INFO] [stdout] 
[INFO] [stdout] 
[INFO] [stdout] error[E0433]: failed to resolve: function `constants` is not a crate or module
[INFO] [stdout]   --> src/rust/test.rs:59:16
[INFO] [stdout]    |
[INFO] [stdout] 59 |     assert_eq!(constants::CONST_I32, 6);
[INFO] [stdout]    |                ^^^^^^^^^ function `constants` is not a crate or module
[INFO] [stdout] 
[INFO] [stdout] 
[INFO] [stdout] error[E0433]: failed to resolve: function `constants` is not a crate or module
[INFO] [stdout]   --> src/rust/test.rs:60:16
[INFO] [stdout]    |
[INFO] [stdout] 60 |     assert_eq!(constants::CONST_U64, 7);
[INFO] [stdout]    |                ^^^^^^^^^ function `constants` is not a crate or module
[INFO] [stdout] 
[INFO] [stdout] 
[INFO] [stdout] error[E0433]: failed to resolve: function `constants` is not a crate or module
[INFO] [stdout]   --> src/rust/test.rs:61:16
[INFO] [stdout]    |
[INFO] [stdout] 61 |     assert_eq!(constants::CONST_I64, 8);
[INFO] [stdout]    |                ^^^^^^^^^ function `constants` is not a crate or module
[INFO] [stdout] 
[INFO] [stdout] 
[INFO] [stdout] error[E0433]: failed to resolve: function `constants` is not a crate or module
[INFO] [stdout]   --> src/rust/test.rs:62:16
[INFO] [stdout]    |
[INFO] [stdout] 62 |     assert_eq!(constants::CONST_STRING, "string");
[INFO] [stdout]    |                ^^^^^^^^^ function `constants` is not a crate or module
[INFO] [stdout] 
[INFO] [stdout] 
[INFO] [stdout] error[E0433]: failed to resolve: function `constants` is not a crate or module
[INFO] [stdout]   --> src/rust/test.rs:64:9
[INFO] [stdout]    |
[INFO] [stdout] 64 |         constants::CONST_UUID,
[INFO] [stdout]    |         ^^^^^^^^^ function `constants` is not a crate or module
[INFO] [stdout] 
[INFO] [stdout] 
[INFO] [stdout] warning: unused import: `futures::StreamExt`
[INFO] [stdout]  --> src/rust/test.rs:9:5
[INFO] [stdout]   |
[INFO] [stdout] 9 | use futures::StreamExt;
[INFO] [stdout]   |     ^^^^^^^^^^^^^^^^^^
[INFO] [stdout]   |
[INFO] [stdout]   = note: `#[warn(unused_imports)]` on by default
[INFO] [stdout] 
[INFO] [stdout] 
[INFO] [stdout] error[E0433]: failed to resolve: function `generic_struct` is not a crate or module
[INFO] [stdout]   --> src/rust/test.rs:79:13
[INFO] [stdout]    |
[INFO] [stdout] 79 |     let s2: generic_struct::Struct = g_serialized.deserialize().unwrap();
[INFO] [stdout]    |             ^^^^^^^^^^^^^^ function `generic_struct` is not a crate or module
[INFO] [stdout] 
[INFO] [stdout] 
[INFO] [stdout] error[E0433]: failed to resolve: function `generic_struct` is not a crate or module
[INFO] [stdout]   --> src/rust/test.rs:71:14
[INFO] [stdout]    |
[INFO] [stdout] 71 |     let s1 = generic_struct::Struct {
[INFO] [stdout]    |              ^^^^^^^^^^^^^^ function `generic_struct` is not a crate or module
[INFO] [stdout] 
[INFO] [stdout] 
[INFO] [stdout] error: aborting due to 22 previous errors; 1 warning emitted
[INFO] [stdout] 
[INFO] [stdout] 
[INFO] [stdout] Some errors have detailed explanations: E0432, E0433.
[INFO] [stdout] 
[INFO] [stdout] For more information about an error, try `rustc --explain E0432`.
[INFO] [stdout] 
[INFO] [stderr] error: could not compile `aldrin-codegen` (lib test) due to 23 previous errors; 1 warning emitted
[INFO] [stderr] warning: build failed, waiting for other jobs to finish...
[INFO] running `Command { std: "docker" "inspect" "845283c865b55926647fafa28c56a438240abb8c581dafcb6fbe0283662b3a3d", kill_on_drop: false }`
[INFO] running `Command { std: "docker" "rm" "-f" "845283c865b55926647fafa28c56a438240abb8c581dafcb6fbe0283662b3a3d", kill_on_drop: false }`
[INFO] [stdout] 845283c865b55926647fafa28c56a438240abb8c581dafcb6fbe0283662b3a3d
