[INFO] fetching crate agora-lnd-client 0.0.2...
[INFO] checking agora-lnd-client-0.0.2 against nightly-2024-02-05 for check-cfg
[INFO] extracting crate agora-lnd-client 0.0.2 into /workspace/builds/worker-0-tc1/source
[INFO] validating manifest of crates.io crate agora-lnd-client 0.0.2 on toolchain nightly-2024-02-05
[INFO] running `Command { std: CARGO_HOME="/workspace/cargo-home" RUSTUP_HOME="/workspace/rustup-home" "/workspace/cargo-home/bin/cargo" "+nightly-2024-02-05" "metadata" "--manifest-path" "Cargo.toml" "--no-deps", kill_on_drop: false }`
[INFO] started tweaking crates.io crate agora-lnd-client 0.0.2
[INFO] finished tweaking crates.io crate agora-lnd-client 0.0.2
[INFO] tweaked toml for crates.io crate agora-lnd-client 0.0.2 written to /workspace/builds/worker-0-tc1/source/Cargo.toml
[INFO] running `Command { std: CARGO_HOME="/workspace/cargo-home" RUSTUP_HOME="/workspace/rustup-home" "/workspace/cargo-home/bin/cargo" "+nightly-2024-02-05" "generate-lockfile" "--manifest-path" "Cargo.toml", kill_on_drop: false }`
[INFO] [stderr]     Updating crates.io index
[INFO] running `Command { std: CARGO_HOME="/workspace/cargo-home" RUSTUP_HOME="/workspace/rustup-home" "/workspace/cargo-home/bin/cargo" "+nightly-2024-02-05" "fetch" "--manifest-path" "Cargo.toml", kill_on_drop: false }`
[INFO] [stderr]  Downloading crates ...
[INFO] [stderr]   Downloaded tokio-io-timeout v1.2.0
[INFO] [stderr]   Downloaded async-stream v0.3.5
[INFO] [stderr]   Downloaded ctor v0.1.26
[INFO] [stderr]   Downloaded prost v0.8.0
[INFO] [stderr]   Downloaded tokio-openssl v0.6.4
[INFO] [stderr]   Downloaded async-stream-impl v0.3.5
[INFO] [stderr]   Downloaded tonic v0.5.2
[INFO] [stderr]   Downloaded multimap v0.8.3
[INFO] [stderr]   Downloaded sha2 v0.9.9
[INFO] [stderr]   Downloaded hyper-openssl v0.9.2
[INFO] [stderr]   Downloaded hex-literal v0.3.4
[INFO] [stderr]   Downloaded prost-derive v0.8.0
[INFO] [stderr]   Downloaded diff v0.1.13
[INFO] [stderr]   Downloaded serde_yaml v0.8.26
[INFO] [stderr]   Downloaded pretty_assertions v0.7.2
[INFO] [stderr]   Downloaded tokio-util v0.6.10
[INFO] [stderr]   Downloaded prost-types v0.8.0
[INFO] [stderr]   Downloaded num-format v0.4.4
[INFO] [stderr]   Downloaded arrayvec v0.7.4
[INFO] [stderr]   Downloaded hyper-timeout v0.4.1
[INFO] [stderr]   Downloaded linked_hash_set v0.1.4
[INFO] [stderr]   Downloaded output_vt100 v0.1.3
[INFO] [stderr]   Downloaded tonic-build v0.5.2
[INFO] [stderr]   Downloaded prost-build v0.8.0
[INFO] [stderr]   Downloaded openssl-src v300.2.2+3.2.1
[INFO] [stderr]   Downloaded cradle v0.0.21
[INFO] running `Command { std: "docker" "create" "-v" "/var/lib/crater-agent-workspace/builds/worker-0-tc1/target:/opt/rustwide/target:rw,Z" "-v" "/var/lib/crater-agent-workspace/builds/worker-0-tc1/source:/opt/rustwide/workdir:ro,Z" "-v" "/var/lib/crater-agent-workspace/cargo-home:/opt/rustwide/cargo-home:ro,Z" "-v" "/var/lib/crater-agent-workspace/rustup-home:/opt/rustwide/rustup-home:ro,Z" "-e" "SOURCE_DIR=/opt/rustwide/workdir" "-e" "CARGO_TARGET_DIR=/opt/rustwide/target" "-e" "CARGO_HOME=/opt/rustwide/cargo-home" "-e" "RUSTUP_HOME=/opt/rustwide/rustup-home" "-w" "/opt/rustwide/workdir" "-m" "1610612736" "--user" "0:0" "--network" "none" "ghcr.io/rust-lang/crates-build-env/linux@sha256:2788e3201cd34a07e3172128adcd8b3090168a8e3bcc40d7c032b9dda1df7d1c" "/opt/rustwide/cargo-home/bin/cargo" "+nightly-2024-02-05" "metadata" "--no-deps" "--format-version=1", kill_on_drop: false }`
[INFO] [stdout] 80c92e496a36a0b9f9d6c05c9830087d728e757a4ca4302823bd3b72b0668256
[INFO] running `Command { std: "docker" "start" "-a" "80c92e496a36a0b9f9d6c05c9830087d728e757a4ca4302823bd3b72b0668256", kill_on_drop: false }`
[INFO] running `Command { std: "docker" "inspect" "80c92e496a36a0b9f9d6c05c9830087d728e757a4ca4302823bd3b72b0668256", kill_on_drop: false }`
[INFO] running `Command { std: "docker" "rm" "-f" "80c92e496a36a0b9f9d6c05c9830087d728e757a4ca4302823bd3b72b0668256", kill_on_drop: false }`
[INFO] [stdout] 80c92e496a36a0b9f9d6c05c9830087d728e757a4ca4302823bd3b72b0668256
[INFO] running `Command { std: "docker" "create" "-v" "/var/lib/crater-agent-workspace/builds/worker-0-tc1/target:/opt/rustwide/target:rw,Z" "-v" "/var/lib/crater-agent-workspace/builds/worker-0-tc1/source:/opt/rustwide/workdir:ro,Z" "-v" "/var/lib/crater-agent-workspace/cargo-home:/opt/rustwide/cargo-home:ro,Z" "-v" "/var/lib/crater-agent-workspace/rustup-home:/opt/rustwide/rustup-home:ro,Z" "-e" "SOURCE_DIR=/opt/rustwide/workdir" "-e" "CARGO_TARGET_DIR=/opt/rustwide/target" "-e" "CARGO_INCREMENTAL=0" "-e" "RUST_BACKTRACE=full" "-e" "RUSTFLAGS=--cap-lints=forbid" "-e" "RUSTDOCFLAGS=--cap-lints=forbid" "-e" "CARGO_HOME=/opt/rustwide/cargo-home" "-e" "RUSTUP_HOME=/opt/rustwide/rustup-home" "-w" "/opt/rustwide/workdir" "-m" "1610612736" "--user" "0:0" "--network" "none" "ghcr.io/rust-lang/crates-build-env/linux@sha256:2788e3201cd34a07e3172128adcd8b3090168a8e3bcc40d7c032b9dda1df7d1c" "/opt/rustwide/cargo-home/bin/cargo" "+nightly-2024-02-05" "check" "--frozen" "--all" "--all-targets" "--message-format=json", kill_on_drop: false }`
[INFO] [stdout] a4a086756f987d473b802d6e8fbef86dbf3d12b43a825c700b23d88a90005884
[INFO] running `Command { std: "docker" "start" "-a" "a4a086756f987d473b802d6e8fbef86dbf3d12b43a825c700b23d88a90005884", kill_on_drop: false }`
[INFO] [stderr]    Compiling libc v0.2.153
[INFO] [stderr]     Checking pin-project-lite v0.2.13
[INFO] [stderr]    Compiling parking_lot_core v0.9.9
[INFO] [stderr]     Checking bytes v1.5.0
[INFO] [stderr]     Checking smallvec v1.13.1
[INFO] [stderr]    Compiling either v1.9.0
[INFO] [stderr]     Checking futures-core v0.3.30
[INFO] [stderr]     Checking once_cell v1.19.0
[INFO] [stderr]    Compiling rustix v0.38.31
[INFO] [stderr]    Compiling indexmap v1.9.3
[INFO] [stderr]    Compiling syn v1.0.109
[INFO] [stderr]    Compiling anyhow v1.0.79
[INFO] [stderr]    Compiling bitflags v2.4.2
[INFO] [stderr]    Compiling vcpkg v0.2.15
[INFO] [stderr]    Compiling syn v2.0.48
[INFO] [stderr]    Compiling linux-raw-sys v0.4.13
[INFO] [stderr]    Compiling pkg-config v0.3.29
[INFO] [stderr]     Checking futures-task v0.3.30
[INFO] [stderr]    Compiling itertools v0.10.5
[INFO] [stderr]     Checking tracing-core v0.1.32
[INFO] [stderr]     Checking futures-sink v0.3.30
[INFO] [stderr]     Checking futures-util v0.3.30
[INFO] [stderr]    Compiling home v0.5.9
[INFO] [stderr]    Compiling httparse v1.8.0
[INFO] [stderr]     Checking hashbrown v0.14.3
[INFO] [stderr]    Compiling hashbrown v0.12.3
[INFO] [stderr]     Checking equivalent v1.0.1
[INFO] [stderr]     Checking http v0.2.11
[INFO] [stderr]     Checking tower-service v0.3.2
[INFO] [stderr]    Compiling fastrand v2.0.1
[INFO] [stderr]    Compiling unicode-segmentation v1.10.1
[INFO] [stderr]    Compiling typenum v1.17.0
[INFO] [stderr]     Checking try-lock v0.2.5
[INFO] [stderr]     Checking indexmap v2.2.2
[INFO] [stderr]     Checking want v0.3.1
[INFO] [stderr]    Compiling heck v0.3.3
[INFO] [stderr]    Compiling generic-array v0.14.7
[INFO] [stderr]     Checking futures-channel v0.3.30
[INFO] [stderr]     Checking foreign-types-shared v0.1.1
[INFO] [stderr]    Compiling multimap v0.8.3
[INFO] [stderr]     Checking http-body v0.4.6
[INFO] [stderr]     Checking httpdate v1.0.3
[INFO] [stderr]    Compiling openssl v0.10.63
[INFO] [stderr]    Compiling log v0.4.20
[INFO] [stderr]     Checking ppv-lite86 v0.2.17
[INFO] [stderr]    Compiling petgraph v0.5.1
[INFO] [stderr]     Checking foreign-types v0.3.2
[INFO] [stderr]    Compiling async-trait v0.1.77
[INFO] [stderr]     Checking tower-layer v0.3.2
[INFO] [stderr]    Compiling serde v1.0.196
[INFO] [stderr]    Compiling tokio-openssl v0.6.4
[INFO] [stderr]    Compiling hyper-openssl v0.9.2
[INFO] [stderr]    Compiling rustversion v1.0.14
[INFO] [stderr]     Checking linked_hash_set v0.1.4
[INFO] [stderr]     Checking base64 v0.13.1
[INFO] [stderr]     Checking percent-encoding v2.3.1
[INFO] [stderr]     Checking arrayvec v0.7.4
[INFO] [stderr]     Checking yaml-rust v0.4.5
[INFO] [stderr]     Checking diff v0.1.13
[INFO] [stderr]     Checking hex v0.4.3
[INFO] [stderr]     Checking mio v0.8.10
[INFO] [stderr]     Checking socket2 v0.5.5
[INFO] [stderr]     Checking getrandom v0.2.12
[INFO] [stderr]    Compiling cc v1.0.83
[INFO] [stderr]     Checking parking_lot v0.12.1
[INFO] [stderr]     Checking rand_core v0.6.4
[INFO] [stderr]     Checking num-format v0.4.4
[INFO] [stderr]     Checking cpufeatures v0.2.12
[INFO] [stderr]     Checking ansi_term v0.12.1
[INFO] [stderr]     Checking opaque-debug v0.3.0
[INFO] [stderr]     Checking rand_chacha v0.3.1
[INFO] [stderr]    Compiling hex-literal v0.3.4
[INFO] [stderr]     Checking pretty_assertions v0.7.2
[INFO] [stderr]     Checking rand v0.8.5
[INFO] [stderr]    Compiling which v4.4.2
[INFO] [stderr]    Compiling tempfile v3.10.0
[INFO] [stderr]    Compiling openssl-src v300.2.2+3.2.1
[INFO] [stderr]     Checking block-buffer v0.9.0
[INFO] [stderr]     Checking digest v0.9.0
[INFO] [stderr]     Checking cradle v0.0.21
[INFO] [stderr]    Compiling prost-build v0.8.0
[INFO] [stderr]     Checking sha2 v0.9.9
[INFO] [stderr]    Compiling openssl-sys v0.9.99
[INFO] [stderr]    Compiling tokio-macros v2.2.0
[INFO] [stderr]    Compiling tracing-attributes v0.1.27
[INFO] [stderr]    Compiling pin-project-internal v1.1.4
[INFO] [stderr]    Compiling openssl-macros v0.1.1
[INFO] [stderr]    Compiling async-stream-impl v0.3.5
[INFO] [stderr]    Compiling serde_derive v1.0.196
[INFO] [stderr]    Compiling prost-derive v0.8.0
[INFO] [stderr]     Checking async-stream v0.3.5
[INFO] [stderr]     Checking tokio v1.36.0
[INFO] [stderr]     Checking pin-project v1.1.4
[INFO] [stderr]     Checking tracing v0.1.40
[INFO] [stderr]     Checking tracing-futures v0.2.5
[INFO] [stderr]    Compiling prost v0.8.0
[INFO] [stderr]    Compiling prost-types v0.8.0
[INFO] [stderr]    Compiling tonic-build v0.5.2
[INFO] [stderr]    Compiling agora-lnd-client v0.0.2 (/opt/rustwide/workdir)
[INFO] [stderr]     Checking tokio-util v0.7.10
[INFO] [stderr]     Checking tokio-io-timeout v1.2.0
[INFO] [stderr]     Checking tokio-stream v0.1.14
[INFO] [stderr]     Checking tokio-util v0.6.10
[INFO] [stderr]     Checking h2 v0.3.24
[INFO] [stderr]     Checking tower v0.4.13
[INFO] [stderr]     Checking serde_yaml v0.8.26
[INFO] [stderr]     Checking hyper v0.14.28
[INFO] [stderr]     Checking hyper-timeout v0.4.1
[INFO] [stderr]     Checking tonic v0.5.2
[INFO] [stdout] error[E0432]: unresolved import `lnd_test_context`
[INFO] [stdout]  --> src/lib.rs:4:5
[INFO] [stdout]   |
[INFO] [stdout] 4 | use lnd_test_context::LndTestContext;
[INFO] [stdout]   |     ^^^^^^^^^^^^^^^^ use of undeclared crate or module `lnd_test_context`
[INFO] [stdout] 
[INFO] [stdout] 
[INFO] [stdout] error[E0433]: failed to resolve: could not find `fs` in `tokio`
[INFO] [stdout]    --> src/lib.rs:145:16
[INFO] [stdout]     |
[INFO] [stdout] 145 |         tokio::fs::read(lnd_test_context.invoice_macaroon_path())
[INFO] [stdout]     |                ^^ could not find `fs` in `tokio`
[INFO] [stdout]     |
[INFO] [stdout] note: found an item that was configured out
[INFO] [stdout]    --> /opt/rustwide/cargo-home/registry/src/index.crates.io-6f17d22bba15001f/tokio-1.36.0/src/lib.rs:496:13
[INFO] [stdout]     |
[INFO] [stdout] 496 |     pub mod fs;
[INFO] [stdout]     |             ^^
[INFO] [stdout]     = note: the item is gated behind the `fs` feature
[INFO] [stdout] help: consider importing this module
[INFO] [stdout]     |
[INFO] [stdout] 1   + use std::fs;
[INFO] [stdout]     |
[INFO] [stdout] help: if you import `fs`, refer to it directly
[INFO] [stdout]     |
[INFO] [stdout] 145 -         tokio::fs::read(lnd_test_context.invoice_macaroon_path())
[INFO] [stdout] 145 +         fs::read(lnd_test_context.invoice_macaroon_path())
[INFO] [stdout]     |
[INFO] [stdout] 
[INFO] [stdout] 
[INFO] [stdout] error: aborting due to 2 previous errors
[INFO] [stdout] 
[INFO] [stdout] 
[INFO] [stdout] Some errors have detailed explanations: E0432, E0433.
[INFO] [stdout] 
[INFO] [stdout] For more information about an error, try `rustc --explain E0432`.
[INFO] [stdout] 
[INFO] [stderr] error: could not compile `agora-lnd-client` (lib test) due to 3 previous errors
[INFO] [stderr] warning: build failed, waiting for other jobs to finish...
[INFO] running `Command { std: "docker" "inspect" "a4a086756f987d473b802d6e8fbef86dbf3d12b43a825c700b23d88a90005884", kill_on_drop: false }`
[INFO] running `Command { std: "docker" "rm" "-f" "a4a086756f987d473b802d6e8fbef86dbf3d12b43a825c700b23d88a90005884", kill_on_drop: false }`
[INFO] [stdout] a4a086756f987d473b802d6e8fbef86dbf3d12b43a825c700b23d88a90005884
[INFO] checking agora-lnd-client-0.0.2 against nightly-2024-02-05+rustflags=-Dunexpected_cfgs+cargoflags=-Zcheck-cfg for check-cfg
[INFO] extracting crate agora-lnd-client 0.0.2 into /workspace/builds/worker-0-tc2/source
[INFO] validating manifest of crates.io crate agora-lnd-client 0.0.2 on toolchain nightly-2024-02-05
[INFO] running `Command { std: CARGO_HOME="/workspace/cargo-home" RUSTUP_HOME="/workspace/rustup-home" "/workspace/cargo-home/bin/cargo" "+nightly-2024-02-05" "metadata" "--manifest-path" "Cargo.toml" "--no-deps", kill_on_drop: false }`
[INFO] started tweaking crates.io crate agora-lnd-client 0.0.2
[INFO] finished tweaking crates.io crate agora-lnd-client 0.0.2
[INFO] tweaked toml for crates.io crate agora-lnd-client 0.0.2 written to /workspace/builds/worker-0-tc2/source/Cargo.toml
[INFO] running `Command { std: CARGO_HOME="/workspace/cargo-home" RUSTUP_HOME="/workspace/rustup-home" "/workspace/cargo-home/bin/cargo" "+nightly-2024-02-05" "generate-lockfile" "--manifest-path" "Cargo.toml", kill_on_drop: false }`
[INFO] [stderr]     Blocking waiting for file lock on package cache
[INFO] [stderr]     Updating crates.io index
[INFO] running `Command { std: CARGO_HOME="/workspace/cargo-home" RUSTUP_HOME="/workspace/rustup-home" "/workspace/cargo-home/bin/cargo" "+nightly-2024-02-05" "fetch" "--manifest-path" "Cargo.toml", kill_on_drop: false }`
[INFO] [stderr]     Blocking waiting for file lock on package cache
[INFO] [stderr]     Blocking waiting for file lock on package cache
[INFO] running `Command { std: "docker" "create" "-v" "/var/lib/crater-agent-workspace/builds/worker-0-tc2/target:/opt/rustwide/target:rw,Z" "-v" "/var/lib/crater-agent-workspace/builds/worker-0-tc2/source:/opt/rustwide/workdir:ro,Z" "-v" "/var/lib/crater-agent-workspace/cargo-home:/opt/rustwide/cargo-home:ro,Z" "-v" "/var/lib/crater-agent-workspace/rustup-home:/opt/rustwide/rustup-home:ro,Z" "-e" "SOURCE_DIR=/opt/rustwide/workdir" "-e" "CARGO_TARGET_DIR=/opt/rustwide/target" "-e" "CARGO_HOME=/opt/rustwide/cargo-home" "-e" "RUSTUP_HOME=/opt/rustwide/rustup-home" "-w" "/opt/rustwide/workdir" "-m" "1610612736" "--user" "0:0" "--network" "none" "ghcr.io/rust-lang/crates-build-env/linux@sha256:2788e3201cd34a07e3172128adcd8b3090168a8e3bcc40d7c032b9dda1df7d1c" "/opt/rustwide/cargo-home/bin/cargo" "+nightly-2024-02-05" "metadata" "--no-deps" "--format-version=1", kill_on_drop: false }`
[INFO] [stdout] 37115caa32a7c2b68dd224bdac959f8aeb4262737212f9bac10dad5205d11560
[INFO] running `Command { std: "docker" "start" "-a" "37115caa32a7c2b68dd224bdac959f8aeb4262737212f9bac10dad5205d11560", kill_on_drop: false }`
[INFO] running `Command { std: "docker" "inspect" "37115caa32a7c2b68dd224bdac959f8aeb4262737212f9bac10dad5205d11560", kill_on_drop: false }`
[INFO] running `Command { std: "docker" "rm" "-f" "37115caa32a7c2b68dd224bdac959f8aeb4262737212f9bac10dad5205d11560", kill_on_drop: false }`
[INFO] [stdout] 37115caa32a7c2b68dd224bdac959f8aeb4262737212f9bac10dad5205d11560
[INFO] running `Command { std: "docker" "create" "-v" "/var/lib/crater-agent-workspace/builds/worker-0-tc2/target:/opt/rustwide/target:rw,Z" "-v" "/var/lib/crater-agent-workspace/builds/worker-0-tc2/source:/opt/rustwide/workdir:ro,Z" "-v" "/var/lib/crater-agent-workspace/cargo-home:/opt/rustwide/cargo-home:ro,Z" "-v" "/var/lib/crater-agent-workspace/rustup-home:/opt/rustwide/rustup-home:ro,Z" "-e" "SOURCE_DIR=/opt/rustwide/workdir" "-e" "CARGO_TARGET_DIR=/opt/rustwide/target" "-e" "CARGO_INCREMENTAL=0" "-e" "RUST_BACKTRACE=full" "-e" "RUSTFLAGS=--cap-lints=forbid -Dunexpected_cfgs" "-e" "RUSTDOCFLAGS=--cap-lints=forbid" "-e" "CARGO_HOME=/opt/rustwide/cargo-home" "-e" "RUSTUP_HOME=/opt/rustwide/rustup-home" "-w" "/opt/rustwide/workdir" "-m" "1610612736" "--user" "0:0" "--network" "none" "ghcr.io/rust-lang/crates-build-env/linux@sha256:2788e3201cd34a07e3172128adcd8b3090168a8e3bcc40d7c032b9dda1df7d1c" "/opt/rustwide/cargo-home/bin/cargo" "+nightly-2024-02-05" "check" "--frozen" "--all" "--all-targets" "--message-format=json" "-Zcheck-cfg", kill_on_drop: false }`
[INFO] [stdout] d1c692a36cb942d40e5ed3b14b053ad75ebedf85d50a78191f68502c9e45f824
[INFO] running `Command { std: "docker" "start" "-a" "d1c692a36cb942d40e5ed3b14b053ad75ebedf85d50a78191f68502c9e45f824", kill_on_drop: false }`
[INFO] [stderr]    Compiling libc v0.2.153
[INFO] [stderr]     Checking pin-project-lite v0.2.13
[INFO] [stderr]     Checking bytes v1.5.0
[INFO] [stderr]    Compiling parking_lot_core v0.9.9
[INFO] [stderr]     Checking smallvec v1.13.1
[INFO] [stderr]     Checking futures-core v0.3.30
[INFO] [stderr]    Compiling either v1.9.0
[INFO] [stderr]    Compiling rustix v0.38.31
[INFO] [stderr]     Checking once_cell v1.19.0
[INFO] [stderr]    Compiling syn v1.0.109
[INFO] [stderr]    Compiling anyhow v1.0.79
[INFO] [stderr]    Compiling indexmap v1.9.3
[INFO] [stderr]    Compiling vcpkg v0.2.15
[INFO] [stderr]    Compiling pkg-config v0.3.29
[INFO] [stderr]    Compiling syn v2.0.48
[INFO] [stderr]    Compiling linux-raw-sys v0.4.13
[INFO] [stderr]    Compiling bitflags v2.4.2
[INFO] [stderr]     Checking futures-task v0.3.30
[INFO] [stderr]     Checking tracing-core v0.1.32
[INFO] [stderr]    Compiling itertools v0.10.5
[INFO] [stderr]     Checking futures-sink v0.3.30
[INFO] [stderr]     Checking futures-util v0.3.30
[INFO] [stderr]    Compiling home v0.5.9
[INFO] [stderr]     Checking hashbrown v0.14.3
[INFO] [stderr]     Checking equivalent v1.0.1
[INFO] [stderr]    Compiling httparse v1.8.0
[INFO] [stderr]     Checking http v0.2.11
[INFO] [stderr]    Compiling hashbrown v0.12.3
[INFO] [stderr]    Compiling unicode-segmentation v1.10.1
[INFO] [stderr]    Compiling typenum v1.17.0
[INFO] [stderr]     Checking tower-service v0.3.2
[INFO] [stderr]    Compiling fastrand v2.0.1
[INFO] [stderr]     Checking try-lock v0.2.5
[INFO] [stderr]    Compiling generic-array v0.14.7
[INFO] [stderr]     Checking want v0.3.1
[INFO] [stderr]     Checking futures-channel v0.3.30
[INFO] [stderr]     Checking indexmap v2.2.2
[INFO] [stderr]     Checking http-body v0.4.6
[INFO] [stderr]    Compiling multimap v0.8.3
[INFO] [stderr]    Compiling heck v0.3.3
[INFO] [stderr]     Checking foreign-types-shared v0.1.1
[INFO] [stderr]    Compiling log v0.4.20
[INFO] [stderr]     Checking httpdate v1.0.3
[INFO] [stderr]     Checking ppv-lite86 v0.2.17
[INFO] [stderr]    Compiling openssl v0.10.63
[INFO] [stderr]     Checking foreign-types v0.3.2
[INFO] [stderr]    Compiling async-trait v0.1.77
[INFO] [stderr]    Compiling tokio-openssl v0.6.4
[INFO] [stderr]     Checking tower-layer v0.3.2
[INFO] [stderr]    Compiling serde v1.0.196
[INFO] [stderr]    Compiling rustversion v1.0.14
[INFO] [stderr]    Compiling hyper-openssl v0.9.2
[INFO] [stderr]     Checking linked_hash_set v0.1.4
[INFO] [stderr]    Compiling cc v1.0.83
[INFO] [stderr]     Checking base64 v0.13.1
[INFO] [stderr]     Checking percent-encoding v2.3.1
[INFO] [stderr]     Checking arrayvec v0.7.4
[INFO] [stderr]    Compiling petgraph v0.5.1
[INFO] [stderr]     Checking yaml-rust v0.4.5
[INFO] [stderr]     Checking ansi_term v0.12.1
[INFO] [stderr]     Checking diff v0.1.13
[INFO] [stderr]     Checking opaque-debug v0.3.0
[INFO] [stderr]     Checking hex v0.4.3
[INFO] [stderr]     Checking cpufeatures v0.2.12
[INFO] [stderr]    Compiling hex-literal v0.3.4
[INFO] [stderr]     Checking num-format v0.4.4
[INFO] [stderr]     Checking pretty_assertions v0.7.2
[INFO] [stderr]     Checking socket2 v0.5.5
[INFO] [stderr]     Checking mio v0.8.10
[INFO] [stderr]     Checking getrandom v0.2.12
[INFO] [stderr]    Compiling openssl-src v300.2.2+3.2.1
[INFO] [stderr]     Checking rand_core v0.6.4
[INFO] [stderr]     Checking parking_lot v0.12.1
[INFO] [stderr]     Checking cradle v0.0.21
[INFO] [stderr]     Checking rand_chacha v0.3.1
[INFO] [stderr]    Compiling which v4.4.2
[INFO] [stderr]    Compiling tempfile v3.10.0
[INFO] [stderr]     Checking rand v0.8.5
[INFO] [stderr]     Checking block-buffer v0.9.0
[INFO] [stderr]     Checking digest v0.9.0
[INFO] [stderr]    Compiling openssl-sys v0.9.99
[INFO] [stderr]    Compiling prost-build v0.8.0
[INFO] [stderr]     Checking sha2 v0.9.9
[INFO] [stderr]    Compiling tokio-macros v2.2.0
[INFO] [stderr]    Compiling tracing-attributes v0.1.27
[INFO] [stderr]    Compiling pin-project-internal v1.1.4
[INFO] [stderr]    Compiling openssl-macros v0.1.1
[INFO] [stderr]    Compiling serde_derive v1.0.196
[INFO] [stderr]    Compiling async-stream-impl v0.3.5
[INFO] [stderr]     Checking async-stream v0.3.5
[INFO] [stderr]     Checking tokio v1.36.0
[INFO] [stderr]    Compiling prost-derive v0.8.0
[INFO] [stderr]     Checking pin-project v1.1.4
[INFO] [stderr]     Checking tracing v0.1.40
[INFO] [stderr]     Checking tracing-futures v0.2.5
[INFO] [stderr]    Compiling prost v0.8.0
[INFO] [stderr]    Compiling prost-types v0.8.0
[INFO] [stderr]     Checking tokio-util v0.7.10
[INFO] [stderr]     Checking tokio-io-timeout v1.2.0
[INFO] [stderr]     Checking tokio-util v0.6.10
[INFO] [stderr]     Checking tokio-stream v0.1.14
[INFO] [stderr]    Compiling tonic-build v0.5.2
[INFO] [stderr]     Checking h2 v0.3.24
[INFO] [stderr]     Checking tower v0.4.13
[INFO] [stderr]    Compiling agora-lnd-client v0.0.2 (/opt/rustwide/workdir)
[INFO] [stderr]     Checking serde_yaml v0.8.26
[INFO] [stderr]     Checking hyper v0.14.28
[INFO] [stderr]     Checking hyper-timeout v0.4.1
[INFO] [stderr]     Checking tonic v0.5.2
[INFO] [stdout] error[E0432]: unresolved import `lnd_test_context`
[INFO] [stdout]  --> src/lib.rs:4:5
[INFO] [stdout]   |
[INFO] [stdout] 4 | use lnd_test_context::LndTestContext;
[INFO] [stdout]   |     ^^^^^^^^^^^^^^^^ use of undeclared crate or module `lnd_test_context`
[INFO] [stdout] 
[INFO] [stdout] 
[INFO] [stdout] error[E0433]: failed to resolve: could not find `fs` in `tokio`
[INFO] [stdout]    --> src/lib.rs:145:16
[INFO] [stdout]     |
[INFO] [stdout] 145 |         tokio::fs::read(lnd_test_context.invoice_macaroon_path())
[INFO] [stdout]     |                ^^ could not find `fs` in `tokio`
[INFO] [stdout]     |
[INFO] [stdout] note: found an item that was configured out
[INFO] [stdout]    --> /opt/rustwide/cargo-home/registry/src/index.crates.io-6f17d22bba15001f/tokio-1.36.0/src/lib.rs:496:13
[INFO] [stdout]     |
[INFO] [stdout] 496 |     pub mod fs;
[INFO] [stdout]     |             ^^
[INFO] [stdout]     = note: the item is gated behind the `fs` feature
[INFO] [stdout] help: consider importing this module
[INFO] [stdout]     |
[INFO] [stdout] 1   + use std::fs;
[INFO] [stdout]     |
[INFO] [stdout] help: if you import `fs`, refer to it directly
[INFO] [stdout]     |
[INFO] [stdout] 145 -         tokio::fs::read(lnd_test_context.invoice_macaroon_path())
[INFO] [stdout] 145 +         fs::read(lnd_test_context.invoice_macaroon_path())
[INFO] [stdout]     |
[INFO] [stdout] 
[INFO] [stdout] 
[INFO] [stdout] error: aborting due to 2 previous errors
[INFO] [stdout] 
[INFO] [stdout] 
[INFO] [stdout] Some errors have detailed explanations: E0432, E0433.
[INFO] [stdout] 
[INFO] [stdout] For more information about an error, try `rustc --explain E0432`.
[INFO] [stdout] 
[INFO] [stderr] error: could not compile `agora-lnd-client` (lib test) due to 3 previous errors
[INFO] [stderr] warning: build failed, waiting for other jobs to finish...
[INFO] running `Command { std: "docker" "inspect" "d1c692a36cb942d40e5ed3b14b053ad75ebedf85d50a78191f68502c9e45f824", kill_on_drop: false }`
[INFO] running `Command { std: "docker" "rm" "-f" "d1c692a36cb942d40e5ed3b14b053ad75ebedf85d50a78191f68502c9e45f824", kill_on_drop: false }`
[INFO] [stdout] d1c692a36cb942d40e5ed3b14b053ad75ebedf85d50a78191f68502c9e45f824
