[INFO] fetching crate agera 0.1.19...
[INFO] checking agera-0.1.19 against nightly-2024-02-05 for check-cfg
[INFO] extracting crate agera 0.1.19 into /workspace/builds/worker-3-tc1/source
[INFO] validating manifest of crates.io crate agera 0.1.19 on toolchain nightly-2024-02-05
[INFO] running `Command { std: CARGO_HOME="/workspace/cargo-home" RUSTUP_HOME="/workspace/rustup-home" "/workspace/cargo-home/bin/cargo" "+nightly-2024-02-05" "metadata" "--manifest-path" "Cargo.toml" "--no-deps", kill_on_drop: false }`
[INFO] started tweaking crates.io crate agera 0.1.19
[INFO] finished tweaking crates.io crate agera 0.1.19
[INFO] tweaked toml for crates.io crate agera 0.1.19 written to /workspace/builds/worker-3-tc1/source/Cargo.toml
[INFO] running `Command { std: CARGO_HOME="/workspace/cargo-home" RUSTUP_HOME="/workspace/rustup-home" "/workspace/cargo-home/bin/cargo" "+nightly-2024-02-05" "generate-lockfile" "--manifest-path" "Cargo.toml", kill_on_drop: false }`
[INFO] [stderr]     Updating crates.io index
[INFO] running `Command { std: CARGO_HOME="/workspace/cargo-home" RUSTUP_HOME="/workspace/rustup-home" "/workspace/cargo-home/bin/cargo" "+nightly-2024-02-05" "fetch" "--manifest-path" "Cargo.toml", kill_on_drop: false }`
[INFO] [stderr]  Downloading crates ...
[INFO] [stderr]   Downloaded lazy-regex v3.1.0
[INFO] [stderr]   Downloaded maplit v1.0.2
[INFO] [stderr]   Downloaded jni-sys v0.3.0
[INFO] [stderr]   Downloaded option-ext v0.2.0
[INFO] [stderr]   Downloaded dirs-sys v0.4.1
[INFO] [stderr]   Downloaded ndk-context v0.1.1
[INFO] [stderr]   Downloaded embed-doc-image v0.1.4
[INFO] [stderr]   Downloaded by_address v1.1.0
[INFO] [stderr]   Downloaded windows-targets v0.42.2
[INFO] [stderr]   Downloaded proc-macro-crate v3.1.0
[INFO] [stderr]   Downloaded lazy-regex-proc_macros v3.1.0
[INFO] [stderr]   Downloaded num_enum v0.7.2
[INFO] [stderr]   Downloaded dirs v5.0.1
[INFO] [stderr]   Downloaded htmlentity v1.3.1
[INFO] [stderr]   Downloaded ndk v0.8.0
[INFO] [stderr]   Downloaded winnow v0.5.37
[INFO] [stderr]   Downloaded windows_x86_64_gnullvm v0.42.2
[INFO] [stderr]   Downloaded windows_aarch64_msvc v0.42.2
[INFO] [stderr]   Downloaded windows-sys v0.45.0
[INFO] [stderr]   Downloaded windows_i686_gnu v0.42.2
[INFO] [stderr]   Downloaded late_format v1.0.0
[INFO] [stderr]   Downloaded windows_x86_64_gnu v0.42.2
[INFO] [stderr]   Downloaded oop_inheritance_proc v1.0.0
[INFO] [stderr]   Downloaded with_literal v1.0.0
[INFO] [stderr]   Downloaded windows_i686_msvc v0.42.2
[INFO] [stderr]   Downloaded file_paths v1.0.0
[INFO] [stderr]   Downloaded oop_inheritance v1.0.1
[INFO] [stderr]   Downloaded windows_x86_64_msvc v0.42.2
[INFO] [stderr]   Downloaded windows_aarch64_gnullvm v0.42.2
[INFO] [stderr]   Downloaded android-activity v0.5.2
[INFO] [stderr]   Downloaded jni v0.21.1
[INFO] [stderr]   Downloaded ndk-sys v0.5.0+25.2.9519653
[INFO] [stderr]   Downloaded toml_edit v0.21.1
[INFO] [stderr]   Downloaded css-color v0.2.5
[INFO] [stderr]   Downloaded num_enum_derive v0.7.2
[INFO] [stderr]   Downloaded android-properties v0.2.2
[INFO] [stderr]   Downloaded toml_datetime v0.6.5
[INFO] [stderr]   Downloaded cesu8 v1.1.0
[INFO] [stderr]   Downloaded agera_sdk_proc v0.1.1
[INFO] running `Command { std: "docker" "create" "-v" "/var/lib/crater-agent-workspace/builds/worker-3-tc1/target:/opt/rustwide/target:rw,Z" "-v" "/var/lib/crater-agent-workspace/builds/worker-3-tc1/source:/opt/rustwide/workdir:ro,Z" "-v" "/var/lib/crater-agent-workspace/cargo-home:/opt/rustwide/cargo-home:ro,Z" "-v" "/var/lib/crater-agent-workspace/rustup-home:/opt/rustwide/rustup-home:ro,Z" "-e" "SOURCE_DIR=/opt/rustwide/workdir" "-e" "CARGO_TARGET_DIR=/opt/rustwide/target" "-e" "CARGO_HOME=/opt/rustwide/cargo-home" "-e" "RUSTUP_HOME=/opt/rustwide/rustup-home" "-w" "/opt/rustwide/workdir" "-m" "1610612736" "--user" "0:0" "--network" "none" "ghcr.io/rust-lang/crates-build-env/linux@sha256:2788e3201cd34a07e3172128adcd8b3090168a8e3bcc40d7c032b9dda1df7d1c" "/opt/rustwide/cargo-home/bin/cargo" "+nightly-2024-02-05" "metadata" "--no-deps" "--format-version=1", kill_on_drop: false }`
[INFO] [stdout] 52565b7a5cbed02bdd41683c0bfe579843c7ca2999d327a6ff6ab60fe15b7bd8
[INFO] running `Command { std: "docker" "start" "-a" "52565b7a5cbed02bdd41683c0bfe579843c7ca2999d327a6ff6ab60fe15b7bd8", kill_on_drop: false }`
[INFO] running `Command { std: "docker" "inspect" "52565b7a5cbed02bdd41683c0bfe579843c7ca2999d327a6ff6ab60fe15b7bd8", kill_on_drop: false }`
[INFO] running `Command { std: "docker" "rm" "-f" "52565b7a5cbed02bdd41683c0bfe579843c7ca2999d327a6ff6ab60fe15b7bd8", kill_on_drop: false }`
[INFO] [stdout] 52565b7a5cbed02bdd41683c0bfe579843c7ca2999d327a6ff6ab60fe15b7bd8
[INFO] running `Command { std: "docker" "create" "-v" "/var/lib/crater-agent-workspace/builds/worker-3-tc1/target:/opt/rustwide/target:rw,Z" "-v" "/var/lib/crater-agent-workspace/builds/worker-3-tc1/source:/opt/rustwide/workdir:ro,Z" "-v" "/var/lib/crater-agent-workspace/cargo-home:/opt/rustwide/cargo-home:ro,Z" "-v" "/var/lib/crater-agent-workspace/rustup-home:/opt/rustwide/rustup-home:ro,Z" "-e" "SOURCE_DIR=/opt/rustwide/workdir" "-e" "CARGO_TARGET_DIR=/opt/rustwide/target" "-e" "CARGO_INCREMENTAL=0" "-e" "RUST_BACKTRACE=full" "-e" "RUSTFLAGS=--cap-lints=forbid" "-e" "RUSTDOCFLAGS=--cap-lints=forbid" "-e" "CARGO_HOME=/opt/rustwide/cargo-home" "-e" "RUSTUP_HOME=/opt/rustwide/rustup-home" "-w" "/opt/rustwide/workdir" "-m" "1610612736" "--user" "0:0" "--network" "none" "ghcr.io/rust-lang/crates-build-env/linux@sha256:2788e3201cd34a07e3172128adcd8b3090168a8e3bcc40d7c032b9dda1df7d1c" "/opt/rustwide/cargo-home/bin/cargo" "+nightly-2024-02-05" "check" "--frozen" "--all" "--all-targets" "--message-format=json", kill_on_drop: false }`
[INFO] [stdout] 0f56ed7f15138c6a01dc6038ef01180c7f6a815fd140b12ce959ed84015b75cb
[INFO] running `Command { std: "docker" "start" "-a" "0f56ed7f15138c6a01dc6038ef01180c7f6a815fd140b12ce959ed84015b75cb", kill_on_drop: false }`
[INFO] [stderr]    Compiling proc-macro2 v1.0.78
[INFO] [stderr]    Compiling memchr v2.7.1
[INFO] [stderr]    Compiling regex-syntax v0.8.2
[INFO] [stderr]     Checking aho-corasick v1.1.2
[INFO] [stderr]    Compiling serde v1.0.196
[INFO] [stderr]    Compiling lock_api v0.4.11
[INFO] [stderr]    Compiling parking_lot_core v0.9.9
[INFO] [stderr]     Checking futures-core v0.3.30
[INFO] [stderr]     Checking futures-sink v0.3.30
[INFO] [stderr]     Checking futures-channel v0.3.30
[INFO] [stderr]    Compiling num-traits v0.2.17
[INFO] [stderr]     Checking once_cell v1.19.0
[INFO] [stderr]    Compiling thiserror v1.0.56
[INFO] [stderr]    Compiling syn v1.0.109
[INFO] [stderr]    Compiling quote v1.0.35
[INFO] [stderr]    Compiling anyhow v1.0.79
[INFO] [stderr]     Checking futures-task v0.3.30
[INFO] [stderr]    Compiling syn v2.0.48
[INFO] [stderr]     Checking smallvec v1.13.1
[INFO] [stderr]     Checking futures-io v0.3.30
[INFO] [stderr]    Compiling serde_json v1.0.113
[INFO] [stderr]     Checking option-ext v0.2.0
[INFO] [stderr]     Checking parking_lot v0.12.1
[INFO] [stderr]     Checking dirs-sys v0.4.1
[INFO] [stderr]     Checking socket2 v0.5.5
[INFO] [stderr]     Checking signal-hook-registry v1.4.1
[INFO] [stderr]     Checking num_cpus v1.16.0
[INFO] [stderr]     Checking mio v0.8.10
[INFO] [stderr]     Checking lazy_static v1.4.0
[INFO] [stderr]     Checking regex-automata v0.4.5
[INFO] [stderr]     Checking itoa v1.0.10
[INFO] [stderr]     Checking by_address v1.1.0
[INFO] [stderr]     Checking iana-time-zone v0.1.60
[INFO] [stderr]     Checking maplit v1.0.2
[INFO] [stderr]     Checking ryu v1.0.16
[INFO] [stderr]    Compiling base64 v0.13.1
[INFO] [stderr]     Checking chrono v0.4.33
[INFO] [stderr]     Checking dirs v5.0.1
[INFO] [stderr]     Checking css-color v0.2.5
[INFO] [stderr]     Checking regex v1.10.3
[INFO] [stderr]    Compiling serde_derive v1.0.196
[INFO] [stderr]    Compiling futures-macro v0.3.30
[INFO] [stderr]    Compiling thiserror-impl v1.0.56
[INFO] [stderr]    Compiling oop_inheritance_proc v1.0.0
[INFO] [stderr]    Compiling tokio-macros v2.2.0
[INFO] [stderr]    Compiling with_literal v1.0.0
[INFO] [stderr]    Compiling embed-doc-image v0.1.4
[INFO] [stderr]    Compiling agera_sdk_proc v0.1.1
[INFO] [stderr]     Checking oop_inheritance v1.0.1
[INFO] [stderr]     Checking futures-util v0.3.30
[INFO] [stderr]    Compiling lazy-regex-proc_macros v3.1.0
[INFO] [stderr]     Checking htmlentity v1.3.1
[INFO] [stderr]     Checking lazy-regex v3.1.0
[INFO] [stderr]     Checking file_paths v1.0.0
[INFO] [stderr]     Checking late_format v1.0.0
[INFO] [stderr]     Checking futures-executor v0.3.30
[INFO] [stderr]     Checking futures v0.3.30
[INFO] [stderr]     Checking bytes v1.5.0
[INFO] [stderr]     Checking tokio v1.36.0
[INFO] [stderr]     Checking agera v0.1.19 (/opt/rustwide/workdir)
[INFO] [stdout] error[E0405]: cannot find trait `StructuralEq` in module `std::marker`
[INFO] [stdout]   --> src/geom/vector2d.rs:20:19
[INFO] [stdout]    |
[INFO] [stdout] 20 | impl std::marker::StructuralEq for Vector2d {}
[INFO] [stdout]    |                   ^^^^^^^^^^^^ not found in `std::marker`
[INFO] [stdout]    |
[INFO] [stdout] note: found an item that was configured out
[INFO] [stdout]   --> /rustc/268dbbbc4b3fd71c5f360a4d0728295252430b5b/library/core/src/marker.rs:279:11
[INFO] [stdout] 
[INFO] [stdout] 
[INFO] [stdout] error[E0405]: cannot find trait `StructuralEq` in module `std::marker`
[INFO] [stdout]   --> src/geom/rectangle.rs:66:19
[INFO] [stdout]    |
[INFO] [stdout] 66 | impl std::marker::StructuralEq for Rectangle {}
[INFO] [stdout]    |                   ^^^^^^^^^^^^ not found in `std::marker`
[INFO] [stdout]    |
[INFO] [stdout] note: found an item that was configured out
[INFO] [stdout]   --> /rustc/268dbbbc4b3fd71c5f360a4d0728295252430b5b/library/core/src/marker.rs:279:11
[INFO] [stdout] 
[INFO] [stdout] 
[INFO] [stdout] error[E0405]: cannot find trait `StructuralEq` in module `std::marker`
[INFO] [stdout]   --> src/util/color.rs:37:19
[INFO] [stdout]    |
[INFO] [stdout] 37 | impl std::marker::StructuralEq for Color {}
[INFO] [stdout]    |                   ^^^^^^^^^^^^ not found in `std::marker`
[INFO] [stdout]    |
[INFO] [stdout] note: found an item that was configured out
[INFO] [stdout]   --> /rustc/268dbbbc4b3fd71c5f360a4d0728295252430b5b/library/core/src/marker.rs:279:11
[INFO] [stdout] 
[INFO] [stdout] 
[INFO] [stdout] error[E0405]: cannot find trait `StructuralEq` in module `std::marker`
[INFO] [stdout]   --> src/geom/vector2d.rs:20:19
[INFO] [stdout]    |
[INFO] [stdout] 20 | impl std::marker::StructuralEq for Vector2d {}
[INFO] [stdout]    |                   ^^^^^^^^^^^^ not found in `std::marker`
[INFO] [stdout]    |
[INFO] [stdout] note: found an item that was configured out
[INFO] [stdout]   --> /rustc/268dbbbc4b3fd71c5f360a4d0728295252430b5b/library/core/src/marker.rs:279:11
[INFO] [stdout] 
[INFO] [stdout] 
[INFO] [stdout] error[E0405]: cannot find trait `StructuralEq` in module `std::marker`
[INFO] [stdout]   --> src/geom/rectangle.rs:66:19
[INFO] [stdout]    |
[INFO] [stdout] 66 | impl std::marker::StructuralEq for Rectangle {}
[INFO] [stdout]    |                   ^^^^^^^^^^^^ not found in `std::marker`
[INFO] [stdout]    |
[INFO] [stdout] note: found an item that was configured out
[INFO] [stdout]   --> /rustc/268dbbbc4b3fd71c5f360a4d0728295252430b5b/library/core/src/marker.rs:279:11
[INFO] [stdout] 
[INFO] [stdout] 
[INFO] [stdout] error[E0405]: cannot find trait `StructuralEq` in module `std::marker`
[INFO] [stdout]   --> src/util/color.rs:37:19
[INFO] [stdout]    |
[INFO] [stdout] 37 | impl std::marker::StructuralEq for Color {}
[INFO] [stdout]    |                   ^^^^^^^^^^^^ not found in `std::marker`
[INFO] [stdout]    |
[INFO] [stdout] note: found an item that was configured out
[INFO] [stdout]   --> /rustc/268dbbbc4b3fd71c5f360a4d0728295252430b5b/library/core/src/marker.rs:279:11
[INFO] [stdout] 
[INFO] [stdout] 
[INFO] [stdout] warning: unused import: `geom::*`
[INFO] [stdout]  --> src/display/shape.rs:1:25
[INFO] [stdout]   |
[INFO] [stdout] 1 | use crate::{display::*, geom::*, util::inheritance::*};
[INFO] [stdout]   |                         ^^^^^^^
[INFO] [stdout]   |
[INFO] [stdout]   = note: `#[warn(unused_imports)]` on by default
[INFO] [stdout] 
[INFO] [stdout] 
[INFO] [stdout] warning: unused import: `geom::*`
[INFO] [stdout]  --> src/display/shape.rs:1:25
[INFO] [stdout]   |
[INFO] [stdout] 1 | use crate::{display::*, geom::*, util::inheritance::*};
[INFO] [stdout]   |                         ^^^^^^^
[INFO] [stdout]   |
[INFO] [stdout]   = note: `#[warn(unused_imports)]` on by default
[INFO] [stdout] 
[INFO] [stdout] 
[INFO] [stdout] error: aborting due to 3 previous errors; 1 warning emitted
[INFO] [stdout] 
[INFO] [stdout] 
[INFO] [stdout] For more information about this error, try `rustc --explain E0405`.
[INFO] [stdout] 
[INFO] [stdout] error: aborting due to 3 previous errors; 1 warning emitted
[INFO] [stdout] 
[INFO] [stdout] 
[INFO] [stdout] For more information about this error, try `rustc --explain E0405`.
[INFO] [stdout] 
[INFO] [stderr] error: could not compile `agera` (lib test) due to 4 previous errors; 1 warning emitted
[INFO] [stderr] warning: build failed, waiting for other jobs to finish...
[INFO] [stderr] error: could not compile `agera` (lib) due to 4 previous errors; 1 warning emitted
[INFO] running `Command { std: "docker" "inspect" "0f56ed7f15138c6a01dc6038ef01180c7f6a815fd140b12ce959ed84015b75cb", kill_on_drop: false }`
[INFO] running `Command { std: "docker" "rm" "-f" "0f56ed7f15138c6a01dc6038ef01180c7f6a815fd140b12ce959ed84015b75cb", kill_on_drop: false }`
[INFO] [stdout] 0f56ed7f15138c6a01dc6038ef01180c7f6a815fd140b12ce959ed84015b75cb
[INFO] checking agera-0.1.19 against nightly-2024-02-05+rustflags=-Dunexpected_cfgs+cargoflags=-Zcheck-cfg for check-cfg
[INFO] extracting crate agera 0.1.19 into /workspace/builds/worker-3-tc2/source
[INFO] validating manifest of crates.io crate agera 0.1.19 on toolchain nightly-2024-02-05
[INFO] running `Command { std: CARGO_HOME="/workspace/cargo-home" RUSTUP_HOME="/workspace/rustup-home" "/workspace/cargo-home/bin/cargo" "+nightly-2024-02-05" "metadata" "--manifest-path" "Cargo.toml" "--no-deps", kill_on_drop: false }`
[INFO] started tweaking crates.io crate agera 0.1.19
[INFO] finished tweaking crates.io crate agera 0.1.19
[INFO] tweaked toml for crates.io crate agera 0.1.19 written to /workspace/builds/worker-3-tc2/source/Cargo.toml
[INFO] running `Command { std: CARGO_HOME="/workspace/cargo-home" RUSTUP_HOME="/workspace/rustup-home" "/workspace/cargo-home/bin/cargo" "+nightly-2024-02-05" "generate-lockfile" "--manifest-path" "Cargo.toml", kill_on_drop: false }`
[INFO] [stderr]     Updating crates.io index
[INFO] running `Command { std: CARGO_HOME="/workspace/cargo-home" RUSTUP_HOME="/workspace/rustup-home" "/workspace/cargo-home/bin/cargo" "+nightly-2024-02-05" "fetch" "--manifest-path" "Cargo.toml", kill_on_drop: false }`
[INFO] running `Command { std: "docker" "create" "-v" "/var/lib/crater-agent-workspace/builds/worker-3-tc2/target:/opt/rustwide/target:rw,Z" "-v" "/var/lib/crater-agent-workspace/builds/worker-3-tc2/source:/opt/rustwide/workdir:ro,Z" "-v" "/var/lib/crater-agent-workspace/cargo-home:/opt/rustwide/cargo-home:ro,Z" "-v" "/var/lib/crater-agent-workspace/rustup-home:/opt/rustwide/rustup-home:ro,Z" "-e" "SOURCE_DIR=/opt/rustwide/workdir" "-e" "CARGO_TARGET_DIR=/opt/rustwide/target" "-e" "CARGO_HOME=/opt/rustwide/cargo-home" "-e" "RUSTUP_HOME=/opt/rustwide/rustup-home" "-w" "/opt/rustwide/workdir" "-m" "1610612736" "--user" "0:0" "--network" "none" "ghcr.io/rust-lang/crates-build-env/linux@sha256:2788e3201cd34a07e3172128adcd8b3090168a8e3bcc40d7c032b9dda1df7d1c" "/opt/rustwide/cargo-home/bin/cargo" "+nightly-2024-02-05" "metadata" "--no-deps" "--format-version=1", kill_on_drop: false }`
[INFO] [stdout] d8ca57e0765caf3e8f0dfedf1045ee47243f69c9fde259105f0fa4012beb65ea
[INFO] running `Command { std: "docker" "start" "-a" "d8ca57e0765caf3e8f0dfedf1045ee47243f69c9fde259105f0fa4012beb65ea", kill_on_drop: false }`
[INFO] running `Command { std: "docker" "inspect" "d8ca57e0765caf3e8f0dfedf1045ee47243f69c9fde259105f0fa4012beb65ea", kill_on_drop: false }`
[INFO] running `Command { std: "docker" "rm" "-f" "d8ca57e0765caf3e8f0dfedf1045ee47243f69c9fde259105f0fa4012beb65ea", kill_on_drop: false }`
[INFO] [stdout] d8ca57e0765caf3e8f0dfedf1045ee47243f69c9fde259105f0fa4012beb65ea
[INFO] running `Command { std: "docker" "create" "-v" "/var/lib/crater-agent-workspace/builds/worker-3-tc2/target:/opt/rustwide/target:rw,Z" "-v" "/var/lib/crater-agent-workspace/builds/worker-3-tc2/source:/opt/rustwide/workdir:ro,Z" "-v" "/var/lib/crater-agent-workspace/cargo-home:/opt/rustwide/cargo-home:ro,Z" "-v" "/var/lib/crater-agent-workspace/rustup-home:/opt/rustwide/rustup-home:ro,Z" "-e" "SOURCE_DIR=/opt/rustwide/workdir" "-e" "CARGO_TARGET_DIR=/opt/rustwide/target" "-e" "CARGO_INCREMENTAL=0" "-e" "RUST_BACKTRACE=full" "-e" "RUSTFLAGS=--cap-lints=forbid -Dunexpected_cfgs" "-e" "RUSTDOCFLAGS=--cap-lints=forbid" "-e" "CARGO_HOME=/opt/rustwide/cargo-home" "-e" "RUSTUP_HOME=/opt/rustwide/rustup-home" "-w" "/opt/rustwide/workdir" "-m" "1610612736" "--user" "0:0" "--network" "none" "ghcr.io/rust-lang/crates-build-env/linux@sha256:2788e3201cd34a07e3172128adcd8b3090168a8e3bcc40d7c032b9dda1df7d1c" "/opt/rustwide/cargo-home/bin/cargo" "+nightly-2024-02-05" "check" "--frozen" "--all" "--all-targets" "--message-format=json" "-Zcheck-cfg", kill_on_drop: false }`
[INFO] [stdout] 1b4ea76fd675a752762cb44759b67c02cc52a2f6e48111c9b249c59e04201e89
[INFO] running `Command { std: "docker" "start" "-a" "1b4ea76fd675a752762cb44759b67c02cc52a2f6e48111c9b249c59e04201e89", kill_on_drop: false }`
[INFO] [stderr]    Compiling proc-macro2 v1.0.78
[INFO] [stderr]    Compiling memchr v2.7.1
[INFO] [stderr]    Compiling regex-syntax v0.8.2
[INFO] [stderr]     Checking aho-corasick v1.1.2
[INFO] [stderr]    Compiling serde v1.0.196
[INFO] [stderr]    Compiling lock_api v0.4.11
[INFO] [stderr]     Checking futures-core v0.3.30
[INFO] [stderr]     Checking futures-sink v0.3.30
[INFO] [stderr]    Compiling parking_lot_core v0.9.9
[INFO] [stderr]     Checking futures-channel v0.3.30
[INFO] [stderr]    Compiling num-traits v0.2.17
[INFO] [stderr]    Compiling anyhow v1.0.79
[INFO] [stderr]     Checking smallvec v1.13.1
[INFO] [stderr]    Compiling syn v1.0.109
[INFO] [stderr]     Checking futures-io v0.3.30
[INFO] [stderr]    Compiling quote v1.0.35
[INFO] [stderr]    Compiling thiserror v1.0.56
[INFO] [stderr]     Checking once_cell v1.19.0
[INFO] [stderr]    Compiling syn v2.0.48
[INFO] [stderr]     Checking futures-task v0.3.30
[INFO] [stderr]    Compiling serde_json v1.0.113
[INFO] [stderr]     Checking option-ext v0.2.0
[INFO] [stderr]     Checking parking_lot v0.12.1
[INFO] [stderr]     Checking dirs-sys v0.4.1
[INFO] [stderr]     Checking socket2 v0.5.5
[INFO] [stderr]     Checking mio v0.8.10
[INFO] [stderr]     Checking regex-automata v0.4.5
[INFO] [stderr]     Checking signal-hook-registry v1.4.1
[INFO] [stderr]     Checking num_cpus v1.16.0
[INFO] [stderr]     Checking by_address v1.1.0
[INFO] [stderr]    Compiling base64 v0.13.1
[INFO] [stderr]     Checking ryu v1.0.16
[INFO] [stderr]     Checking lazy_static v1.4.0
[INFO] [stderr]     Checking maplit v1.0.2
[INFO] [stderr]     Checking iana-time-zone v0.1.60
[INFO] [stderr]     Checking itoa v1.0.10
[INFO] [stderr]     Checking chrono v0.4.33
[INFO] [stderr]     Checking dirs v5.0.1
[INFO] [stderr]     Checking css-color v0.2.5
[INFO] [stderr]     Checking regex v1.10.3
[INFO] [stderr]    Compiling serde_derive v1.0.196
[INFO] [stderr]    Compiling futures-macro v0.3.30
[INFO] [stderr]    Compiling thiserror-impl v1.0.56
[INFO] [stderr]    Compiling tokio-macros v2.2.0
[INFO] [stderr]    Compiling oop_inheritance_proc v1.0.0
[INFO] [stderr]    Compiling with_literal v1.0.0
[INFO] [stderr]    Compiling embed-doc-image v0.1.4
[INFO] [stderr]    Compiling agera_sdk_proc v0.1.1
[INFO] [stderr]     Checking oop_inheritance v1.0.1
[INFO] [stderr]     Checking futures-util v0.3.30
[INFO] [stderr]    Compiling lazy-regex-proc_macros v3.1.0
[INFO] [stderr]     Checking htmlentity v1.3.1
[INFO] [stderr]     Checking lazy-regex v3.1.0
[INFO] [stderr]     Checking file_paths v1.0.0
[INFO] [stderr]     Checking late_format v1.0.0
[INFO] [stderr]     Checking futures-executor v0.3.30
[INFO] [stderr]     Checking futures v0.3.30
[INFO] [stderr]     Checking bytes v1.5.0
[INFO] [stderr]     Checking tokio v1.36.0
[INFO] [stderr]     Checking agera v0.1.19 (/opt/rustwide/workdir)
[INFO] [stdout] error[E0405]: cannot find trait `StructuralEq` in module `std::marker`
[INFO] [stdout]   --> src/geom/vector2d.rs:20:19
[INFO] [stdout]    |
[INFO] [stdout] 20 | impl std::marker::StructuralEq for Vector2d {}
[INFO] [stdout]    |                   ^^^^^^^^^^^^ not found in `std::marker`
[INFO] [stdout]    |
[INFO] [stdout] note: found an item that was configured out
[INFO] [stdout]   --> /rustc/268dbbbc4b3fd71c5f360a4d0728295252430b5b/library/core/src/marker.rs:279:11
[INFO] [stdout] 
[INFO] [stdout] 
[INFO] [stdout] error[E0405]: cannot find trait `StructuralEq` in module `std::marker`
[INFO] [stdout]   --> src/geom/rectangle.rs:66:19
[INFO] [stdout]    |
[INFO] [stdout] 66 | impl std::marker::StructuralEq for Rectangle {}
[INFO] [stdout]    |                   ^^^^^^^^^^^^ not found in `std::marker`
[INFO] [stdout]    |
[INFO] [stdout] note: found an item that was configured out
[INFO] [stdout]   --> /rustc/268dbbbc4b3fd71c5f360a4d0728295252430b5b/library/core/src/marker.rs:279:11
[INFO] [stdout] 
[INFO] [stdout] 
[INFO] [stdout] error[E0405]: cannot find trait `StructuralEq` in module `std::marker`
[INFO] [stdout]   --> src/util/color.rs:37:19
[INFO] [stdout]    |
[INFO] [stdout] 37 | impl std::marker::StructuralEq for Color {}
[INFO] [stdout]    |                   ^^^^^^^^^^^^ not found in `std::marker`
[INFO] [stdout]    |
[INFO] [stdout] note: found an item that was configured out
[INFO] [stdout]   --> /rustc/268dbbbc4b3fd71c5f360a4d0728295252430b5b/library/core/src/marker.rs:279:11
[INFO] [stdout] 
[INFO] [stdout] 
[INFO] [stdout] warning: unused import: `geom::*`
[INFO] [stdout]  --> src/display/shape.rs:1:25
[INFO] [stdout]   |
[INFO] [stdout] 1 | use crate::{display::*, geom::*, util::inheritance::*};
[INFO] [stdout]   |                         ^^^^^^^
[INFO] [stdout]   |
[INFO] [stdout]   = note: `#[warn(unused_imports)]` on by default
[INFO] [stdout] 
[INFO] [stdout] 
[INFO] [stdout] error[E0405]: cannot find trait `StructuralEq` in module `std::marker`
[INFO] [stdout]   --> src/geom/vector2d.rs:20:19
[INFO] [stdout]    |
[INFO] [stdout] 20 | impl std::marker::StructuralEq for Vector2d {}
[INFO] [stdout]    |                   ^^^^^^^^^^^^ not found in `std::marker`
[INFO] [stdout]    |
[INFO] [stdout] note: found an item that was configured out
[INFO] [stdout]   --> /rustc/268dbbbc4b3fd71c5f360a4d0728295252430b5b/library/core/src/marker.rs:279:11
[INFO] [stdout] 
[INFO] [stdout] 
[INFO] [stdout] error[E0405]: cannot find trait `StructuralEq` in module `std::marker`
[INFO] [stdout]   --> src/geom/rectangle.rs:66:19
[INFO] [stdout]    |
[INFO] [stdout] 66 | impl std::marker::StructuralEq for Rectangle {}
[INFO] [stdout]    |                   ^^^^^^^^^^^^ not found in `std::marker`
[INFO] [stdout]    |
[INFO] [stdout] note: found an item that was configured out
[INFO] [stdout]   --> /rustc/268dbbbc4b3fd71c5f360a4d0728295252430b5b/library/core/src/marker.rs:279:11
[INFO] [stdout] 
[INFO] [stdout] 
[INFO] [stdout] error[E0405]: cannot find trait `StructuralEq` in module `std::marker`
[INFO] [stdout]   --> src/util/color.rs:37:19
[INFO] [stdout]    |
[INFO] [stdout] 37 | impl std::marker::StructuralEq for Color {}
[INFO] [stdout]    |                   ^^^^^^^^^^^^ not found in `std::marker`
[INFO] [stdout]    |
[INFO] [stdout] note: found an item that was configured out
[INFO] [stdout]   --> /rustc/268dbbbc4b3fd71c5f360a4d0728295252430b5b/library/core/src/marker.rs:279:11
[INFO] [stdout] 
[INFO] [stdout] 
[INFO] [stdout] warning: unused import: `geom::*`
[INFO] [stdout]  --> src/display/shape.rs:1:25
[INFO] [stdout]   |
[INFO] [stdout] 1 | use crate::{display::*, geom::*, util::inheritance::*};
[INFO] [stdout]   |                         ^^^^^^^
[INFO] [stdout]   |
[INFO] [stdout]   = note: `#[warn(unused_imports)]` on by default
[INFO] [stdout] 
[INFO] [stdout] 
[INFO] [stdout] error: aborting due to 3 previous errors; 1 warning emitted
[INFO] [stdout] 
[INFO] [stdout] 
[INFO] [stdout] For more information about this error, try `rustc --explain E0405`.
[INFO] [stdout] 
[INFO] [stdout] error: aborting due to 3 previous errors; 1 warning emitted
[INFO] [stdout] 
[INFO] [stdout] 
[INFO] [stdout] For more information about this error, try `rustc --explain E0405`.
[INFO] [stdout] 
[INFO] [stderr] error: could not compile `agera` (lib test) due to 4 previous errors; 1 warning emitted
[INFO] [stderr] warning: build failed, waiting for other jobs to finish...
[INFO] [stderr] error: could not compile `agera` (lib) due to 4 previous errors; 1 warning emitted
[INFO] running `Command { std: "docker" "inspect" "1b4ea76fd675a752762cb44759b67c02cc52a2f6e48111c9b249c59e04201e89", kill_on_drop: false }`
[INFO] running `Command { std: "docker" "rm" "-f" "1b4ea76fd675a752762cb44759b67c02cc52a2f6e48111c9b249c59e04201e89", kill_on_drop: false }`
[INFO] [stdout] 1b4ea76fd675a752762cb44759b67c02cc52a2f6e48111c9b249c59e04201e89
