[INFO] fetching crate adafruit-nrf52840-express 0.2.0...
[INFO] checking adafruit-nrf52840-express-0.2.0 against nightly-2024-02-05 for check-cfg
[INFO] extracting crate adafruit-nrf52840-express 0.2.0 into /workspace/builds/worker-1-tc1/source
[INFO] validating manifest of crates.io crate adafruit-nrf52840-express 0.2.0 on toolchain nightly-2024-02-05
[INFO] running `Command { std: CARGO_HOME="/workspace/cargo-home" RUSTUP_HOME="/workspace/rustup-home" "/workspace/cargo-home/bin/cargo" "+nightly-2024-02-05" "metadata" "--manifest-path" "Cargo.toml" "--no-deps", kill_on_drop: false }`
[INFO] started tweaking crates.io crate adafruit-nrf52840-express 0.2.0
[INFO] finished tweaking crates.io crate adafruit-nrf52840-express 0.2.0
[INFO] tweaked toml for crates.io crate adafruit-nrf52840-express 0.2.0 written to /workspace/builds/worker-1-tc1/source/Cargo.toml
[INFO] running `Command { std: CARGO_HOME="/workspace/cargo-home" RUSTUP_HOME="/workspace/rustup-home" "/workspace/cargo-home/bin/cargo" "+nightly-2024-02-05" "generate-lockfile" "--manifest-path" "Cargo.toml", kill_on_drop: false }`
[INFO] [stderr]     Blocking waiting for file lock on package cache
[INFO] [stderr]     Updating crates.io index
[INFO] running `Command { std: CARGO_HOME="/workspace/cargo-home" RUSTUP_HOME="/workspace/rustup-home" "/workspace/cargo-home/bin/cargo" "+nightly-2024-02-05" "fetch" "--manifest-path" "Cargo.toml", kill_on_drop: false }`
[INFO] [stderr]     Blocking waiting for file lock on package cache
[INFO] [stderr]     Blocking waiting for file lock on package cache
[INFO] [stderr]  Downloading crates ...
[INFO] [stderr]   Downloaded usb-device v0.2.9
[INFO] [stderr]   Downloaded cortex-m-rt-macros v0.6.15
[INFO] [stderr]   Downloaded r0 v0.2.2
[INFO] [stderr]   Downloaded cortex-m v0.6.7
[INFO] [stderr]   Downloaded generic-array v0.13.3
[INFO] [stderr]   Downloaded aligned v0.3.5
[INFO] [stderr]   Downloaded embedded-dma v0.1.2
[INFO] [stderr]   Downloaded as-slice v0.1.5
[INFO] [stderr]   Downloaded critical-section v0.2.8
[INFO] [stderr]   Downloaded cortex-m-rt v0.6.15
[INFO] [stderr]   Downloaded embedded-storage v0.2.0
[INFO] [stderr]   Downloaded shared-bus v0.2.5
[INFO] [stderr]   Downloaded nrf52840-hal v0.14.1
[INFO] [stderr]   Downloaded nrf-usbd v0.1.1
[INFO] [stderr]   Downloaded nrf-hal-common v0.14.1
[INFO] [stderr]   Downloaded nrf52840-pac v0.10.1
[INFO] running `Command { std: "docker" "create" "-v" "/var/lib/crater-agent-workspace/builds/worker-1-tc1/target:/opt/rustwide/target:rw,Z" "-v" "/var/lib/crater-agent-workspace/builds/worker-1-tc1/source:/opt/rustwide/workdir:ro,Z" "-v" "/var/lib/crater-agent-workspace/cargo-home:/opt/rustwide/cargo-home:ro,Z" "-v" "/var/lib/crater-agent-workspace/rustup-home:/opt/rustwide/rustup-home:ro,Z" "-e" "SOURCE_DIR=/opt/rustwide/workdir" "-e" "CARGO_TARGET_DIR=/opt/rustwide/target" "-e" "CARGO_HOME=/opt/rustwide/cargo-home" "-e" "RUSTUP_HOME=/opt/rustwide/rustup-home" "-w" "/opt/rustwide/workdir" "-m" "1610612736" "--user" "0:0" "--network" "none" "ghcr.io/rust-lang/crates-build-env/linux@sha256:2788e3201cd34a07e3172128adcd8b3090168a8e3bcc40d7c032b9dda1df7d1c" "/opt/rustwide/cargo-home/bin/cargo" "+nightly-2024-02-05" "metadata" "--no-deps" "--format-version=1", kill_on_drop: false }`
[INFO] [stdout] e9c41b5dd35b740b4af59537d96b15fdeb4406ff3fc170b69a0ec6abceaeba63
[INFO] running `Command { std: "docker" "start" "-a" "e9c41b5dd35b740b4af59537d96b15fdeb4406ff3fc170b69a0ec6abceaeba63", kill_on_drop: false }`
[INFO] running `Command { std: "docker" "inspect" "e9c41b5dd35b740b4af59537d96b15fdeb4406ff3fc170b69a0ec6abceaeba63", kill_on_drop: false }`
[INFO] running `Command { std: "docker" "rm" "-f" "e9c41b5dd35b740b4af59537d96b15fdeb4406ff3fc170b69a0ec6abceaeba63", kill_on_drop: false }`
[INFO] [stdout] e9c41b5dd35b740b4af59537d96b15fdeb4406ff3fc170b69a0ec6abceaeba63
[INFO] running `Command { std: "docker" "create" "-v" "/var/lib/crater-agent-workspace/builds/worker-1-tc1/target:/opt/rustwide/target:rw,Z" "-v" "/var/lib/crater-agent-workspace/builds/worker-1-tc1/source:/opt/rustwide/workdir:ro,Z" "-v" "/var/lib/crater-agent-workspace/cargo-home:/opt/rustwide/cargo-home:ro,Z" "-v" "/var/lib/crater-agent-workspace/rustup-home:/opt/rustwide/rustup-home:ro,Z" "-e" "SOURCE_DIR=/opt/rustwide/workdir" "-e" "CARGO_TARGET_DIR=/opt/rustwide/target" "-e" "CARGO_INCREMENTAL=0" "-e" "RUST_BACKTRACE=full" "-e" "RUSTFLAGS=--cap-lints=forbid" "-e" "RUSTDOCFLAGS=--cap-lints=forbid" "-e" "CARGO_HOME=/opt/rustwide/cargo-home" "-e" "RUSTUP_HOME=/opt/rustwide/rustup-home" "-w" "/opt/rustwide/workdir" "-m" "1610612736" "--user" "0:0" "--network" "none" "ghcr.io/rust-lang/crates-build-env/linux@sha256:2788e3201cd34a07e3172128adcd8b3090168a8e3bcc40d7c032b9dda1df7d1c" "/opt/rustwide/cargo-home/bin/cargo" "+nightly-2024-02-05" "check" "--frozen" "--all" "--all-targets" "--message-format=json", kill_on_drop: false }`
[INFO] [stdout] c30ae3b2e48e0a18b2ac0e7266a626f60b41f6bf04db20ce18d4f73a8d0b2e29
[INFO] running `Command { std: "docker" "start" "-a" "c30ae3b2e48e0a18b2ac0e7266a626f60b41f6bf04db20ce18d4f73a8d0b2e29", kill_on_drop: false }`
[INFO] [stderr]    Compiling semver-parser v0.7.0
[INFO] [stderr]    Compiling cortex-m v0.7.7
[INFO] [stderr]     Checking nb v1.1.0
[INFO] [stderr]     Checking void v1.0.2
[INFO] [stderr]     Checking vcell v0.1.3
[INFO] [stderr]     Checking bitfield v0.13.2
[INFO] [stderr]     Checking stable_deref_trait v1.2.0
[INFO] [stderr]    Compiling cortex-m-rt v0.6.15
[INFO] [stderr]    Compiling az v1.2.1
[INFO] [stderr]    Compiling fixed v1.25.0
[INFO] [stderr]     Checking bare-metal v1.0.0
[INFO] [stderr]    Compiling typenum v1.17.0
[INFO] [stderr]    Compiling generic-array v0.14.7
[INFO] [stderr]     Checking r0 v0.2.2
[INFO] [stdout] error[E0463]: can't find crate for `core`
[INFO] [stdout]   |
[INFO] [stdout]   = note: the `thumbv7em-none-eabihf` target may not be installed
[INFO] [stdout]   = help: consider downloading the target with `rustup target add thumbv7em-none-eabihf`
[INFO] [stdout]   = help: consider building the standard library from source with `cargo build -Zbuild-std`
[INFO] [stdout] 
[INFO] [stdout] 
[INFO] [stdout] error[E0463]: can't find crate for `compiler_builtins`
[INFO] [stdout] 
[INFO] [stdout] 
[INFO] [stderr] error: could not compile `stable_deref_trait` (lib) due to 9 previous errors
[INFO] [stdout] error[E0405]: cannot find trait `Clone` in this scope
[INFO] [stdout]    --> /opt/rustwide/cargo-home/registry/src/index.crates.io-6f17d22bba15001f/stable_deref_trait-1.2.0/src/lib.rs:129:50
[INFO] [stdout]     |
[INFO] [stdout] 129 | pub unsafe trait CloneStableDeref: StableDeref + Clone {}
[INFO] [stdout]     |                                                  ^^^^^ not found in this scope
[INFO] [stdout] 
[INFO] [stdout] 
[INFO] [stderr] warning: build failed, waiting for other jobs to finish...
[INFO] [stdout] error[E0405]: cannot find trait `Sized` in this scope
[INFO] [stdout]    --> /opt/rustwide/cargo-home/registry/src/index.crates.io-6f17d22bba15001f/stable_deref_trait-1.2.0/src/lib.rs:178:21
[INFO] [stdout]     |
[INFO] [stdout] 178 | unsafe impl<'a, T: ?Sized> StableDeref for Ref<'a, T> {}
[INFO] [stdout]     |                     ^^^^^ not found in this scope
[INFO] [stdout] 
[INFO] [stdout] 
[INFO] [stderr] error: could not compile `vcell` (lib) due to 5 previous errors
[INFO] [stdout] error[E0405]: cannot find trait `Sized` in this scope
[INFO] [stdout]    --> /opt/rustwide/cargo-home/registry/src/index.crates.io-6f17d22bba15001f/stable_deref_trait-1.2.0/src/lib.rs:179:21
[INFO] [stdout]     |
[INFO] [stdout] 179 | unsafe impl<'a, T: ?Sized> StableDeref for RefMut<'a, T> {}
[INFO] [stdout]     |                     ^^^^^ not found in this scope
[INFO] [stdout] 
[INFO] [stdout] 
[INFO] [stdout] error[E0405]: cannot find trait `Sized` in this scope
[INFO] [stdout]    --> /opt/rustwide/cargo-home/registry/src/index.crates.io-6f17d22bba15001f/stable_deref_trait-1.2.0/src/lib.rs:187:21
[INFO] [stdout]     |
[INFO] [stdout] 187 | unsafe impl<'a, T: ?Sized> StableDeref for &'a T {}
[INFO] [stdout]     |                     ^^^^^ not found in this scope
[INFO] [stdout] 
[INFO] [stdout] 
[INFO] [stdout] error[E0405]: cannot find trait `Sized` in this scope
[INFO] [stdout]    --> /opt/rustwide/cargo-home/registry/src/index.crates.io-6f17d22bba15001f/stable_deref_trait-1.2.0/src/lib.rs:188:21
[INFO] [stdout]     |
[INFO] [stdout] 188 | unsafe impl<'a, T: ?Sized> CloneStableDeref for &'a T {}
[INFO] [stdout]     |                     ^^^^^ not found in this scope
[INFO] [stdout] 
[INFO] [stdout] 
[INFO] [stdout] error[E0405]: cannot find trait `Sized` in this scope
[INFO] [stdout]    --> /opt/rustwide/cargo-home/registry/src/index.crates.io-6f17d22bba15001f/stable_deref_trait-1.2.0/src/lib.rs:189:21
[INFO] [stdout]     |
[INFO] [stdout] 189 | unsafe impl<'a, T: ?Sized> StableDeref for &'a mut T {}
[INFO] [stdout]     |                     ^^^^^ not found in this scope
[INFO] [stdout] 
[INFO] [stdout] 
[INFO] [stdout] error: aborting due to 8 previous errors
[INFO] [stdout] 
[INFO] [stdout] 
[INFO] [stdout] Some errors have detailed explanations: E0405, E0463.
[INFO] [stdout] 
[INFO] [stdout] For more information about an error, try `rustc --explain E0405`.
[INFO] [stdout] 
[INFO] [stdout] error[E0463]: can't find crate for `core`
[INFO] [stdout]   |
[INFO] [stdout]   = note: the `thumbv7em-none-eabihf` target may not be installed
[INFO] [stdout]   = help: consider downloading the target with `rustup target add thumbv7em-none-eabihf`
[INFO] [stdout]   = help: consider building the standard library from source with `cargo build -Zbuild-std`
[INFO] [stdout] 
[INFO] [stdout] 
[INFO] [stdout] error[E0463]: can't find crate for `core`
[INFO] [stdout]   |
[INFO] [stdout]   = note: the `thumbv7em-none-eabihf` target may not be installed
[INFO] [stdout]   = help: consider downloading the target with `rustup target add thumbv7em-none-eabihf`
[INFO] [stdout]   = help: consider building the standard library from source with `cargo build -Zbuild-std`
[INFO] [stdout] 
[INFO] [stdout] 
[INFO] [stdout] error[E0463]: can't find crate for `compiler_builtins`
[INFO] [stdout] 
[INFO] [stdout] 
[INFO] [stdout] error[E0463]: can't find crate for `compiler_builtins`
[INFO] [stdout] 
[INFO] [stdout] 
[INFO] [stdout] error[E0405]: cannot find trait `Copy` in this scope
[INFO] [stdout]   --> /opt/rustwide/cargo-home/registry/src/index.crates.io-6f17d22bba15001f/vcell-0.1.3/src/lib.rs:31:18
[INFO] [stdout]    |
[INFO] [stdout] 31 |         where T: Copy
[INFO] [stdout]    |                  ^^^^ not found in this scope
[INFO] [stdout] 
[INFO] [stdout] 
[INFO] [stdout] error[E0405]: cannot find trait `Copy` in this scope
[INFO] [stdout]   --> /opt/rustwide/cargo-home/registry/src/index.crates.io-6f17d22bba15001f/vcell-0.1.3/src/lib.rs:39:18
[INFO] [stdout]    |
[INFO] [stdout] 39 |         where T: Copy
[INFO] [stdout]    |                  ^^^^ not found in this scope
[INFO] [stdout] 
[INFO] [stdout] 
[INFO] [stdout] error: aborting due to 4 previous errors
[INFO] [stdout] 
[INFO] [stdout] 
[INFO] [stdout] Some errors have detailed explanations: E0405, E0463.
[INFO] [stdout] 
[INFO] [stdout] For more information about an error, try `rustc --explain E0405`.
[INFO] [stdout] 
[INFO] [stdout] error[E0463]: can't find crate for `core`
[INFO] [stdout]   |
[INFO] [stdout]   = note: the `thumbv7em-none-eabihf` target may not be installed
[INFO] [stdout]   = help: consider downloading the target with `rustup target add thumbv7em-none-eabihf`
[INFO] [stdout]   = help: consider building the standard library from source with `cargo build -Zbuild-std`
[INFO] [stdout] 
[INFO] [stdout] 
[INFO] [stdout] error[E0463]: can't find crate for `compiler_builtins`
[INFO] [stdout] 
[INFO] [stdout] 
[INFO] [stdout] error[E0463]: can't find crate for `core`
[INFO] [stdout]    --> /opt/rustwide/cargo-home/registry/src/index.crates.io-6f17d22bba15001f/nb-1.1.0/src/lib.rs:192:5
[INFO] [stdout]     |
[INFO] [stdout] 192 | use core::fmt;
[INFO] [stdout]     |     ^^^^ can't find crate
[INFO] [stdout]     |
[INFO] [stdout]     = note: the `thumbv7em-none-eabihf` target may not be installed
[INFO] [stdout]     = help: consider downloading the target with `rustup target add thumbv7em-none-eabihf`
[INFO] [stdout]     = help: consider building the standard library from source with `cargo build -Zbuild-std`
[INFO] [stdout] 
[INFO] [stdout] 
[INFO] [stdout] error: cannot find attribute `derive` in this scope
[INFO] [stdout]    --> /opt/rustwide/cargo-home/registry/src/index.crates.io-6f17d22bba15001f/nb-1.1.0/src/lib.rs:201:3
[INFO] [stdout]     |
[INFO] [stdout] 201 | #[derive(Clone, Copy, PartialEq, Eq, PartialOrd, Ord, Hash)]
[INFO] [stdout]     |   ^^^^^^
[INFO] [stdout] 
[INFO] [stdout] 
[INFO] [stdout] error[E0463]: can't find crate for `core`
[INFO] [stdout]    --> /opt/rustwide/cargo-home/registry/src/index.crates.io-6f17d22bba15001f/nb-1.1.0/src/lib.rs:195:27
[INFO] [stdout]     |
[INFO] [stdout] 195 | pub type Result<T, E> = ::core::result::Result<T, Error<E>>;
[INFO] [stdout]     |                           ^^^^ can't find crate
[INFO] [stdout]     |
[INFO] [stdout]     = note: the `thumbv7em-none-eabihf` target may not be installed
[INFO] [stdout]     = help: consider downloading the target with `rustup target add thumbv7em-none-eabihf`
[INFO] [stdout]     = help: consider building the standard library from source with `cargo build -Zbuild-std`
[INFO] [stdout] 
[INFO] [stdout] 
[INFO] [stdout] error[E0405]: cannot find trait `FnOnce` in this scope
[INFO] [stdout]    --> /opt/rustwide/cargo-home/registry/src/index.crates.io-6f17d22bba15001f/nb-1.1.0/src/lib.rs:239:12
[INFO] [stdout]     |
[INFO] [stdout] 239 |         F: FnOnce(E) -> T,
[INFO] [stdout]     |            ^^^^^^ not found in this scope
[INFO] [stdout] 
[INFO] [stdout] 
[INFO] [stdout] error[E0405]: cannot find trait `From` in this scope
[INFO] [stdout]    --> /opt/rustwide/cargo-home/registry/src/index.crates.io-6f17d22bba15001f/nb-1.1.0/src/lib.rs:248:9
[INFO] [stdout]     |
[INFO] [stdout] 248 | impl<E> From<E> for Error<E> {
[INFO] [stdout]     |         ^^^^ not found in this scope
[INFO] [stdout] 
[INFO] [stdout] 
[INFO] [stdout] error: aborting due to 7 previous errors
[INFO] [stdout] 
[INFO] [stdout] 
[INFO] [stdout] Some errors have detailed explanations: E0405, E0463.
[INFO] [stdout] 
[INFO] [stdout] For more information about an error, try `rustc --explain E0405`.
[INFO] [stdout] 
[INFO] [stdout] error[E0463]: can't find crate for `core`
[INFO] [stdout]   |
[INFO] [stdout]   = note: the `thumbv7em-none-eabihf` target may not be installed
[INFO] [stdout]   = help: consider downloading the target with `rustup target add thumbv7em-none-eabihf`
[INFO] [stdout]   = help: consider building the standard library from source with `cargo build -Zbuild-std`
[INFO] [stdout] 
[INFO] [stdout] 
[INFO] [stdout] error[E0463]: can't find crate for `core`
[INFO] [stdout]   |
[INFO] [stdout]   = note: the `thumbv7em-none-eabihf` target may not be installed
[INFO] [stdout]   = help: consider downloading the target with `rustup target add thumbv7em-none-eabihf`
[INFO] [stdout]   = help: consider building the standard library from source with `cargo build -Zbuild-std`
[INFO] [stdout] 
[INFO] [stdout] 
[INFO] [stderr] error: could not compile `nb` (lib) due to 8 previous errors
[INFO] [stdout] error[E0463]: can't find crate for `compiler_builtins`
[INFO] [stdout] 
[INFO] [stdout] 
[INFO] [stdout] error[E0463]: can't find crate for `core`
[INFO] [stdout]   --> /opt/rustwide/cargo-home/registry/src/index.crates.io-6f17d22bba15001f/void-1.0.2/src/lib.rs:16:5
[INFO] [stdout]    |
[INFO] [stdout] 16 |     extern crate core;
[INFO] [stdout]    |     ^^^^^^^^^^^^^^^^^^ can't find crate
[INFO] [stdout]    |
[INFO] [stdout]    = note: the `thumbv7em-none-eabihf` target may not be installed
[INFO] [stdout]    = help: consider downloading the target with `rustup target add thumbv7em-none-eabihf`
[INFO] [stdout]    = help: consider building the standard library from source with `cargo build -Zbuild-std`
[INFO] [stdout] 
[INFO] [stdout] 
[INFO] [stdout] error: cannot find attribute `derive` in this scope
[INFO] [stdout]   --> /opt/rustwide/cargo-home/registry/src/index.crates.io-6f17d22bba15001f/void-1.0.2/src/lib.rs:28:3
[INFO] [stdout]    |
[INFO] [stdout] 28 | #[derive(Copy)]
[INFO] [stdout]    |   ^^^^^^
[INFO] [stdout] 
[INFO] [stdout] 
[INFO] [stdout] error[E0405]: cannot find trait `Clone` in this scope
[INFO] [stdout]   --> /opt/rustwide/cargo-home/registry/src/index.crates.io-6f17d22bba15001f/void-1.0.2/src/lib.rs:31:6
[INFO] [stdout]    |
[INFO] [stdout] 31 | impl Clone for Void {
[INFO] [stdout]    |      ^^^^^ not found in this scope
[INFO] [stdout] 
[INFO] [stdout] 
[INFO] [stdout] error[E0412]: cannot find type `Option` in this scope
[INFO] [stdout]   --> /opt/rustwide/cargo-home/registry/src/index.crates.io-6f17d22bba15001f/void-1.0.2/src/lib.rs:56:37
[INFO] [stdout]    |
[INFO] [stdout] 56 |     fn partial_cmp(&self, _: &T) -> Option<cmp::Ordering> {
[INFO] [stdout]    |                                     ^^^^^^ not found in this scope
[INFO] [stdout] 
[INFO] [stdout] 
[INFO] [stdout] error[E0405]: cannot find trait `Sized` in this scope
[INFO] [stdout]   --> /opt/rustwide/cargo-home/registry/src/index.crates.io-6f17d22bba15001f/void-1.0.2/src/lib.rs:85:29
[INFO] [stdout]    |
[INFO] [stdout] 85 | pub trait ResultVoidExt<T>: Sized {
[INFO] [stdout]    |                             ^^^^^ not found in this scope
[INFO] [stdout] 
[INFO] [stdout] 
[INFO] [stdout] error[E0412]: cannot find type `Result` in this scope
[INFO] [stdout]   --> /opt/rustwide/cargo-home/registry/src/index.crates.io-6f17d22bba15001f/void-1.0.2/src/lib.rs:90:30
[INFO] [stdout]    |
[INFO] [stdout] 90 | impl<T> ResultVoidExt<T> for Result<T, Void> {
[INFO] [stdout]    |                              ^^^^^^ not found in this scope
[INFO] [stdout] 
[INFO] [stdout] 
[INFO] [stdout] error[E0531]: cannot find tuple struct or tuple variant `Ok` in this scope
[INFO] [stdout]   --> /opt/rustwide/cargo-home/registry/src/index.crates.io-6f17d22bba15001f/void-1.0.2/src/lib.rs:97:13
[INFO] [stdout]    |
[INFO] [stdout] 97 |             Ok(val) => val,
[INFO] [stdout]    |             ^^ not found in this scope
[INFO] [stdout] 
[INFO] [stdout] 
[INFO] [stdout] error[E0531]: cannot find tuple struct or tuple variant `Err` in this scope
[INFO] [stdout]   --> /opt/rustwide/cargo-home/registry/src/index.crates.io-6f17d22bba15001f/void-1.0.2/src/lib.rs:98:13
[INFO] [stdout]    |
[INFO] [stdout] 98 |             Err(e) => unreachable(e)
[INFO] [stdout]    |             ^^^ not found in this scope
[INFO] [stdout] 
[INFO] [stdout] 
[INFO] [stdout] error[E0405]: cannot find trait `Sized` in this scope
[INFO] [stdout]    --> /opt/rustwide/cargo-home/registry/src/index.crates.io-6f17d22bba15001f/void-1.0.2/src/lib.rs:104:32
[INFO] [stdout]     |
[INFO] [stdout] 104 | pub trait ResultVoidErrExt<E>: Sized {
[INFO] [stdout]     |                                ^^^^^ not found in this scope
[INFO] [stdout] 
[INFO] [stdout] 
[INFO] [stdout] error[E0412]: cannot find type `Result` in this scope
[INFO] [stdout]    --> /opt/rustwide/cargo-home/registry/src/index.crates.io-6f17d22bba15001f/void-1.0.2/src/lib.rs:109:33
[INFO] [stdout]     |
[INFO] [stdout] 109 | impl<E> ResultVoidErrExt<E> for Result<Void, E> {
[INFO] [stdout]     |                                 ^^^^^^ not found in this scope
[INFO] [stdout] 
[INFO] [stdout] 
[INFO] [stdout] error[E0531]: cannot find tuple struct or tuple variant `Ok` in this scope
[INFO] [stdout]    --> /opt/rustwide/cargo-home/registry/src/index.crates.io-6f17d22bba15001f/void-1.0.2/src/lib.rs:116:13
[INFO] [stdout]     |
[INFO] [stdout] 116 |             Ok(v) => unreachable(v),
[INFO] [stdout]     |             ^^ not found in this scope
[INFO] [stdout] 
[INFO] [stdout] 
[INFO] [stdout] error[E0531]: cannot find tuple struct or tuple variant `Err` in this scope
[INFO] [stdout]    --> /opt/rustwide/cargo-home/registry/src/index.crates.io-6f17d22bba15001f/void-1.0.2/src/lib.rs:117:13
[INFO] [stdout]     |
[INFO] [stdout] 117 |             Err(e) => e
[INFO] [stdout]     |             ^^^ not found in this scope
[INFO] [stdout] 
[INFO] [stdout] 
[INFO] [stdout] error: aborting due to 14 previous errors
[INFO] [stdout] 
[INFO] [stdout] 
[INFO] [stdout] Some errors have detailed explanations: E0405, E0412, E0463, E0531.
[INFO] [stdout] 
[INFO] [stdout] For more information about an error, try `rustc --explain E0405`.
[INFO] [stdout] 
[INFO] [stdout] error[E0463]: can't find crate for `compiler_builtins`
[INFO] [stdout] 
[INFO] [stdout] 
[INFO] [stdout] error: cannot find attribute `derive` in this scope
[INFO] [stdout]   --> /opt/rustwide/cargo-home/registry/src/index.crates.io-6f17d22bba15001f/bare-metal-1.0.0/src/lib.rs:50:3
[INFO] [stdout]    |
[INFO] [stdout] 50 | #[derive(Debug)]
[INFO] [stdout]    |   ^^^^^^
[INFO] [stdout] 
[INFO] [stdout] 
[INFO] [stdout] error: cannot find attribute `derive` in this scope
[INFO] [stdout]   --> /opt/rustwide/cargo-home/registry/src/index.crates.io-6f17d22bba15001f/bare-metal-1.0.0/src/lib.rs:15:3
[INFO] [stdout]    |
[INFO] [stdout] 15 | #[derive(Clone, Copy, Debug)]
[INFO] [stdout]    |   ^^^^^^
[INFO] [stdout] 
[INFO] [stdout] 
[INFO] [stdout] error[E0405]: cannot find trait `Sync` in this scope
[INFO] [stdout]   --> /opt/rustwide/cargo-home/registry/src/index.crates.io-6f17d22bba15001f/bare-metal-1.0.0/src/lib.rs:87:16
[INFO] [stdout]    |
[INFO] [stdout] 87 | unsafe impl<T> Sync for Mutex<T> where T: Send {}
[INFO] [stdout]    |                ^^^^ not found in this scope
[INFO] [stdout] 
[INFO] [stdout] 
[INFO] [stderr] error: could not compile `void` (lib) due to 15 previous errors
[INFO] [stdout] error[E0405]: cannot find trait `Send` in this scope
[INFO] [stdout]   --> /opt/rustwide/cargo-home/registry/src/index.crates.io-6f17d22bba15001f/bare-metal-1.0.0/src/lib.rs:87:43
[INFO] [stdout]    |
[INFO] [stdout] 87 | unsafe impl<T> Sync for Mutex<T> where T: Send {}
[INFO] [stdout]    |                                           ^^^^ not found in this scope
[INFO] [stdout] 
[INFO] [stdout] 
[INFO] [stdout] error: aborting due to 6 previous errors
[INFO] [stdout] 
[INFO] [stdout] 
[INFO] [stdout] Some errors have detailed explanations: E0405, E0463.
[INFO] [stdout] 
[INFO] [stdout] For more information about an error, try `rustc --explain E0405`.
[INFO] [stdout] 
[INFO] [stdout] error: requires `receiver` lang_item
[INFO] [stdout]    --> /opt/rustwide/cargo-home/registry/src/index.crates.io-6f17d22bba15001f/bitfield-0.13.2/src/lib.rs:596:12
[INFO] [stdout]     |
[INFO] [stdout] 596 |     fn bit(&self, bit: usize) -> bool {
[INFO] [stdout]     |            ^^^^^
[INFO] [stdout] 
[INFO] [stdout] 
[INFO] [stderr] error: could not compile `bare-metal` (lib) due to 7 previous errors
[INFO] [stdout] error: requires `receiver` lang_item
[INFO] [stdout]    --> /opt/rustwide/cargo-home/registry/src/index.crates.io-6f17d22bba15001f/bitfield-0.13.2/src/lib.rs:599:16
[INFO] [stdout]     |
[INFO] [stdout] 599 |     fn set_bit(&mut self, bit: usize, value: bool) {
[INFO] [stdout]     |                ^^^^^^^^^
[INFO] [stdout] 
[INFO] [stdout] 
[INFO] [stdout] error: requires `receiver` lang_item
[INFO] [stdout]    --> /opt/rustwide/cargo-home/registry/src/index.crates.io-6f17d22bba15001f/bitfield-0.13.2/src/lib.rs:610:26
[INFO] [stdout]     |
[INFO] [stdout] 610 |             fn bit_range(&self, msb: usize, lsb: usize) -> $bitrange_ty {
[INFO] [stdout]     |                          ^^^^^
[INFO] [stdout] ...
[INFO] [stdout] 647 | impl_bitrange_for_u_combinations! {(u8, u16, u32, u64, u128), (u8, u16, u32, u64, u128)}
[INFO] [stdout]     | ---------------------------------------------------------------------------------------- in this macro invocation
[INFO] [stdout]     |
[INFO] [stdout]     = note: this error originates in the macro `impl_bitrange_for_u` which comes from the expansion of the macro `impl_bitrange_for_u_combinations` (in Nightly builds, run with -Z macro-backtrace for more info)
[INFO] [stdout] 
[INFO] [stdout] 
[INFO] [stdout] error: requires `receiver` lang_item
[INFO] [stdout]    --> /opt/rustwide/cargo-home/registry/src/index.crates.io-6f17d22bba15001f/bitfield-0.13.2/src/lib.rs:621:30
[INFO] [stdout]     |
[INFO] [stdout] 621 |             fn set_bit_range(&mut self, msb: usize, lsb: usize, value: $bitrange_ty) {
[INFO] [stdout]     |                              ^^^^^^^^^
[INFO] [stdout] ...
[INFO] [stdout] 647 | impl_bitrange_for_u_combinations! {(u8, u16, u32, u64, u128), (u8, u16, u32, u64, u128)}
[INFO] [stdout]     | ---------------------------------------------------------------------------------------- in this macro invocation
[INFO] [stdout]     |
[INFO] [stdout]     = note: this error originates in the macro `impl_bitrange_for_u` which comes from the expansion of the macro `impl_bitrange_for_u_combinations` (in Nightly builds, run with -Z macro-backtrace for more info)
[INFO] [stdout] 
[INFO] [stdout] 
[INFO] [stdout] error: requires `receiver` lang_item
[INFO] [stdout]    --> /opt/rustwide/cargo-home/registry/src/index.crates.io-6f17d22bba15001f/bitfield-0.13.2/src/lib.rs:610:26
[INFO] [stdout]     |
[INFO] [stdout] 610 |             fn bit_range(&self, msb: usize, lsb: usize) -> $bitrange_ty {
[INFO] [stdout]     |                          ^^^^^
[INFO] [stdout] ...
[INFO] [stdout] 647 | impl_bitrange_for_u_combinations! {(u8, u16, u32, u64, u128), (u8, u16, u32, u64, u128)}
[INFO] [stdout]     | ---------------------------------------------------------------------------------------- in this macro invocation
[INFO] [stdout]     |
[INFO] [stdout]     = note: this error originates in the macro `impl_bitrange_for_u` which comes from the expansion of the macro `impl_bitrange_for_u_combinations` (in Nightly builds, run with -Z macro-backtrace for more info)
[INFO] [stdout] 
[INFO] [stdout] 
[INFO] [stdout] error: requires `receiver` lang_item
[INFO] [stdout]    --> /opt/rustwide/cargo-home/registry/src/index.crates.io-6f17d22bba15001f/bitfield-0.13.2/src/lib.rs:621:30
[INFO] [stdout]     |
[INFO] [stdout] 621 |             fn set_bit_range(&mut self, msb: usize, lsb: usize, value: $bitrange_ty) {
[INFO] [stdout]     |                              ^^^^^^^^^
[INFO] [stdout] ...
[INFO] [stdout] 647 | impl_bitrange_for_u_combinations! {(u8, u16, u32, u64, u128), (u8, u16, u32, u64, u128)}
[INFO] [stdout]     | ---------------------------------------------------------------------------------------- in this macro invocation
[INFO] [stdout]     |
[INFO] [stdout]     = note: this error originates in the macro `impl_bitrange_for_u` which comes from the expansion of the macro `impl_bitrange_for_u_combinations` (in Nightly builds, run with -Z macro-backtrace for more info)
[INFO] [stdout] 
[INFO] [stdout] 
[INFO] [stdout] error: requires `receiver` lang_item
[INFO] [stdout]    --> /opt/rustwide/cargo-home/registry/src/index.crates.io-6f17d22bba15001f/bitfield-0.13.2/src/lib.rs:610:26
[INFO] [stdout]     |
[INFO] [stdout] 610 |             fn bit_range(&self, msb: usize, lsb: usize) -> $bitrange_ty {
[INFO] [stdout]     |                          ^^^^^
[INFO] [stdout] ...
[INFO] [stdout] 647 | impl_bitrange_for_u_combinations! {(u8, u16, u32, u64, u128), (u8, u16, u32, u64, u128)}
[INFO] [stdout]     | ---------------------------------------------------------------------------------------- in this macro invocation
[INFO] [stdout]     |
[INFO] [stdout]     = note: this error originates in the macro `impl_bitrange_for_u` which comes from the expansion of the macro `impl_bitrange_for_u_combinations` (in Nightly builds, run with -Z macro-backtrace for more info)
[INFO] [stdout] 
[INFO] [stdout] 
[INFO] [stdout] error: requires `receiver` lang_item
[INFO] [stdout]    --> /opt/rustwide/cargo-home/registry/src/index.crates.io-6f17d22bba15001f/bitfield-0.13.2/src/lib.rs:621:30
[INFO] [stdout]     |
[INFO] [stdout] 621 |             fn set_bit_range(&mut self, msb: usize, lsb: usize, value: $bitrange_ty) {
[INFO] [stdout]     |                              ^^^^^^^^^
[INFO] [stdout] ...
[INFO] [stdout] 647 | impl_bitrange_for_u_combinations! {(u8, u16, u32, u64, u128), (u8, u16, u32, u64, u128)}
[INFO] [stdout]     | ---------------------------------------------------------------------------------------- in this macro invocation
[INFO] [stdout]     |
[INFO] [stdout]     = note: this error originates in the macro `impl_bitrange_for_u` which comes from the expansion of the macro `impl_bitrange_for_u_combinations` (in Nightly builds, run with -Z macro-backtrace for more info)
[INFO] [stdout] 
[INFO] [stdout] 
[INFO] [stdout] error: requires `receiver` lang_item
[INFO] [stdout]    --> /opt/rustwide/cargo-home/registry/src/index.crates.io-6f17d22bba15001f/bitfield-0.13.2/src/lib.rs:610:26
[INFO] [stdout]     |
[INFO] [stdout] 610 |             fn bit_range(&self, msb: usize, lsb: usize) -> $bitrange_ty {
[INFO] [stdout]     |                          ^^^^^
[INFO] [stdout] ...
[INFO] [stdout] 647 | impl_bitrange_for_u_combinations! {(u8, u16, u32, u64, u128), (u8, u16, u32, u64, u128)}
[INFO] [stdout]     | ---------------------------------------------------------------------------------------- in this macro invocation
[INFO] [stdout]     |
[INFO] [stdout]     = note: this error originates in the macro `impl_bitrange_for_u` which comes from the expansion of the macro `impl_bitrange_for_u_combinations` (in Nightly builds, run with -Z macro-backtrace for more info)
[INFO] [stdout] 
[INFO] [stdout] 
[INFO] [stdout] error: requires `receiver` lang_item
[INFO] [stdout]    --> /opt/rustwide/cargo-home/registry/src/index.crates.io-6f17d22bba15001f/bitfield-0.13.2/src/lib.rs:621:30
[INFO] [stdout]     |
[INFO] [stdout] 621 |             fn set_bit_range(&mut self, msb: usize, lsb: usize, value: $bitrange_ty) {
[INFO] [stdout]     |                              ^^^^^^^^^
[INFO] [stdout] ...
[INFO] [stdout] 647 | impl_bitrange_for_u_combinations! {(u8, u16, u32, u64, u128), (u8, u16, u32, u64, u128)}
[INFO] [stdout]     | ---------------------------------------------------------------------------------------- in this macro invocation
[INFO] [stdout]     |
[INFO] [stdout]     = note: this error originates in the macro `impl_bitrange_for_u` which comes from the expansion of the macro `impl_bitrange_for_u_combinations` (in Nightly builds, run with -Z macro-backtrace for more info)
[INFO] [stdout] 
[INFO] [stdout] 
[INFO] [stdout] error: requires `receiver` lang_item
[INFO] [stdout]    --> /opt/rustwide/cargo-home/registry/src/index.crates.io-6f17d22bba15001f/bitfield-0.13.2/src/lib.rs:610:26
[INFO] [stdout]     |
[INFO] [stdout] 610 |             fn bit_range(&self, msb: usize, lsb: usize) -> $bitrange_ty {
[INFO] [stdout]     |                          ^^^^^
[INFO] [stdout] ...
[INFO] [stdout] 647 | impl_bitrange_for_u_combinations! {(u8, u16, u32, u64, u128), (u8, u16, u32, u64, u128)}
[INFO] [stdout]     | ---------------------------------------------------------------------------------------- in this macro invocation
[INFO] [stdout]     |
[INFO] [stdout]     = note: this error originates in the macro `impl_bitrange_for_u` which comes from the expansion of the macro `impl_bitrange_for_u_combinations` (in Nightly builds, run with -Z macro-backtrace for more info)
[INFO] [stdout] 
[INFO] [stdout] 
[INFO] [stdout] error: requires `receiver` lang_item
[INFO] [stdout]    --> /opt/rustwide/cargo-home/registry/src/index.crates.io-6f17d22bba15001f/bitfield-0.13.2/src/lib.rs:621:30
[INFO] [stdout]     |
[INFO] [stdout] 621 |             fn set_bit_range(&mut self, msb: usize, lsb: usize, value: $bitrange_ty) {
[INFO] [stdout]     |                              ^^^^^^^^^
[INFO] [stdout] ...
[INFO] [stdout] 647 | impl_bitrange_for_u_combinations! {(u8, u16, u32, u64, u128), (u8, u16, u32, u64, u128)}
[INFO] [stdout]     | ---------------------------------------------------------------------------------------- in this macro invocation
[INFO] [stdout]     |
[INFO] [stdout]     = note: this error originates in the macro `impl_bitrange_for_u` which comes from the expansion of the macro `impl_bitrange_for_u_combinations` (in Nightly builds, run with -Z macro-backtrace for more info)
[INFO] [stdout] 
[INFO] [stdout] 
[INFO] [stdout] error: requires `receiver` lang_item
[INFO] [stdout]    --> /opt/rustwide/cargo-home/registry/src/index.crates.io-6f17d22bba15001f/bitfield-0.13.2/src/lib.rs:610:26
[INFO] [stdout]     |
[INFO] [stdout] 610 |             fn bit_range(&self, msb: usize, lsb: usize) -> $bitrange_ty {
[INFO] [stdout]     |                          ^^^^^
[INFO] [stdout] ...
[INFO] [stdout] 647 | impl_bitrange_for_u_combinations! {(u8, u16, u32, u64, u128), (u8, u16, u32, u64, u128)}
[INFO] [stdout]     | ---------------------------------------------------------------------------------------- in this macro invocation
[INFO] [stdout]     |
[INFO] [stdout]     = note: this error originates in the macro `impl_bitrange_for_u` which comes from the expansion of the macro `impl_bitrange_for_u_combinations` (in Nightly builds, run with -Z macro-backtrace for more info)
[INFO] [stdout] 
[INFO] [stdout] 
[INFO] [stdout] error: requires `receiver` lang_item
[INFO] [stdout]    --> /opt/rustwide/cargo-home/registry/src/index.crates.io-6f17d22bba15001f/bitfield-0.13.2/src/lib.rs:621:30
[INFO] [stdout]     |
[INFO] [stdout] 621 |             fn set_bit_range(&mut self, msb: usize, lsb: usize, value: $bitrange_ty) {
[INFO] [stdout]     |                              ^^^^^^^^^
[INFO] [stdout] ...
[INFO] [stdout] 647 | impl_bitrange_for_u_combinations! {(u8, u16, u32, u64, u128), (u8, u16, u32, u64, u128)}
[INFO] [stdout]     | ---------------------------------------------------------------------------------------- in this macro invocation
[INFO] [stdout]     |
[INFO] [stdout]     = note: this error originates in the macro `impl_bitrange_for_u` which comes from the expansion of the macro `impl_bitrange_for_u_combinations` (in Nightly builds, run with -Z macro-backtrace for more info)
[INFO] [stdout] 
[INFO] [stdout] 
[INFO] [stdout] error: requires `receiver` lang_item
[INFO] [stdout]    --> /opt/rustwide/cargo-home/registry/src/index.crates.io-6f17d22bba15001f/bitfield-0.13.2/src/lib.rs:610:26
[INFO] [stdout]     |
[INFO] [stdout] 610 |             fn bit_range(&self, msb: usize, lsb: usize) -> $bitrange_ty {
[INFO] [stdout]     |                          ^^^^^
[INFO] [stdout] ...
[INFO] [stdout] 647 | impl_bitrange_for_u_combinations! {(u8, u16, u32, u64, u128), (u8, u16, u32, u64, u128)}
[INFO] [stdout]     | ---------------------------------------------------------------------------------------- in this macro invocation
[INFO] [stdout]     |
[INFO] [stdout]     = note: this error originates in the macro `impl_bitrange_for_u` which comes from the expansion of the macro `impl_bitrange_for_u_combinations` (in Nightly builds, run with -Z macro-backtrace for more info)
[INFO] [stdout] 
[INFO] [stdout] 
[INFO] [stdout] error: requires `receiver` lang_item
[INFO] [stdout]    --> /opt/rustwide/cargo-home/registry/src/index.crates.io-6f17d22bba15001f/bitfield-0.13.2/src/lib.rs:621:30
[INFO] [stdout]     |
[INFO] [stdout] 621 |             fn set_bit_range(&mut self, msb: usize, lsb: usize, value: $bitrange_ty) {
[INFO] [stdout]     |                              ^^^^^^^^^
[INFO] [stdout] ...
[INFO] [stdout] 647 | impl_bitrange_for_u_combinations! {(u8, u16, u32, u64, u128), (u8, u16, u32, u64, u128)}
[INFO] [stdout]     | ---------------------------------------------------------------------------------------- in this macro invocation
[INFO] [stdout]     |
[INFO] [stdout]     = note: this error originates in the macro `impl_bitrange_for_u` which comes from the expansion of the macro `impl_bitrange_for_u_combinations` (in Nightly builds, run with -Z macro-backtrace for more info)
[INFO] [stdout] 
[INFO] [stdout] 
[INFO] [stdout] error: requires `receiver` lang_item
[INFO] [stdout]    --> /opt/rustwide/cargo-home/registry/src/index.crates.io-6f17d22bba15001f/bitfield-0.13.2/src/lib.rs:610:26
[INFO] [stdout]     |
[INFO] [stdout] 610 |             fn bit_range(&self, msb: usize, lsb: usize) -> $bitrange_ty {
[INFO] [stdout]     |                          ^^^^^
[INFO] [stdout] ...
[INFO] [stdout] 647 | impl_bitrange_for_u_combinations! {(u8, u16, u32, u64, u128), (u8, u16, u32, u64, u128)}
[INFO] [stdout]     | ---------------------------------------------------------------------------------------- in this macro invocation
[INFO] [stdout]     |
[INFO] [stdout]     = note: this error originates in the macro `impl_bitrange_for_u` which comes from the expansion of the macro `impl_bitrange_for_u_combinations` (in Nightly builds, run with -Z macro-backtrace for more info)
[INFO] [stdout] 
[INFO] [stdout] 
[INFO] [stdout] error: requires `receiver` lang_item
[INFO] [stdout]    --> /opt/rustwide/cargo-home/registry/src/index.crates.io-6f17d22bba15001f/bitfield-0.13.2/src/lib.rs:621:30
[INFO] [stdout]     |
[INFO] [stdout] 621 |             fn set_bit_range(&mut self, msb: usize, lsb: usize, value: $bitrange_ty) {
[INFO] [stdout]     |                              ^^^^^^^^^
[INFO] [stdout] ...
[INFO] [stdout] 647 | impl_bitrange_for_u_combinations! {(u8, u16, u32, u64, u128), (u8, u16, u32, u64, u128)}
[INFO] [stdout]     | ---------------------------------------------------------------------------------------- in this macro invocation
[INFO] [stdout]     |
[INFO] [stdout]     = note: this error originates in the macro `impl_bitrange_for_u` which comes from the expansion of the macro `impl_bitrange_for_u_combinations` (in Nightly builds, run with -Z macro-backtrace for more info)
[INFO] [stdout] 
[INFO] [stdout] 
[INFO] [stdout] error: requires `receiver` lang_item
[INFO] [stdout]    --> /opt/rustwide/cargo-home/registry/src/index.crates.io-6f17d22bba15001f/bitfield-0.13.2/src/lib.rs:610:26
[INFO] [stdout]     |
[INFO] [stdout] 610 |             fn bit_range(&self, msb: usize, lsb: usize) -> $bitrange_ty {
[INFO] [stdout]     |                          ^^^^^
[INFO] [stdout] ...
[INFO] [stdout] 647 | impl_bitrange_for_u_combinations! {(u8, u16, u32, u64, u128), (u8, u16, u32, u64, u128)}
[INFO] [stdout]     | ---------------------------------------------------------------------------------------- in this macro invocation
[INFO] [stdout]     |
[INFO] [stdout]     = note: this error originates in the macro `impl_bitrange_for_u` which comes from the expansion of the macro `impl_bitrange_for_u_combinations` (in Nightly builds, run with -Z macro-backtrace for more info)
[INFO] [stdout] 
[INFO] [stdout] 
[INFO] [stdout] error: requires `receiver` lang_item
[INFO] [stdout]    --> /opt/rustwide/cargo-home/registry/src/index.crates.io-6f17d22bba15001f/bitfield-0.13.2/src/lib.rs:621:30
[INFO] [stdout]     |
[INFO] [stdout] 621 |             fn set_bit_range(&mut self, msb: usize, lsb: usize, value: $bitrange_ty) {
[INFO] [stdout]     |                              ^^^^^^^^^
[INFO] [stdout] ...
[INFO] [stdout] 647 | impl_bitrange_for_u_combinations! {(u8, u16, u32, u64, u128), (u8, u16, u32, u64, u128)}
[INFO] [stdout]     | ---------------------------------------------------------------------------------------- in this macro invocation
[INFO] [stdout]     |
[INFO] [stdout]     = note: this error originates in the macro `impl_bitrange_for_u` which comes from the expansion of the macro `impl_bitrange_for_u_combinations` (in Nightly builds, run with -Z macro-backtrace for more info)
[INFO] [stdout] 
[INFO] [stdout] 
[INFO] [stdout] error: requires `receiver` lang_item
[INFO] [stdout]    --> /opt/rustwide/cargo-home/registry/src/index.crates.io-6f17d22bba15001f/bitfield-0.13.2/src/lib.rs:610:26
[INFO] [stdout]     |
[INFO] [stdout] 610 |             fn bit_range(&self, msb: usize, lsb: usize) -> $bitrange_ty {
[INFO] [stdout]     |                          ^^^^^
[INFO] [stdout] ...
[INFO] [stdout] 647 | impl_bitrange_for_u_combinations! {(u8, u16, u32, u64, u128), (u8, u16, u32, u64, u128)}
[INFO] [stdout]     | ---------------------------------------------------------------------------------------- in this macro invocation
[INFO] [stdout]     |
[INFO] [stdout]     = note: this error originates in the macro `impl_bitrange_for_u` which comes from the expansion of the macro `impl_bitrange_for_u_combinations` (in Nightly builds, run with -Z macro-backtrace for more info)
[INFO] [stdout] 
[INFO] [stdout] 
[INFO] [stdout] error: requires `receiver` lang_item
[INFO] [stdout]    --> /opt/rustwide/cargo-home/registry/src/index.crates.io-6f17d22bba15001f/bitfield-0.13.2/src/lib.rs:621:30
[INFO] [stdout]     |
[INFO] [stdout] 621 |             fn set_bit_range(&mut self, msb: usize, lsb: usize, value: $bitrange_ty) {
[INFO] [stdout]     |                              ^^^^^^^^^
[INFO] [stdout] ...
[INFO] [stdout] 647 | impl_bitrange_for_u_combinations! {(u8, u16, u32, u64, u128), (u8, u16, u32, u64, u128)}
[INFO] [stdout]     | ---------------------------------------------------------------------------------------- in this macro invocation
[INFO] [stdout]     |
[INFO] [stdout]     = note: this error originates in the macro `impl_bitrange_for_u` which comes from the expansion of the macro `impl_bitrange_for_u_combinations` (in Nightly builds, run with -Z macro-backtrace for more info)
[INFO] [stdout] 
[INFO] [stdout] 
[INFO] [stdout] error: requires `receiver` lang_item
[INFO] [stdout]    --> /opt/rustwide/cargo-home/registry/src/index.crates.io-6f17d22bba15001f/bitfield-0.13.2/src/lib.rs:610:26
[INFO] [stdout]     |
[INFO] [stdout] 610 |             fn bit_range(&self, msb: usize, lsb: usize) -> $bitrange_ty {
[INFO] [stdout]     |                          ^^^^^
[INFO] [stdout] ...
[INFO] [stdout] 647 | impl_bitrange_for_u_combinations! {(u8, u16, u32, u64, u128), (u8, u16, u32, u64, u128)}
[INFO] [stdout]     | ---------------------------------------------------------------------------------------- in this macro invocation
[INFO] [stdout]     |
[INFO] [stdout]     = note: this error originates in the macro `impl_bitrange_for_u` which comes from the expansion of the macro `impl_bitrange_for_u_combinations` (in Nightly builds, run with -Z macro-backtrace for more info)
[INFO] [stdout] 
[INFO] [stdout] 
[INFO] [stdout] error: requires `receiver` lang_item
[INFO] [stdout]    --> /opt/rustwide/cargo-home/registry/src/index.crates.io-6f17d22bba15001f/bitfield-0.13.2/src/lib.rs:621:30
[INFO] [stdout]     |
[INFO] [stdout] 621 |             fn set_bit_range(&mut self, msb: usize, lsb: usize, value: $bitrange_ty) {
[INFO] [stdout]     |                              ^^^^^^^^^
[INFO] [stdout] ...
[INFO] [stdout] 647 | impl_bitrange_for_u_combinations! {(u8, u16, u32, u64, u128), (u8, u16, u32, u64, u128)}
[INFO] [stdout]     | ---------------------------------------------------------------------------------------- in this macro invocation
[INFO] [stdout]     |
[INFO] [stdout]     = note: this error originates in the macro `impl_bitrange_for_u` which comes from the expansion of the macro `impl_bitrange_for_u_combinations` (in Nightly builds, run with -Z macro-backtrace for more info)
[INFO] [stdout] 
[INFO] [stdout] 
[INFO] [stdout] error: requires `receiver` lang_item
[INFO] [stdout]    --> /opt/rustwide/cargo-home/registry/src/index.crates.io-6f17d22bba15001f/bitfield-0.13.2/src/lib.rs:610:26
[INFO] [stdout]     |
[INFO] [stdout] 610 |             fn bit_range(&self, msb: usize, lsb: usize) -> $bitrange_ty {
[INFO] [stdout]     |                          ^^^^^
[INFO] [stdout] ...
[INFO] [stdout] 647 | impl_bitrange_for_u_combinations! {(u8, u16, u32, u64, u128), (u8, u16, u32, u64, u128)}
[INFO] [stdout]     | ---------------------------------------------------------------------------------------- in this macro invocation
[INFO] [stdout]     |
[INFO] [stdout]     = note: this error originates in the macro `impl_bitrange_for_u` which comes from the expansion of the macro `impl_bitrange_for_u_combinations` (in Nightly builds, run with -Z macro-backtrace for more info)
[INFO] [stdout] 
[INFO] [stdout] 
[INFO] [stdout] error: requires `receiver` lang_item
[INFO] [stdout]    --> /opt/rustwide/cargo-home/registry/src/index.crates.io-6f17d22bba15001f/bitfield-0.13.2/src/lib.rs:621:30
[INFO] [stdout]     |
[INFO] [stdout] 621 |             fn set_bit_range(&mut self, msb: usize, lsb: usize, value: $bitrange_ty) {
[INFO] [stdout]     |                              ^^^^^^^^^
[INFO] [stdout] ...
[INFO] [stdout] 647 | impl_bitrange_for_u_combinations! {(u8, u16, u32, u64, u128), (u8, u16, u32, u64, u128)}
[INFO] [stdout]     | ---------------------------------------------------------------------------------------- in this macro invocation
[INFO] [stdout]     |
[INFO] [stdout]     = note: this error originates in the macro `impl_bitrange_for_u` which comes from the expansion of the macro `impl_bitrange_for_u_combinations` (in Nightly builds, run with -Z macro-backtrace for more info)
[INFO] [stdout] 
[INFO] [stdout] 
[INFO] [stdout] error: requires `receiver` lang_item
[INFO] [stdout]    --> /opt/rustwide/cargo-home/registry/src/index.crates.io-6f17d22bba15001f/bitfield-0.13.2/src/lib.rs:610:26
[INFO] [stdout]     |
[INFO] [stdout] 610 |             fn bit_range(&self, msb: usize, lsb: usize) -> $bitrange_ty {
[INFO] [stdout]     |                          ^^^^^
[INFO] [stdout] ...
[INFO] [stdout] 647 | impl_bitrange_for_u_combinations! {(u8, u16, u32, u64, u128), (u8, u16, u32, u64, u128)}
[INFO] [stdout]     | ---------------------------------------------------------------------------------------- in this macro invocation
[INFO] [stdout]     |
[INFO] [stdout]     = note: this error originates in the macro `impl_bitrange_for_u` which comes from the expansion of the macro `impl_bitrange_for_u_combinations` (in Nightly builds, run with -Z macro-backtrace for more info)
[INFO] [stdout] 
[INFO] [stdout] 
[INFO] [stdout] error: requires `receiver` lang_item
[INFO] [stdout]    --> /opt/rustwide/cargo-home/registry/src/index.crates.io-6f17d22bba15001f/bitfield-0.13.2/src/lib.rs:621:30
[INFO] [stdout]     |
[INFO] [stdout] 621 |             fn set_bit_range(&mut self, msb: usize, lsb: usize, value: $bitrange_ty) {
[INFO] [stdout]     |                              ^^^^^^^^^
[INFO] [stdout] ...
[INFO] [stdout] 647 | impl_bitrange_for_u_combinations! {(u8, u16, u32, u64, u128), (u8, u16, u32, u64, u128)}
[INFO] [stdout]     | ---------------------------------------------------------------------------------------- in this macro invocation
[INFO] [stdout]     |
[INFO] [stdout]     = note: this error originates in the macro `impl_bitrange_for_u` which comes from the expansion of the macro `impl_bitrange_for_u_combinations` (in Nightly builds, run with -Z macro-backtrace for more info)
[INFO] [stdout] 
[INFO] [stdout] 
[INFO] [stdout] error: requires `receiver` lang_item
[INFO] [stdout]    --> /opt/rustwide/cargo-home/registry/src/index.crates.io-6f17d22bba15001f/bitfield-0.13.2/src/lib.rs:610:26
[INFO] [stdout]     |
[INFO] [stdout] 610 |             fn bit_range(&self, msb: usize, lsb: usize) -> $bitrange_ty {
[INFO] [stdout]     |                          ^^^^^
[INFO] [stdout] ...
[INFO] [stdout] 647 | impl_bitrange_for_u_combinations! {(u8, u16, u32, u64, u128), (u8, u16, u32, u64, u128)}
[INFO] [stdout]     | ---------------------------------------------------------------------------------------- in this macro invocation
[INFO] [stdout]     |
[INFO] [stdout]     = note: this error originates in the macro `impl_bitrange_for_u` which comes from the expansion of the macro `impl_bitrange_for_u_combinations` (in Nightly builds, run with -Z macro-backtrace for more info)
[INFO] [stdout] 
[INFO] [stdout] 
[INFO] [stdout] error: requires `receiver` lang_item
[INFO] [stdout]    --> /opt/rustwide/cargo-home/registry/src/index.crates.io-6f17d22bba15001f/bitfield-0.13.2/src/lib.rs:621:30
[INFO] [stdout]     |
[INFO] [stdout] 621 |             fn set_bit_range(&mut self, msb: usize, lsb: usize, value: $bitrange_ty) {
[INFO] [stdout]     |                              ^^^^^^^^^
[INFO] [stdout] ...
[INFO] [stdout] 647 | impl_bitrange_for_u_combinations! {(u8, u16, u32, u64, u128), (u8, u16, u32, u64, u128)}
[INFO] [stdout]     | ---------------------------------------------------------------------------------------- in this macro invocation
[INFO] [stdout]     |
[INFO] [stdout]     = note: this error originates in the macro `impl_bitrange_for_u` which comes from the expansion of the macro `impl_bitrange_for_u_combinations` (in Nightly builds, run with -Z macro-backtrace for more info)
[INFO] [stdout] 
[INFO] [stdout] 
[INFO] [stdout] error: requires `receiver` lang_item
[INFO] [stdout]    --> /opt/rustwide/cargo-home/registry/src/index.crates.io-6f17d22bba15001f/bitfield-0.13.2/src/lib.rs:610:26
[INFO] [stdout]     |
[INFO] [stdout] 610 |             fn bit_range(&self, msb: usize, lsb: usize) -> $bitrange_ty {
[INFO] [stdout]     |                          ^^^^^
[INFO] [stdout] ...
[INFO] [stdout] 647 | impl_bitrange_for_u_combinations! {(u8, u16, u32, u64, u128), (u8, u16, u32, u64, u128)}
[INFO] [stdout]     | ---------------------------------------------------------------------------------------- in this macro invocation
[INFO] [stdout]     |
[INFO] [stdout]     = note: this error originates in the macro `impl_bitrange_for_u` which comes from the expansion of the macro `impl_bitrange_for_u_combinations` (in Nightly builds, run with -Z macro-backtrace for more info)
[INFO] [stdout] 
[INFO] [stdout] 
[INFO] [stdout] error: requires `receiver` lang_item
[INFO] [stdout]    --> /opt/rustwide/cargo-home/registry/src/index.crates.io-6f17d22bba15001f/bitfield-0.13.2/src/lib.rs:621:30
[INFO] [stdout]     |
[INFO] [stdout] 621 |             fn set_bit_range(&mut self, msb: usize, lsb: usize, value: $bitrange_ty) {
[INFO] [stdout]     |                              ^^^^^^^^^
[INFO] [stdout] ...
[INFO] [stdout] 647 | impl_bitrange_for_u_combinations! {(u8, u16, u32, u64, u128), (u8, u16, u32, u64, u128)}
[INFO] [stdout]     | ---------------------------------------------------------------------------------------- in this macro invocation
[INFO] [stdout]     |
[INFO] [stdout]     = note: this error originates in the macro `impl_bitrange_for_u` which comes from the expansion of the macro `impl_bitrange_for_u_combinations` (in Nightly builds, run with -Z macro-backtrace for more info)
[INFO] [stdout] 
[INFO] [stdout] 
[INFO] [stdout] error: requires `receiver` lang_item
[INFO] [stdout]    --> /opt/rustwide/cargo-home/registry/src/index.crates.io-6f17d22bba15001f/bitfield-0.13.2/src/lib.rs:610:26
[INFO] [stdout]     |
[INFO] [stdout] 610 |             fn bit_range(&self, msb: usize, lsb: usize) -> $bitrange_ty {
[INFO] [stdout]     |                          ^^^^^
[INFO] [stdout] ...
[INFO] [stdout] 647 | impl_bitrange_for_u_combinations! {(u8, u16, u32, u64, u128), (u8, u16, u32, u64, u128)}
[INFO] [stdout]     | ---------------------------------------------------------------------------------------- in this macro invocation
[INFO] [stdout]     |
[INFO] [stdout]     = note: this error originates in the macro `impl_bitrange_for_u` which comes from the expansion of the macro `impl_bitrange_for_u_combinations` (in Nightly builds, run with -Z macro-backtrace for more info)
[INFO] [stdout] 
[INFO] [stdout] 
[INFO] [stdout] error: requires `receiver` lang_item
[INFO] [stdout]    --> /opt/rustwide/cargo-home/registry/src/index.crates.io-6f17d22bba15001f/bitfield-0.13.2/src/lib.rs:621:30
[INFO] [stdout]     |
[INFO] [stdout] 621 |             fn set_bit_range(&mut self, msb: usize, lsb: usize, value: $bitrange_ty) {
[INFO] [stdout]     |                              ^^^^^^^^^
[INFO] [stdout] ...
[INFO] [stdout] 647 | impl_bitrange_for_u_combinations! {(u8, u16, u32, u64, u128), (u8, u16, u32, u64, u128)}
[INFO] [stdout]     | ---------------------------------------------------------------------------------------- in this macro invocation
[INFO] [stdout]     |
[INFO] [stdout]     = note: this error originates in the macro `impl_bitrange_for_u` which comes from the expansion of the macro `impl_bitrange_for_u_combinations` (in Nightly builds, run with -Z macro-backtrace for more info)
[INFO] [stdout] 
[INFO] [stdout] 
[INFO] [stdout] error: requires `receiver` lang_item
[INFO] [stdout]    --> /opt/rustwide/cargo-home/registry/src/index.crates.io-6f17d22bba15001f/bitfield-0.13.2/src/lib.rs:610:26
[INFO] [stdout]     |
[INFO] [stdout] 610 |             fn bit_range(&self, msb: usize, lsb: usize) -> $bitrange_ty {
[INFO] [stdout]     |                          ^^^^^
[INFO] [stdout] ...
[INFO] [stdout] 647 | impl_bitrange_for_u_combinations! {(u8, u16, u32, u64, u128), (u8, u16, u32, u64, u128)}
[INFO] [stdout]     | ---------------------------------------------------------------------------------------- in this macro invocation
[INFO] [stdout]     |
[INFO] [stdout]     = note: this error originates in the macro `impl_bitrange_for_u` which comes from the expansion of the macro `impl_bitrange_for_u_combinations` (in Nightly builds, run with -Z macro-backtrace for more info)
[INFO] [stdout] 
[INFO] [stdout] 
[INFO] [stdout] error: requires `receiver` lang_item
[INFO] [stdout]    --> /opt/rustwide/cargo-home/registry/src/index.crates.io-6f17d22bba15001f/bitfield-0.13.2/src/lib.rs:621:30
[INFO] [stdout]     |
[INFO] [stdout] 621 |             fn set_bit_range(&mut self, msb: usize, lsb: usize, value: $bitrange_ty) {
[INFO] [stdout]     |                              ^^^^^^^^^
[INFO] [stdout] ...
[INFO] [stdout] 647 | impl_bitrange_for_u_combinations! {(u8, u16, u32, u64, u128), (u8, u16, u32, u64, u128)}
[INFO] [stdout]     | ---------------------------------------------------------------------------------------- in this macro invocation
[INFO] [stdout]     |
[INFO] [stdout]     = note: this error originates in the macro `impl_bitrange_for_u` which comes from the expansion of the macro `impl_bitrange_for_u_combinations` (in Nightly builds, run with -Z macro-backtrace for more info)
[INFO] [stdout] 
[INFO] [stdout] 
[INFO] [stdout] error: requires `receiver` lang_item
[INFO] [stdout]    --> /opt/rustwide/cargo-home/registry/src/index.crates.io-6f17d22bba15001f/bitfield-0.13.2/src/lib.rs:610:26
[INFO] [stdout]     |
[INFO] [stdout] 610 |             fn bit_range(&self, msb: usize, lsb: usize) -> $bitrange_ty {
[INFO] [stdout]     |                          ^^^^^
[INFO] [stdout] ...
[INFO] [stdout] 647 | impl_bitrange_for_u_combinations! {(u8, u16, u32, u64, u128), (u8, u16, u32, u64, u128)}
[INFO] [stdout]     | ---------------------------------------------------------------------------------------- in this macro invocation
[INFO] [stdout]     |
[INFO] [stdout]     = note: this error originates in the macro `impl_bitrange_for_u` which comes from the expansion of the macro `impl_bitrange_for_u_combinations` (in Nightly builds, run with -Z macro-backtrace for more info)
[INFO] [stdout] 
[INFO] [stdout] 
[INFO] [stdout] error: requires `receiver` lang_item
[INFO] [stdout]    --> /opt/rustwide/cargo-home/registry/src/index.crates.io-6f17d22bba15001f/bitfield-0.13.2/src/lib.rs:621:30
[INFO] [stdout]     |
[INFO] [stdout] 621 |             fn set_bit_range(&mut self, msb: usize, lsb: usize, value: $bitrange_ty) {
[INFO] [stdout]     |                              ^^^^^^^^^
[INFO] [stdout] ...
[INFO] [stdout] 647 | impl_bitrange_for_u_combinations! {(u8, u16, u32, u64, u128), (u8, u16, u32, u64, u128)}
[INFO] [stdout]     | ---------------------------------------------------------------------------------------- in this macro invocation
[INFO] [stdout]     |
[INFO] [stdout]     = note: this error originates in the macro `impl_bitrange_for_u` which comes from the expansion of the macro `impl_bitrange_for_u_combinations` (in Nightly builds, run with -Z macro-backtrace for more info)
[INFO] [stdout] 
[INFO] [stdout] 
[INFO] [stdout] error: requires `receiver` lang_item
[INFO] [stdout]    --> /opt/rustwide/cargo-home/registry/src/index.crates.io-6f17d22bba15001f/bitfield-0.13.2/src/lib.rs:610:26
[INFO] [stdout]     |
[INFO] [stdout] 610 |             fn bit_range(&self, msb: usize, lsb: usize) -> $bitrange_ty {
[INFO] [stdout]     |                          ^^^^^
[INFO] [stdout] ...
[INFO] [stdout] 647 | impl_bitrange_for_u_combinations! {(u8, u16, u32, u64, u128), (u8, u16, u32, u64, u128)}
[INFO] [stdout]     | ---------------------------------------------------------------------------------------- in this macro invocation
[INFO] [stdout]     |
[INFO] [stdout]     = note: this error originates in the macro `impl_bitrange_for_u` which comes from the expansion of the macro `impl_bitrange_for_u_combinations` (in Nightly builds, run with -Z macro-backtrace for more info)
[INFO] [stdout] 
[INFO] [stdout] 
[INFO] [stdout] error: requires `receiver` lang_item
[INFO] [stdout]    --> /opt/rustwide/cargo-home/registry/src/index.crates.io-6f17d22bba15001f/bitfield-0.13.2/src/lib.rs:621:30
[INFO] [stdout]     |
[INFO] [stdout] 621 |             fn set_bit_range(&mut self, msb: usize, lsb: usize, value: $bitrange_ty) {
[INFO] [stdout]     |                              ^^^^^^^^^
[INFO] [stdout] ...
[INFO] [stdout] 647 | impl_bitrange_for_u_combinations! {(u8, u16, u32, u64, u128), (u8, u16, u32, u64, u128)}
[INFO] [stdout]     | ---------------------------------------------------------------------------------------- in this macro invocation
[INFO] [stdout]     |
[INFO] [stdout]     = note: this error originates in the macro `impl_bitrange_for_u` which comes from the expansion of the macro `impl_bitrange_for_u_combinations` (in Nightly builds, run with -Z macro-backtrace for more info)
[INFO] [stdout] 
[INFO] [stdout] 
[INFO] [stdout] error: requires `receiver` lang_item
[INFO] [stdout]    --> /opt/rustwide/cargo-home/registry/src/index.crates.io-6f17d22bba15001f/bitfield-0.13.2/src/lib.rs:610:26
[INFO] [stdout]     |
[INFO] [stdout] 610 |             fn bit_range(&self, msb: usize, lsb: usize) -> $bitrange_ty {
[INFO] [stdout]     |                          ^^^^^
[INFO] [stdout] ...
[INFO] [stdout] 647 | impl_bitrange_for_u_combinations! {(u8, u16, u32, u64, u128), (u8, u16, u32, u64, u128)}
[INFO] [stdout]     | ---------------------------------------------------------------------------------------- in this macro invocation
[INFO] [stdout]     |
[INFO] [stdout]     = note: this error originates in the macro `impl_bitrange_for_u` which comes from the expansion of the macro `impl_bitrange_for_u_combinations` (in Nightly builds, run with -Z macro-backtrace for more info)
[INFO] [stdout] 
[INFO] [stdout] 
[INFO] [stdout] error: requires `receiver` lang_item
[INFO] [stdout]    --> /opt/rustwide/cargo-home/registry/src/index.crates.io-6f17d22bba15001f/bitfield-0.13.2/src/lib.rs:621:30
[INFO] [stdout]     |
[INFO] [stdout] 621 |             fn set_bit_range(&mut self, msb: usize, lsb: usize, value: $bitrange_ty) {
[INFO] [stdout]     |                              ^^^^^^^^^
[INFO] [stdout] ...
[INFO] [stdout] 647 | impl_bitrange_for_u_combinations! {(u8, u16, u32, u64, u128), (u8, u16, u32, u64, u128)}
[INFO] [stdout]     | ---------------------------------------------------------------------------------------- in this macro invocation
[INFO] [stdout]     |
[INFO] [stdout]     = note: this error originates in the macro `impl_bitrange_for_u` which comes from the expansion of the macro `impl_bitrange_for_u_combinations` (in Nightly builds, run with -Z macro-backtrace for more info)
[INFO] [stdout] 
[INFO] [stdout] 
[INFO] [stdout] error: requires `receiver` lang_item
[INFO] [stdout]    --> /opt/rustwide/cargo-home/registry/src/index.crates.io-6f17d22bba15001f/bitfield-0.13.2/src/lib.rs:610:26
[INFO] [stdout]     |
[INFO] [stdout] 610 |             fn bit_range(&self, msb: usize, lsb: usize) -> $bitrange_ty {
[INFO] [stdout]     |                          ^^^^^
[INFO] [stdout] ...
[INFO] [stdout] 647 | impl_bitrange_for_u_combinations! {(u8, u16, u32, u64, u128), (u8, u16, u32, u64, u128)}
[INFO] [stdout]     | ---------------------------------------------------------------------------------------- in this macro invocation
[INFO] [stdout]     |
[INFO] [stdout]     = note: this error originates in the macro `impl_bitrange_for_u` which comes from the expansion of the macro `impl_bitrange_for_u_combinations` (in Nightly builds, run with -Z macro-backtrace for more info)
[INFO] [stdout] 
[INFO] [stdout] 
[INFO] [stdout] error: requires `receiver` lang_item
[INFO] [stdout]    --> /opt/rustwide/cargo-home/registry/src/index.crates.io-6f17d22bba15001f/bitfield-0.13.2/src/lib.rs:621:30
[INFO] [stdout]     |
[INFO] [stdout] 621 |             fn set_bit_range(&mut self, msb: usize, lsb: usize, value: $bitrange_ty) {
[INFO] [stdout]     |                              ^^^^^^^^^
[INFO] [stdout] ...
[INFO] [stdout] 647 | impl_bitrange_for_u_combinations! {(u8, u16, u32, u64, u128), (u8, u16, u32, u64, u128)}
[INFO] [stdout]     | ---------------------------------------------------------------------------------------- in this macro invocation
[INFO] [stdout]     |
[INFO] [stdout]     = note: this error originates in the macro `impl_bitrange_for_u` which comes from the expansion of the macro `impl_bitrange_for_u_combinations` (in Nightly builds, run with -Z macro-backtrace for more info)
[INFO] [stdout] 
[INFO] [stdout] 
[INFO] [stdout] error: requires `receiver` lang_item
[INFO] [stdout]    --> /opt/rustwide/cargo-home/registry/src/index.crates.io-6f17d22bba15001f/bitfield-0.13.2/src/lib.rs:610:26
[INFO] [stdout]     |
[INFO] [stdout] 610 |             fn bit_range(&self, msb: usize, lsb: usize) -> $bitrange_ty {
[INFO] [stdout]     |                          ^^^^^
[INFO] [stdout] ...
[INFO] [stdout] 647 | impl_bitrange_for_u_combinations! {(u8, u16, u32, u64, u128), (u8, u16, u32, u64, u128)}
[INFO] [stdout]     | ---------------------------------------------------------------------------------------- in this macro invocation
[INFO] [stdout]     |
[INFO] [stdout]     = note: this error originates in the macro `impl_bitrange_for_u` which comes from the expansion of the macro `impl_bitrange_for_u_combinations` (in Nightly builds, run with -Z macro-backtrace for more info)
[INFO] [stdout] 
[INFO] [stdout] 
[INFO] [stdout] error: requires `receiver` lang_item
[INFO] [stdout]    --> /opt/rustwide/cargo-home/registry/src/index.crates.io-6f17d22bba15001f/bitfield-0.13.2/src/lib.rs:621:30
[INFO] [stdout]     |
[INFO] [stdout] 621 |             fn set_bit_range(&mut self, msb: usize, lsb: usize, value: $bitrange_ty) {
[INFO] [stdout]     |                              ^^^^^^^^^
[INFO] [stdout] ...
[INFO] [stdout] 647 | impl_bitrange_for_u_combinations! {(u8, u16, u32, u64, u128), (u8, u16, u32, u64, u128)}
[INFO] [stdout]     | ---------------------------------------------------------------------------------------- in this macro invocation
[INFO] [stdout]     |
[INFO] [stdout]     = note: this error originates in the macro `impl_bitrange_for_u` which comes from the expansion of the macro `impl_bitrange_for_u_combinations` (in Nightly builds, run with -Z macro-backtrace for more info)
[INFO] [stdout] 
[INFO] [stdout] 
[INFO] [stdout] error: requires `receiver` lang_item
[INFO] [stdout]    --> /opt/rustwide/cargo-home/registry/src/index.crates.io-6f17d22bba15001f/bitfield-0.13.2/src/lib.rs:610:26
[INFO] [stdout]     |
[INFO] [stdout] 610 |             fn bit_range(&self, msb: usize, lsb: usize) -> $bitrange_ty {
[INFO] [stdout]     |                          ^^^^^
[INFO] [stdout] ...
[INFO] [stdout] 647 | impl_bitrange_for_u_combinations! {(u8, u16, u32, u64, u128), (u8, u16, u32, u64, u128)}
[INFO] [stdout]     | ---------------------------------------------------------------------------------------- in this macro invocation
[INFO] [stdout]     |
[INFO] [stdout]     = note: this error originates in the macro `impl_bitrange_for_u` which comes from the expansion of the macro `impl_bitrange_for_u_combinations` (in Nightly builds, run with -Z macro-backtrace for more info)
[INFO] [stdout] 
[INFO] [stdout] 
[INFO] [stdout] error: requires `receiver` lang_item
[INFO] [stdout]    --> /opt/rustwide/cargo-home/registry/src/index.crates.io-6f17d22bba15001f/bitfield-0.13.2/src/lib.rs:621:30
[INFO] [stdout]     |
[INFO] [stdout] 621 |             fn set_bit_range(&mut self, msb: usize, lsb: usize, value: $bitrange_ty) {
[INFO] [stdout]     |                              ^^^^^^^^^
[INFO] [stdout] ...
[INFO] [stdout] 647 | impl_bitrange_for_u_combinations! {(u8, u16, u32, u64, u128), (u8, u16, u32, u64, u128)}
[INFO] [stdout]     | ---------------------------------------------------------------------------------------- in this macro invocation
[INFO] [stdout]     |
[INFO] [stdout]     = note: this error originates in the macro `impl_bitrange_for_u` which comes from the expansion of the macro `impl_bitrange_for_u_combinations` (in Nightly builds, run with -Z macro-backtrace for more info)
[INFO] [stdout] 
[INFO] [stdout] 
[INFO] [stdout] error: requires `receiver` lang_item
[INFO] [stdout]    --> /opt/rustwide/cargo-home/registry/src/index.crates.io-6f17d22bba15001f/bitfield-0.13.2/src/lib.rs:610:26
[INFO] [stdout]     |
[INFO] [stdout] 610 |             fn bit_range(&self, msb: usize, lsb: usize) -> $bitrange_ty {
[INFO] [stdout]     |                          ^^^^^
[INFO] [stdout] ...
[INFO] [stdout] 647 | impl_bitrange_for_u_combinations! {(u8, u16, u32, u64, u128), (u8, u16, u32, u64, u128)}
[INFO] [stdout]     | ---------------------------------------------------------------------------------------- in this macro invocation
[INFO] [stdout]     |
[INFO] [stdout]     = note: this error originates in the macro `impl_bitrange_for_u` which comes from the expansion of the macro `impl_bitrange_for_u_combinations` (in Nightly builds, run with -Z macro-backtrace for more info)
[INFO] [stdout] 
[INFO] [stdout] 
[INFO] [stdout] error: requires `receiver` lang_item
[INFO] [stdout]    --> /opt/rustwide/cargo-home/registry/src/index.crates.io-6f17d22bba15001f/bitfield-0.13.2/src/lib.rs:621:30
[INFO] [stdout]     |
[INFO] [stdout] 621 |             fn set_bit_range(&mut self, msb: usize, lsb: usize, value: $bitrange_ty) {
[INFO] [stdout]     |                              ^^^^^^^^^
[INFO] [stdout] ...
[INFO] [stdout] 647 | impl_bitrange_for_u_combinations! {(u8, u16, u32, u64, u128), (u8, u16, u32, u64, u128)}
[INFO] [stdout]     | ---------------------------------------------------------------------------------------- in this macro invocation
[INFO] [stdout]     |
[INFO] [stdout]     = note: this error originates in the macro `impl_bitrange_for_u` which comes from the expansion of the macro `impl_bitrange_for_u_combinations` (in Nightly builds, run with -Z macro-backtrace for more info)
[INFO] [stdout] 
[INFO] [stdout] 
[INFO] [stdout] error: requires `receiver` lang_item
[INFO] [stdout]    --> /opt/rustwide/cargo-home/registry/src/index.crates.io-6f17d22bba15001f/bitfield-0.13.2/src/lib.rs:610:26
[INFO] [stdout]     |
[INFO] [stdout] 610 |             fn bit_range(&self, msb: usize, lsb: usize) -> $bitrange_ty {
[INFO] [stdout]     |                          ^^^^^
[INFO] [stdout] ...
[INFO] [stdout] 647 | impl_bitrange_for_u_combinations! {(u8, u16, u32, u64, u128), (u8, u16, u32, u64, u128)}
[INFO] [stdout]     | ---------------------------------------------------------------------------------------- in this macro invocation
[INFO] [stdout]     |
[INFO] [stdout]     = note: this error originates in the macro `impl_bitrange_for_u` which comes from the expansion of the macro `impl_bitrange_for_u_combinations` (in Nightly builds, run with -Z macro-backtrace for more info)
[INFO] [stdout] 
[INFO] [stdout] 
[INFO] [stdout] error: requires `receiver` lang_item
[INFO] [stdout]    --> /opt/rustwide/cargo-home/registry/src/index.crates.io-6f17d22bba15001f/bitfield-0.13.2/src/lib.rs:621:30
[INFO] [stdout]     |
[INFO] [stdout] 621 |             fn set_bit_range(&mut self, msb: usize, lsb: usize, value: $bitrange_ty) {
[INFO] [stdout]     |                              ^^^^^^^^^
[INFO] [stdout] ...
[INFO] [stdout] 647 | impl_bitrange_for_u_combinations! {(u8, u16, u32, u64, u128), (u8, u16, u32, u64, u128)}
[INFO] [stdout]     | ---------------------------------------------------------------------------------------- in this macro invocation
[INFO] [stdout]     |
[INFO] [stdout]     = note: this error originates in the macro `impl_bitrange_for_u` which comes from the expansion of the macro `impl_bitrange_for_u_combinations` (in Nightly builds, run with -Z macro-backtrace for more info)
[INFO] [stdout] 
[INFO] [stdout] 
[INFO] [stdout] error: requires `receiver` lang_item
[INFO] [stdout]    --> /opt/rustwide/cargo-home/registry/src/index.crates.io-6f17d22bba15001f/bitfield-0.13.2/src/lib.rs:610:26
[INFO] [stdout]     |
[INFO] [stdout] 610 |             fn bit_range(&self, msb: usize, lsb: usize) -> $bitrange_ty {
[INFO] [stdout]     |                          ^^^^^
[INFO] [stdout] ...
[INFO] [stdout] 648 | impl_bitrange_for_u_combinations! {(u8, u16, u32, u64, u128), (i8, i16, i32, i64, i128)}
[INFO] [stdout]     | ---------------------------------------------------------------------------------------- in this macro invocation
[INFO] [stdout]     |
[INFO] [stdout]     = note: this error originates in the macro `impl_bitrange_for_u` which comes from the expansion of the macro `impl_bitrange_for_u_combinations` (in Nightly builds, run with -Z macro-backtrace for more info)
[INFO] [stdout] 
[INFO] [stdout] 
[INFO] [stdout] error: requires `receiver` lang_item
[INFO] [stdout]    --> /opt/rustwide/cargo-home/registry/src/index.crates.io-6f17d22bba15001f/bitfield-0.13.2/src/lib.rs:621:30
[INFO] [stdout]     |
[INFO] [stdout] 621 |             fn set_bit_range(&mut self, msb: usize, lsb: usize, value: $bitrange_ty) {
[INFO] [stdout]     |                              ^^^^^^^^^
[INFO] [stdout] ...
[INFO] [stdout] 648 | impl_bitrange_for_u_combinations! {(u8, u16, u32, u64, u128), (i8, i16, i32, i64, i128)}
[INFO] [stdout]     | ---------------------------------------------------------------------------------------- in this macro invocation
[INFO] [stdout]     |
[INFO] [stdout]     = note: this error originates in the macro `impl_bitrange_for_u` which comes from the expansion of the macro `impl_bitrange_for_u_combinations` (in Nightly builds, run with -Z macro-backtrace for more info)
[INFO] [stdout] 
[INFO] [stdout] 
[INFO] [stdout] error: requires `receiver` lang_item
[INFO] [stdout]    --> /opt/rustwide/cargo-home/registry/src/index.crates.io-6f17d22bba15001f/bitfield-0.13.2/src/lib.rs:610:26
[INFO] [stdout]     |
[INFO] [stdout] 610 |             fn bit_range(&self, msb: usize, lsb: usize) -> $bitrange_ty {
[INFO] [stdout]     |                          ^^^^^
[INFO] [stdout] ...
[INFO] [stdout] 648 | impl_bitrange_for_u_combinations! {(u8, u16, u32, u64, u128), (i8, i16, i32, i64, i128)}
[INFO] [stdout]     | ---------------------------------------------------------------------------------------- in this macro invocation
[INFO] [stdout]     |
[INFO] [stdout]     = note: this error originates in the macro `impl_bitrange_for_u` which comes from the expansion of the macro `impl_bitrange_for_u_combinations` (in Nightly builds, run with -Z macro-backtrace for more info)
[INFO] [stdout] 
[INFO] [stdout] 
[INFO] [stdout] error: requires `receiver` lang_item
[INFO] [stdout]    --> /opt/rustwide/cargo-home/registry/src/index.crates.io-6f17d22bba15001f/bitfield-0.13.2/src/lib.rs:621:30
[INFO] [stdout]     |
[INFO] [stdout] 621 |             fn set_bit_range(&mut self, msb: usize, lsb: usize, value: $bitrange_ty) {
[INFO] [stdout]     |                              ^^^^^^^^^
[INFO] [stdout] ...
[INFO] [stdout] 648 | impl_bitrange_for_u_combinations! {(u8, u16, u32, u64, u128), (i8, i16, i32, i64, i128)}
[INFO] [stdout]     | ---------------------------------------------------------------------------------------- in this macro invocation
[INFO] [stdout]     |
[INFO] [stdout]     = note: this error originates in the macro `impl_bitrange_for_u` which comes from the expansion of the macro `impl_bitrange_for_u_combinations` (in Nightly builds, run with -Z macro-backtrace for more info)
[INFO] [stdout] 
[INFO] [stdout] 
[INFO] [stdout] error: requires `receiver` lang_item
[INFO] [stdout]    --> /opt/rustwide/cargo-home/registry/src/index.crates.io-6f17d22bba15001f/bitfield-0.13.2/src/lib.rs:610:26
[INFO] [stdout]     |
[INFO] [stdout] 610 |             fn bit_range(&self, msb: usize, lsb: usize) -> $bitrange_ty {
[INFO] [stdout]     |                          ^^^^^
[INFO] [stdout] ...
[INFO] [stdout] 648 | impl_bitrange_for_u_combinations! {(u8, u16, u32, u64, u128), (i8, i16, i32, i64, i128)}
[INFO] [stdout]     | ---------------------------------------------------------------------------------------- in this macro invocation
[INFO] [stdout]     |
[INFO] [stdout]     = note: this error originates in the macro `impl_bitrange_for_u` which comes from the expansion of the macro `impl_bitrange_for_u_combinations` (in Nightly builds, run with -Z macro-backtrace for more info)
[INFO] [stdout] 
[INFO] [stdout] 
[INFO] [stdout] error: requires `receiver` lang_item
[INFO] [stdout]    --> /opt/rustwide/cargo-home/registry/src/index.crates.io-6f17d22bba15001f/bitfield-0.13.2/src/lib.rs:621:30
[INFO] [stdout]     |
[INFO] [stdout] 621 |             fn set_bit_range(&mut self, msb: usize, lsb: usize, value: $bitrange_ty) {
[INFO] [stdout]     |                              ^^^^^^^^^
[INFO] [stdout] ...
[INFO] [stdout] 648 | impl_bitrange_for_u_combinations! {(u8, u16, u32, u64, u128), (i8, i16, i32, i64, i128)}
[INFO] [stdout]     | ---------------------------------------------------------------------------------------- in this macro invocation
[INFO] [stdout]     |
[INFO] [stdout]     = note: this error originates in the macro `impl_bitrange_for_u` which comes from the expansion of the macro `impl_bitrange_for_u_combinations` (in Nightly builds, run with -Z macro-backtrace for more info)
[INFO] [stdout] 
[INFO] [stdout] 
[INFO] [stdout] error: requires `receiver` lang_item
[INFO] [stdout]    --> /opt/rustwide/cargo-home/registry/src/index.crates.io-6f17d22bba15001f/bitfield-0.13.2/src/lib.rs:610:26
[INFO] [stdout]     |
[INFO] [stdout] 610 |             fn bit_range(&self, msb: usize, lsb: usize) -> $bitrange_ty {
[INFO] [stdout]     |                          ^^^^^
[INFO] [stdout] ...
[INFO] [stdout] 648 | impl_bitrange_for_u_combinations! {(u8, u16, u32, u64, u128), (i8, i16, i32, i64, i128)}
[INFO] [stdout]     | ---------------------------------------------------------------------------------------- in this macro invocation
[INFO] [stdout]     |
[INFO] [stdout]     = note: this error originates in the macro `impl_bitrange_for_u` which comes from the expansion of the macro `impl_bitrange_for_u_combinations` (in Nightly builds, run with -Z macro-backtrace for more info)
[INFO] [stdout] 
[INFO] [stdout] 
[INFO] [stdout] error: requires `receiver` lang_item
[INFO] [stdout]    --> /opt/rustwide/cargo-home/registry/src/index.crates.io-6f17d22bba15001f/bitfield-0.13.2/src/lib.rs:621:30
[INFO] [stdout]     |
[INFO] [stdout] 621 |             fn set_bit_range(&mut self, msb: usize, lsb: usize, value: $bitrange_ty) {
[INFO] [stdout]     |                              ^^^^^^^^^
[INFO] [stdout] ...
[INFO] [stdout] 648 | impl_bitrange_for_u_combinations! {(u8, u16, u32, u64, u128), (i8, i16, i32, i64, i128)}
[INFO] [stdout]     | ---------------------------------------------------------------------------------------- in this macro invocation
[INFO] [stdout]     |
[INFO] [stdout]     = note: this error originates in the macro `impl_bitrange_for_u` which comes from the expansion of the macro `impl_bitrange_for_u_combinations` (in Nightly builds, run with -Z macro-backtrace for more info)
[INFO] [stdout] 
[INFO] [stdout] 
[INFO] [stdout] error: requires `receiver` lang_item
[INFO] [stdout]    --> /opt/rustwide/cargo-home/registry/src/index.crates.io-6f17d22bba15001f/bitfield-0.13.2/src/lib.rs:610:26
[INFO] [stdout]     |
[INFO] [stdout] 610 |             fn bit_range(&self, msb: usize, lsb: usize) -> $bitrange_ty {
[INFO] [stdout]     |                          ^^^^^
[INFO] [stdout] ...
[INFO] [stdout] 648 | impl_bitrange_for_u_combinations! {(u8, u16, u32, u64, u128), (i8, i16, i32, i64, i128)}
[INFO] [stdout]     | ---------------------------------------------------------------------------------------- in this macro invocation
[INFO] [stdout]     |
[INFO] [stdout]     = note: this error originates in the macro `impl_bitrange_for_u` which comes from the expansion of the macro `impl_bitrange_for_u_combinations` (in Nightly builds, run with -Z macro-backtrace for more info)
[INFO] [stdout] 
[INFO] [stdout] 
[INFO] [stdout] error: requires `receiver` lang_item
[INFO] [stdout]    --> /opt/rustwide/cargo-home/registry/src/index.crates.io-6f17d22bba15001f/bitfield-0.13.2/src/lib.rs:621:30
[INFO] [stdout]     |
[INFO] [stdout] 621 |             fn set_bit_range(&mut self, msb: usize, lsb: usize, value: $bitrange_ty) {
[INFO] [stdout]     |                              ^^^^^^^^^
[INFO] [stdout] ...
[INFO] [stdout] 648 | impl_bitrange_for_u_combinations! {(u8, u16, u32, u64, u128), (i8, i16, i32, i64, i128)}
[INFO] [stdout]     | ---------------------------------------------------------------------------------------- in this macro invocation
[INFO] [stdout]     |
[INFO] [stdout]     = note: this error originates in the macro `impl_bitrange_for_u` which comes from the expansion of the macro `impl_bitrange_for_u_combinations` (in Nightly builds, run with -Z macro-backtrace for more info)
[INFO] [stdout] 
[INFO] [stdout] 
[INFO] [stdout] error: requires `receiver` lang_item
[INFO] [stdout]    --> /opt/rustwide/cargo-home/registry/src/index.crates.io-6f17d22bba15001f/bitfield-0.13.2/src/lib.rs:610:26
[INFO] [stdout]     |
[INFO] [stdout] 610 |             fn bit_range(&self, msb: usize, lsb: usize) -> $bitrange_ty {
[INFO] [stdout]     |                          ^^^^^
[INFO] [stdout] ...
[INFO] [stdout] 648 | impl_bitrange_for_u_combinations! {(u8, u16, u32, u64, u128), (i8, i16, i32, i64, i128)}
[INFO] [stdout]     | ---------------------------------------------------------------------------------------- in this macro invocation
[INFO] [stdout]     |
[INFO] [stdout]     = note: this error originates in the macro `impl_bitrange_for_u` which comes from the expansion of the macro `impl_bitrange_for_u_combinations` (in Nightly builds, run with -Z macro-backtrace for more info)
[INFO] [stdout] 
[INFO] [stdout] 
[INFO] [stdout] error: requires `receiver` lang_item
[INFO] [stdout]    --> /opt/rustwide/cargo-home/registry/src/index.crates.io-6f17d22bba15001f/bitfield-0.13.2/src/lib.rs:621:30
[INFO] [stdout]     |
[INFO] [stdout] 621 |             fn set_bit_range(&mut self, msb: usize, lsb: usize, value: $bitrange_ty) {
[INFO] [stdout]     |                              ^^^^^^^^^
[INFO] [stdout] ...
[INFO] [stdout] 648 | impl_bitrange_for_u_combinations! {(u8, u16, u32, u64, u128), (i8, i16, i32, i64, i128)}
[INFO] [stdout]     | ---------------------------------------------------------------------------------------- in this macro invocation
[INFO] [stdout]     |
[INFO] [stdout]     = note: this error originates in the macro `impl_bitrange_for_u` which comes from the expansion of the macro `impl_bitrange_for_u_combinations` (in Nightly builds, run with -Z macro-backtrace for more info)
[INFO] [stdout] 
[INFO] [stdout] 
[INFO] [stdout] error: requires `receiver` lang_item
[INFO] [stdout]    --> /opt/rustwide/cargo-home/registry/src/index.crates.io-6f17d22bba15001f/bitfield-0.13.2/src/lib.rs:610:26
[INFO] [stdout]     |
[INFO] [stdout] 610 |             fn bit_range(&self, msb: usize, lsb: usize) -> $bitrange_ty {
[INFO] [stdout]     |                          ^^^^^
[INFO] [stdout] ...
[INFO] [stdout] 648 | impl_bitrange_for_u_combinations! {(u8, u16, u32, u64, u128), (i8, i16, i32, i64, i128)}
[INFO] [stdout]     | ---------------------------------------------------------------------------------------- in this macro invocation
[INFO] [stdout]     |
[INFO] [stdout]     = note: this error originates in the macro `impl_bitrange_for_u` which comes from the expansion of the macro `impl_bitrange_for_u_combinations` (in Nightly builds, run with -Z macro-backtrace for more info)
[INFO] [stdout] 
[INFO] [stdout] 
[INFO] [stdout] error: requires `receiver` lang_item
[INFO] [stdout]    --> /opt/rustwide/cargo-home/registry/src/index.crates.io-6f17d22bba15001f/bitfield-0.13.2/src/lib.rs:621:30
[INFO] [stdout]     |
[INFO] [stdout] 621 |             fn set_bit_range(&mut self, msb: usize, lsb: usize, value: $bitrange_ty) {
[INFO] [stdout]     |                              ^^^^^^^^^
[INFO] [stdout] ...
[INFO] [stdout] 648 | impl_bitrange_for_u_combinations! {(u8, u16, u32, u64, u128), (i8, i16, i32, i64, i128)}
[INFO] [stdout]     | ---------------------------------------------------------------------------------------- in this macro invocation
[INFO] [stdout]     |
[INFO] [stdout]     = note: this error originates in the macro `impl_bitrange_for_u` which comes from the expansion of the macro `impl_bitrange_for_u_combinations` (in Nightly builds, run with -Z macro-backtrace for more info)
[INFO] [stdout] 
[INFO] [stdout] 
[INFO] [stdout] error: requires `receiver` lang_item
[INFO] [stdout]    --> /opt/rustwide/cargo-home/registry/src/index.crates.io-6f17d22bba15001f/bitfield-0.13.2/src/lib.rs:610:26
[INFO] [stdout]     |
[INFO] [stdout] 610 |             fn bit_range(&self, msb: usize, lsb: usize) -> $bitrange_ty {
[INFO] [stdout]     |                          ^^^^^
[INFO] [stdout] ...
[INFO] [stdout] 648 | impl_bitrange_for_u_combinations! {(u8, u16, u32, u64, u128), (i8, i16, i32, i64, i128)}
[INFO] [stdout]     | ---------------------------------------------------------------------------------------- in this macro invocation
[INFO] [stdout]     |
[INFO] [stdout]     = note: this error originates in the macro `impl_bitrange_for_u` which comes from the expansion of the macro `impl_bitrange_for_u_combinations` (in Nightly builds, run with -Z macro-backtrace for more info)
[INFO] [stdout] 
[INFO] [stdout] 
[INFO] [stdout] error: requires `receiver` lang_item
[INFO] [stdout]    --> /opt/rustwide/cargo-home/registry/src/index.crates.io-6f17d22bba15001f/bitfield-0.13.2/src/lib.rs:621:30
[INFO] [stdout]     |
[INFO] [stdout] 621 |             fn set_bit_range(&mut self, msb: usize, lsb: usize, value: $bitrange_ty) {
[INFO] [stdout]     |                              ^^^^^^^^^
[INFO] [stdout] ...
[INFO] [stdout] 648 | impl_bitrange_for_u_combinations! {(u8, u16, u32, u64, u128), (i8, i16, i32, i64, i128)}
[INFO] [stdout]     | ---------------------------------------------------------------------------------------- in this macro invocation
[INFO] [stdout]     |
[INFO] [stdout]     = note: this error originates in the macro `impl_bitrange_for_u` which comes from the expansion of the macro `impl_bitrange_for_u_combinations` (in Nightly builds, run with -Z macro-backtrace for more info)
[INFO] [stdout] 
[INFO] [stdout] 
[INFO] [stdout] error: requires `receiver` lang_item
[INFO] [stdout]    --> /opt/rustwide/cargo-home/registry/src/index.crates.io-6f17d22bba15001f/bitfield-0.13.2/src/lib.rs:610:26
[INFO] [stdout]     |
[INFO] [stdout] 610 |             fn bit_range(&self, msb: usize, lsb: usize) -> $bitrange_ty {
[INFO] [stdout]     |                          ^^^^^
[INFO] [stdout] ...
[INFO] [stdout] 648 | impl_bitrange_for_u_combinations! {(u8, u16, u32, u64, u128), (i8, i16, i32, i64, i128)}
[INFO] [stdout]     | ---------------------------------------------------------------------------------------- in this macro invocation
[INFO] [stdout]     |
[INFO] [stdout]     = note: this error originates in the macro `impl_bitrange_for_u` which comes from the expansion of the macro `impl_bitrange_for_u_combinations` (in Nightly builds, run with -Z macro-backtrace for more info)
[INFO] [stdout] 
[INFO] [stdout] 
[INFO] [stdout] error: requires `receiver` lang_item
[INFO] [stdout]    --> /opt/rustwide/cargo-home/registry/src/index.crates.io-6f17d22bba15001f/bitfield-0.13.2/src/lib.rs:621:30
[INFO] [stdout]     |
[INFO] [stdout] 621 |             fn set_bit_range(&mut self, msb: usize, lsb: usize, value: $bitrange_ty) {
[INFO] [stdout]     |                              ^^^^^^^^^
[INFO] [stdout] ...
[INFO] [stdout] 648 | impl_bitrange_for_u_combinations! {(u8, u16, u32, u64, u128), (i8, i16, i32, i64, i128)}
[INFO] [stdout]     | ---------------------------------------------------------------------------------------- in this macro invocation
[INFO] [stdout]     |
[INFO] [stdout]     = note: this error originates in the macro `impl_bitrange_for_u` which comes from the expansion of the macro `impl_bitrange_for_u_combinations` (in Nightly builds, run with -Z macro-backtrace for more info)
[INFO] [stdout] 
[INFO] [stdout] 
[INFO] [stdout] error: requires `receiver` lang_item
[INFO] [stdout]    --> /opt/rustwide/cargo-home/registry/src/index.crates.io-6f17d22bba15001f/bitfield-0.13.2/src/lib.rs:610:26
[INFO] [stdout]     |
[INFO] [stdout] 610 |             fn bit_range(&self, msb: usize, lsb: usize) -> $bitrange_ty {
[INFO] [stdout]     |                          ^^^^^
[INFO] [stdout] ...
[INFO] [stdout] 648 | impl_bitrange_for_u_combinations! {(u8, u16, u32, u64, u128), (i8, i16, i32, i64, i128)}
[INFO] [stdout]     | ---------------------------------------------------------------------------------------- in this macro invocation
[INFO] [stdout]     |
[INFO] [stdout]     = note: this error originates in the macro `impl_bitrange_for_u` which comes from the expansion of the macro `impl_bitrange_for_u_combinations` (in Nightly builds, run with -Z macro-backtrace for more info)
[INFO] [stdout] 
[INFO] [stdout] 
[INFO] [stdout] error: requires `receiver` lang_item
[INFO] [stdout]    --> /opt/rustwide/cargo-home/registry/src/index.crates.io-6f17d22bba15001f/bitfield-0.13.2/src/lib.rs:621:30
[INFO] [stdout]     |
[INFO] [stdout] 621 |             fn set_bit_range(&mut self, msb: usize, lsb: usize, value: $bitrange_ty) {
[INFO] [stdout]     |                              ^^^^^^^^^
[INFO] [stdout] ...
[INFO] [stdout] 648 | impl_bitrange_for_u_combinations! {(u8, u16, u32, u64, u128), (i8, i16, i32, i64, i128)}
[INFO] [stdout]     | ---------------------------------------------------------------------------------------- in this macro invocation
[INFO] [stdout]     |
[INFO] [stdout]     = note: this error originates in the macro `impl_bitrange_for_u` which comes from the expansion of the macro `impl_bitrange_for_u_combinations` (in Nightly builds, run with -Z macro-backtrace for more info)
[INFO] [stdout] 
[INFO] [stdout] 
[INFO] [stdout] error: requires `receiver` lang_item
[INFO] [stdout]    --> /opt/rustwide/cargo-home/registry/src/index.crates.io-6f17d22bba15001f/bitfield-0.13.2/src/lib.rs:610:26
[INFO] [stdout]     |
[INFO] [stdout] 610 |             fn bit_range(&self, msb: usize, lsb: usize) -> $bitrange_ty {
[INFO] [stdout]     |                          ^^^^^
[INFO] [stdout] ...
[INFO] [stdout] 648 | impl_bitrange_for_u_combinations! {(u8, u16, u32, u64, u128), (i8, i16, i32, i64, i128)}
[INFO] [stdout]     | ---------------------------------------------------------------------------------------- in this macro invocation
[INFO] [stdout]     |
[INFO] [stdout]     = note: this error originates in the macro `impl_bitrange_for_u` which comes from the expansion of the macro `impl_bitrange_for_u_combinations` (in Nightly builds, run with -Z macro-backtrace for more info)
[INFO] [stdout] 
[INFO] [stdout] 
[INFO] [stdout] error: requires `receiver` lang_item
[INFO] [stdout]    --> /opt/rustwide/cargo-home/registry/src/index.crates.io-6f17d22bba15001f/bitfield-0.13.2/src/lib.rs:621:30
[INFO] [stdout]     |
[INFO] [stdout] 621 |             fn set_bit_range(&mut self, msb: usize, lsb: usize, value: $bitrange_ty) {
[INFO] [stdout]     |                              ^^^^^^^^^
[INFO] [stdout] ...
[INFO] [stdout] 648 | impl_bitrange_for_u_combinations! {(u8, u16, u32, u64, u128), (i8, i16, i32, i64, i128)}
[INFO] [stdout]     | ---------------------------------------------------------------------------------------- in this macro invocation
[INFO] [stdout]     |
[INFO] [stdout]     = note: this error originates in the macro `impl_bitrange_for_u` which comes from the expansion of the macro `impl_bitrange_for_u_combinations` (in Nightly builds, run with -Z macro-backtrace for more info)
[INFO] [stdout] 
[INFO] [stdout] 
[INFO] [stdout] error: requires `receiver` lang_item
[INFO] [stdout]    --> /opt/rustwide/cargo-home/registry/src/index.crates.io-6f17d22bba15001f/bitfield-0.13.2/src/lib.rs:610:26
[INFO] [stdout]     |
[INFO] [stdout] 610 |             fn bit_range(&self, msb: usize, lsb: usize) -> $bitrange_ty {
[INFO] [stdout]     |                          ^^^^^
[INFO] [stdout] ...
[INFO] [stdout] 648 | impl_bitrange_for_u_combinations! {(u8, u16, u32, u64, u128), (i8, i16, i32, i64, i128)}
[INFO] [stdout]     | ---------------------------------------------------------------------------------------- in this macro invocation
[INFO] [stdout]     |
[INFO] [stdout]     = note: this error originates in the macro `impl_bitrange_for_u` which comes from the expansion of the macro `impl_bitrange_for_u_combinations` (in Nightly builds, run with -Z macro-backtrace for more info)
[INFO] [stdout] 
[INFO] [stdout] 
[INFO] [stdout] error: requires `receiver` lang_item
[INFO] [stdout]    --> /opt/rustwide/cargo-home/registry/src/index.crates.io-6f17d22bba15001f/bitfield-0.13.2/src/lib.rs:621:30
[INFO] [stdout]     |
[INFO] [stdout] 621 |             fn set_bit_range(&mut self, msb: usize, lsb: usize, value: $bitrange_ty) {
[INFO] [stdout]     |                              ^^^^^^^^^
[INFO] [stdout] ...
[INFO] [stdout] 648 | impl_bitrange_for_u_combinations! {(u8, u16, u32, u64, u128), (i8, i16, i32, i64, i128)}
[INFO] [stdout]     | ---------------------------------------------------------------------------------------- in this macro invocation
[INFO] [stdout]     |
[INFO] [stdout]     = note: this error originates in the macro `impl_bitrange_for_u` which comes from the expansion of the macro `impl_bitrange_for_u_combinations` (in Nightly builds, run with -Z macro-backtrace for more info)
[INFO] [stdout] 
[INFO] [stdout] 
[INFO] [stdout] error: requires `receiver` lang_item
[INFO] [stdout]    --> /opt/rustwide/cargo-home/registry/src/index.crates.io-6f17d22bba15001f/bitfield-0.13.2/src/lib.rs:610:26
[INFO] [stdout]     |
[INFO] [stdout] 610 |             fn bit_range(&self, msb: usize, lsb: usize) -> $bitrange_ty {
[INFO] [stdout]     |                          ^^^^^
[INFO] [stdout] ...
[INFO] [stdout] 648 | impl_bitrange_for_u_combinations! {(u8, u16, u32, u64, u128), (i8, i16, i32, i64, i128)}
[INFO] [stdout]     | ---------------------------------------------------------------------------------------- in this macro invocation
[INFO] [stdout]     |
[INFO] [stdout]     = note: this error originates in the macro `impl_bitrange_for_u` which comes from the expansion of the macro `impl_bitrange_for_u_combinations` (in Nightly builds, run with -Z macro-backtrace for more info)
[INFO] [stdout] 
[INFO] [stdout] 
[INFO] [stdout] error[E0463]: can't find crate for `core`
[INFO] [stdout]   |
[INFO] [stdout]   = note: the `thumbv7em-none-eabihf` target may not be installed
[INFO] [stdout]   = help: consider downloading the target with `rustup target add thumbv7em-none-eabihf`
[INFO] [stdout]   = help: consider building the standard library from source with `cargo build -Zbuild-std`
[INFO] [stdout] 
[INFO] [stdout] 
[INFO] [stdout] error: requires `receiver` lang_item
[INFO] [stdout]    --> /opt/rustwide/cargo-home/registry/src/index.crates.io-6f17d22bba15001f/bitfield-0.13.2/src/lib.rs:621:30
[INFO] [stdout]     |
[INFO] [stdout] 621 |             fn set_bit_range(&mut self, msb: usize, lsb: usize, value: $bitrange_ty) {
[INFO] [stdout]     |                              ^^^^^^^^^
[INFO] [stdout] ...
[INFO] [stdout] 648 | impl_bitrange_for_u_combinations! {(u8, u16, u32, u64, u128), (i8, i16, i32, i64, i128)}
[INFO] [stdout]     | ---------------------------------------------------------------------------------------- in this macro invocation
[INFO] [stdout]     |
[INFO] [stdout]     = note: this error originates in the macro `impl_bitrange_for_u` which comes from the expansion of the macro `impl_bitrange_for_u_combinations` (in Nightly builds, run with -Z macro-backtrace for more info)
[INFO] [stdout] 
[INFO] [stdout] 
[INFO] [stdout] error: requires `receiver` lang_item
[INFO] [stdout]    --> /opt/rustwide/cargo-home/registry/src/index.crates.io-6f17d22bba15001f/bitfield-0.13.2/src/lib.rs:610:26
[INFO] [stdout]     |
[INFO] [stdout] 610 |             fn bit_range(&self, msb: usize, lsb: usize) -> $bitrange_ty {
[INFO] [stdout]     |                          ^^^^^
[INFO] [stdout] ...
[INFO] [stdout] 648 | impl_bitrange_for_u_combinations! {(u8, u16, u32, u64, u128), (i8, i16, i32, i64, i128)}
[INFO] [stdout]     | ---------------------------------------------------------------------------------------- in this macro invocation
[INFO] [stdout]     |
[INFO] [stdout]     = note: this error originates in the macro `impl_bitrange_for_u` which comes from the expansion of the macro `impl_bitrange_for_u_combinations` (in Nightly builds, run with -Z macro-backtrace for more info)
[INFO] [stdout] 
[INFO] [stdout] 
[INFO] [stdout] error[E0463]: can't find crate for `compiler_builtins`
[INFO] [stdout] 
[INFO] [stdout] 
[INFO] [stdout] error: requires `receiver` lang_item
[INFO] [stdout]    --> /opt/rustwide/cargo-home/registry/src/index.crates.io-6f17d22bba15001f/bitfield-0.13.2/src/lib.rs:621:30
[INFO] [stdout]     |
[INFO] [stdout] 621 |             fn set_bit_range(&mut self, msb: usize, lsb: usize, value: $bitrange_ty) {
[INFO] [stdout]     |                              ^^^^^^^^^
[INFO] [stdout] ...
[INFO] [stdout] 648 | impl_bitrange_for_u_combinations! {(u8, u16, u32, u64, u128), (i8, i16, i32, i64, i128)}
[INFO] [stdout]     | ---------------------------------------------------------------------------------------- in this macro invocation
[INFO] [stdout]     |
[INFO] [stdout]     = note: this error originates in the macro `impl_bitrange_for_u` which comes from the expansion of the macro `impl_bitrange_for_u_combinations` (in Nightly builds, run with -Z macro-backtrace for more info)
[INFO] [stdout] 
[INFO] [stdout] 
[INFO] [stdout] error: requires `receiver` lang_item
[INFO] [stdout]    --> /opt/rustwide/cargo-home/registry/src/index.crates.io-6f17d22bba15001f/bitfield-0.13.2/src/lib.rs:610:26
[INFO] [stdout]     |
[INFO] [stdout] 610 |             fn bit_range(&self, msb: usize, lsb: usize) -> $bitrange_ty {
[INFO] [stdout]     |                          ^^^^^
[INFO] [stdout] ...
[INFO] [stdout] 648 | impl_bitrange_for_u_combinations! {(u8, u16, u32, u64, u128), (i8, i16, i32, i64, i128)}
[INFO] [stdout]     | ---------------------------------------------------------------------------------------- in this macro invocation
[INFO] [stdout]     |
[INFO] [stdout]     = note: this error originates in the macro `impl_bitrange_for_u` which comes from the expansion of the macro `impl_bitrange_for_u_combinations` (in Nightly builds, run with -Z macro-backtrace for more info)
[INFO] [stdout] 
[INFO] [stdout] 
[INFO] [stdout] error: requires `receiver` lang_item
[INFO] [stdout]    --> /opt/rustwide/cargo-home/registry/src/index.crates.io-6f17d22bba15001f/bitfield-0.13.2/src/lib.rs:621:30
[INFO] [stdout]     |
[INFO] [stdout] 621 |             fn set_bit_range(&mut self, msb: usize, lsb: usize, value: $bitrange_ty) {
[INFO] [stdout]     |                              ^^^^^^^^^
[INFO] [stdout] ...
[INFO] [stdout] 648 | impl_bitrange_for_u_combinations! {(u8, u16, u32, u64, u128), (i8, i16, i32, i64, i128)}
[INFO] [stdout]     | ---------------------------------------------------------------------------------------- in this macro invocation
[INFO] [stdout]     |
[INFO] [stdout]     = note: this error originates in the macro `impl_bitrange_for_u` which comes from the expansion of the macro `impl_bitrange_for_u_combinations` (in Nightly builds, run with -Z macro-backtrace for more info)
[INFO] [stdout] 
[INFO] [stdout] 
[INFO] [stdout] error[E0405]: cannot find trait `Copy` in this scope
[INFO] [stdout]    --> /opt/rustwide/cargo-home/registry/src/index.crates.io-6f17d22bba15001f/r0-0.2.2/src/lib.rs:130:8
[INFO] [stdout]     |
[INFO] [stdout] 130 |     T: Copy,
[INFO] [stdout]     |        ^^^^ not found in this scope
[INFO] [stdout] 
[INFO] [stdout] 
[INFO] [stdout] error[E0405]: cannot find trait `Copy` in this scope
[INFO] [stdout]    --> /opt/rustwide/cargo-home/registry/src/index.crates.io-6f17d22bba15001f/r0-0.2.2/src/lib.rs:169:8
[INFO] [stdout]     |
[INFO] [stdout] 169 |     T: Copy,
[INFO] [stdout]     |        ^^^^ not found in this scope
[INFO] [stdout] 
[INFO] [stdout] 
[INFO] [stdout] error: requires `receiver` lang_item
[INFO] [stdout]    --> /opt/rustwide/cargo-home/registry/src/index.crates.io-6f17d22bba15001f/bitfield-0.13.2/src/lib.rs:610:26
[INFO] [stdout]     |
[INFO] [stdout] 610 |             fn bit_range(&self, msb: usize, lsb: usize) -> $bitrange_ty {
[INFO] [stdout]     |                          ^^^^^
[INFO] [stdout] ...
[INFO] [stdout] 648 | impl_bitrange_for_u_combinations! {(u8, u16, u32, u64, u128), (i8, i16, i32, i64, i128)}
[INFO] [stdout]     | ---------------------------------------------------------------------------------------- in this macro invocation
[INFO] [stdout]     |
[INFO] [stdout]     = note: this error originates in the macro `impl_bitrange_for_u` which comes from the expansion of the macro `impl_bitrange_for_u_combinations` (in Nightly builds, run with -Z macro-backtrace for more info)
[INFO] [stdout] 
[INFO] [stdout] 
[INFO] [stdout] error: aborting due to 4 previous errors
[INFO] [stdout] 
[INFO] [stdout] 
[INFO] [stdout] Some errors have detailed explanations: E0405, E0463.
[INFO] [stdout] 
[INFO] [stdout] For more information about an error, try `rustc --explain E0405`.
[INFO] [stdout] 
[INFO] [stdout] error: requires `receiver` lang_item
[INFO] [stdout]    --> /opt/rustwide/cargo-home/registry/src/index.crates.io-6f17d22bba15001f/bitfield-0.13.2/src/lib.rs:621:30
[INFO] [stdout]     |
[INFO] [stdout] 621 |             fn set_bit_range(&mut self, msb: usize, lsb: usize, value: $bitrange_ty) {
[INFO] [stdout]     |                              ^^^^^^^^^
[INFO] [stdout] ...
[INFO] [stdout] 648 | impl_bitrange_for_u_combinations! {(u8, u16, u32, u64, u128), (i8, i16, i32, i64, i128)}
[INFO] [stdout]     | ---------------------------------------------------------------------------------------- in this macro invocation
[INFO] [stdout]     |
[INFO] [stdout]     = note: this error originates in the macro `impl_bitrange_for_u` which comes from the expansion of the macro `impl_bitrange_for_u_combinations` (in Nightly builds, run with -Z macro-backtrace for more info)
[INFO] [stdout] 
[INFO] [stdout] 
[INFO] [stdout] error: requires `receiver` lang_item
[INFO] [stdout]    --> /opt/rustwide/cargo-home/registry/src/index.crates.io-6f17d22bba15001f/bitfield-0.13.2/src/lib.rs:610:26
[INFO] [stdout]     |
[INFO] [stdout] 610 |             fn bit_range(&self, msb: usize, lsb: usize) -> $bitrange_ty {
[INFO] [stdout]     |                          ^^^^^
[INFO] [stdout] ...
[INFO] [stdout] 648 | impl_bitrange_for_u_combinations! {(u8, u16, u32, u64, u128), (i8, i16, i32, i64, i128)}
[INFO] [stdout]     | ---------------------------------------------------------------------------------------- in this macro invocation
[INFO] [stdout]     |
[INFO] [stdout]     = note: this error originates in the macro `impl_bitrange_for_u` which comes from the expansion of the macro `impl_bitrange_for_u_combinations` (in Nightly builds, run with -Z macro-backtrace for more info)
[INFO] [stdout] 
[INFO] [stdout] 
[INFO] [stdout] error: requires `receiver` lang_item
[INFO] [stdout]    --> /opt/rustwide/cargo-home/registry/src/index.crates.io-6f17d22bba15001f/bitfield-0.13.2/src/lib.rs:621:30
[INFO] [stdout]     |
[INFO] [stdout] 621 |             fn set_bit_range(&mut self, msb: usize, lsb: usize, value: $bitrange_ty) {
[INFO] [stdout]     |                              ^^^^^^^^^
[INFO] [stdout] ...
[INFO] [stdout] 648 | impl_bitrange_for_u_combinations! {(u8, u16, u32, u64, u128), (i8, i16, i32, i64, i128)}
[INFO] [stdout]     | ---------------------------------------------------------------------------------------- in this macro invocation
[INFO] [stdout]     |
[INFO] [stdout]     = note: this error originates in the macro `impl_bitrange_for_u` which comes from the expansion of the macro `impl_bitrange_for_u_combinations` (in Nightly builds, run with -Z macro-backtrace for more info)
[INFO] [stdout] 
[INFO] [stdout] 
[INFO] [stdout] error: requires `receiver` lang_item
[INFO] [stdout]    --> /opt/rustwide/cargo-home/registry/src/index.crates.io-6f17d22bba15001f/bitfield-0.13.2/src/lib.rs:610:26
[INFO] [stdout]     |
[INFO] [stdout] 610 |             fn bit_range(&self, msb: usize, lsb: usize) -> $bitrange_ty {
[INFO] [stdout]     |                          ^^^^^
[INFO] [stdout] ...
[INFO] [stdout] 648 | impl_bitrange_for_u_combinations! {(u8, u16, u32, u64, u128), (i8, i16, i32, i64, i128)}
[INFO] [stdout]     | ---------------------------------------------------------------------------------------- in this macro invocation
[INFO] [stdout]     |
[INFO] [stdout]     = note: this error originates in the macro `impl_bitrange_for_u` which comes from the expansion of the macro `impl_bitrange_for_u_combinations` (in Nightly builds, run with -Z macro-backtrace for more info)
[INFO] [stdout] 
[INFO] [stdout] 
[INFO] [stdout] error: requires `receiver` lang_item
[INFO] [stdout]    --> /opt/rustwide/cargo-home/registry/src/index.crates.io-6f17d22bba15001f/bitfield-0.13.2/src/lib.rs:621:30
[INFO] [stdout]     |
[INFO] [stdout] 621 |             fn set_bit_range(&mut self, msb: usize, lsb: usize, value: $bitrange_ty) {
[INFO] [stdout]     |                              ^^^^^^^^^
[INFO] [stdout] ...
[INFO] [stdout] 648 | impl_bitrange_for_u_combinations! {(u8, u16, u32, u64, u128), (i8, i16, i32, i64, i128)}
[INFO] [stdout]     | ---------------------------------------------------------------------------------------- in this macro invocation
[INFO] [stdout]     |
[INFO] [stdout]     = note: this error originates in the macro `impl_bitrange_for_u` which comes from the expansion of the macro `impl_bitrange_for_u_combinations` (in Nightly builds, run with -Z macro-backtrace for more info)
[INFO] [stdout] 
[INFO] [stdout] 
[INFO] [stdout] error: requires `receiver` lang_item
[INFO] [stdout]    --> /opt/rustwide/cargo-home/registry/src/index.crates.io-6f17d22bba15001f/bitfield-0.13.2/src/lib.rs:610:26
[INFO] [stdout]     |
[INFO] [stdout] 610 |             fn bit_range(&self, msb: usize, lsb: usize) -> $bitrange_ty {
[INFO] [stdout]     |                          ^^^^^
[INFO] [stdout] ...
[INFO] [stdout] 648 | impl_bitrange_for_u_combinations! {(u8, u16, u32, u64, u128), (i8, i16, i32, i64, i128)}
[INFO] [stdout]     | ---------------------------------------------------------------------------------------- in this macro invocation
[INFO] [stdout]     |
[INFO] [stdout]     = note: this error originates in the macro `impl_bitrange_for_u` which comes from the expansion of the macro `impl_bitrange_for_u_combinations` (in Nightly builds, run with -Z macro-backtrace for more info)
[INFO] [stdout] 
[INFO] [stdout] 
[INFO] [stdout] error: requires `receiver` lang_item
[INFO] [stdout]    --> /opt/rustwide/cargo-home/registry/src/index.crates.io-6f17d22bba15001f/bitfield-0.13.2/src/lib.rs:621:30
[INFO] [stdout]     |
[INFO] [stdout] 621 |             fn set_bit_range(&mut self, msb: usize, lsb: usize, value: $bitrange_ty) {
[INFO] [stdout]     |                              ^^^^^^^^^
[INFO] [stdout] ...
[INFO] [stdout] 648 | impl_bitrange_for_u_combinations! {(u8, u16, u32, u64, u128), (i8, i16, i32, i64, i128)}
[INFO] [stdout]     | ---------------------------------------------------------------------------------------- in this macro invocation
[INFO] [stdout]     |
[INFO] [stdout]     = note: this error originates in the macro `impl_bitrange_for_u` which comes from the expansion of the macro `impl_bitrange_for_u_combinations` (in Nightly builds, run with -Z macro-backtrace for more info)
[INFO] [stdout] 
[INFO] [stdout] 
[INFO] [stdout] error: requires `receiver` lang_item
[INFO] [stdout]    --> /opt/rustwide/cargo-home/registry/src/index.crates.io-6f17d22bba15001f/bitfield-0.13.2/src/lib.rs:610:26
[INFO] [stdout]     |
[INFO] [stdout] 610 |             fn bit_range(&self, msb: usize, lsb: usize) -> $bitrange_ty {
[INFO] [stdout]     |                          ^^^^^
[INFO] [stdout] ...
[INFO] [stdout] 648 | impl_bitrange_for_u_combinations! {(u8, u16, u32, u64, u128), (i8, i16, i32, i64, i128)}
[INFO] [stdout]     | ---------------------------------------------------------------------------------------- in this macro invocation
[INFO] [stdout]     |
[INFO] [stdout]     = note: this error originates in the macro `impl_bitrange_for_u` which comes from the expansion of the macro `impl_bitrange_for_u_combinations` (in Nightly builds, run with -Z macro-backtrace for more info)
[INFO] [stdout] 
[INFO] [stdout] 
[INFO] [stdout] error: requires `receiver` lang_item
[INFO] [stdout]    --> /opt/rustwide/cargo-home/registry/src/index.crates.io-6f17d22bba15001f/bitfield-0.13.2/src/lib.rs:621:30
[INFO] [stdout]     |
[INFO] [stdout] 621 |             fn set_bit_range(&mut self, msb: usize, lsb: usize, value: $bitrange_ty) {
[INFO] [stdout]     |                              ^^^^^^^^^
[INFO] [stdout] ...
[INFO] [stdout] 648 | impl_bitrange_for_u_combinations! {(u8, u16, u32, u64, u128), (i8, i16, i32, i64, i128)}
[INFO] [stdout]     | ---------------------------------------------------------------------------------------- in this macro invocation
[INFO] [stdout]     |
[INFO] [stdout]     = note: this error originates in the macro `impl_bitrange_for_u` which comes from the expansion of the macro `impl_bitrange_for_u_combinations` (in Nightly builds, run with -Z macro-backtrace for more info)
[INFO] [stdout] 
[INFO] [stdout] 
[INFO] [stdout] error: requires `receiver` lang_item
[INFO] [stdout]    --> /opt/rustwide/cargo-home/registry/src/index.crates.io-6f17d22bba15001f/bitfield-0.13.2/src/lib.rs:610:26
[INFO] [stdout]     |
[INFO] [stdout] 610 |             fn bit_range(&self, msb: usize, lsb: usize) -> $bitrange_ty {
[INFO] [stdout]     |                          ^^^^^
[INFO] [stdout] ...
[INFO] [stdout] 648 | impl_bitrange_for_u_combinations! {(u8, u16, u32, u64, u128), (i8, i16, i32, i64, i128)}
[INFO] [stdout]     | ---------------------------------------------------------------------------------------- in this macro invocation
[INFO] [stdout]     |
[INFO] [stdout]     = note: this error originates in the macro `impl_bitrange_for_u` which comes from the expansion of the macro `impl_bitrange_for_u_combinations` (in Nightly builds, run with -Z macro-backtrace for more info)
[INFO] [stdout] 
[INFO] [stdout] 
[INFO] [stdout] error: requires `receiver` lang_item
[INFO] [stdout]    --> /opt/rustwide/cargo-home/registry/src/index.crates.io-6f17d22bba15001f/bitfield-0.13.2/src/lib.rs:621:30
[INFO] [stdout]     |
[INFO] [stdout] 621 |             fn set_bit_range(&mut self, msb: usize, lsb: usize, value: $bitrange_ty) {
[INFO] [stdout]     |                              ^^^^^^^^^
[INFO] [stdout] ...
[INFO] [stdout] 648 | impl_bitrange_for_u_combinations! {(u8, u16, u32, u64, u128), (i8, i16, i32, i64, i128)}
[INFO] [stdout]     | ---------------------------------------------------------------------------------------- in this macro invocation
[INFO] [stdout]     |
[INFO] [stdout]     = note: this error originates in the macro `impl_bitrange_for_u` which comes from the expansion of the macro `impl_bitrange_for_u_combinations` (in Nightly builds, run with -Z macro-backtrace for more info)
[INFO] [stdout] 
[INFO] [stdout] 
[INFO] [stdout] error: requires `receiver` lang_item
[INFO] [stdout]    --> /opt/rustwide/cargo-home/registry/src/index.crates.io-6f17d22bba15001f/bitfield-0.13.2/src/lib.rs:610:26
[INFO] [stdout]     |
[INFO] [stdout] 610 |             fn bit_range(&self, msb: usize, lsb: usize) -> $bitrange_ty {
[INFO] [stdout]     |                          ^^^^^
[INFO] [stdout] ...
[INFO] [stdout] 648 | impl_bitrange_for_u_combinations! {(u8, u16, u32, u64, u128), (i8, i16, i32, i64, i128)}
[INFO] [stdout]     | ---------------------------------------------------------------------------------------- in this macro invocation
[INFO] [stdout]     |
[INFO] [stdout]     = note: this error originates in the macro `impl_bitrange_for_u` which comes from the expansion of the macro `impl_bitrange_for_u_combinations` (in Nightly builds, run with -Z macro-backtrace for more info)
[INFO] [stdout] 
[INFO] [stdout] 
[INFO] [stdout] error: requires `receiver` lang_item
[INFO] [stdout]    --> /opt/rustwide/cargo-home/registry/src/index.crates.io-6f17d22bba15001f/bitfield-0.13.2/src/lib.rs:621:30
[INFO] [stdout]     |
[INFO] [stdout] 621 |             fn set_bit_range(&mut self, msb: usize, lsb: usize, value: $bitrange_ty) {
[INFO] [stdout]     |                              ^^^^^^^^^
[INFO] [stdout] ...
[INFO] [stdout] 648 | impl_bitrange_for_u_combinations! {(u8, u16, u32, u64, u128), (i8, i16, i32, i64, i128)}
[INFO] [stdout]     | ---------------------------------------------------------------------------------------- in this macro invocation
[INFO] [stdout]     |
[INFO] [stdout]     = note: this error originates in the macro `impl_bitrange_for_u` which comes from the expansion of the macro `impl_bitrange_for_u_combinations` (in Nightly builds, run with -Z macro-backtrace for more info)
[INFO] [stdout] 
[INFO] [stdout] 
[INFO] [stdout] error: requires `receiver` lang_item
[INFO] [stdout]    --> /opt/rustwide/cargo-home/registry/src/index.crates.io-6f17d22bba15001f/bitfield-0.13.2/src/lib.rs:610:26
[INFO] [stdout]     |
[INFO] [stdout] 610 |             fn bit_range(&self, msb: usize, lsb: usize) -> $bitrange_ty {
[INFO] [stdout]     |                          ^^^^^
[INFO] [stdout] ...
[INFO] [stdout] 648 | impl_bitrange_for_u_combinations! {(u8, u16, u32, u64, u128), (i8, i16, i32, i64, i128)}
[INFO] [stdout]     | ---------------------------------------------------------------------------------------- in this macro invocation
[INFO] [stdout]     |
[INFO] [stdout]     = note: this error originates in the macro `impl_bitrange_for_u` which comes from the expansion of the macro `impl_bitrange_for_u_combinations` (in Nightly builds, run with -Z macro-backtrace for more info)
[INFO] [stdout] 
[INFO] [stdout] 
[INFO] [stdout] error: requires `receiver` lang_item
[INFO] [stdout]    --> /opt/rustwide/cargo-home/registry/src/index.crates.io-6f17d22bba15001f/bitfield-0.13.2/src/lib.rs:621:30
[INFO] [stdout]     |
[INFO] [stdout] 621 |             fn set_bit_range(&mut self, msb: usize, lsb: usize, value: $bitrange_ty) {
[INFO] [stdout]     |                              ^^^^^^^^^
[INFO] [stdout] ...
[INFO] [stdout] 648 | impl_bitrange_for_u_combinations! {(u8, u16, u32, u64, u128), (i8, i16, i32, i64, i128)}
[INFO] [stdout]     | ---------------------------------------------------------------------------------------- in this macro invocation
[INFO] [stdout]     |
[INFO] [stdout]     = note: this error originates in the macro `impl_bitrange_for_u` which comes from the expansion of the macro `impl_bitrange_for_u_combinations` (in Nightly builds, run with -Z macro-backtrace for more info)
[INFO] [stdout] 
[INFO] [stdout] 
[INFO] [stderr] error: could not compile `r0` (lib) due to 5 previous errors
[INFO] [stdout] error: requires `receiver` lang_item
[INFO] [stdout]    --> /opt/rustwide/cargo-home/registry/src/index.crates.io-6f17d22bba15001f/bitfield-0.13.2/src/lib.rs:610:26
[INFO] [stdout]     |
[INFO] [stdout] 610 |             fn bit_range(&self, msb: usize, lsb: usize) -> $bitrange_ty {
[INFO] [stdout]     |                          ^^^^^
[INFO] [stdout] ...
[INFO] [stdout] 648 | impl_bitrange_for_u_combinations! {(u8, u16, u32, u64, u128), (i8, i16, i32, i64, i128)}
[INFO] [stdout]     | ---------------------------------------------------------------------------------------- in this macro invocation
[INFO] [stdout]     |
[INFO] [stdout]     = note: this error originates in the macro `impl_bitrange_for_u` which comes from the expansion of the macro `impl_bitrange_for_u_combinations` (in Nightly builds, run with -Z macro-backtrace for more info)
[INFO] [stdout] 
[INFO] [stdout] 
[INFO] [stdout] error: requires `receiver` lang_item
[INFO] [stdout]    --> /opt/rustwide/cargo-home/registry/src/index.crates.io-6f17d22bba15001f/bitfield-0.13.2/src/lib.rs:621:30
[INFO] [stdout]     |
[INFO] [stdout] 621 |             fn set_bit_range(&mut self, msb: usize, lsb: usize, value: $bitrange_ty) {
[INFO] [stdout]     |                              ^^^^^^^^^
[INFO] [stdout] ...
[INFO] [stdout] 648 | impl_bitrange_for_u_combinations! {(u8, u16, u32, u64, u128), (i8, i16, i32, i64, i128)}
[INFO] [stdout]     | ---------------------------------------------------------------------------------------- in this macro invocation
[INFO] [stdout]     |
[INFO] [stdout]     = note: this error originates in the macro `impl_bitrange_for_u` which comes from the expansion of the macro `impl_bitrange_for_u_combinations` (in Nightly builds, run with -Z macro-backtrace for more info)
[INFO] [stdout] 
[INFO] [stdout] 
[INFO] [stdout] error: requires `receiver` lang_item
[INFO] [stdout]    --> /opt/rustwide/cargo-home/registry/src/index.crates.io-6f17d22bba15001f/bitfield-0.13.2/src/lib.rs:610:26
[INFO] [stdout]     |
[INFO] [stdout] 610 |             fn bit_range(&self, msb: usize, lsb: usize) -> $bitrange_ty {
[INFO] [stdout]     |                          ^^^^^
[INFO] [stdout] ...
[INFO] [stdout] 648 | impl_bitrange_for_u_combinations! {(u8, u16, u32, u64, u128), (i8, i16, i32, i64, i128)}
[INFO] [stdout]     | ---------------------------------------------------------------------------------------- in this macro invocation
[INFO] [stdout]     |
[INFO] [stdout]     = note: this error originates in the macro `impl_bitrange_for_u` which comes from the expansion of the macro `impl_bitrange_for_u_combinations` (in Nightly builds, run with -Z macro-backtrace for more info)
[INFO] [stdout] 
[INFO] [stdout] 
[INFO] [stdout] error: requires `receiver` lang_item
[INFO] [stdout]    --> /opt/rustwide/cargo-home/registry/src/index.crates.io-6f17d22bba15001f/bitfield-0.13.2/src/lib.rs:621:30
[INFO] [stdout]     |
[INFO] [stdout] 621 |             fn set_bit_range(&mut self, msb: usize, lsb: usize, value: $bitrange_ty) {
[INFO] [stdout]     |                              ^^^^^^^^^
[INFO] [stdout] ...
[INFO] [stdout] 648 | impl_bitrange_for_u_combinations! {(u8, u16, u32, u64, u128), (i8, i16, i32, i64, i128)}
[INFO] [stdout]     | ---------------------------------------------------------------------------------------- in this macro invocation
[INFO] [stdout]     |
[INFO] [stdout]     = note: this error originates in the macro `impl_bitrange_for_u` which comes from the expansion of the macro `impl_bitrange_for_u_combinations` (in Nightly builds, run with -Z macro-backtrace for more info)
[INFO] [stdout] 
[INFO] [stdout] 
[INFO] [stdout] error: aborting due to 104 previous errors
[INFO] [stdout] 
[INFO] [stdout] 
[INFO] [stdout] For more information about this error, try `rustc --explain E0463`.
[INFO] [stdout] 
[INFO] [stderr] error: could not compile `bitfield` (lib) due to 105 previous errors
[INFO] running `Command { std: "docker" "inspect" "c30ae3b2e48e0a18b2ac0e7266a626f60b41f6bf04db20ce18d4f73a8d0b2e29", kill_on_drop: false }`
[INFO] running `Command { std: "docker" "rm" "-f" "c30ae3b2e48e0a18b2ac0e7266a626f60b41f6bf04db20ce18d4f73a8d0b2e29", kill_on_drop: false }`
[INFO] [stdout] c30ae3b2e48e0a18b2ac0e7266a626f60b41f6bf04db20ce18d4f73a8d0b2e29
[INFO] checking adafruit-nrf52840-express-0.2.0 against nightly-2024-02-05+rustflags=-Dunexpected_cfgs+cargoflags=-Zcheck-cfg for check-cfg
[INFO] extracting crate adafruit-nrf52840-express 0.2.0 into /workspace/builds/worker-1-tc2/source
[INFO] validating manifest of crates.io crate adafruit-nrf52840-express 0.2.0 on toolchain nightly-2024-02-05
[INFO] running `Command { std: CARGO_HOME="/workspace/cargo-home" RUSTUP_HOME="/workspace/rustup-home" "/workspace/cargo-home/bin/cargo" "+nightly-2024-02-05" "metadata" "--manifest-path" "Cargo.toml" "--no-deps", kill_on_drop: false }`
[INFO] started tweaking crates.io crate adafruit-nrf52840-express 0.2.0
[INFO] finished tweaking crates.io crate adafruit-nrf52840-express 0.2.0
[INFO] tweaked toml for crates.io crate adafruit-nrf52840-express 0.2.0 written to /workspace/builds/worker-1-tc2/source/Cargo.toml
[INFO] running `Command { std: CARGO_HOME="/workspace/cargo-home" RUSTUP_HOME="/workspace/rustup-home" "/workspace/cargo-home/bin/cargo" "+nightly-2024-02-05" "generate-lockfile" "--manifest-path" "Cargo.toml", kill_on_drop: false }`
[INFO] [stderr]     Blocking waiting for file lock on package cache
[INFO] [stderr]     Updating crates.io index
[INFO] running `Command { std: CARGO_HOME="/workspace/cargo-home" RUSTUP_HOME="/workspace/rustup-home" "/workspace/cargo-home/bin/cargo" "+nightly-2024-02-05" "fetch" "--manifest-path" "Cargo.toml", kill_on_drop: false }`
[INFO] running `Command { std: "docker" "create" "-v" "/var/lib/crater-agent-workspace/builds/worker-1-tc2/target:/opt/rustwide/target:rw,Z" "-v" "/var/lib/crater-agent-workspace/builds/worker-1-tc2/source:/opt/rustwide/workdir:ro,Z" "-v" "/var/lib/crater-agent-workspace/cargo-home:/opt/rustwide/cargo-home:ro,Z" "-v" "/var/lib/crater-agent-workspace/rustup-home:/opt/rustwide/rustup-home:ro,Z" "-e" "SOURCE_DIR=/opt/rustwide/workdir" "-e" "CARGO_TARGET_DIR=/opt/rustwide/target" "-e" "CARGO_HOME=/opt/rustwide/cargo-home" "-e" "RUSTUP_HOME=/opt/rustwide/rustup-home" "-w" "/opt/rustwide/workdir" "-m" "1610612736" "--user" "0:0" "--network" "none" "ghcr.io/rust-lang/crates-build-env/linux@sha256:2788e3201cd34a07e3172128adcd8b3090168a8e3bcc40d7c032b9dda1df7d1c" "/opt/rustwide/cargo-home/bin/cargo" "+nightly-2024-02-05" "metadata" "--no-deps" "--format-version=1", kill_on_drop: false }`
[INFO] [stdout] 2cdc7cfe760abd59ac075f906d08f0fbc2f898d04c93fe1bb811208fd1e3ea0e
[INFO] running `Command { std: "docker" "start" "-a" "2cdc7cfe760abd59ac075f906d08f0fbc2f898d04c93fe1bb811208fd1e3ea0e", kill_on_drop: false }`
[INFO] running `Command { std: "docker" "inspect" "2cdc7cfe760abd59ac075f906d08f0fbc2f898d04c93fe1bb811208fd1e3ea0e", kill_on_drop: false }`
[INFO] running `Command { std: "docker" "rm" "-f" "2cdc7cfe760abd59ac075f906d08f0fbc2f898d04c93fe1bb811208fd1e3ea0e", kill_on_drop: false }`
[INFO] [stdout] 2cdc7cfe760abd59ac075f906d08f0fbc2f898d04c93fe1bb811208fd1e3ea0e
[INFO] running `Command { std: "docker" "create" "-v" "/var/lib/crater-agent-workspace/builds/worker-1-tc2/target:/opt/rustwide/target:rw,Z" "-v" "/var/lib/crater-agent-workspace/builds/worker-1-tc2/source:/opt/rustwide/workdir:ro,Z" "-v" "/var/lib/crater-agent-workspace/cargo-home:/opt/rustwide/cargo-home:ro,Z" "-v" "/var/lib/crater-agent-workspace/rustup-home:/opt/rustwide/rustup-home:ro,Z" "-e" "SOURCE_DIR=/opt/rustwide/workdir" "-e" "CARGO_TARGET_DIR=/opt/rustwide/target" "-e" "CARGO_INCREMENTAL=0" "-e" "RUST_BACKTRACE=full" "-e" "RUSTFLAGS=--cap-lints=forbid -Dunexpected_cfgs" "-e" "RUSTDOCFLAGS=--cap-lints=forbid" "-e" "CARGO_HOME=/opt/rustwide/cargo-home" "-e" "RUSTUP_HOME=/opt/rustwide/rustup-home" "-w" "/opt/rustwide/workdir" "-m" "1610612736" "--user" "0:0" "--network" "none" "ghcr.io/rust-lang/crates-build-env/linux@sha256:2788e3201cd34a07e3172128adcd8b3090168a8e3bcc40d7c032b9dda1df7d1c" "/opt/rustwide/cargo-home/bin/cargo" "+nightly-2024-02-05" "check" "--frozen" "--all" "--all-targets" "--message-format=json" "-Zcheck-cfg", kill_on_drop: false }`
[INFO] [stdout] d205f999fcbb95ca49fd5a819f075bc14c56fdd177407e0d97ee21000fa2ad74
[INFO] running `Command { std: "docker" "start" "-a" "d205f999fcbb95ca49fd5a819f075bc14c56fdd177407e0d97ee21000fa2ad74", kill_on_drop: false }`
[INFO] [stderr]    Compiling semver-parser v0.7.0
[INFO] [stderr]    Compiling cortex-m v0.7.7
[INFO] [stderr]     Checking nb v1.1.0
[INFO] [stderr]     Checking void v1.0.2
[INFO] [stderr]     Checking vcell v0.1.3
[INFO] [stderr]     Checking bitfield v0.13.2
[INFO] [stderr]    Compiling typenum v1.17.0
[INFO] [stderr]    Compiling cortex-m-rt v0.6.15
[INFO] [stderr]     Checking stable_deref_trait v1.2.0
[INFO] [stderr]    Compiling generic-array v0.14.7
[INFO] [stderr]    Compiling az v1.2.1
[INFO] [stderr]     Checking r0 v0.2.2
[INFO] [stderr]    Compiling fixed v1.25.0
[INFO] [stderr]     Checking critical-section v1.1.2
[INFO] [stderr]    Compiling nrf52840-pac v0.10.1
[INFO] [stderr]    Compiling cortex-m-rt-macros v0.6.15
[INFO] [stdout] error[E0463]: can't find crate for `core`
[INFO] [stdout]   |
[INFO] [stdout]   = note: the `thumbv7em-none-eabihf` target may not be installed
[INFO] [stdout]   = help: consider downloading the target with `rustup target add thumbv7em-none-eabihf`
[INFO] [stdout]   = help: consider building the standard library from source with `cargo build -Zbuild-std`
[INFO] [stdout] 
[INFO] [stdout] 
[INFO] [stdout] error[E0463]: can't find crate for `compiler_builtins`
[INFO] [stdout] 
[INFO] [stdout] 
[INFO] [stdout] error[E0463]: can't find crate for `core`
[INFO] [stdout]    --> /opt/rustwide/cargo-home/registry/src/index.crates.io-6f17d22bba15001f/nb-1.1.0/src/lib.rs:192:5
[INFO] [stdout]     |
[INFO] [stdout] 192 | use core::fmt;
[INFO] [stdout]     |     ^^^^ can't find crate
[INFO] [stdout]     |
[INFO] [stdout]     = note: the `thumbv7em-none-eabihf` target may not be installed
[INFO] [stdout]     = help: consider downloading the target with `rustup target add thumbv7em-none-eabihf`
[INFO] [stdout]     = help: consider building the standard library from source with `cargo build -Zbuild-std`
[INFO] [stdout] 
[INFO] [stdout] 
[INFO] [stdout] error: cannot find attribute `derive` in this scope
[INFO] [stdout]    --> /opt/rustwide/cargo-home/registry/src/index.crates.io-6f17d22bba15001f/nb-1.1.0/src/lib.rs:201:3
[INFO] [stdout]     |
[INFO] [stdout] 201 | #[derive(Clone, Copy, PartialEq, Eq, PartialOrd, Ord, Hash)]
[INFO] [stdout]     |   ^^^^^^
[INFO] [stdout] 
[INFO] [stdout] 
[INFO] [stdout] error[E0463]: can't find crate for `core`
[INFO] [stdout]   |
[INFO] [stdout]   = note: the `thumbv7em-none-eabihf` target may not be installed
[INFO] [stdout]   = help: consider downloading the target with `rustup target add thumbv7em-none-eabihf`
[INFO] [stdout]   = help: consider building the standard library from source with `cargo build -Zbuild-std`
[INFO] [stdout] 
[INFO] [stdout] 
[INFO] [stdout] error[E0463]: can't find crate for `compiler_builtins`
[INFO] [stdout] 
[INFO] [stdout] 
[INFO] [stdout] error[E0463]: can't find crate for `core`
[INFO] [stdout]    --> /opt/rustwide/cargo-home/registry/src/index.crates.io-6f17d22bba15001f/nb-1.1.0/src/lib.rs:195:27
[INFO] [stdout]     |
[INFO] [stdout] 195 | pub type Result<T, E> = ::core::result::Result<T, Error<E>>;
[INFO] [stdout]     |                           ^^^^ can't find crate
[INFO] [stdout]     |
[INFO] [stdout]     = note: the `thumbv7em-none-eabihf` target may not be installed
[INFO] [stdout]     = help: consider downloading the target with `rustup target add thumbv7em-none-eabihf`
[INFO] [stdout]     = help: consider building the standard library from source with `cargo build -Zbuild-std`
[INFO] [stdout] 
[INFO] [stdout] 
[INFO] [stdout] error[E0405]: cannot find trait `Copy` in this scope
[INFO] [stdout]   --> /opt/rustwide/cargo-home/registry/src/index.crates.io-6f17d22bba15001f/vcell-0.1.3/src/lib.rs:31:18
[INFO] [stdout]    |
[INFO] [stdout] 31 |         where T: Copy
[INFO] [stdout]    |                  ^^^^ not found in this scope
[INFO] [stdout] 
[INFO] [stdout] 
[INFO] [stdout] error[E0405]: cannot find trait `FnOnce` in this scope
[INFO] [stdout]    --> /opt/rustwide/cargo-home/registry/src/index.crates.io-6f17d22bba15001f/nb-1.1.0/src/lib.rs:239:12
[INFO] [stdout]     |
[INFO] [stdout] 239 |         F: FnOnce(E) -> T,
[INFO] [stdout]     |            ^^^^^^ not found in this scope
[INFO] [stdout] 
[INFO] [stdout] 
[INFO] [stdout] error[E0405]: cannot find trait `Copy` in this scope
[INFO] [stdout]   --> /opt/rustwide/cargo-home/registry/src/index.crates.io-6f17d22bba15001f/vcell-0.1.3/src/lib.rs:39:18
[INFO] [stdout]    |
[INFO] [stdout] 39 |         where T: Copy
[INFO] [stdout]    |                  ^^^^ not found in this scope
[INFO] [stdout] 
[INFO] [stdout] 
[INFO] [stdout] error: aborting due to 4 previous errors
[INFO] [stdout] 
[INFO] [stdout] 
[INFO] [stdout] Some errors have detailed explanations: E0405, E0463.
[INFO] [stdout] 
[INFO] [stdout] For more information about an error, try `rustc --explain E0405`.
[INFO] [stdout] 
[INFO] [stdout] error[E0405]: cannot find trait `From` in this scope
[INFO] [stdout]    --> /opt/rustwide/cargo-home/registry/src/index.crates.io-6f17d22bba15001f/nb-1.1.0/src/lib.rs:248:9
[INFO] [stdout]     |
[INFO] [stdout] 248 | impl<E> From<E> for Error<E> {
[INFO] [stdout]     |         ^^^^ not found in this scope
[INFO] [stdout] 
[INFO] [stdout] 
[INFO] [stdout] error: aborting due to 7 previous errors
[INFO] [stdout] 
[INFO] [stdout] 
[INFO] [stdout] Some errors have detailed explanations: E0405, E0463.
[INFO] [stdout] 
[INFO] [stdout] For more information about an error, try `rustc --explain E0405`.
[INFO] [stdout] 
[INFO] [stderr] error: could not compile `vcell` (lib) due to 5 previous errors
[INFO] [stderr] warning: build failed, waiting for other jobs to finish...
[INFO] [stderr] error: could not compile `nb` (lib) due to 8 previous errors
[INFO] [stdout] error[E0463]: can't find crate for `core`
[INFO] [stdout]   |
[INFO] [stdout]   = note: the `thumbv7em-none-eabihf` target may not be installed
[INFO] [stdout]   = help: consider downloading the target with `rustup target add thumbv7em-none-eabihf`
[INFO] [stdout]   = help: consider building the standard library from source with `cargo build -Zbuild-std`
[INFO] [stdout] 
[INFO] [stdout] 
[INFO] [stdout] error[E0463]: can't find crate for `compiler_builtins`
[INFO] [stdout] 
[INFO] [stdout] 
[INFO] [stdout] error[E0463]: can't find crate for `core`
[INFO] [stdout]   |
[INFO] [stdout]   = note: the `thumbv7em-none-eabihf` target may not be installed
[INFO] [stdout]   = help: consider downloading the target with `rustup target add thumbv7em-none-eabihf`
[INFO] [stdout]   = help: consider building the standard library from source with `cargo build -Zbuild-std`
[INFO] [stdout] 
[INFO] [stdout] 
[INFO] [stdout] error[E0405]: cannot find trait `Copy` in this scope
[INFO] [stdout]    --> /opt/rustwide/cargo-home/registry/src/index.crates.io-6f17d22bba15001f/r0-0.2.2/src/lib.rs:130:8
[INFO] [stdout]     |
[INFO] [stdout] 130 |     T: Copy,
[INFO] [stdout]     |        ^^^^ not found in this scope
[INFO] [stdout] 
[INFO] [stdout] 
[INFO] [stdout] error[E0405]: cannot find trait `Copy` in this scope
[INFO] [stdout]    --> /opt/rustwide/cargo-home/registry/src/index.crates.io-6f17d22bba15001f/r0-0.2.2/src/lib.rs:169:8
[INFO] [stdout]     |
[INFO] [stdout] 169 |     T: Copy,
[INFO] [stdout]     |        ^^^^ not found in this scope
[INFO] [stdout] 
[INFO] [stdout] 
[INFO] [stdout] error[E0463]: can't find crate for `compiler_builtins`
[INFO] [stdout] 
[INFO] [stdout] 
[INFO] [stdout] error[E0463]: can't find crate for `core`
[INFO] [stdout]   --> /opt/rustwide/cargo-home/registry/src/index.crates.io-6f17d22bba15001f/void-1.0.2/src/lib.rs:16:5
[INFO] [stdout]    |
[INFO] [stdout] 16 |     extern crate core;
[INFO] [stdout]    |     ^^^^^^^^^^^^^^^^^^ can't find crate
[INFO] [stdout]    |
[INFO] [stdout]    = note: the `thumbv7em-none-eabihf` target may not be installed
[INFO] [stdout]    = help: consider downloading the target with `rustup target add thumbv7em-none-eabihf`
[INFO] [stdout]    = help: consider building the standard library from source with `cargo build -Zbuild-std`
[INFO] [stdout] 
[INFO] [stdout] 
[INFO] [stdout] error: cannot find attribute `derive` in this scope
[INFO] [stdout]   --> /opt/rustwide/cargo-home/registry/src/index.crates.io-6f17d22bba15001f/void-1.0.2/src/lib.rs:28:3
[INFO] [stdout]    |
[INFO] [stdout] 28 | #[derive(Copy)]
[INFO] [stdout]    |   ^^^^^^
[INFO] [stdout] 
[INFO] [stdout] 
[INFO] [stdout] error: aborting due to 4 previous errors
[INFO] [stdout] 
[INFO] [stdout] 
[INFO] [stdout] Some errors have detailed explanations: E0405, E0463.
[INFO] [stdout] 
[INFO] [stdout] For more information about an error, try `rustc --explain E0405`.
[INFO] [stdout] 
[INFO] [stdout] error[E0463]: can't find crate for `core`
[INFO] [stdout]   |
[INFO] [stdout]   = note: the `thumbv7em-none-eabihf` target may not be installed
[INFO] [stdout]   = help: consider downloading the target with `rustup target add thumbv7em-none-eabihf`
[INFO] [stdout]   = help: consider building the standard library from source with `cargo build -Zbuild-std`
[INFO] [stdout] 
[INFO] [stdout] 
[INFO] [stdout] error[E0463]: can't find crate for `compiler_builtins`
[INFO] [stdout] 
[INFO] [stdout] 
[INFO] [stdout] error[E0405]: cannot find trait `Clone` in this scope
[INFO] [stdout]   --> /opt/rustwide/cargo-home/registry/src/index.crates.io-6f17d22bba15001f/void-1.0.2/src/lib.rs:31:6
[INFO] [stdout]    |
[INFO] [stdout] 31 | impl Clone for Void {
[INFO] [stdout]    |      ^^^^^ not found in this scope
[INFO] [stdout] 
[INFO] [stdout] 
[INFO] [stdout] error[E0412]: cannot find type `Option` in this scope
[INFO] [stdout]   --> /opt/rustwide/cargo-home/registry/src/index.crates.io-6f17d22bba15001f/void-1.0.2/src/lib.rs:56:37
[INFO] [stdout]    |
[INFO] [stdout] 56 |     fn partial_cmp(&self, _: &T) -> Option<cmp::Ordering> {
[INFO] [stdout]    |                                     ^^^^^^ not found in this scope
[INFO] [stdout] 
[INFO] [stdout] 
[INFO] [stdout] error[E0405]: cannot find trait `Sized` in this scope
[INFO] [stdout]   --> /opt/rustwide/cargo-home/registry/src/index.crates.io-6f17d22bba15001f/void-1.0.2/src/lib.rs:85:29
[INFO] [stdout]    |
[INFO] [stdout] 85 | pub trait ResultVoidExt<T>: Sized {
[INFO] [stdout]    |                             ^^^^^ not found in this scope
[INFO] [stdout] 
[INFO] [stdout] 
[INFO] [stdout] error[E0412]: cannot find type `Result` in this scope
[INFO] [stdout]   --> /opt/rustwide/cargo-home/registry/src/index.crates.io-6f17d22bba15001f/void-1.0.2/src/lib.rs:90:30
[INFO] [stdout]    |
[INFO] [stdout] 90 | impl<T> ResultVoidExt<T> for Result<T, Void> {
[INFO] [stdout]    |                              ^^^^^^ not found in this scope
[INFO] [stdout] 
[INFO] [stdout] 
[INFO] [stdout] error[E0463]: can't find crate for `core`
[INFO] [stdout]  --> /opt/rustwide/cargo-home/registry/src/index.crates.io-6f17d22bba15001f/critical-section-1.1.2/src/mutex.rs:2:5
[INFO] [stdout]   |
[INFO] [stdout] 2 | use core::cell::{Ref, RefCell, RefMut, UnsafeCell};
[INFO] [stdout]   |     ^^^^ can't find crate
[INFO] [stdout]   |
[INFO] [stdout]   = note: the `thumbv7em-none-eabihf` target may not be installed
[INFO] [stdout]   = help: consider downloading the target with `rustup target add thumbv7em-none-eabihf`
[INFO] [stdout]   = help: consider building the standard library from source with `cargo build -Zbuild-std`
[INFO] [stdout] 
[INFO] [stdout] 
[INFO] [stdout] error[E0531]: cannot find tuple struct or tuple variant `Ok` in this scope
[INFO] [stdout]   --> /opt/rustwide/cargo-home/registry/src/index.crates.io-6f17d22bba15001f/void-1.0.2/src/lib.rs:97:13
[INFO] [stdout]    |
[INFO] [stdout] 97 |             Ok(val) => val,
[INFO] [stdout]    |             ^^ not found in this scope
[INFO] [stdout] 
[INFO] [stdout] 
[INFO] [stdout] error[E0531]: cannot find tuple struct or tuple variant `Err` in this scope
[INFO] [stdout]   --> /opt/rustwide/cargo-home/registry/src/index.crates.io-6f17d22bba15001f/void-1.0.2/src/lib.rs:98:13
[INFO] [stdout]    |
[INFO] [stdout] 98 |             Err(e) => unreachable(e)
[INFO] [stdout]    |             ^^^ not found in this scope
[INFO] [stdout] 
[INFO] [stdout] 
[INFO] [stdout] error[E0405]: cannot find trait `Sized` in this scope
[INFO] [stdout]    --> /opt/rustwide/cargo-home/registry/src/index.crates.io-6f17d22bba15001f/void-1.0.2/src/lib.rs:104:32
[INFO] [stdout]     |
[INFO] [stdout] 104 | pub trait ResultVoidErrExt<E>: Sized {
[INFO] [stdout]     |                                ^^^^^ not found in this scope
[INFO] [stdout] 
[INFO] [stdout] 
[INFO] [stdout] error[E0463]: can't find crate for `core`
[INFO] [stdout]  --> /opt/rustwide/cargo-home/registry/src/index.crates.io-6f17d22bba15001f/critical-section-1.1.2/src/lib.rs:8:5
[INFO] [stdout]   |
[INFO] [stdout] 8 | use core::marker::PhantomData;
[INFO] [stdout]   |     ^^^^ can't find crate
[INFO] [stdout]   |
[INFO] [stdout]   = note: the `thumbv7em-none-eabihf` target may not be installed
[INFO] [stdout]   = help: consider downloading the target with `rustup target add thumbv7em-none-eabihf`
[INFO] [stdout]   = help: consider building the standard library from source with `cargo build -Zbuild-std`
[INFO] [stdout] 
[INFO] [stdout] 
[INFO] [stdout] error[E0412]: cannot find type `Result` in this scope
[INFO] [stdout]    --> /opt/rustwide/cargo-home/registry/src/index.crates.io-6f17d22bba15001f/void-1.0.2/src/lib.rs:109:33
[INFO] [stdout]     |
[INFO] [stdout] 109 | impl<E> ResultVoidErrExt<E> for Result<Void, E> {
[INFO] [stdout]     |                                 ^^^^^^ not found in this scope
[INFO] [stdout] 
[INFO] [stdout] 
[INFO] [stdout] error[E0531]: cannot find tuple struct or tuple variant `Ok` in this scope
[INFO] [stdout]    --> /opt/rustwide/cargo-home/registry/src/index.crates.io-6f17d22bba15001f/void-1.0.2/src/lib.rs:116:13
[INFO] [stdout]     |
[INFO] [stdout] 116 |             Ok(v) => unreachable(v),
[INFO] [stdout]     |             ^^ not found in this scope
[INFO] [stdout] 
[INFO] [stdout] 
[INFO] [stdout] error[E0531]: cannot find tuple struct or tuple variant `Err` in this scope
[INFO] [stdout]    --> /opt/rustwide/cargo-home/registry/src/index.crates.io-6f17d22bba15001f/void-1.0.2/src/lib.rs:117:13
[INFO] [stdout]     |
[INFO] [stdout] 117 |             Err(e) => e
[INFO] [stdout]     |             ^^^ not found in this scope
[INFO] [stdout] 
[INFO] [stdout] 
[INFO] [stdout] error: cannot find attribute `derive` in this scope
[INFO] [stdout]    --> /opt/rustwide/cargo-home/registry/src/index.crates.io-6f17d22bba15001f/critical-section-1.1.2/src/lib.rs:121:3
[INFO] [stdout]     |
[INFO] [stdout] 121 | #[derive(Clone, Copy, Debug)]
[INFO] [stdout]     |   ^^^^^^
[INFO] [stdout] 
[INFO] [stdout] 
[INFO] [stdout] error: cannot find attribute `derive` in this scope
[INFO] [stdout]   --> /opt/rustwide/cargo-home/registry/src/index.crates.io-6f17d22bba15001f/critical-section-1.1.2/src/lib.rs:16:3
[INFO] [stdout]    |
[INFO] [stdout] 16 | #[derive(Clone, Copy, Debug)]
[INFO] [stdout]    |   ^^^^^^
[INFO] [stdout] 
[INFO] [stdout] 
[INFO] [stderr] error: could not compile `r0` (lib) due to 5 previous errors
[INFO] [stdout] error: cannot find attribute `derive` in this scope
[INFO] [stdout]   --> /opt/rustwide/cargo-home/registry/src/index.crates.io-6f17d22bba15001f/critical-section-1.1.2/src/mutex.rs:73:3
[INFO] [stdout]    |
[INFO] [stdout] 73 | #[derive(Debug)]
[INFO] [stdout]    |   ^^^^^^
[INFO] [stdout] 
[INFO] [stdout] 
[INFO] [stdout] error: cannot find macro `include_str` in this scope
[INFO] [stdout]  --> /opt/rustwide/cargo-home/registry/src/index.crates.io-6f17d22bba15001f/critical-section-1.1.2/src/lib.rs:2:10
[INFO] [stdout]   |
[INFO] [stdout] 2 | #![doc = include_str!("../README.md")]
[INFO] [stdout]   |          ^^^^^^^^^^^
[INFO] [stdout] 
[INFO] [stdout] 
[INFO] [stdout] error: aborting due to 14 previous errors
[INFO] [stdout] 
[INFO] [stdout] 
[INFO] [stdout] Some errors have detailed explanations: E0405, E0412, E0463, E0531.
[INFO] [stdout] 
[INFO] [stdout] For more information about an error, try `rustc --explain E0405`.
[INFO] [stdout] 
[INFO] [stderr] error: could not compile `void` (lib) due to 15 previous errors
[INFO] [stdout] error[E0405]: cannot find trait `FnOnce` in this scope
[INFO] [stdout]    --> /opt/rustwide/cargo-home/registry/src/index.crates.io-6f17d22bba15001f/critical-section-1.1.2/src/mutex.rs:138:12
[INFO] [stdout]     |
[INFO] [stdout] 138 |         F: FnOnce(&mut T) -> T,
[INFO] [stdout]     |            ^^^^^^ not found in this scope
[INFO] [stdout] 
[INFO] [stdout] 
[INFO] [stdout] error[E0405]: cannot find trait `Default` in this scope
[INFO] [stdout]    --> /opt/rustwide/cargo-home/registry/src/index.crates.io-6f17d22bba15001f/critical-section-1.1.2/src/mutex.rs:172:9
[INFO] [stdout]     |
[INFO] [stdout] 172 | impl<T: Default> Mutex<RefCell<T>> {
[INFO] [stdout]     |         ^^^^^^^ not found in this scope
[INFO] [stdout] 
[INFO] [stdout] 
[INFO] [stdout] error[E0405]: cannot find trait `Sync` in this scope
[INFO] [stdout]    --> /opt/rustwide/cargo-home/registry/src/index.crates.io-6f17d22bba15001f/critical-section-1.1.2/src/mutex.rs:191:16
[INFO] [stdout]     |
[INFO] [stdout] 191 | unsafe impl<T> Sync for Mutex<T> where T: Send {}
[INFO] [stdout]     |                ^^^^ not found in this scope
[INFO] [stdout] 
[INFO] [stdout] 
[INFO] [stdout] error[E0405]: cannot find trait `Send` in this scope
[INFO] [stdout]    --> /opt/rustwide/cargo-home/registry/src/index.crates.io-6f17d22bba15001f/critical-section-1.1.2/src/mutex.rs:191:43
[INFO] [stdout]     |
[INFO] [stdout] 191 | unsafe impl<T> Sync for Mutex<T> where T: Send {}
[INFO] [stdout]     |                                           ^^^^ not found in this scope
[INFO] [stdout] 
[INFO] [stdout] 
[INFO] [stdout] error[E0405]: cannot find trait `FnOnce` in this scope
[INFO] [stdout]    --> /opt/rustwide/cargo-home/registry/src/index.crates.io-6f17d22bba15001f/critical-section-1.1.2/src/lib.rs:213:24
[INFO] [stdout]     |
[INFO] [stdout] 213 | pub fn with<R>(f: impl FnOnce(CriticalSection) -> R) -> R {
[INFO] [stdout]     |                        ^^^^^^ not found in this scope
[INFO] [stdout] 
[INFO] [stdout] 
[INFO] [stdout] error[E0405]: cannot find trait `Drop` in this scope
[INFO] [stdout]    --> /opt/rustwide/cargo-home/registry/src/index.crates.io-6f17d22bba15001f/critical-section-1.1.2/src/lib.rs:219:10
[INFO] [stdout]     |
[INFO] [stdout] 219 |     impl Drop for Guard {
[INFO] [stdout]     |          ^^^^ not found in this scope
[INFO] [stdout] 
[INFO] [stdout] 
[INFO] [stdout] error: aborting due to 14 previous errors
[INFO] [stdout] 
[INFO] [stdout] 
[INFO] [stdout] Some errors have detailed explanations: E0405, E0463.
[INFO] [stdout] 
[INFO] [stdout] For more information about an error, try `rustc --explain E0405`.
[INFO] [stdout] 
[INFO] [stdout] error[E0463]: can't find crate for `core`
[INFO] [stdout]   |
[INFO] [stdout]   = note: the `thumbv7em-none-eabihf` target may not be installed
[INFO] [stdout]   = help: consider downloading the target with `rustup target add thumbv7em-none-eabihf`
[INFO] [stdout]   = help: consider building the standard library from source with `cargo build -Zbuild-std`
[INFO] [stdout] 
[INFO] [stdout] 
[INFO] [stderr] error: could not compile `critical-section` (lib) due to 15 previous errors
[INFO] [stdout] error[E0463]: can't find crate for `compiler_builtins`
[INFO] [stdout] 
[INFO] [stdout] 
[INFO] [stdout] error[E0463]: can't find crate for `core`
[INFO] [stdout]   |
[INFO] [stdout]   = note: the `thumbv7em-none-eabihf` target may not be installed
[INFO] [stdout]   = help: consider downloading the target with `rustup target add thumbv7em-none-eabihf`
[INFO] [stdout]   = help: consider building the standard library from source with `cargo build -Zbuild-std`
[INFO] [stdout] 
[INFO] [stdout] 
[INFO] [stdout] error[E0463]: can't find crate for `compiler_builtins`
[INFO] [stdout] 
[INFO] [stdout] 
[INFO] [stdout] error[E0405]: cannot find trait `Clone` in this scope
[INFO] [stdout]    --> /opt/rustwide/cargo-home/registry/src/index.crates.io-6f17d22bba15001f/stable_deref_trait-1.2.0/src/lib.rs:129:50
[INFO] [stdout]     |
[INFO] [stdout] 129 | pub unsafe trait CloneStableDeref: StableDeref + Clone {}
[INFO] [stdout]     |                                                  ^^^^^ not found in this scope
[INFO] [stdout] 
[INFO] [stdout] 
[INFO] [stdout] error[E0405]: cannot find trait `Sized` in this scope
[INFO] [stdout]    --> /opt/rustwide/cargo-home/registry/src/index.crates.io-6f17d22bba15001f/stable_deref_trait-1.2.0/src/lib.rs:178:21
[INFO] [stdout]     |
[INFO] [stdout] 178 | unsafe impl<'a, T: ?Sized> StableDeref for Ref<'a, T> {}
[INFO] [stdout]     |                     ^^^^^ not found in this scope
[INFO] [stdout] 
[INFO] [stdout] 
[INFO] [stdout] error[E0405]: cannot find trait `Sized` in this scope
[INFO] [stdout]    --> /opt/rustwide/cargo-home/registry/src/index.crates.io-6f17d22bba15001f/stable_deref_trait-1.2.0/src/lib.rs:179:21
[INFO] [stdout]     |
[INFO] [stdout] 179 | unsafe impl<'a, T: ?Sized> StableDeref for RefMut<'a, T> {}
[INFO] [stdout]     |                     ^^^^^ not found in this scope
[INFO] [stdout] 
[INFO] [stdout] 
[INFO] [stdout] error[E0405]: cannot find trait `Sized` in this scope
[INFO] [stdout]    --> /opt/rustwide/cargo-home/registry/src/index.crates.io-6f17d22bba15001f/stable_deref_trait-1.2.0/src/lib.rs:187:21
[INFO] [stdout]     |
[INFO] [stdout] 187 | unsafe impl<'a, T: ?Sized> StableDeref for &'a T {}
[INFO] [stdout]     |                     ^^^^^ not found in this scope
[INFO] [stdout] 
[INFO] [stdout] 
[INFO] [stdout] error[E0405]: cannot find trait `Sized` in this scope
[INFO] [stdout]    --> /opt/rustwide/cargo-home/registry/src/index.crates.io-6f17d22bba15001f/stable_deref_trait-1.2.0/src/lib.rs:188:21
[INFO] [stdout]     |
[INFO] [stdout] 188 | unsafe impl<'a, T: ?Sized> CloneStableDeref for &'a T {}
[INFO] [stdout]     |                     ^^^^^ not found in this scope
[INFO] [stdout] 
[INFO] [stdout] 
[INFO] [stdout] error[E0405]: cannot find trait `Sized` in this scope
[INFO] [stdout]    --> /opt/rustwide/cargo-home/registry/src/index.crates.io-6f17d22bba15001f/stable_deref_trait-1.2.0/src/lib.rs:189:21
[INFO] [stdout]     |
[INFO] [stdout] 189 | unsafe impl<'a, T: ?Sized> StableDeref for &'a mut T {}
[INFO] [stdout]     |                     ^^^^^ not found in this scope
[INFO] [stdout] 
[INFO] [stdout] 
[INFO] [stdout] error: aborting due to 8 previous errors
[INFO] [stdout] 
[INFO] [stdout] 
[INFO] [stdout] Some errors have detailed explanations: E0405, E0463.
[INFO] [stdout] 
[INFO] [stdout] For more information about an error, try `rustc --explain E0405`.
[INFO] [stdout] 
[INFO] [stderr] error: could not compile `stable_deref_trait` (lib) due to 9 previous errors
[INFO] [stdout] error: requires `receiver` lang_item
[INFO] [stdout]    --> /opt/rustwide/cargo-home/registry/src/index.crates.io-6f17d22bba15001f/bitfield-0.13.2/src/lib.rs:596:12
[INFO] [stdout]     |
[INFO] [stdout] 596 |     fn bit(&self, bit: usize) -> bool {
[INFO] [stdout]     |            ^^^^^
[INFO] [stdout] 
[INFO] [stdout] 
[INFO] [stdout] error: requires `receiver` lang_item
[INFO] [stdout]    --> /opt/rustwide/cargo-home/registry/src/index.crates.io-6f17d22bba15001f/bitfield-0.13.2/src/lib.rs:599:16
[INFO] [stdout]     |
[INFO] [stdout] 599 |     fn set_bit(&mut self, bit: usize, value: bool) {
[INFO] [stdout]     |                ^^^^^^^^^
[INFO] [stdout] 
[INFO] [stdout] 
[INFO] [stdout] error: requires `receiver` lang_item
[INFO] [stdout]    --> /opt/rustwide/cargo-home/registry/src/index.crates.io-6f17d22bba15001f/bitfield-0.13.2/src/lib.rs:610:26
[INFO] [stdout]     |
[INFO] [stdout] 610 |             fn bit_range(&self, msb: usize, lsb: usize) -> $bitrange_ty {
[INFO] [stdout]     |                          ^^^^^
[INFO] [stdout] ...
[INFO] [stdout] 647 | impl_bitrange_for_u_combinations! {(u8, u16, u32, u64, u128), (u8, u16, u32, u64, u128)}
[INFO] [stdout]     | ---------------------------------------------------------------------------------------- in this macro invocation
[INFO] [stdout]     |
[INFO] [stdout]     = note: this error originates in the macro `impl_bitrange_for_u` which comes from the expansion of the macro `impl_bitrange_for_u_combinations` (in Nightly builds, run with -Z macro-backtrace for more info)
[INFO] [stdout] 
[INFO] [stdout] 
[INFO] [stdout] error: requires `receiver` lang_item
[INFO] [stdout]    --> /opt/rustwide/cargo-home/registry/src/index.crates.io-6f17d22bba15001f/bitfield-0.13.2/src/lib.rs:621:30
[INFO] [stdout]     |
[INFO] [stdout] 621 |             fn set_bit_range(&mut self, msb: usize, lsb: usize, value: $bitrange_ty) {
[INFO] [stdout]     |                              ^^^^^^^^^
[INFO] [stdout] ...
[INFO] [stdout] 647 | impl_bitrange_for_u_combinations! {(u8, u16, u32, u64, u128), (u8, u16, u32, u64, u128)}
[INFO] [stdout]     | ---------------------------------------------------------------------------------------- in this macro invocation
[INFO] [stdout]     |
[INFO] [stdout]     = note: this error originates in the macro `impl_bitrange_for_u` which comes from the expansion of the macro `impl_bitrange_for_u_combinations` (in Nightly builds, run with -Z macro-backtrace for more info)
[INFO] [stdout] 
[INFO] [stdout] 
[INFO] [stdout] error: requires `receiver` lang_item
[INFO] [stdout]    --> /opt/rustwide/cargo-home/registry/src/index.crates.io-6f17d22bba15001f/bitfield-0.13.2/src/lib.rs:610:26
[INFO] [stdout]     |
[INFO] [stdout] 610 |             fn bit_range(&self, msb: usize, lsb: usize) -> $bitrange_ty {
[INFO] [stdout]     |                          ^^^^^
[INFO] [stdout] ...
[INFO] [stdout] 647 | impl_bitrange_for_u_combinations! {(u8, u16, u32, u64, u128), (u8, u16, u32, u64, u128)}
[INFO] [stdout]     | ---------------------------------------------------------------------------------------- in this macro invocation
[INFO] [stdout]     |
[INFO] [stdout]     = note: this error originates in the macro `impl_bitrange_for_u` which comes from the expansion of the macro `impl_bitrange_for_u_combinations` (in Nightly builds, run with -Z macro-backtrace for more info)
[INFO] [stdout] 
[INFO] [stdout] 
[INFO] [stdout] error: requires `receiver` lang_item
[INFO] [stdout]    --> /opt/rustwide/cargo-home/registry/src/index.crates.io-6f17d22bba15001f/bitfield-0.13.2/src/lib.rs:621:30
[INFO] [stdout]     |
[INFO] [stdout] 621 |             fn set_bit_range(&mut self, msb: usize, lsb: usize, value: $bitrange_ty) {
[INFO] [stdout]     |                              ^^^^^^^^^
[INFO] [stdout] ...
[INFO] [stdout] 647 | impl_bitrange_for_u_combinations! {(u8, u16, u32, u64, u128), (u8, u16, u32, u64, u128)}
[INFO] [stdout]     | ---------------------------------------------------------------------------------------- in this macro invocation
[INFO] [stdout]     |
[INFO] [stdout]     = note: this error originates in the macro `impl_bitrange_for_u` which comes from the expansion of the macro `impl_bitrange_for_u_combinations` (in Nightly builds, run with -Z macro-backtrace for more info)
[INFO] [stdout] 
[INFO] [stdout] 
[INFO] [stdout] error: requires `receiver` lang_item
[INFO] [stdout]    --> /opt/rustwide/cargo-home/registry/src/index.crates.io-6f17d22bba15001f/bitfield-0.13.2/src/lib.rs:610:26
[INFO] [stdout]     |
[INFO] [stdout] 610 |             fn bit_range(&self, msb: usize, lsb: usize) -> $bitrange_ty {
[INFO] [stdout]     |                          ^^^^^
[INFO] [stdout] ...
[INFO] [stdout] 647 | impl_bitrange_for_u_combinations! {(u8, u16, u32, u64, u128), (u8, u16, u32, u64, u128)}
[INFO] [stdout]     | ---------------------------------------------------------------------------------------- in this macro invocation
[INFO] [stdout]     |
[INFO] [stdout]     = note: this error originates in the macro `impl_bitrange_for_u` which comes from the expansion of the macro `impl_bitrange_for_u_combinations` (in Nightly builds, run with -Z macro-backtrace for more info)
[INFO] [stdout] 
[INFO] [stdout] 
[INFO] [stdout] error: requires `receiver` lang_item
[INFO] [stdout]    --> /opt/rustwide/cargo-home/registry/src/index.crates.io-6f17d22bba15001f/bitfield-0.13.2/src/lib.rs:621:30
[INFO] [stdout]     |
[INFO] [stdout] 621 |             fn set_bit_range(&mut self, msb: usize, lsb: usize, value: $bitrange_ty) {
[INFO] [stdout]     |                              ^^^^^^^^^
[INFO] [stdout] ...
[INFO] [stdout] 647 | impl_bitrange_for_u_combinations! {(u8, u16, u32, u64, u128), (u8, u16, u32, u64, u128)}
[INFO] [stdout]     | ---------------------------------------------------------------------------------------- in this macro invocation
[INFO] [stdout]     |
[INFO] [stdout]     = note: this error originates in the macro `impl_bitrange_for_u` which comes from the expansion of the macro `impl_bitrange_for_u_combinations` (in Nightly builds, run with -Z macro-backtrace for more info)
[INFO] [stdout] 
[INFO] [stdout] 
[INFO] [stdout] error: requires `receiver` lang_item
[INFO] [stdout]    --> /opt/rustwide/cargo-home/registry/src/index.crates.io-6f17d22bba15001f/bitfield-0.13.2/src/lib.rs:610:26
[INFO] [stdout]     |
[INFO] [stdout] 610 |             fn bit_range(&self, msb: usize, lsb: usize) -> $bitrange_ty {
[INFO] [stdout]     |                          ^^^^^
[INFO] [stdout] ...
[INFO] [stdout] 647 | impl_bitrange_for_u_combinations! {(u8, u16, u32, u64, u128), (u8, u16, u32, u64, u128)}
[INFO] [stdout]     | ---------------------------------------------------------------------------------------- in this macro invocation
[INFO] [stdout]     |
[INFO] [stdout]     = note: this error originates in the macro `impl_bitrange_for_u` which comes from the expansion of the macro `impl_bitrange_for_u_combinations` (in Nightly builds, run with -Z macro-backtrace for more info)
[INFO] [stdout] 
[INFO] [stdout] 
[INFO] [stdout] error: requires `receiver` lang_item
[INFO] [stdout]    --> /opt/rustwide/cargo-home/registry/src/index.crates.io-6f17d22bba15001f/bitfield-0.13.2/src/lib.rs:621:30
[INFO] [stdout]     |
[INFO] [stdout] 621 |             fn set_bit_range(&mut self, msb: usize, lsb: usize, value: $bitrange_ty) {
[INFO] [stdout]     |                              ^^^^^^^^^
[INFO] [stdout] ...
[INFO] [stdout] 647 | impl_bitrange_for_u_combinations! {(u8, u16, u32, u64, u128), (u8, u16, u32, u64, u128)}
[INFO] [stdout]     | ---------------------------------------------------------------------------------------- in this macro invocation
[INFO] [stdout]     |
[INFO] [stdout]     = note: this error originates in the macro `impl_bitrange_for_u` which comes from the expansion of the macro `impl_bitrange_for_u_combinations` (in Nightly builds, run with -Z macro-backtrace for more info)
[INFO] [stdout] 
[INFO] [stdout] 
[INFO] [stdout] error: requires `receiver` lang_item
[INFO] [stdout]    --> /opt/rustwide/cargo-home/registry/src/index.crates.io-6f17d22bba15001f/bitfield-0.13.2/src/lib.rs:610:26
[INFO] [stdout]     |
[INFO] [stdout] 610 |             fn bit_range(&self, msb: usize, lsb: usize) -> $bitrange_ty {
[INFO] [stdout]     |                          ^^^^^
[INFO] [stdout] ...
[INFO] [stdout] 647 | impl_bitrange_for_u_combinations! {(u8, u16, u32, u64, u128), (u8, u16, u32, u64, u128)}
[INFO] [stdout]     | ---------------------------------------------------------------------------------------- in this macro invocation
[INFO] [stdout]     |
[INFO] [stdout]     = note: this error originates in the macro `impl_bitrange_for_u` which comes from the expansion of the macro `impl_bitrange_for_u_combinations` (in Nightly builds, run with -Z macro-backtrace for more info)
[INFO] [stdout] 
[INFO] [stdout] 
[INFO] [stdout] error: requires `receiver` lang_item
[INFO] [stdout]    --> /opt/rustwide/cargo-home/registry/src/index.crates.io-6f17d22bba15001f/bitfield-0.13.2/src/lib.rs:621:30
[INFO] [stdout]     |
[INFO] [stdout] 621 |             fn set_bit_range(&mut self, msb: usize, lsb: usize, value: $bitrange_ty) {
[INFO] [stdout]     |                              ^^^^^^^^^
[INFO] [stdout] ...
[INFO] [stdout] 647 | impl_bitrange_for_u_combinations! {(u8, u16, u32, u64, u128), (u8, u16, u32, u64, u128)}
[INFO] [stdout]     | ---------------------------------------------------------------------------------------- in this macro invocation
[INFO] [stdout]     |
[INFO] [stdout]     = note: this error originates in the macro `impl_bitrange_for_u` which comes from the expansion of the macro `impl_bitrange_for_u_combinations` (in Nightly builds, run with -Z macro-backtrace for more info)
[INFO] [stdout] 
[INFO] [stdout] 
[INFO] [stdout] error: requires `receiver` lang_item
[INFO] [stdout]    --> /opt/rustwide/cargo-home/registry/src/index.crates.io-6f17d22bba15001f/bitfield-0.13.2/src/lib.rs:610:26
[INFO] [stdout]     |
[INFO] [stdout] 610 |             fn bit_range(&self, msb: usize, lsb: usize) -> $bitrange_ty {
[INFO] [stdout]     |                          ^^^^^
[INFO] [stdout] ...
[INFO] [stdout] 647 | impl_bitrange_for_u_combinations! {(u8, u16, u32, u64, u128), (u8, u16, u32, u64, u128)}
[INFO] [stdout]     | ---------------------------------------------------------------------------------------- in this macro invocation
[INFO] [stdout]     |
[INFO] [stdout]     = note: this error originates in the macro `impl_bitrange_for_u` which comes from the expansion of the macro `impl_bitrange_for_u_combinations` (in Nightly builds, run with -Z macro-backtrace for more info)
[INFO] [stdout] 
[INFO] [stdout] 
[INFO] [stdout] error: requires `receiver` lang_item
[INFO] [stdout]    --> /opt/rustwide/cargo-home/registry/src/index.crates.io-6f17d22bba15001f/bitfield-0.13.2/src/lib.rs:621:30
[INFO] [stdout]     |
[INFO] [stdout] 621 |             fn set_bit_range(&mut self, msb: usize, lsb: usize, value: $bitrange_ty) {
[INFO] [stdout]     |                              ^^^^^^^^^
[INFO] [stdout] ...
[INFO] [stdout] 647 | impl_bitrange_for_u_combinations! {(u8, u16, u32, u64, u128), (u8, u16, u32, u64, u128)}
[INFO] [stdout]     | ---------------------------------------------------------------------------------------- in this macro invocation
[INFO] [stdout]     |
[INFO] [stdout]     = note: this error originates in the macro `impl_bitrange_for_u` which comes from the expansion of the macro `impl_bitrange_for_u_combinations` (in Nightly builds, run with -Z macro-backtrace for more info)
[INFO] [stdout] 
[INFO] [stdout] 
[INFO] [stdout] error: requires `receiver` lang_item
[INFO] [stdout]    --> /opt/rustwide/cargo-home/registry/src/index.crates.io-6f17d22bba15001f/bitfield-0.13.2/src/lib.rs:610:26
[INFO] [stdout]     |
[INFO] [stdout] 610 |             fn bit_range(&self, msb: usize, lsb: usize) -> $bitrange_ty {
[INFO] [stdout]     |                          ^^^^^
[INFO] [stdout] ...
[INFO] [stdout] 647 | impl_bitrange_for_u_combinations! {(u8, u16, u32, u64, u128), (u8, u16, u32, u64, u128)}
[INFO] [stdout]     | ---------------------------------------------------------------------------------------- in this macro invocation
[INFO] [stdout]     |
[INFO] [stdout]     = note: this error originates in the macro `impl_bitrange_for_u` which comes from the expansion of the macro `impl_bitrange_for_u_combinations` (in Nightly builds, run with -Z macro-backtrace for more info)
[INFO] [stdout] 
[INFO] [stdout] 
[INFO] [stdout] error: requires `receiver` lang_item
[INFO] [stdout]    --> /opt/rustwide/cargo-home/registry/src/index.crates.io-6f17d22bba15001f/bitfield-0.13.2/src/lib.rs:621:30
[INFO] [stdout]     |
[INFO] [stdout] 621 |             fn set_bit_range(&mut self, msb: usize, lsb: usize, value: $bitrange_ty) {
[INFO] [stdout]     |                              ^^^^^^^^^
[INFO] [stdout] ...
[INFO] [stdout] 647 | impl_bitrange_for_u_combinations! {(u8, u16, u32, u64, u128), (u8, u16, u32, u64, u128)}
[INFO] [stdout]     | ---------------------------------------------------------------------------------------- in this macro invocation
[INFO] [stdout]     |
[INFO] [stdout]     = note: this error originates in the macro `impl_bitrange_for_u` which comes from the expansion of the macro `impl_bitrange_for_u_combinations` (in Nightly builds, run with -Z macro-backtrace for more info)
[INFO] [stdout] 
[INFO] [stdout] 
[INFO] [stdout] error: requires `receiver` lang_item
[INFO] [stdout]    --> /opt/rustwide/cargo-home/registry/src/index.crates.io-6f17d22bba15001f/bitfield-0.13.2/src/lib.rs:610:26
[INFO] [stdout]     |
[INFO] [stdout] 610 |             fn bit_range(&self, msb: usize, lsb: usize) -> $bitrange_ty {
[INFO] [stdout]     |                          ^^^^^
[INFO] [stdout] ...
[INFO] [stdout] 647 | impl_bitrange_for_u_combinations! {(u8, u16, u32, u64, u128), (u8, u16, u32, u64, u128)}
[INFO] [stdout]     | ---------------------------------------------------------------------------------------- in this macro invocation
[INFO] [stdout]     |
[INFO] [stdout]     = note: this error originates in the macro `impl_bitrange_for_u` which comes from the expansion of the macro `impl_bitrange_for_u_combinations` (in Nightly builds, run with -Z macro-backtrace for more info)
[INFO] [stdout] 
[INFO] [stdout] 
[INFO] [stdout] error: requires `receiver` lang_item
[INFO] [stdout]    --> /opt/rustwide/cargo-home/registry/src/index.crates.io-6f17d22bba15001f/bitfield-0.13.2/src/lib.rs:621:30
[INFO] [stdout]     |
[INFO] [stdout] 621 |             fn set_bit_range(&mut self, msb: usize, lsb: usize, value: $bitrange_ty) {
[INFO] [stdout]     |                              ^^^^^^^^^
[INFO] [stdout] ...
[INFO] [stdout] 647 | impl_bitrange_for_u_combinations! {(u8, u16, u32, u64, u128), (u8, u16, u32, u64, u128)}
[INFO] [stdout]     | ---------------------------------------------------------------------------------------- in this macro invocation
[INFO] [stdout]     |
[INFO] [stdout]     = note: this error originates in the macro `impl_bitrange_for_u` which comes from the expansion of the macro `impl_bitrange_for_u_combinations` (in Nightly builds, run with -Z macro-backtrace for more info)
[INFO] [stdout] 
[INFO] [stdout] 
[INFO] [stdout] error: requires `receiver` lang_item
[INFO] [stdout]    --> /opt/rustwide/cargo-home/registry/src/index.crates.io-6f17d22bba15001f/bitfield-0.13.2/src/lib.rs:610:26
[INFO] [stdout]     |
[INFO] [stdout] 610 |             fn bit_range(&self, msb: usize, lsb: usize) -> $bitrange_ty {
[INFO] [stdout]     |                          ^^^^^
[INFO] [stdout] ...
[INFO] [stdout] 647 | impl_bitrange_for_u_combinations! {(u8, u16, u32, u64, u128), (u8, u16, u32, u64, u128)}
[INFO] [stdout]     | ---------------------------------------------------------------------------------------- in this macro invocation
[INFO] [stdout]     |
[INFO] [stdout]     = note: this error originates in the macro `impl_bitrange_for_u` which comes from the expansion of the macro `impl_bitrange_for_u_combinations` (in Nightly builds, run with -Z macro-backtrace for more info)
[INFO] [stdout] 
[INFO] [stdout] 
[INFO] [stdout] error: requires `receiver` lang_item
[INFO] [stdout]    --> /opt/rustwide/cargo-home/registry/src/index.crates.io-6f17d22bba15001f/bitfield-0.13.2/src/lib.rs:621:30
[INFO] [stdout]     |
[INFO] [stdout] 621 |             fn set_bit_range(&mut self, msb: usize, lsb: usize, value: $bitrange_ty) {
[INFO] [stdout]     |                              ^^^^^^^^^
[INFO] [stdout] ...
[INFO] [stdout] 647 | impl_bitrange_for_u_combinations! {(u8, u16, u32, u64, u128), (u8, u16, u32, u64, u128)}
[INFO] [stdout]     | ---------------------------------------------------------------------------------------- in this macro invocation
[INFO] [stdout]     |
[INFO] [stdout]     = note: this error originates in the macro `impl_bitrange_for_u` which comes from the expansion of the macro `impl_bitrange_for_u_combinations` (in Nightly builds, run with -Z macro-backtrace for more info)
[INFO] [stdout] 
[INFO] [stdout] 
[INFO] [stdout] error: requires `receiver` lang_item
[INFO] [stdout]    --> /opt/rustwide/cargo-home/registry/src/index.crates.io-6f17d22bba15001f/bitfield-0.13.2/src/lib.rs:610:26
[INFO] [stdout]     |
[INFO] [stdout] 610 |             fn bit_range(&self, msb: usize, lsb: usize) -> $bitrange_ty {
[INFO] [stdout]     |                          ^^^^^
[INFO] [stdout] ...
[INFO] [stdout] 647 | impl_bitrange_for_u_combinations! {(u8, u16, u32, u64, u128), (u8, u16, u32, u64, u128)}
[INFO] [stdout]     | ---------------------------------------------------------------------------------------- in this macro invocation
[INFO] [stdout]     |
[INFO] [stdout]     = note: this error originates in the macro `impl_bitrange_for_u` which comes from the expansion of the macro `impl_bitrange_for_u_combinations` (in Nightly builds, run with -Z macro-backtrace for more info)
[INFO] [stdout] 
[INFO] [stdout] 
[INFO] [stdout] error: requires `receiver` lang_item
[INFO] [stdout]    --> /opt/rustwide/cargo-home/registry/src/index.crates.io-6f17d22bba15001f/bitfield-0.13.2/src/lib.rs:621:30
[INFO] [stdout]     |
[INFO] [stdout] 621 |             fn set_bit_range(&mut self, msb: usize, lsb: usize, value: $bitrange_ty) {
[INFO] [stdout]     |                              ^^^^^^^^^
[INFO] [stdout] ...
[INFO] [stdout] 647 | impl_bitrange_for_u_combinations! {(u8, u16, u32, u64, u128), (u8, u16, u32, u64, u128)}
[INFO] [stdout]     | ---------------------------------------------------------------------------------------- in this macro invocation
[INFO] [stdout]     |
[INFO] [stdout]     = note: this error originates in the macro `impl_bitrange_for_u` which comes from the expansion of the macro `impl_bitrange_for_u_combinations` (in Nightly builds, run with -Z macro-backtrace for more info)
[INFO] [stdout] 
[INFO] [stdout] 
[INFO] [stdout] error: requires `receiver` lang_item
[INFO] [stdout]    --> /opt/rustwide/cargo-home/registry/src/index.crates.io-6f17d22bba15001f/bitfield-0.13.2/src/lib.rs:610:26
[INFO] [stdout]     |
[INFO] [stdout] 610 |             fn bit_range(&self, msb: usize, lsb: usize) -> $bitrange_ty {
[INFO] [stdout]     |                          ^^^^^
[INFO] [stdout] ...
[INFO] [stdout] 647 | impl_bitrange_for_u_combinations! {(u8, u16, u32, u64, u128), (u8, u16, u32, u64, u128)}
[INFO] [stdout]     | ---------------------------------------------------------------------------------------- in this macro invocation
[INFO] [stdout]     |
[INFO] [stdout]     = note: this error originates in the macro `impl_bitrange_for_u` which comes from the expansion of the macro `impl_bitrange_for_u_combinations` (in Nightly builds, run with -Z macro-backtrace for more info)
[INFO] [stdout] 
[INFO] [stdout] 
[INFO] [stdout] error: requires `receiver` lang_item
[INFO] [stdout]    --> /opt/rustwide/cargo-home/registry/src/index.crates.io-6f17d22bba15001f/bitfield-0.13.2/src/lib.rs:621:30
[INFO] [stdout]     |
[INFO] [stdout] 621 |             fn set_bit_range(&mut self, msb: usize, lsb: usize, value: $bitrange_ty) {
[INFO] [stdout]     |                              ^^^^^^^^^
[INFO] [stdout] ...
[INFO] [stdout] 647 | impl_bitrange_for_u_combinations! {(u8, u16, u32, u64, u128), (u8, u16, u32, u64, u128)}
[INFO] [stdout]     | ---------------------------------------------------------------------------------------- in this macro invocation
[INFO] [stdout]     |
[INFO] [stdout]     = note: this error originates in the macro `impl_bitrange_for_u` which comes from the expansion of the macro `impl_bitrange_for_u_combinations` (in Nightly builds, run with -Z macro-backtrace for more info)
[INFO] [stdout] 
[INFO] [stdout] 
[INFO] [stdout] error: requires `receiver` lang_item
[INFO] [stdout]    --> /opt/rustwide/cargo-home/registry/src/index.crates.io-6f17d22bba15001f/bitfield-0.13.2/src/lib.rs:610:26
[INFO] [stdout]     |
[INFO] [stdout] 610 |             fn bit_range(&self, msb: usize, lsb: usize) -> $bitrange_ty {
[INFO] [stdout]     |                          ^^^^^
[INFO] [stdout] ...
[INFO] [stdout] 647 | impl_bitrange_for_u_combinations! {(u8, u16, u32, u64, u128), (u8, u16, u32, u64, u128)}
[INFO] [stdout]     | ---------------------------------------------------------------------------------------- in this macro invocation
[INFO] [stdout]     |
[INFO] [stdout]     = note: this error originates in the macro `impl_bitrange_for_u` which comes from the expansion of the macro `impl_bitrange_for_u_combinations` (in Nightly builds, run with -Z macro-backtrace for more info)
[INFO] [stdout] 
[INFO] [stdout] 
[INFO] [stdout] error: requires `receiver` lang_item
[INFO] [stdout]    --> /opt/rustwide/cargo-home/registry/src/index.crates.io-6f17d22bba15001f/bitfield-0.13.2/src/lib.rs:621:30
[INFO] [stdout]     |
[INFO] [stdout] 621 |             fn set_bit_range(&mut self, msb: usize, lsb: usize, value: $bitrange_ty) {
[INFO] [stdout]     |                              ^^^^^^^^^
[INFO] [stdout] ...
[INFO] [stdout] 647 | impl_bitrange_for_u_combinations! {(u8, u16, u32, u64, u128), (u8, u16, u32, u64, u128)}
[INFO] [stdout]     | ---------------------------------------------------------------------------------------- in this macro invocation
[INFO] [stdout]     |
[INFO] [stdout]     = note: this error originates in the macro `impl_bitrange_for_u` which comes from the expansion of the macro `impl_bitrange_for_u_combinations` (in Nightly builds, run with -Z macro-backtrace for more info)
[INFO] [stdout] 
[INFO] [stdout] 
[INFO] [stdout] error: requires `receiver` lang_item
[INFO] [stdout]    --> /opt/rustwide/cargo-home/registry/src/index.crates.io-6f17d22bba15001f/bitfield-0.13.2/src/lib.rs:610:26
[INFO] [stdout]     |
[INFO] [stdout] 610 |             fn bit_range(&self, msb: usize, lsb: usize) -> $bitrange_ty {
[INFO] [stdout]     |                          ^^^^^
[INFO] [stdout] ...
[INFO] [stdout] 647 | impl_bitrange_for_u_combinations! {(u8, u16, u32, u64, u128), (u8, u16, u32, u64, u128)}
[INFO] [stdout]     | ---------------------------------------------------------------------------------------- in this macro invocation
[INFO] [stdout]     |
[INFO] [stdout]     = note: this error originates in the macro `impl_bitrange_for_u` which comes from the expansion of the macro `impl_bitrange_for_u_combinations` (in Nightly builds, run with -Z macro-backtrace for more info)
[INFO] [stdout] 
[INFO] [stdout] 
[INFO] [stdout] error: requires `receiver` lang_item
[INFO] [stdout]    --> /opt/rustwide/cargo-home/registry/src/index.crates.io-6f17d22bba15001f/bitfield-0.13.2/src/lib.rs:621:30
[INFO] [stdout]     |
[INFO] [stdout] 621 |             fn set_bit_range(&mut self, msb: usize, lsb: usize, value: $bitrange_ty) {
[INFO] [stdout]     |                              ^^^^^^^^^
[INFO] [stdout] ...
[INFO] [stdout] 647 | impl_bitrange_for_u_combinations! {(u8, u16, u32, u64, u128), (u8, u16, u32, u64, u128)}
[INFO] [stdout]     | ---------------------------------------------------------------------------------------- in this macro invocation
[INFO] [stdout]     |
[INFO] [stdout]     = note: this error originates in the macro `impl_bitrange_for_u` which comes from the expansion of the macro `impl_bitrange_for_u_combinations` (in Nightly builds, run with -Z macro-backtrace for more info)
[INFO] [stdout] 
[INFO] [stdout] 
[INFO] [stdout] error: requires `receiver` lang_item
[INFO] [stdout]    --> /opt/rustwide/cargo-home/registry/src/index.crates.io-6f17d22bba15001f/bitfield-0.13.2/src/lib.rs:610:26
[INFO] [stdout]     |
[INFO] [stdout] 610 |             fn bit_range(&self, msb: usize, lsb: usize) -> $bitrange_ty {
[INFO] [stdout]     |                          ^^^^^
[INFO] [stdout] ...
[INFO] [stdout] 647 | impl_bitrange_for_u_combinations! {(u8, u16, u32, u64, u128), (u8, u16, u32, u64, u128)}
[INFO] [stdout]     | ---------------------------------------------------------------------------------------- in this macro invocation
[INFO] [stdout]     |
[INFO] [stdout]     = note: this error originates in the macro `impl_bitrange_for_u` which comes from the expansion of the macro `impl_bitrange_for_u_combinations` (in Nightly builds, run with -Z macro-backtrace for more info)
[INFO] [stdout] 
[INFO] [stdout] 
[INFO] [stdout] error: requires `receiver` lang_item
[INFO] [stdout]    --> /opt/rustwide/cargo-home/registry/src/index.crates.io-6f17d22bba15001f/bitfield-0.13.2/src/lib.rs:621:30
[INFO] [stdout]     |
[INFO] [stdout] 621 |             fn set_bit_range(&mut self, msb: usize, lsb: usize, value: $bitrange_ty) {
[INFO] [stdout]     |                              ^^^^^^^^^
[INFO] [stdout] ...
[INFO] [stdout] 647 | impl_bitrange_for_u_combinations! {(u8, u16, u32, u64, u128), (u8, u16, u32, u64, u128)}
[INFO] [stdout]     | ---------------------------------------------------------------------------------------- in this macro invocation
[INFO] [stdout]     |
[INFO] [stdout]     = note: this error originates in the macro `impl_bitrange_for_u` which comes from the expansion of the macro `impl_bitrange_for_u_combinations` (in Nightly builds, run with -Z macro-backtrace for more info)
[INFO] [stdout] 
[INFO] [stdout] 
[INFO] [stdout] error: requires `receiver` lang_item
[INFO] [stdout]    --> /opt/rustwide/cargo-home/registry/src/index.crates.io-6f17d22bba15001f/bitfield-0.13.2/src/lib.rs:610:26
[INFO] [stdout]     |
[INFO] [stdout] 610 |             fn bit_range(&self, msb: usize, lsb: usize) -> $bitrange_ty {
[INFO] [stdout]     |                          ^^^^^
[INFO] [stdout] ...
[INFO] [stdout] 647 | impl_bitrange_for_u_combinations! {(u8, u16, u32, u64, u128), (u8, u16, u32, u64, u128)}
[INFO] [stdout]     | ---------------------------------------------------------------------------------------- in this macro invocation
[INFO] [stdout]     |
[INFO] [stdout]     = note: this error originates in the macro `impl_bitrange_for_u` which comes from the expansion of the macro `impl_bitrange_for_u_combinations` (in Nightly builds, run with -Z macro-backtrace for more info)
[INFO] [stdout] 
[INFO] [stdout] 
[INFO] [stdout] error: requires `receiver` lang_item
[INFO] [stdout]    --> /opt/rustwide/cargo-home/registry/src/index.crates.io-6f17d22bba15001f/bitfield-0.13.2/src/lib.rs:621:30
[INFO] [stdout]     |
[INFO] [stdout] 621 |             fn set_bit_range(&mut self, msb: usize, lsb: usize, value: $bitrange_ty) {
[INFO] [stdout]     |                              ^^^^^^^^^
[INFO] [stdout] ...
[INFO] [stdout] 647 | impl_bitrange_for_u_combinations! {(u8, u16, u32, u64, u128), (u8, u16, u32, u64, u128)}
[INFO] [stdout]     | ---------------------------------------------------------------------------------------- in this macro invocation
[INFO] [stdout]     |
[INFO] [stdout]     = note: this error originates in the macro `impl_bitrange_for_u` which comes from the expansion of the macro `impl_bitrange_for_u_combinations` (in Nightly builds, run with -Z macro-backtrace for more info)
[INFO] [stdout] 
[INFO] [stdout] 
[INFO] [stdout] error: requires `receiver` lang_item
[INFO] [stdout]    --> /opt/rustwide/cargo-home/registry/src/index.crates.io-6f17d22bba15001f/bitfield-0.13.2/src/lib.rs:610:26
[INFO] [stdout]     |
[INFO] [stdout] 610 |             fn bit_range(&self, msb: usize, lsb: usize) -> $bitrange_ty {
[INFO] [stdout]     |                          ^^^^^
[INFO] [stdout] ...
[INFO] [stdout] 647 | impl_bitrange_for_u_combinations! {(u8, u16, u32, u64, u128), (u8, u16, u32, u64, u128)}
[INFO] [stdout]     | ---------------------------------------------------------------------------------------- in this macro invocation
[INFO] [stdout]     |
[INFO] [stdout]     = note: this error originates in the macro `impl_bitrange_for_u` which comes from the expansion of the macro `impl_bitrange_for_u_combinations` (in Nightly builds, run with -Z macro-backtrace for more info)
[INFO] [stdout] 
[INFO] [stdout] 
[INFO] [stdout] error: requires `receiver` lang_item
[INFO] [stdout]    --> /opt/rustwide/cargo-home/registry/src/index.crates.io-6f17d22bba15001f/bitfield-0.13.2/src/lib.rs:621:30
[INFO] [stdout]     |
[INFO] [stdout] 621 |             fn set_bit_range(&mut self, msb: usize, lsb: usize, value: $bitrange_ty) {
[INFO] [stdout]     |                              ^^^^^^^^^
[INFO] [stdout] ...
[INFO] [stdout] 647 | impl_bitrange_for_u_combinations! {(u8, u16, u32, u64, u128), (u8, u16, u32, u64, u128)}
[INFO] [stdout]     | ---------------------------------------------------------------------------------------- in this macro invocation
[INFO] [stdout]     |
[INFO] [stdout]     = note: this error originates in the macro `impl_bitrange_for_u` which comes from the expansion of the macro `impl_bitrange_for_u_combinations` (in Nightly builds, run with -Z macro-backtrace for more info)
[INFO] [stdout] 
[INFO] [stdout] 
[INFO] [stdout] error: requires `receiver` lang_item
[INFO] [stdout]    --> /opt/rustwide/cargo-home/registry/src/index.crates.io-6f17d22bba15001f/bitfield-0.13.2/src/lib.rs:610:26
[INFO] [stdout]     |
[INFO] [stdout] 610 |             fn bit_range(&self, msb: usize, lsb: usize) -> $bitrange_ty {
[INFO] [stdout]     |                          ^^^^^
[INFO] [stdout] ...
[INFO] [stdout] 647 | impl_bitrange_for_u_combinations! {(u8, u16, u32, u64, u128), (u8, u16, u32, u64, u128)}
[INFO] [stdout]     | ---------------------------------------------------------------------------------------- in this macro invocation
[INFO] [stdout]     |
[INFO] [stdout]     = note: this error originates in the macro `impl_bitrange_for_u` which comes from the expansion of the macro `impl_bitrange_for_u_combinations` (in Nightly builds, run with -Z macro-backtrace for more info)
[INFO] [stdout] 
[INFO] [stdout] 
[INFO] [stdout] error: requires `receiver` lang_item
[INFO] [stdout]    --> /opt/rustwide/cargo-home/registry/src/index.crates.io-6f17d22bba15001f/bitfield-0.13.2/src/lib.rs:621:30
[INFO] [stdout]     |
[INFO] [stdout] 621 |             fn set_bit_range(&mut self, msb: usize, lsb: usize, value: $bitrange_ty) {
[INFO] [stdout]     |                              ^^^^^^^^^
[INFO] [stdout] ...
[INFO] [stdout] 647 | impl_bitrange_for_u_combinations! {(u8, u16, u32, u64, u128), (u8, u16, u32, u64, u128)}
[INFO] [stdout]     | ---------------------------------------------------------------------------------------- in this macro invocation
[INFO] [stdout]     |
[INFO] [stdout]     = note: this error originates in the macro `impl_bitrange_for_u` which comes from the expansion of the macro `impl_bitrange_for_u_combinations` (in Nightly builds, run with -Z macro-backtrace for more info)
[INFO] [stdout] 
[INFO] [stdout] 
[INFO] [stdout] error: requires `receiver` lang_item
[INFO] [stdout]    --> /opt/rustwide/cargo-home/registry/src/index.crates.io-6f17d22bba15001f/bitfield-0.13.2/src/lib.rs:610:26
[INFO] [stdout]     |
[INFO] [stdout] 610 |             fn bit_range(&self, msb: usize, lsb: usize) -> $bitrange_ty {
[INFO] [stdout]     |                          ^^^^^
[INFO] [stdout] ...
[INFO] [stdout] 647 | impl_bitrange_for_u_combinations! {(u8, u16, u32, u64, u128), (u8, u16, u32, u64, u128)}
[INFO] [stdout]     | ---------------------------------------------------------------------------------------- in this macro invocation
[INFO] [stdout]     |
[INFO] [stdout]     = note: this error originates in the macro `impl_bitrange_for_u` which comes from the expansion of the macro `impl_bitrange_for_u_combinations` (in Nightly builds, run with -Z macro-backtrace for more info)
[INFO] [stdout] 
[INFO] [stdout] 
[INFO] [stdout] error: requires `receiver` lang_item
[INFO] [stdout]    --> /opt/rustwide/cargo-home/registry/src/index.crates.io-6f17d22bba15001f/bitfield-0.13.2/src/lib.rs:621:30
[INFO] [stdout]     |
[INFO] [stdout] 621 |             fn set_bit_range(&mut self, msb: usize, lsb: usize, value: $bitrange_ty) {
[INFO] [stdout]     |                              ^^^^^^^^^
[INFO] [stdout] ...
[INFO] [stdout] 647 | impl_bitrange_for_u_combinations! {(u8, u16, u32, u64, u128), (u8, u16, u32, u64, u128)}
[INFO] [stdout]     | ---------------------------------------------------------------------------------------- in this macro invocation
[INFO] [stdout]     |
[INFO] [stdout]     = note: this error originates in the macro `impl_bitrange_for_u` which comes from the expansion of the macro `impl_bitrange_for_u_combinations` (in Nightly builds, run with -Z macro-backtrace for more info)
[INFO] [stdout] 
[INFO] [stdout] 
[INFO] [stdout] error: requires `receiver` lang_item
[INFO] [stdout]    --> /opt/rustwide/cargo-home/registry/src/index.crates.io-6f17d22bba15001f/bitfield-0.13.2/src/lib.rs:610:26
[INFO] [stdout]     |
[INFO] [stdout] 610 |             fn bit_range(&self, msb: usize, lsb: usize) -> $bitrange_ty {
[INFO] [stdout]     |                          ^^^^^
[INFO] [stdout] ...
[INFO] [stdout] 647 | impl_bitrange_for_u_combinations! {(u8, u16, u32, u64, u128), (u8, u16, u32, u64, u128)}
[INFO] [stdout]     | ---------------------------------------------------------------------------------------- in this macro invocation
[INFO] [stdout]     |
[INFO] [stdout]     = note: this error originates in the macro `impl_bitrange_for_u` which comes from the expansion of the macro `impl_bitrange_for_u_combinations` (in Nightly builds, run with -Z macro-backtrace for more info)
[INFO] [stdout] 
[INFO] [stdout] 
[INFO] [stdout] error: requires `receiver` lang_item
[INFO] [stdout]    --> /opt/rustwide/cargo-home/registry/src/index.crates.io-6f17d22bba15001f/bitfield-0.13.2/src/lib.rs:621:30
[INFO] [stdout]     |
[INFO] [stdout] 621 |             fn set_bit_range(&mut self, msb: usize, lsb: usize, value: $bitrange_ty) {
[INFO] [stdout]     |                              ^^^^^^^^^
[INFO] [stdout] ...
[INFO] [stdout] 647 | impl_bitrange_for_u_combinations! {(u8, u16, u32, u64, u128), (u8, u16, u32, u64, u128)}
[INFO] [stdout]     | ---------------------------------------------------------------------------------------- in this macro invocation
[INFO] [stdout]     |
[INFO] [stdout]     = note: this error originates in the macro `impl_bitrange_for_u` which comes from the expansion of the macro `impl_bitrange_for_u_combinations` (in Nightly builds, run with -Z macro-backtrace for more info)
[INFO] [stdout] 
[INFO] [stdout] 
[INFO] [stdout] error: requires `receiver` lang_item
[INFO] [stdout]    --> /opt/rustwide/cargo-home/registry/src/index.crates.io-6f17d22bba15001f/bitfield-0.13.2/src/lib.rs:610:26
[INFO] [stdout]     |
[INFO] [stdout] 610 |             fn bit_range(&self, msb: usize, lsb: usize) -> $bitrange_ty {
[INFO] [stdout]     |                          ^^^^^
[INFO] [stdout] ...
[INFO] [stdout] 647 | impl_bitrange_for_u_combinations! {(u8, u16, u32, u64, u128), (u8, u16, u32, u64, u128)}
[INFO] [stdout]     | ---------------------------------------------------------------------------------------- in this macro invocation
[INFO] [stdout]     |
[INFO] [stdout]     = note: this error originates in the macro `impl_bitrange_for_u` which comes from the expansion of the macro `impl_bitrange_for_u_combinations` (in Nightly builds, run with -Z macro-backtrace for more info)
[INFO] [stdout] 
[INFO] [stdout] 
[INFO] [stdout] error: requires `receiver` lang_item
[INFO] [stdout]    --> /opt/rustwide/cargo-home/registry/src/index.crates.io-6f17d22bba15001f/bitfield-0.13.2/src/lib.rs:621:30
[INFO] [stdout]     |
[INFO] [stdout] 621 |             fn set_bit_range(&mut self, msb: usize, lsb: usize, value: $bitrange_ty) {
[INFO] [stdout]     |                              ^^^^^^^^^
[INFO] [stdout] ...
[INFO] [stdout] 647 | impl_bitrange_for_u_combinations! {(u8, u16, u32, u64, u128), (u8, u16, u32, u64, u128)}
[INFO] [stdout]     | ---------------------------------------------------------------------------------------- in this macro invocation
[INFO] [stdout]     |
[INFO] [stdout]     = note: this error originates in the macro `impl_bitrange_for_u` which comes from the expansion of the macro `impl_bitrange_for_u_combinations` (in Nightly builds, run with -Z macro-backtrace for more info)
[INFO] [stdout] 
[INFO] [stdout] 
[INFO] [stdout] error: requires `receiver` lang_item
[INFO] [stdout]    --> /opt/rustwide/cargo-home/registry/src/index.crates.io-6f17d22bba15001f/bitfield-0.13.2/src/lib.rs:610:26
[INFO] [stdout]     |
[INFO] [stdout] 610 |             fn bit_range(&self, msb: usize, lsb: usize) -> $bitrange_ty {
[INFO] [stdout]     |                          ^^^^^
[INFO] [stdout] ...
[INFO] [stdout] 647 | impl_bitrange_for_u_combinations! {(u8, u16, u32, u64, u128), (u8, u16, u32, u64, u128)}
[INFO] [stdout]     | ---------------------------------------------------------------------------------------- in this macro invocation
[INFO] [stdout]     |
[INFO] [stdout]     = note: this error originates in the macro `impl_bitrange_for_u` which comes from the expansion of the macro `impl_bitrange_for_u_combinations` (in Nightly builds, run with -Z macro-backtrace for more info)
[INFO] [stdout] 
[INFO] [stdout] 
[INFO] [stdout] error: requires `receiver` lang_item
[INFO] [stdout]    --> /opt/rustwide/cargo-home/registry/src/index.crates.io-6f17d22bba15001f/bitfield-0.13.2/src/lib.rs:621:30
[INFO] [stdout]     |
[INFO] [stdout] 621 |             fn set_bit_range(&mut self, msb: usize, lsb: usize, value: $bitrange_ty) {
[INFO] [stdout]     |                              ^^^^^^^^^
[INFO] [stdout] ...
[INFO] [stdout] 647 | impl_bitrange_for_u_combinations! {(u8, u16, u32, u64, u128), (u8, u16, u32, u64, u128)}
[INFO] [stdout]     | ---------------------------------------------------------------------------------------- in this macro invocation
[INFO] [stdout]     |
[INFO] [stdout]     = note: this error originates in the macro `impl_bitrange_for_u` which comes from the expansion of the macro `impl_bitrange_for_u_combinations` (in Nightly builds, run with -Z macro-backtrace for more info)
[INFO] [stdout] 
[INFO] [stdout] 
[INFO] [stdout] error: requires `receiver` lang_item
[INFO] [stdout]    --> /opt/rustwide/cargo-home/registry/src/index.crates.io-6f17d22bba15001f/bitfield-0.13.2/src/lib.rs:610:26
[INFO] [stdout]     |
[INFO] [stdout] 610 |             fn bit_range(&self, msb: usize, lsb: usize) -> $bitrange_ty {
[INFO] [stdout]     |                          ^^^^^
[INFO] [stdout] ...
[INFO] [stdout] 647 | impl_bitrange_for_u_combinations! {(u8, u16, u32, u64, u128), (u8, u16, u32, u64, u128)}
[INFO] [stdout]     | ---------------------------------------------------------------------------------------- in this macro invocation
[INFO] [stdout]     |
[INFO] [stdout]     = note: this error originates in the macro `impl_bitrange_for_u` which comes from the expansion of the macro `impl_bitrange_for_u_combinations` (in Nightly builds, run with -Z macro-backtrace for more info)
[INFO] [stdout] 
[INFO] [stdout] 
[INFO] [stdout] error: requires `receiver` lang_item
[INFO] [stdout]    --> /opt/rustwide/cargo-home/registry/src/index.crates.io-6f17d22bba15001f/bitfield-0.13.2/src/lib.rs:621:30
[INFO] [stdout]     |
[INFO] [stdout] 621 |             fn set_bit_range(&mut self, msb: usize, lsb: usize, value: $bitrange_ty) {
[INFO] [stdout]     |                              ^^^^^^^^^
[INFO] [stdout] ...
[INFO] [stdout] 647 | impl_bitrange_for_u_combinations! {(u8, u16, u32, u64, u128), (u8, u16, u32, u64, u128)}
[INFO] [stdout]     | ---------------------------------------------------------------------------------------- in this macro invocation
[INFO] [stdout]     |
[INFO] [stdout]     = note: this error originates in the macro `impl_bitrange_for_u` which comes from the expansion of the macro `impl_bitrange_for_u_combinations` (in Nightly builds, run with -Z macro-backtrace for more info)
[INFO] [stdout] 
[INFO] [stdout] 
[INFO] [stdout] error: requires `receiver` lang_item
[INFO] [stdout]    --> /opt/rustwide/cargo-home/registry/src/index.crates.io-6f17d22bba15001f/bitfield-0.13.2/src/lib.rs:610:26
[INFO] [stdout]     |
[INFO] [stdout] 610 |             fn bit_range(&self, msb: usize, lsb: usize) -> $bitrange_ty {
[INFO] [stdout]     |                          ^^^^^
[INFO] [stdout] ...
[INFO] [stdout] 647 | impl_bitrange_for_u_combinations! {(u8, u16, u32, u64, u128), (u8, u16, u32, u64, u128)}
[INFO] [stdout]     | ---------------------------------------------------------------------------------------- in this macro invocation
[INFO] [stdout]     |
[INFO] [stdout]     = note: this error originates in the macro `impl_bitrange_for_u` which comes from the expansion of the macro `impl_bitrange_for_u_combinations` (in Nightly builds, run with -Z macro-backtrace for more info)
[INFO] [stdout] 
[INFO] [stdout] 
[INFO] [stdout] error: requires `receiver` lang_item
[INFO] [stdout]    --> /opt/rustwide/cargo-home/registry/src/index.crates.io-6f17d22bba15001f/bitfield-0.13.2/src/lib.rs:621:30
[INFO] [stdout]     |
[INFO] [stdout] 621 |             fn set_bit_range(&mut self, msb: usize, lsb: usize, value: $bitrange_ty) {
[INFO] [stdout]     |                              ^^^^^^^^^
[INFO] [stdout] ...
[INFO] [stdout] 647 | impl_bitrange_for_u_combinations! {(u8, u16, u32, u64, u128), (u8, u16, u32, u64, u128)}
[INFO] [stdout]     | ---------------------------------------------------------------------------------------- in this macro invocation
[INFO] [stdout]     |
[INFO] [stdout]     = note: this error originates in the macro `impl_bitrange_for_u` which comes from the expansion of the macro `impl_bitrange_for_u_combinations` (in Nightly builds, run with -Z macro-backtrace for more info)
[INFO] [stdout] 
[INFO] [stdout] 
[INFO] [stdout] error: requires `receiver` lang_item
[INFO] [stdout]    --> /opt/rustwide/cargo-home/registry/src/index.crates.io-6f17d22bba15001f/bitfield-0.13.2/src/lib.rs:610:26
[INFO] [stdout]     |
[INFO] [stdout] 610 |             fn bit_range(&self, msb: usize, lsb: usize) -> $bitrange_ty {
[INFO] [stdout]     |                          ^^^^^
[INFO] [stdout] ...
[INFO] [stdout] 647 | impl_bitrange_for_u_combinations! {(u8, u16, u32, u64, u128), (u8, u16, u32, u64, u128)}
[INFO] [stdout]     | ---------------------------------------------------------------------------------------- in this macro invocation
[INFO] [stdout]     |
[INFO] [stdout]     = note: this error originates in the macro `impl_bitrange_for_u` which comes from the expansion of the macro `impl_bitrange_for_u_combinations` (in Nightly builds, run with -Z macro-backtrace for more info)
[INFO] [stdout] 
[INFO] [stdout] 
[INFO] [stdout] error: requires `receiver` lang_item
[INFO] [stdout]    --> /opt/rustwide/cargo-home/registry/src/index.crates.io-6f17d22bba15001f/bitfield-0.13.2/src/lib.rs:621:30
[INFO] [stdout]     |
[INFO] [stdout] 621 |             fn set_bit_range(&mut self, msb: usize, lsb: usize, value: $bitrange_ty) {
[INFO] [stdout]     |                              ^^^^^^^^^
[INFO] [stdout] ...
[INFO] [stdout] 647 | impl_bitrange_for_u_combinations! {(u8, u16, u32, u64, u128), (u8, u16, u32, u64, u128)}
[INFO] [stdout]     | ---------------------------------------------------------------------------------------- in this macro invocation
[INFO] [stdout]     |
[INFO] [stdout]     = note: this error originates in the macro `impl_bitrange_for_u` which comes from the expansion of the macro `impl_bitrange_for_u_combinations` (in Nightly builds, run with -Z macro-backtrace for more info)
[INFO] [stdout] 
[INFO] [stdout] 
[INFO] [stdout] error: requires `receiver` lang_item
[INFO] [stdout]    --> /opt/rustwide/cargo-home/registry/src/index.crates.io-6f17d22bba15001f/bitfield-0.13.2/src/lib.rs:610:26
[INFO] [stdout]     |
[INFO] [stdout] 610 |             fn bit_range(&self, msb: usize, lsb: usize) -> $bitrange_ty {
[INFO] [stdout]     |                          ^^^^^
[INFO] [stdout] ...
[INFO] [stdout] 647 | impl_bitrange_for_u_combinations! {(u8, u16, u32, u64, u128), (u8, u16, u32, u64, u128)}
[INFO] [stdout]     | ---------------------------------------------------------------------------------------- in this macro invocation
[INFO] [stdout]     |
[INFO] [stdout]     = note: this error originates in the macro `impl_bitrange_for_u` which comes from the expansion of the macro `impl_bitrange_for_u_combinations` (in Nightly builds, run with -Z macro-backtrace for more info)
[INFO] [stdout] 
[INFO] [stdout] 
[INFO] [stdout] error: requires `receiver` lang_item
[INFO] [stdout]    --> /opt/rustwide/cargo-home/registry/src/index.crates.io-6f17d22bba15001f/bitfield-0.13.2/src/lib.rs:621:30
[INFO] [stdout]     |
[INFO] [stdout] 621 |             fn set_bit_range(&mut self, msb: usize, lsb: usize, value: $bitrange_ty) {
[INFO] [stdout]     |                              ^^^^^^^^^
[INFO] [stdout] ...
[INFO] [stdout] 647 | impl_bitrange_for_u_combinations! {(u8, u16, u32, u64, u128), (u8, u16, u32, u64, u128)}
[INFO] [stdout]     | ---------------------------------------------------------------------------------------- in this macro invocation
[INFO] [stdout]     |
[INFO] [stdout]     = note: this error originates in the macro `impl_bitrange_for_u` which comes from the expansion of the macro `impl_bitrange_for_u_combinations` (in Nightly builds, run with -Z macro-backtrace for more info)
[INFO] [stdout] 
[INFO] [stdout] 
[INFO] [stdout] error: requires `receiver` lang_item
[INFO] [stdout]    --> /opt/rustwide/cargo-home/registry/src/index.crates.io-6f17d22bba15001f/bitfield-0.13.2/src/lib.rs:610:26
[INFO] [stdout]     |
[INFO] [stdout] 610 |             fn bit_range(&self, msb: usize, lsb: usize) -> $bitrange_ty {
[INFO] [stdout]     |                          ^^^^^
[INFO] [stdout] ...
[INFO] [stdout] 648 | impl_bitrange_for_u_combinations! {(u8, u16, u32, u64, u128), (i8, i16, i32, i64, i128)}
[INFO] [stdout]     | ---------------------------------------------------------------------------------------- in this macro invocation
[INFO] [stdout]     |
[INFO] [stdout]     = note: this error originates in the macro `impl_bitrange_for_u` which comes from the expansion of the macro `impl_bitrange_for_u_combinations` (in Nightly builds, run with -Z macro-backtrace for more info)
[INFO] [stdout] 
[INFO] [stdout] 
[INFO] [stdout] error: requires `receiver` lang_item
[INFO] [stdout]    --> /opt/rustwide/cargo-home/registry/src/index.crates.io-6f17d22bba15001f/bitfield-0.13.2/src/lib.rs:621:30
[INFO] [stdout]     |
[INFO] [stdout] 621 |             fn set_bit_range(&mut self, msb: usize, lsb: usize, value: $bitrange_ty) {
[INFO] [stdout]     |                              ^^^^^^^^^
[INFO] [stdout] ...
[INFO] [stdout] 648 | impl_bitrange_for_u_combinations! {(u8, u16, u32, u64, u128), (i8, i16, i32, i64, i128)}
[INFO] [stdout]     | ---------------------------------------------------------------------------------------- in this macro invocation
[INFO] [stdout]     |
[INFO] [stdout]     = note: this error originates in the macro `impl_bitrange_for_u` which comes from the expansion of the macro `impl_bitrange_for_u_combinations` (in Nightly builds, run with -Z macro-backtrace for more info)
[INFO] [stdout] 
[INFO] [stdout] 
[INFO] [stdout] error: requires `receiver` lang_item
[INFO] [stdout]    --> /opt/rustwide/cargo-home/registry/src/index.crates.io-6f17d22bba15001f/bitfield-0.13.2/src/lib.rs:610:26
[INFO] [stdout]     |
[INFO] [stdout] 610 |             fn bit_range(&self, msb: usize, lsb: usize) -> $bitrange_ty {
[INFO] [stdout]     |                          ^^^^^
[INFO] [stdout] ...
[INFO] [stdout] 648 | impl_bitrange_for_u_combinations! {(u8, u16, u32, u64, u128), (i8, i16, i32, i64, i128)}
[INFO] [stdout]     | ---------------------------------------------------------------------------------------- in this macro invocation
[INFO] [stdout]     |
[INFO] [stdout]     = note: this error originates in the macro `impl_bitrange_for_u` which comes from the expansion of the macro `impl_bitrange_for_u_combinations` (in Nightly builds, run with -Z macro-backtrace for more info)
[INFO] [stdout] 
[INFO] [stdout] 
[INFO] [stdout] error: requires `receiver` lang_item
[INFO] [stdout]    --> /opt/rustwide/cargo-home/registry/src/index.crates.io-6f17d22bba15001f/bitfield-0.13.2/src/lib.rs:621:30
[INFO] [stdout]     |
[INFO] [stdout] 621 |             fn set_bit_range(&mut self, msb: usize, lsb: usize, value: $bitrange_ty) {
[INFO] [stdout]     |                              ^^^^^^^^^
[INFO] [stdout] ...
[INFO] [stdout] 648 | impl_bitrange_for_u_combinations! {(u8, u16, u32, u64, u128), (i8, i16, i32, i64, i128)}
[INFO] [stdout]     | ---------------------------------------------------------------------------------------- in this macro invocation
[INFO] [stdout]     |
[INFO] [stdout]     = note: this error originates in the macro `impl_bitrange_for_u` which comes from the expansion of the macro `impl_bitrange_for_u_combinations` (in Nightly builds, run with -Z macro-backtrace for more info)
[INFO] [stdout] 
[INFO] [stdout] 
[INFO] [stdout] error: requires `receiver` lang_item
[INFO] [stdout]    --> /opt/rustwide/cargo-home/registry/src/index.crates.io-6f17d22bba15001f/bitfield-0.13.2/src/lib.rs:610:26
[INFO] [stdout]     |
[INFO] [stdout] 610 |             fn bit_range(&self, msb: usize, lsb: usize) -> $bitrange_ty {
[INFO] [stdout]     |                          ^^^^^
[INFO] [stdout] ...
[INFO] [stdout] 648 | impl_bitrange_for_u_combinations! {(u8, u16, u32, u64, u128), (i8, i16, i32, i64, i128)}
[INFO] [stdout]     | ---------------------------------------------------------------------------------------- in this macro invocation
[INFO] [stdout]     |
[INFO] [stdout]     = note: this error originates in the macro `impl_bitrange_for_u` which comes from the expansion of the macro `impl_bitrange_for_u_combinations` (in Nightly builds, run with -Z macro-backtrace for more info)
[INFO] [stdout] 
[INFO] [stdout] 
[INFO] [stdout] error: requires `receiver` lang_item
[INFO] [stdout]    --> /opt/rustwide/cargo-home/registry/src/index.crates.io-6f17d22bba15001f/bitfield-0.13.2/src/lib.rs:621:30
[INFO] [stdout]     |
[INFO] [stdout] 621 |             fn set_bit_range(&mut self, msb: usize, lsb: usize, value: $bitrange_ty) {
[INFO] [stdout]     |                              ^^^^^^^^^
[INFO] [stdout] ...
[INFO] [stdout] 648 | impl_bitrange_for_u_combinations! {(u8, u16, u32, u64, u128), (i8, i16, i32, i64, i128)}
[INFO] [stdout]     | ---------------------------------------------------------------------------------------- in this macro invocation
[INFO] [stdout]     |
[INFO] [stdout]     = note: this error originates in the macro `impl_bitrange_for_u` which comes from the expansion of the macro `impl_bitrange_for_u_combinations` (in Nightly builds, run with -Z macro-backtrace for more info)
[INFO] [stdout] 
[INFO] [stdout] 
[INFO] [stdout] error: requires `receiver` lang_item
[INFO] [stdout]    --> /opt/rustwide/cargo-home/registry/src/index.crates.io-6f17d22bba15001f/bitfield-0.13.2/src/lib.rs:610:26
[INFO] [stdout]     |
[INFO] [stdout] 610 |             fn bit_range(&self, msb: usize, lsb: usize) -> $bitrange_ty {
[INFO] [stdout]     |                          ^^^^^
[INFO] [stdout] ...
[INFO] [stdout] 648 | impl_bitrange_for_u_combinations! {(u8, u16, u32, u64, u128), (i8, i16, i32, i64, i128)}
[INFO] [stdout]     | ---------------------------------------------------------------------------------------- in this macro invocation
[INFO] [stdout]     |
[INFO] [stdout]     = note: this error originates in the macro `impl_bitrange_for_u` which comes from the expansion of the macro `impl_bitrange_for_u_combinations` (in Nightly builds, run with -Z macro-backtrace for more info)
[INFO] [stdout] 
[INFO] [stdout] 
[INFO] [stdout] error: requires `receiver` lang_item
[INFO] [stdout]    --> /opt/rustwide/cargo-home/registry/src/index.crates.io-6f17d22bba15001f/bitfield-0.13.2/src/lib.rs:621:30
[INFO] [stdout]     |
[INFO] [stdout] 621 |             fn set_bit_range(&mut self, msb: usize, lsb: usize, value: $bitrange_ty) {
[INFO] [stdout]     |                              ^^^^^^^^^
[INFO] [stdout] ...
[INFO] [stdout] 648 | impl_bitrange_for_u_combinations! {(u8, u16, u32, u64, u128), (i8, i16, i32, i64, i128)}
[INFO] [stdout]     | ---------------------------------------------------------------------------------------- in this macro invocation
[INFO] [stdout]     |
[INFO] [stdout]     = note: this error originates in the macro `impl_bitrange_for_u` which comes from the expansion of the macro `impl_bitrange_for_u_combinations` (in Nightly builds, run with -Z macro-backtrace for more info)
[INFO] [stdout] 
[INFO] [stdout] 
[INFO] [stdout] error: requires `receiver` lang_item
[INFO] [stdout]    --> /opt/rustwide/cargo-home/registry/src/index.crates.io-6f17d22bba15001f/bitfield-0.13.2/src/lib.rs:610:26
[INFO] [stdout]     |
[INFO] [stdout] 610 |             fn bit_range(&self, msb: usize, lsb: usize) -> $bitrange_ty {
[INFO] [stdout]     |                          ^^^^^
[INFO] [stdout] ...
[INFO] [stdout] 648 | impl_bitrange_for_u_combinations! {(u8, u16, u32, u64, u128), (i8, i16, i32, i64, i128)}
[INFO] [stdout]     | ---------------------------------------------------------------------------------------- in this macro invocation
[INFO] [stdout]     |
[INFO] [stdout]     = note: this error originates in the macro `impl_bitrange_for_u` which comes from the expansion of the macro `impl_bitrange_for_u_combinations` (in Nightly builds, run with -Z macro-backtrace for more info)
[INFO] [stdout] 
[INFO] [stdout] 
[INFO] [stdout] error: requires `receiver` lang_item
[INFO] [stdout]    --> /opt/rustwide/cargo-home/registry/src/index.crates.io-6f17d22bba15001f/bitfield-0.13.2/src/lib.rs:621:30
[INFO] [stdout]     |
[INFO] [stdout] 621 |             fn set_bit_range(&mut self, msb: usize, lsb: usize, value: $bitrange_ty) {
[INFO] [stdout]     |                              ^^^^^^^^^
[INFO] [stdout] ...
[INFO] [stdout] 648 | impl_bitrange_for_u_combinations! {(u8, u16, u32, u64, u128), (i8, i16, i32, i64, i128)}
[INFO] [stdout]     | ---------------------------------------------------------------------------------------- in this macro invocation
[INFO] [stdout]     |
[INFO] [stdout]     = note: this error originates in the macro `impl_bitrange_for_u` which comes from the expansion of the macro `impl_bitrange_for_u_combinations` (in Nightly builds, run with -Z macro-backtrace for more info)
[INFO] [stdout] 
[INFO] [stdout] 
[INFO] [stdout] error: requires `receiver` lang_item
[INFO] [stdout]    --> /opt/rustwide/cargo-home/registry/src/index.crates.io-6f17d22bba15001f/bitfield-0.13.2/src/lib.rs:610:26
[INFO] [stdout]     |
[INFO] [stdout] 610 |             fn bit_range(&self, msb: usize, lsb: usize) -> $bitrange_ty {
[INFO] [stdout]     |                          ^^^^^
[INFO] [stdout] ...
[INFO] [stdout] 648 | impl_bitrange_for_u_combinations! {(u8, u16, u32, u64, u128), (i8, i16, i32, i64, i128)}
[INFO] [stdout]     | ---------------------------------------------------------------------------------------- in this macro invocation
[INFO] [stdout]     |
[INFO] [stdout]     = note: this error originates in the macro `impl_bitrange_for_u` which comes from the expansion of the macro `impl_bitrange_for_u_combinations` (in Nightly builds, run with -Z macro-backtrace for more info)
[INFO] [stdout] 
[INFO] [stdout] 
[INFO] [stdout] error: requires `receiver` lang_item
[INFO] [stdout]    --> /opt/rustwide/cargo-home/registry/src/index.crates.io-6f17d22bba15001f/bitfield-0.13.2/src/lib.rs:621:30
[INFO] [stdout]     |
[INFO] [stdout] 621 |             fn set_bit_range(&mut self, msb: usize, lsb: usize, value: $bitrange_ty) {
[INFO] [stdout]     |                              ^^^^^^^^^
[INFO] [stdout] ...
[INFO] [stdout] 648 | impl_bitrange_for_u_combinations! {(u8, u16, u32, u64, u128), (i8, i16, i32, i64, i128)}
[INFO] [stdout]     | ---------------------------------------------------------------------------------------- in this macro invocation
[INFO] [stdout]     |
[INFO] [stdout]     = note: this error originates in the macro `impl_bitrange_for_u` which comes from the expansion of the macro `impl_bitrange_for_u_combinations` (in Nightly builds, run with -Z macro-backtrace for more info)
[INFO] [stdout] 
[INFO] [stdout] 
[INFO] [stdout] error: requires `receiver` lang_item
[INFO] [stdout]    --> /opt/rustwide/cargo-home/registry/src/index.crates.io-6f17d22bba15001f/bitfield-0.13.2/src/lib.rs:610:26
[INFO] [stdout]     |
[INFO] [stdout] 610 |             fn bit_range(&self, msb: usize, lsb: usize) -> $bitrange_ty {
[INFO] [stdout]     |                          ^^^^^
[INFO] [stdout] ...
[INFO] [stdout] 648 | impl_bitrange_for_u_combinations! {(u8, u16, u32, u64, u128), (i8, i16, i32, i64, i128)}
[INFO] [stdout]     | ---------------------------------------------------------------------------------------- in this macro invocation
[INFO] [stdout]     |
[INFO] [stdout]     = note: this error originates in the macro `impl_bitrange_for_u` which comes from the expansion of the macro `impl_bitrange_for_u_combinations` (in Nightly builds, run with -Z macro-backtrace for more info)
[INFO] [stdout] 
[INFO] [stdout] 
[INFO] [stdout] error: requires `receiver` lang_item
[INFO] [stdout]    --> /opt/rustwide/cargo-home/registry/src/index.crates.io-6f17d22bba15001f/bitfield-0.13.2/src/lib.rs:621:30
[INFO] [stdout]     |
[INFO] [stdout] 621 |             fn set_bit_range(&mut self, msb: usize, lsb: usize, value: $bitrange_ty) {
[INFO] [stdout]     |                              ^^^^^^^^^
[INFO] [stdout] ...
[INFO] [stdout] 648 | impl_bitrange_for_u_combinations! {(u8, u16, u32, u64, u128), (i8, i16, i32, i64, i128)}
[INFO] [stdout]     | ---------------------------------------------------------------------------------------- in this macro invocation
[INFO] [stdout]     |
[INFO] [stdout]     = note: this error originates in the macro `impl_bitrange_for_u` which comes from the expansion of the macro `impl_bitrange_for_u_combinations` (in Nightly builds, run with -Z macro-backtrace for more info)
[INFO] [stdout] 
[INFO] [stdout] 
[INFO] [stdout] error: requires `receiver` lang_item
[INFO] [stdout]    --> /opt/rustwide/cargo-home/registry/src/index.crates.io-6f17d22bba15001f/bitfield-0.13.2/src/lib.rs:610:26
[INFO] [stdout]     |
[INFO] [stdout] 610 |             fn bit_range(&self, msb: usize, lsb: usize) -> $bitrange_ty {
[INFO] [stdout]     |                          ^^^^^
[INFO] [stdout] ...
[INFO] [stdout] 648 | impl_bitrange_for_u_combinations! {(u8, u16, u32, u64, u128), (i8, i16, i32, i64, i128)}
[INFO] [stdout]     | ---------------------------------------------------------------------------------------- in this macro invocation
[INFO] [stdout]     |
[INFO] [stdout]     = note: this error originates in the macro `impl_bitrange_for_u` which comes from the expansion of the macro `impl_bitrange_for_u_combinations` (in Nightly builds, run with -Z macro-backtrace for more info)
[INFO] [stdout] 
[INFO] [stdout] 
[INFO] [stdout] error: requires `receiver` lang_item
[INFO] [stdout]    --> /opt/rustwide/cargo-home/registry/src/index.crates.io-6f17d22bba15001f/bitfield-0.13.2/src/lib.rs:621:30
[INFO] [stdout]     |
[INFO] [stdout] 621 |             fn set_bit_range(&mut self, msb: usize, lsb: usize, value: $bitrange_ty) {
[INFO] [stdout]     |                              ^^^^^^^^^
[INFO] [stdout] ...
[INFO] [stdout] 648 | impl_bitrange_for_u_combinations! {(u8, u16, u32, u64, u128), (i8, i16, i32, i64, i128)}
[INFO] [stdout]     | ---------------------------------------------------------------------------------------- in this macro invocation
[INFO] [stdout]     |
[INFO] [stdout]     = note: this error originates in the macro `impl_bitrange_for_u` which comes from the expansion of the macro `impl_bitrange_for_u_combinations` (in Nightly builds, run with -Z macro-backtrace for more info)
[INFO] [stdout] 
[INFO] [stdout] 
[INFO] [stdout] error: requires `receiver` lang_item
[INFO] [stdout]    --> /opt/rustwide/cargo-home/registry/src/index.crates.io-6f17d22bba15001f/bitfield-0.13.2/src/lib.rs:610:26
[INFO] [stdout]     |
[INFO] [stdout] 610 |             fn bit_range(&self, msb: usize, lsb: usize) -> $bitrange_ty {
[INFO] [stdout]     |                          ^^^^^
[INFO] [stdout] ...
[INFO] [stdout] 648 | impl_bitrange_for_u_combinations! {(u8, u16, u32, u64, u128), (i8, i16, i32, i64, i128)}
[INFO] [stdout]     | ---------------------------------------------------------------------------------------- in this macro invocation
[INFO] [stdout]     |
[INFO] [stdout]     = note: this error originates in the macro `impl_bitrange_for_u` which comes from the expansion of the macro `impl_bitrange_for_u_combinations` (in Nightly builds, run with -Z macro-backtrace for more info)
[INFO] [stdout] 
[INFO] [stdout] 
[INFO] [stdout] error: requires `receiver` lang_item
[INFO] [stdout]    --> /opt/rustwide/cargo-home/registry/src/index.crates.io-6f17d22bba15001f/bitfield-0.13.2/src/lib.rs:621:30
[INFO] [stdout]     |
[INFO] [stdout] 621 |             fn set_bit_range(&mut self, msb: usize, lsb: usize, value: $bitrange_ty) {
[INFO] [stdout]     |                              ^^^^^^^^^
[INFO] [stdout] ...
[INFO] [stdout] 648 | impl_bitrange_for_u_combinations! {(u8, u16, u32, u64, u128), (i8, i16, i32, i64, i128)}
[INFO] [stdout]     | ---------------------------------------------------------------------------------------- in this macro invocation
[INFO] [stdout]     |
[INFO] [stdout]     = note: this error originates in the macro `impl_bitrange_for_u` which comes from the expansion of the macro `impl_bitrange_for_u_combinations` (in Nightly builds, run with -Z macro-backtrace for more info)
[INFO] [stdout] 
[INFO] [stdout] 
[INFO] [stdout] error: requires `receiver` lang_item
[INFO] [stdout]    --> /opt/rustwide/cargo-home/registry/src/index.crates.io-6f17d22bba15001f/bitfield-0.13.2/src/lib.rs:610:26
[INFO] [stdout]     |
[INFO] [stdout] 610 |             fn bit_range(&self, msb: usize, lsb: usize) -> $bitrange_ty {
[INFO] [stdout]     |                          ^^^^^
[INFO] [stdout] ...
[INFO] [stdout] 648 | impl_bitrange_for_u_combinations! {(u8, u16, u32, u64, u128), (i8, i16, i32, i64, i128)}
[INFO] [stdout]     | ---------------------------------------------------------------------------------------- in this macro invocation
[INFO] [stdout]     |
[INFO] [stdout]     = note: this error originates in the macro `impl_bitrange_for_u` which comes from the expansion of the macro `impl_bitrange_for_u_combinations` (in Nightly builds, run with -Z macro-backtrace for more info)
[INFO] [stdout] 
[INFO] [stdout] 
[INFO] [stdout] error: requires `receiver` lang_item
[INFO] [stdout]    --> /opt/rustwide/cargo-home/registry/src/index.crates.io-6f17d22bba15001f/bitfield-0.13.2/src/lib.rs:621:30
[INFO] [stdout]     |
[INFO] [stdout] 621 |             fn set_bit_range(&mut self, msb: usize, lsb: usize, value: $bitrange_ty) {
[INFO] [stdout]     |                              ^^^^^^^^^
[INFO] [stdout] ...
[INFO] [stdout] 648 | impl_bitrange_for_u_combinations! {(u8, u16, u32, u64, u128), (i8, i16, i32, i64, i128)}
[INFO] [stdout]     | ---------------------------------------------------------------------------------------- in this macro invocation
[INFO] [stdout]     |
[INFO] [stdout]     = note: this error originates in the macro `impl_bitrange_for_u` which comes from the expansion of the macro `impl_bitrange_for_u_combinations` (in Nightly builds, run with -Z macro-backtrace for more info)
[INFO] [stdout] 
[INFO] [stdout] 
[INFO] [stdout] error: requires `receiver` lang_item
[INFO] [stdout]    --> /opt/rustwide/cargo-home/registry/src/index.crates.io-6f17d22bba15001f/bitfield-0.13.2/src/lib.rs:610:26
[INFO] [stdout]     |
[INFO] [stdout] 610 |             fn bit_range(&self, msb: usize, lsb: usize) -> $bitrange_ty {
[INFO] [stdout]     |                          ^^^^^
[INFO] [stdout] ...
[INFO] [stdout] 648 | impl_bitrange_for_u_combinations! {(u8, u16, u32, u64, u128), (i8, i16, i32, i64, i128)}
[INFO] [stdout]     | ---------------------------------------------------------------------------------------- in this macro invocation
[INFO] [stdout]     |
[INFO] [stdout]     = note: this error originates in the macro `impl_bitrange_for_u` which comes from the expansion of the macro `impl_bitrange_for_u_combinations` (in Nightly builds, run with -Z macro-backtrace for more info)
[INFO] [stdout] 
[INFO] [stdout] 
[INFO] [stdout] error: requires `receiver` lang_item
[INFO] [stdout]    --> /opt/rustwide/cargo-home/registry/src/index.crates.io-6f17d22bba15001f/bitfield-0.13.2/src/lib.rs:621:30
[INFO] [stdout]     |
[INFO] [stdout] 621 |             fn set_bit_range(&mut self, msb: usize, lsb: usize, value: $bitrange_ty) {
[INFO] [stdout]     |                              ^^^^^^^^^
[INFO] [stdout] ...
[INFO] [stdout] 648 | impl_bitrange_for_u_combinations! {(u8, u16, u32, u64, u128), (i8, i16, i32, i64, i128)}
[INFO] [stdout]     | ---------------------------------------------------------------------------------------- in this macro invocation
[INFO] [stdout]     |
[INFO] [stdout]     = note: this error originates in the macro `impl_bitrange_for_u` which comes from the expansion of the macro `impl_bitrange_for_u_combinations` (in Nightly builds, run with -Z macro-backtrace for more info)
[INFO] [stdout] 
[INFO] [stdout] 
[INFO] [stdout] error: requires `receiver` lang_item
[INFO] [stdout]    --> /opt/rustwide/cargo-home/registry/src/index.crates.io-6f17d22bba15001f/bitfield-0.13.2/src/lib.rs:610:26
[INFO] [stdout]     |
[INFO] [stdout] 610 |             fn bit_range(&self, msb: usize, lsb: usize) -> $bitrange_ty {
[INFO] [stdout]     |                          ^^^^^
[INFO] [stdout] ...
[INFO] [stdout] 648 | impl_bitrange_for_u_combinations! {(u8, u16, u32, u64, u128), (i8, i16, i32, i64, i128)}
[INFO] [stdout]     | ---------------------------------------------------------------------------------------- in this macro invocation
[INFO] [stdout]     |
[INFO] [stdout]     = note: this error originates in the macro `impl_bitrange_for_u` which comes from the expansion of the macro `impl_bitrange_for_u_combinations` (in Nightly builds, run with -Z macro-backtrace for more info)
[INFO] [stdout] 
[INFO] [stdout] 
[INFO] [stdout] error: requires `receiver` lang_item
[INFO] [stdout]    --> /opt/rustwide/cargo-home/registry/src/index.crates.io-6f17d22bba15001f/bitfield-0.13.2/src/lib.rs:621:30
[INFO] [stdout]     |
[INFO] [stdout] 621 |             fn set_bit_range(&mut self, msb: usize, lsb: usize, value: $bitrange_ty) {
[INFO] [stdout]     |                              ^^^^^^^^^
[INFO] [stdout] ...
[INFO] [stdout] 648 | impl_bitrange_for_u_combinations! {(u8, u16, u32, u64, u128), (i8, i16, i32, i64, i128)}
[INFO] [stdout]     | ---------------------------------------------------------------------------------------- in this macro invocation
[INFO] [stdout]     |
[INFO] [stdout]     = note: this error originates in the macro `impl_bitrange_for_u` which comes from the expansion of the macro `impl_bitrange_for_u_combinations` (in Nightly builds, run with -Z macro-backtrace for more info)
[INFO] [stdout] 
[INFO] [stdout] 
[INFO] [stdout] error: requires `receiver` lang_item
[INFO] [stdout]    --> /opt/rustwide/cargo-home/registry/src/index.crates.io-6f17d22bba15001f/bitfield-0.13.2/src/lib.rs:610:26
[INFO] [stdout]     |
[INFO] [stdout] 610 |             fn bit_range(&self, msb: usize, lsb: usize) -> $bitrange_ty {
[INFO] [stdout]     |                          ^^^^^
[INFO] [stdout] ...
[INFO] [stdout] 648 | impl_bitrange_for_u_combinations! {(u8, u16, u32, u64, u128), (i8, i16, i32, i64, i128)}
[INFO] [stdout]     | ---------------------------------------------------------------------------------------- in this macro invocation
[INFO] [stdout]     |
[INFO] [stdout]     = note: this error originates in the macro `impl_bitrange_for_u` which comes from the expansion of the macro `impl_bitrange_for_u_combinations` (in Nightly builds, run with -Z macro-backtrace for more info)
[INFO] [stdout] 
[INFO] [stdout] 
[INFO] [stdout] error: requires `receiver` lang_item
[INFO] [stdout]    --> /opt/rustwide/cargo-home/registry/src/index.crates.io-6f17d22bba15001f/bitfield-0.13.2/src/lib.rs:621:30
[INFO] [stdout]     |
[INFO] [stdout] 621 |             fn set_bit_range(&mut self, msb: usize, lsb: usize, value: $bitrange_ty) {
[INFO] [stdout]     |                              ^^^^^^^^^
[INFO] [stdout] ...
[INFO] [stdout] 648 | impl_bitrange_for_u_combinations! {(u8, u16, u32, u64, u128), (i8, i16, i32, i64, i128)}
[INFO] [stdout]     | ---------------------------------------------------------------------------------------- in this macro invocation
[INFO] [stdout]     |
[INFO] [stdout]     = note: this error originates in the macro `impl_bitrange_for_u` which comes from the expansion of the macro `impl_bitrange_for_u_combinations` (in Nightly builds, run with -Z macro-backtrace for more info)
[INFO] [stdout] 
[INFO] [stdout] 
[INFO] [stdout] error: requires `receiver` lang_item
[INFO] [stdout]    --> /opt/rustwide/cargo-home/registry/src/index.crates.io-6f17d22bba15001f/bitfield-0.13.2/src/lib.rs:610:26
[INFO] [stdout]     |
[INFO] [stdout] 610 |             fn bit_range(&self, msb: usize, lsb: usize) -> $bitrange_ty {
[INFO] [stdout]     |                          ^^^^^
[INFO] [stdout] ...
[INFO] [stdout] 648 | impl_bitrange_for_u_combinations! {(u8, u16, u32, u64, u128), (i8, i16, i32, i64, i128)}
[INFO] [stdout]     | ---------------------------------------------------------------------------------------- in this macro invocation
[INFO] [stdout]     |
[INFO] [stdout]     = note: this error originates in the macro `impl_bitrange_for_u` which comes from the expansion of the macro `impl_bitrange_for_u_combinations` (in Nightly builds, run with -Z macro-backtrace for more info)
[INFO] [stdout] 
[INFO] [stdout] 
[INFO] [stdout] error: requires `receiver` lang_item
[INFO] [stdout]    --> /opt/rustwide/cargo-home/registry/src/index.crates.io-6f17d22bba15001f/bitfield-0.13.2/src/lib.rs:621:30
[INFO] [stdout]     |
[INFO] [stdout] 621 |             fn set_bit_range(&mut self, msb: usize, lsb: usize, value: $bitrange_ty) {
[INFO] [stdout]     |                              ^^^^^^^^^
[INFO] [stdout] ...
[INFO] [stdout] 648 | impl_bitrange_for_u_combinations! {(u8, u16, u32, u64, u128), (i8, i16, i32, i64, i128)}
[INFO] [stdout]     | ---------------------------------------------------------------------------------------- in this macro invocation
[INFO] [stdout]     |
[INFO] [stdout]     = note: this error originates in the macro `impl_bitrange_for_u` which comes from the expansion of the macro `impl_bitrange_for_u_combinations` (in Nightly builds, run with -Z macro-backtrace for more info)
[INFO] [stdout] 
[INFO] [stdout] 
[INFO] [stdout] error: requires `receiver` lang_item
[INFO] [stdout]    --> /opt/rustwide/cargo-home/registry/src/index.crates.io-6f17d22bba15001f/bitfield-0.13.2/src/lib.rs:610:26
[INFO] [stdout]     |
[INFO] [stdout] 610 |             fn bit_range(&self, msb: usize, lsb: usize) -> $bitrange_ty {
[INFO] [stdout]     |                          ^^^^^
[INFO] [stdout] ...
[INFO] [stdout] 648 | impl_bitrange_for_u_combinations! {(u8, u16, u32, u64, u128), (i8, i16, i32, i64, i128)}
[INFO] [stdout]     | ---------------------------------------------------------------------------------------- in this macro invocation
[INFO] [stdout]     |
[INFO] [stdout]     = note: this error originates in the macro `impl_bitrange_for_u` which comes from the expansion of the macro `impl_bitrange_for_u_combinations` (in Nightly builds, run with -Z macro-backtrace for more info)
[INFO] [stdout] 
[INFO] [stdout] 
[INFO] [stdout] error: requires `receiver` lang_item
[INFO] [stdout]    --> /opt/rustwide/cargo-home/registry/src/index.crates.io-6f17d22bba15001f/bitfield-0.13.2/src/lib.rs:621:30
[INFO] [stdout]     |
[INFO] [stdout] 621 |             fn set_bit_range(&mut self, msb: usize, lsb: usize, value: $bitrange_ty) {
[INFO] [stdout]     |                              ^^^^^^^^^
[INFO] [stdout] ...
[INFO] [stdout] 648 | impl_bitrange_for_u_combinations! {(u8, u16, u32, u64, u128), (i8, i16, i32, i64, i128)}
[INFO] [stdout]     | ---------------------------------------------------------------------------------------- in this macro invocation
[INFO] [stdout]     |
[INFO] [stdout]     = note: this error originates in the macro `impl_bitrange_for_u` which comes from the expansion of the macro `impl_bitrange_for_u_combinations` (in Nightly builds, run with -Z macro-backtrace for more info)
[INFO] [stdout] 
[INFO] [stdout] 
[INFO] [stdout] error: requires `receiver` lang_item
[INFO] [stdout]    --> /opt/rustwide/cargo-home/registry/src/index.crates.io-6f17d22bba15001f/bitfield-0.13.2/src/lib.rs:610:26
[INFO] [stdout]     |
[INFO] [stdout] 610 |             fn bit_range(&self, msb: usize, lsb: usize) -> $bitrange_ty {
[INFO] [stdout]     |                          ^^^^^
[INFO] [stdout] ...
[INFO] [stdout] 648 | impl_bitrange_for_u_combinations! {(u8, u16, u32, u64, u128), (i8, i16, i32, i64, i128)}
[INFO] [stdout]     | ---------------------------------------------------------------------------------------- in this macro invocation
[INFO] [stdout]     |
[INFO] [stdout]     = note: this error originates in the macro `impl_bitrange_for_u` which comes from the expansion of the macro `impl_bitrange_for_u_combinations` (in Nightly builds, run with -Z macro-backtrace for more info)
[INFO] [stdout] 
[INFO] [stdout] 
[INFO] [stdout] error: requires `receiver` lang_item
[INFO] [stdout]    --> /opt/rustwide/cargo-home/registry/src/index.crates.io-6f17d22bba15001f/bitfield-0.13.2/src/lib.rs:621:30
[INFO] [stdout]     |
[INFO] [stdout] 621 |             fn set_bit_range(&mut self, msb: usize, lsb: usize, value: $bitrange_ty) {
[INFO] [stdout]     |                              ^^^^^^^^^
[INFO] [stdout] ...
[INFO] [stdout] 648 | impl_bitrange_for_u_combinations! {(u8, u16, u32, u64, u128), (i8, i16, i32, i64, i128)}
[INFO] [stdout]     | ---------------------------------------------------------------------------------------- in this macro invocation
[INFO] [stdout]     |
[INFO] [stdout]     = note: this error originates in the macro `impl_bitrange_for_u` which comes from the expansion of the macro `impl_bitrange_for_u_combinations` (in Nightly builds, run with -Z macro-backtrace for more info)
[INFO] [stdout] 
[INFO] [stdout] 
[INFO] [stdout] error: requires `receiver` lang_item
[INFO] [stdout]    --> /opt/rustwide/cargo-home/registry/src/index.crates.io-6f17d22bba15001f/bitfield-0.13.2/src/lib.rs:610:26
[INFO] [stdout]     |
[INFO] [stdout] 610 |             fn bit_range(&self, msb: usize, lsb: usize) -> $bitrange_ty {
[INFO] [stdout]     |                          ^^^^^
[INFO] [stdout] ...
[INFO] [stdout] 648 | impl_bitrange_for_u_combinations! {(u8, u16, u32, u64, u128), (i8, i16, i32, i64, i128)}
[INFO] [stdout]     | ---------------------------------------------------------------------------------------- in this macro invocation
[INFO] [stdout]     |
[INFO] [stdout]     = note: this error originates in the macro `impl_bitrange_for_u` which comes from the expansion of the macro `impl_bitrange_for_u_combinations` (in Nightly builds, run with -Z macro-backtrace for more info)
[INFO] [stdout] 
[INFO] [stdout] 
[INFO] [stdout] error: requires `receiver` lang_item
[INFO] [stdout]    --> /opt/rustwide/cargo-home/registry/src/index.crates.io-6f17d22bba15001f/bitfield-0.13.2/src/lib.rs:621:30
[INFO] [stdout]     |
[INFO] [stdout] 621 |             fn set_bit_range(&mut self, msb: usize, lsb: usize, value: $bitrange_ty) {
[INFO] [stdout]     |                              ^^^^^^^^^
[INFO] [stdout] ...
[INFO] [stdout] 648 | impl_bitrange_for_u_combinations! {(u8, u16, u32, u64, u128), (i8, i16, i32, i64, i128)}
[INFO] [stdout]     | ---------------------------------------------------------------------------------------- in this macro invocation
[INFO] [stdout]     |
[INFO] [stdout]     = note: this error originates in the macro `impl_bitrange_for_u` which comes from the expansion of the macro `impl_bitrange_for_u_combinations` (in Nightly builds, run with -Z macro-backtrace for more info)
[INFO] [stdout] 
[INFO] [stdout] 
[INFO] [stdout] error: requires `receiver` lang_item
[INFO] [stdout]    --> /opt/rustwide/cargo-home/registry/src/index.crates.io-6f17d22bba15001f/bitfield-0.13.2/src/lib.rs:610:26
[INFO] [stdout]     |
[INFO] [stdout] 610 |             fn bit_range(&self, msb: usize, lsb: usize) -> $bitrange_ty {
[INFO] [stdout]     |                          ^^^^^
[INFO] [stdout] ...
[INFO] [stdout] 648 | impl_bitrange_for_u_combinations! {(u8, u16, u32, u64, u128), (i8, i16, i32, i64, i128)}
[INFO] [stdout]     | ---------------------------------------------------------------------------------------- in this macro invocation
[INFO] [stdout]     |
[INFO] [stdout]     = note: this error originates in the macro `impl_bitrange_for_u` which comes from the expansion of the macro `impl_bitrange_for_u_combinations` (in Nightly builds, run with -Z macro-backtrace for more info)
[INFO] [stdout] 
[INFO] [stdout] 
[INFO] [stdout] error: requires `receiver` lang_item
[INFO] [stdout]    --> /opt/rustwide/cargo-home/registry/src/index.crates.io-6f17d22bba15001f/bitfield-0.13.2/src/lib.rs:621:30
[INFO] [stdout]     |
[INFO] [stdout] 621 |             fn set_bit_range(&mut self, msb: usize, lsb: usize, value: $bitrange_ty) {
[INFO] [stdout]     |                              ^^^^^^^^^
[INFO] [stdout] ...
[INFO] [stdout] 648 | impl_bitrange_for_u_combinations! {(u8, u16, u32, u64, u128), (i8, i16, i32, i64, i128)}
[INFO] [stdout]     | ---------------------------------------------------------------------------------------- in this macro invocation
[INFO] [stdout]     |
[INFO] [stdout]     = note: this error originates in the macro `impl_bitrange_for_u` which comes from the expansion of the macro `impl_bitrange_for_u_combinations` (in Nightly builds, run with -Z macro-backtrace for more info)
[INFO] [stdout] 
[INFO] [stdout] 
[INFO] [stdout] error: requires `receiver` lang_item
[INFO] [stdout]    --> /opt/rustwide/cargo-home/registry/src/index.crates.io-6f17d22bba15001f/bitfield-0.13.2/src/lib.rs:610:26
[INFO] [stdout]     |
[INFO] [stdout] 610 |             fn bit_range(&self, msb: usize, lsb: usize) -> $bitrange_ty {
[INFO] [stdout]     |                          ^^^^^
[INFO] [stdout] ...
[INFO] [stdout] 648 | impl_bitrange_for_u_combinations! {(u8, u16, u32, u64, u128), (i8, i16, i32, i64, i128)}
[INFO] [stdout]     | ---------------------------------------------------------------------------------------- in this macro invocation
[INFO] [stdout]     |
[INFO] [stdout]     = note: this error originates in the macro `impl_bitrange_for_u` which comes from the expansion of the macro `impl_bitrange_for_u_combinations` (in Nightly builds, run with -Z macro-backtrace for more info)
[INFO] [stdout] 
[INFO] [stdout] 
[INFO] [stdout] error: requires `receiver` lang_item
[INFO] [stdout]    --> /opt/rustwide/cargo-home/registry/src/index.crates.io-6f17d22bba15001f/bitfield-0.13.2/src/lib.rs:621:30
[INFO] [stdout]     |
[INFO] [stdout] 621 |             fn set_bit_range(&mut self, msb: usize, lsb: usize, value: $bitrange_ty) {
[INFO] [stdout]     |                              ^^^^^^^^^
[INFO] [stdout] ...
[INFO] [stdout] 648 | impl_bitrange_for_u_combinations! {(u8, u16, u32, u64, u128), (i8, i16, i32, i64, i128)}
[INFO] [stdout]     | ---------------------------------------------------------------------------------------- in this macro invocation
[INFO] [stdout]     |
[INFO] [stdout]     = note: this error originates in the macro `impl_bitrange_for_u` which comes from the expansion of the macro `impl_bitrange_for_u_combinations` (in Nightly builds, run with -Z macro-backtrace for more info)
[INFO] [stdout] 
[INFO] [stdout] 
[INFO] [stdout] error: requires `receiver` lang_item
[INFO] [stdout]    --> /opt/rustwide/cargo-home/registry/src/index.crates.io-6f17d22bba15001f/bitfield-0.13.2/src/lib.rs:610:26
[INFO] [stdout]     |
[INFO] [stdout] 610 |             fn bit_range(&self, msb: usize, lsb: usize) -> $bitrange_ty {
[INFO] [stdout]     |                          ^^^^^
[INFO] [stdout] ...
[INFO] [stdout] 648 | impl_bitrange_for_u_combinations! {(u8, u16, u32, u64, u128), (i8, i16, i32, i64, i128)}
[INFO] [stdout]     | ---------------------------------------------------------------------------------------- in this macro invocation
[INFO] [stdout]     |
[INFO] [stdout]     = note: this error originates in the macro `impl_bitrange_for_u` which comes from the expansion of the macro `impl_bitrange_for_u_combinations` (in Nightly builds, run with -Z macro-backtrace for more info)
[INFO] [stdout] 
[INFO] [stdout] 
[INFO] [stdout] error: requires `receiver` lang_item
[INFO] [stdout]    --> /opt/rustwide/cargo-home/registry/src/index.crates.io-6f17d22bba15001f/bitfield-0.13.2/src/lib.rs:621:30
[INFO] [stdout]     |
[INFO] [stdout] 621 |             fn set_bit_range(&mut self, msb: usize, lsb: usize, value: $bitrange_ty) {
[INFO] [stdout]     |                              ^^^^^^^^^
[INFO] [stdout] ...
[INFO] [stdout] 648 | impl_bitrange_for_u_combinations! {(u8, u16, u32, u64, u128), (i8, i16, i32, i64, i128)}
[INFO] [stdout]     | ---------------------------------------------------------------------------------------- in this macro invocation
[INFO] [stdout]     |
[INFO] [stdout]     = note: this error originates in the macro `impl_bitrange_for_u` which comes from the expansion of the macro `impl_bitrange_for_u_combinations` (in Nightly builds, run with -Z macro-backtrace for more info)
[INFO] [stdout] 
[INFO] [stdout] 
[INFO] [stdout] error: requires `receiver` lang_item
[INFO] [stdout]    --> /opt/rustwide/cargo-home/registry/src/index.crates.io-6f17d22bba15001f/bitfield-0.13.2/src/lib.rs:610:26
[INFO] [stdout]     |
[INFO] [stdout] 610 |             fn bit_range(&self, msb: usize, lsb: usize) -> $bitrange_ty {
[INFO] [stdout]     |                          ^^^^^
[INFO] [stdout] ...
[INFO] [stdout] 648 | impl_bitrange_for_u_combinations! {(u8, u16, u32, u64, u128), (i8, i16, i32, i64, i128)}
[INFO] [stdout]     | ---------------------------------------------------------------------------------------- in this macro invocation
[INFO] [stdout]     |
[INFO] [stdout]     = note: this error originates in the macro `impl_bitrange_for_u` which comes from the expansion of the macro `impl_bitrange_for_u_combinations` (in Nightly builds, run with -Z macro-backtrace for more info)
[INFO] [stdout] 
[INFO] [stdout] 
[INFO] [stdout] error: requires `receiver` lang_item
[INFO] [stdout]    --> /opt/rustwide/cargo-home/registry/src/index.crates.io-6f17d22bba15001f/bitfield-0.13.2/src/lib.rs:621:30
[INFO] [stdout]     |
[INFO] [stdout] 621 |             fn set_bit_range(&mut self, msb: usize, lsb: usize, value: $bitrange_ty) {
[INFO] [stdout]     |                              ^^^^^^^^^
[INFO] [stdout] ...
[INFO] [stdout] 648 | impl_bitrange_for_u_combinations! {(u8, u16, u32, u64, u128), (i8, i16, i32, i64, i128)}
[INFO] [stdout]     | ---------------------------------------------------------------------------------------- in this macro invocation
[INFO] [stdout]     |
[INFO] [stdout]     = note: this error originates in the macro `impl_bitrange_for_u` which comes from the expansion of the macro `impl_bitrange_for_u_combinations` (in Nightly builds, run with -Z macro-backtrace for more info)
[INFO] [stdout] 
[INFO] [stdout] 
[INFO] [stdout] error: requires `receiver` lang_item
[INFO] [stdout]    --> /opt/rustwide/cargo-home/registry/src/index.crates.io-6f17d22bba15001f/bitfield-0.13.2/src/lib.rs:610:26
[INFO] [stdout]     |
[INFO] [stdout] 610 |             fn bit_range(&self, msb: usize, lsb: usize) -> $bitrange_ty {
[INFO] [stdout]     |                          ^^^^^
[INFO] [stdout] ...
[INFO] [stdout] 648 | impl_bitrange_for_u_combinations! {(u8, u16, u32, u64, u128), (i8, i16, i32, i64, i128)}
[INFO] [stdout]     | ---------------------------------------------------------------------------------------- in this macro invocation
[INFO] [stdout]     |
[INFO] [stdout]     = note: this error originates in the macro `impl_bitrange_for_u` which comes from the expansion of the macro `impl_bitrange_for_u_combinations` (in Nightly builds, run with -Z macro-backtrace for more info)
[INFO] [stdout] 
[INFO] [stdout] 
[INFO] [stdout] error: requires `receiver` lang_item
[INFO] [stdout]    --> /opt/rustwide/cargo-home/registry/src/index.crates.io-6f17d22bba15001f/bitfield-0.13.2/src/lib.rs:621:30
[INFO] [stdout]     |
[INFO] [stdout] 621 |             fn set_bit_range(&mut self, msb: usize, lsb: usize, value: $bitrange_ty) {
[INFO] [stdout]     |                              ^^^^^^^^^
[INFO] [stdout] ...
[INFO] [stdout] 648 | impl_bitrange_for_u_combinations! {(u8, u16, u32, u64, u128), (i8, i16, i32, i64, i128)}
[INFO] [stdout]     | ---------------------------------------------------------------------------------------- in this macro invocation
[INFO] [stdout]     |
[INFO] [stdout]     = note: this error originates in the macro `impl_bitrange_for_u` which comes from the expansion of the macro `impl_bitrange_for_u_combinations` (in Nightly builds, run with -Z macro-backtrace for more info)
[INFO] [stdout] 
[INFO] [stdout] 
[INFO] [stdout] error: requires `receiver` lang_item
[INFO] [stdout]    --> /opt/rustwide/cargo-home/registry/src/index.crates.io-6f17d22bba15001f/bitfield-0.13.2/src/lib.rs:610:26
[INFO] [stdout]     |
[INFO] [stdout] 610 |             fn bit_range(&self, msb: usize, lsb: usize) -> $bitrange_ty {
[INFO] [stdout]     |                          ^^^^^
[INFO] [stdout] ...
[INFO] [stdout] 648 | impl_bitrange_for_u_combinations! {(u8, u16, u32, u64, u128), (i8, i16, i32, i64, i128)}
[INFO] [stdout]     | ---------------------------------------------------------------------------------------- in this macro invocation
[INFO] [stdout]     |
[INFO] [stdout]     = note: this error originates in the macro `impl_bitrange_for_u` which comes from the expansion of the macro `impl_bitrange_for_u_combinations` (in Nightly builds, run with -Z macro-backtrace for more info)
[INFO] [stdout] 
[INFO] [stdout] 
[INFO] [stdout] error: requires `receiver` lang_item
[INFO] [stdout]    --> /opt/rustwide/cargo-home/registry/src/index.crates.io-6f17d22bba15001f/bitfield-0.13.2/src/lib.rs:621:30
[INFO] [stdout]     |
[INFO] [stdout] 621 |             fn set_bit_range(&mut self, msb: usize, lsb: usize, value: $bitrange_ty) {
[INFO] [stdout]     |                              ^^^^^^^^^
[INFO] [stdout] ...
[INFO] [stdout] 648 | impl_bitrange_for_u_combinations! {(u8, u16, u32, u64, u128), (i8, i16, i32, i64, i128)}
[INFO] [stdout]     | ---------------------------------------------------------------------------------------- in this macro invocation
[INFO] [stdout]     |
[INFO] [stdout]     = note: this error originates in the macro `impl_bitrange_for_u` which comes from the expansion of the macro `impl_bitrange_for_u_combinations` (in Nightly builds, run with -Z macro-backtrace for more info)
[INFO] [stdout] 
[INFO] [stdout] 
[INFO] [stdout] error: requires `receiver` lang_item
[INFO] [stdout]    --> /opt/rustwide/cargo-home/registry/src/index.crates.io-6f17d22bba15001f/bitfield-0.13.2/src/lib.rs:610:26
[INFO] [stdout]     |
[INFO] [stdout] 610 |             fn bit_range(&self, msb: usize, lsb: usize) -> $bitrange_ty {
[INFO] [stdout]     |                          ^^^^^
[INFO] [stdout] ...
[INFO] [stdout] 648 | impl_bitrange_for_u_combinations! {(u8, u16, u32, u64, u128), (i8, i16, i32, i64, i128)}
[INFO] [stdout]     | ---------------------------------------------------------------------------------------- in this macro invocation
[INFO] [stdout]     |
[INFO] [stdout]     = note: this error originates in the macro `impl_bitrange_for_u` which comes from the expansion of the macro `impl_bitrange_for_u_combinations` (in Nightly builds, run with -Z macro-backtrace for more info)
[INFO] [stdout] 
[INFO] [stdout] 
[INFO] [stdout] error: requires `receiver` lang_item
[INFO] [stdout]    --> /opt/rustwide/cargo-home/registry/src/index.crates.io-6f17d22bba15001f/bitfield-0.13.2/src/lib.rs:621:30
[INFO] [stdout]     |
[INFO] [stdout] 621 |             fn set_bit_range(&mut self, msb: usize, lsb: usize, value: $bitrange_ty) {
[INFO] [stdout]     |                              ^^^^^^^^^
[INFO] [stdout] ...
[INFO] [stdout] 648 | impl_bitrange_for_u_combinations! {(u8, u16, u32, u64, u128), (i8, i16, i32, i64, i128)}
[INFO] [stdout]     | ---------------------------------------------------------------------------------------- in this macro invocation
[INFO] [stdout]     |
[INFO] [stdout]     = note: this error originates in the macro `impl_bitrange_for_u` which comes from the expansion of the macro `impl_bitrange_for_u_combinations` (in Nightly builds, run with -Z macro-backtrace for more info)
[INFO] [stdout] 
[INFO] [stdout] 
[INFO] [stdout] error: requires `receiver` lang_item
[INFO] [stdout]    --> /opt/rustwide/cargo-home/registry/src/index.crates.io-6f17d22bba15001f/bitfield-0.13.2/src/lib.rs:610:26
[INFO] [stdout]     |
[INFO] [stdout] 610 |             fn bit_range(&self, msb: usize, lsb: usize) -> $bitrange_ty {
[INFO] [stdout]     |                          ^^^^^
[INFO] [stdout] ...
[INFO] [stdout] 648 | impl_bitrange_for_u_combinations! {(u8, u16, u32, u64, u128), (i8, i16, i32, i64, i128)}
[INFO] [stdout]     | ---------------------------------------------------------------------------------------- in this macro invocation
[INFO] [stdout]     |
[INFO] [stdout]     = note: this error originates in the macro `impl_bitrange_for_u` which comes from the expansion of the macro `impl_bitrange_for_u_combinations` (in Nightly builds, run with -Z macro-backtrace for more info)
[INFO] [stdout] 
[INFO] [stdout] 
[INFO] [stdout] error: requires `receiver` lang_item
[INFO] [stdout]    --> /opt/rustwide/cargo-home/registry/src/index.crates.io-6f17d22bba15001f/bitfield-0.13.2/src/lib.rs:621:30
[INFO] [stdout]     |
[INFO] [stdout] 621 |             fn set_bit_range(&mut self, msb: usize, lsb: usize, value: $bitrange_ty) {
[INFO] [stdout]     |                              ^^^^^^^^^
[INFO] [stdout] ...
[INFO] [stdout] 648 | impl_bitrange_for_u_combinations! {(u8, u16, u32, u64, u128), (i8, i16, i32, i64, i128)}
[INFO] [stdout]     | ---------------------------------------------------------------------------------------- in this macro invocation
[INFO] [stdout]     |
[INFO] [stdout]     = note: this error originates in the macro `impl_bitrange_for_u` which comes from the expansion of the macro `impl_bitrange_for_u_combinations` (in Nightly builds, run with -Z macro-backtrace for more info)
[INFO] [stdout] 
[INFO] [stdout] 
[INFO] [stderr] error: could not compile `bitfield` (lib) due to 105 previous errors
[INFO] [stdout] error: aborting due to 104 previous errors
[INFO] [stdout] 
[INFO] [stdout] 
[INFO] [stdout] For more information about this error, try `rustc --explain E0463`.
[INFO] [stdout] 
[INFO] running `Command { std: "docker" "inspect" "d205f999fcbb95ca49fd5a819f075bc14c56fdd177407e0d97ee21000fa2ad74", kill_on_drop: false }`
[INFO] running `Command { std: "docker" "rm" "-f" "d205f999fcbb95ca49fd5a819f075bc14c56fdd177407e0d97ee21000fa2ad74", kill_on_drop: false }`
[INFO] [stdout] d205f999fcbb95ca49fd5a819f075bc14c56fdd177407e0d97ee21000fa2ad74
