[INFO] fetching crate actix-mqtt-client 0.5.0...
[INFO] checking actix-mqtt-client-0.5.0 against nightly-2024-02-05 for check-cfg
[INFO] extracting crate actix-mqtt-client 0.5.0 into /workspace/builds/worker-4-tc1/source
[INFO] validating manifest of crates.io crate actix-mqtt-client 0.5.0 on toolchain nightly-2024-02-05
[INFO] running `Command { std: CARGO_HOME="/workspace/cargo-home" RUSTUP_HOME="/workspace/rustup-home" "/workspace/cargo-home/bin/cargo" "+nightly-2024-02-05" "metadata" "--manifest-path" "Cargo.toml" "--no-deps", kill_on_drop: false }`
[INFO] started tweaking crates.io crate actix-mqtt-client 0.5.0
[INFO] finished tweaking crates.io crate actix-mqtt-client 0.5.0
[INFO] tweaked toml for crates.io crate actix-mqtt-client 0.5.0 written to /workspace/builds/worker-4-tc1/source/Cargo.toml
[INFO] running `Command { std: CARGO_HOME="/workspace/cargo-home" RUSTUP_HOME="/workspace/rustup-home" "/workspace/cargo-home/bin/cargo" "+nightly-2024-02-05" "generate-lockfile" "--manifest-path" "Cargo.toml", kill_on_drop: false }`
[INFO] [stderr]     Updating crates.io index
[INFO] running `Command { std: CARGO_HOME="/workspace/cargo-home" RUSTUP_HOME="/workspace/rustup-home" "/workspace/cargo-home/bin/cargo" "+nightly-2024-02-05" "fetch" "--manifest-path" "Cargo.toml", kill_on_drop: false }`
[INFO] [stderr]  Downloading crates ...
[INFO] [stderr]   Downloaded humantime v2.1.0
[INFO] [stderr]   Downloaded instant v0.1.12
[INFO] [stderr]   Downloaded parking_lot v0.11.2
[INFO] [stderr]   Downloaded redox_syscall v0.2.16
[INFO] [stderr]   Downloaded hermit-abi v0.1.19
[INFO] [stderr]   Downloaded env_logger v0.8.4
[INFO] [stderr]   Downloaded futures v0.3.30
[INFO] [stderr]   Downloaded tokio-stream v0.1.14
[INFO] [stderr]   Downloaded actix v0.12.0
[INFO] [stderr]   Downloaded futures-executor v0.3.30
[INFO] [stderr]   Downloaded termcolor v1.4.1
[INFO] [stderr]   Downloaded futures-macro v0.3.30
[INFO] [stderr]   Downloaded winapi-util v0.1.6
[INFO] [stderr]   Downloaded actix_derive v0.6.1
[INFO] [stderr]   Downloaded tokio-util v0.6.10
[INFO] [stderr]   Downloaded parking_lot_core v0.8.6
[INFO] [stderr]   Downloaded mqtt-protocol v0.11.2
[INFO] running `Command { std: "docker" "create" "-v" "/var/lib/crater-agent-workspace/builds/worker-4-tc1/target:/opt/rustwide/target:rw,Z" "-v" "/var/lib/crater-agent-workspace/builds/worker-4-tc1/source:/opt/rustwide/workdir:ro,Z" "-v" "/var/lib/crater-agent-workspace/cargo-home:/opt/rustwide/cargo-home:ro,Z" "-v" "/var/lib/crater-agent-workspace/rustup-home:/opt/rustwide/rustup-home:ro,Z" "-e" "SOURCE_DIR=/opt/rustwide/workdir" "-e" "CARGO_TARGET_DIR=/opt/rustwide/target" "-e" "CARGO_HOME=/opt/rustwide/cargo-home" "-e" "RUSTUP_HOME=/opt/rustwide/rustup-home" "-w" "/opt/rustwide/workdir" "-m" "1610612736" "--user" "0:0" "--network" "none" "ghcr.io/rust-lang/crates-build-env/linux@sha256:2788e3201cd34a07e3172128adcd8b3090168a8e3bcc40d7c032b9dda1df7d1c" "/opt/rustwide/cargo-home/bin/cargo" "+nightly-2024-02-05" "metadata" "--no-deps" "--format-version=1", kill_on_drop: false }`
[INFO] [stdout] 617458e620a6b6fcfdda5179f0e53d4f0566b99e4b405ca67643ba96054771a5
[INFO] running `Command { std: "docker" "start" "-a" "617458e620a6b6fcfdda5179f0e53d4f0566b99e4b405ca67643ba96054771a5", kill_on_drop: false }`
[INFO] running `Command { std: "docker" "inspect" "617458e620a6b6fcfdda5179f0e53d4f0566b99e4b405ca67643ba96054771a5", kill_on_drop: false }`
[INFO] running `Command { std: "docker" "rm" "-f" "617458e620a6b6fcfdda5179f0e53d4f0566b99e4b405ca67643ba96054771a5", kill_on_drop: false }`
[INFO] [stdout] 617458e620a6b6fcfdda5179f0e53d4f0566b99e4b405ca67643ba96054771a5
[INFO] running `Command { std: "docker" "create" "-v" "/var/lib/crater-agent-workspace/builds/worker-4-tc1/target:/opt/rustwide/target:rw,Z" "-v" "/var/lib/crater-agent-workspace/builds/worker-4-tc1/source:/opt/rustwide/workdir:ro,Z" "-v" "/var/lib/crater-agent-workspace/cargo-home:/opt/rustwide/cargo-home:ro,Z" "-v" "/var/lib/crater-agent-workspace/rustup-home:/opt/rustwide/rustup-home:ro,Z" "-e" "SOURCE_DIR=/opt/rustwide/workdir" "-e" "CARGO_TARGET_DIR=/opt/rustwide/target" "-e" "CARGO_INCREMENTAL=0" "-e" "RUST_BACKTRACE=full" "-e" "RUSTFLAGS=--cap-lints=forbid" "-e" "RUSTDOCFLAGS=--cap-lints=forbid" "-e" "CARGO_HOME=/opt/rustwide/cargo-home" "-e" "RUSTUP_HOME=/opt/rustwide/rustup-home" "-w" "/opt/rustwide/workdir" "-m" "1610612736" "--user" "0:0" "--network" "none" "ghcr.io/rust-lang/crates-build-env/linux@sha256:2788e3201cd34a07e3172128adcd8b3090168a8e3bcc40d7c032b9dda1df7d1c" "/opt/rustwide/cargo-home/bin/cargo" "+nightly-2024-02-05" "check" "--frozen" "--all" "--all-targets" "--message-format=json", kill_on_drop: false }`
[INFO] [stdout] 41fca840f5fdd19c7076b7b82780f0270612d54fb0840a39d3512121a3fed413
[INFO] running `Command { std: "docker" "start" "-a" "41fca840f5fdd19c7076b7b82780f0270612d54fb0840a39d3512121a3fed413", kill_on_drop: false }`
[INFO] [stderr]    Compiling autocfg v1.1.0
[INFO] [stderr]     Checking smallvec v1.13.1
[INFO] [stderr]    Compiling parking_lot_core v0.9.9
[INFO] [stderr]     Checking memchr v2.7.1
[INFO] [stderr]     Checking scopeguard v1.2.0
[INFO] [stderr]     Checking pin-project-lite v0.2.13
[INFO] [stderr]     Checking futures-core v0.3.30
[INFO] [stderr]    Compiling syn v2.0.48
[INFO] [stderr]     Checking socket2 v0.5.5
[INFO] [stderr]     Checking mio v0.8.10
[INFO] [stderr]     Checking signal-hook-registry v1.4.1
[INFO] [stderr]     Checking futures-sink v0.3.30
[INFO] [stderr]     Checking bytes v1.5.0
[INFO] [stderr]     Checking futures-channel v0.3.30
[INFO] [stderr]     Checking futures-io v0.3.30
[INFO] [stderr]     Checking regex-syntax v0.8.2
[INFO] [stderr]    Compiling crossbeam-utils v0.8.19
[INFO] [stderr]     Checking pin-utils v0.1.0
[INFO] [stderr]    Compiling lock_api v0.4.11
[INFO] [stderr]    Compiling slab v0.4.9
[INFO] [stderr]    Compiling parking_lot_core v0.8.6
[INFO] [stderr]     Checking aho-corasick v1.1.2
[INFO] [stderr]     Checking log v0.4.20
[INFO] [stderr]     Checking futures-task v0.3.30
[INFO] [stderr]     Checking instant v0.1.12
[INFO] [stderr]     Checking ppv-lite86 v0.2.17
[INFO] [stderr]     Checking byteorder v1.5.0
[INFO] [stderr]     Checking parking_lot v0.12.1
[INFO] [stderr]     Checking parking_lot v0.11.2
[INFO] [stderr]     Checking lazy_static v1.4.0
[INFO] [stderr]     Checking tokio v1.36.0
[INFO] [stderr]     Checking rand_chacha v0.3.1
[INFO] [stderr]     Checking once_cell v1.19.0
[INFO] [stderr]     Checking bitflags v1.3.2
[INFO] [stderr]     Checking atty v0.2.14
[INFO] [stderr]     Checking crossbeam-channel v0.5.11
[INFO] [stderr]     Checking humantime v2.1.0
[INFO] [stderr]     Checking termcolor v1.4.1
[INFO] [stderr]     Checking rand v0.8.5
[INFO] [stderr]     Checking regex-automata v0.4.5
[INFO] [stderr]    Compiling futures-macro v0.3.30
[INFO] [stderr]    Compiling thiserror-impl v1.0.56
[INFO] [stderr]    Compiling actix_derive v0.6.1
[INFO] [stderr]     Checking regex v1.10.3
[INFO] [stderr]     Checking futures-util v0.3.30
[INFO] [stderr]     Checking thiserror v1.0.56
[INFO] [stderr]     Checking env_logger v0.8.4
[INFO] [stderr]     Checking actix-rt v2.9.0
[INFO] [stderr]     Checking tokio-util v0.6.10
[INFO] [stderr]     Checking mqtt-protocol v0.11.2
[INFO] [stderr]     Checking tokio-stream v0.1.14
[INFO] [stderr]     Checking futures-executor v0.3.30
[INFO] [stderr]     Checking actix v0.12.0
[INFO] [stderr]     Checking futures v0.3.30
[INFO] [stderr]     Checking actix-mqtt-client v0.5.0 (/opt/rustwide/workdir)
[INFO] [stdout] error[E0310]: the parameter type `TStatusPayload` may not live long enough
[INFO] [stdout]   --> src/actors/packets/mod.rs:73:23
[INFO] [stdout]    |
[INFO] [stdout] 73 |     status_recipient: &Recipient<StatusOperationMessage<TStatusPayload>>,
[INFO] [stdout]    |                       ^^^^^^^^^^^^^^^^^^^^^^^^^^^^^^^^^^^^^^^^^^^^^^^^^^
[INFO] [stdout]    |                       |
[INFO] [stdout]    |                       the parameter type `TStatusPayload` must be valid for the static lifetime...
[INFO] [stdout]    |                       ...so that the type `TStatusPayload` will meet its required lifetime bounds
[INFO] [stdout]    |
[INFO] [stdout] help: consider adding an explicit lifetime bound
[INFO] [stdout]    |
[INFO] [stdout] 84 |     TStatusPayload: Send + 'static,
[INFO] [stdout]    |                          +++++++++
[INFO] [stdout] 
[INFO] [stdout] 
[INFO] [stdout] error[E0310]: the parameter type `TStatusPayload` may not live long enough
[INFO] [stdout]    --> src/actors/packets/mod.rs:128:23
[INFO] [stdout]     |
[INFO] [stdout] 128 |     status_recipient: &Recipient<StatusOperationMessage<TStatusPayload>>,
[INFO] [stdout]     |                       ^^^^^^^^^^^^^^^^^^^^^^^^^^^^^^^^^^^^^^^^^^^^^^^^^^
[INFO] [stdout]     |                       |
[INFO] [stdout]     |                       the parameter type `TStatusPayload` must be valid for the static lifetime...
[INFO] [stdout]     |                       ...so that the type `TStatusPayload` will meet its required lifetime bounds
[INFO] [stdout]     |
[INFO] [stdout] help: consider adding an explicit lifetime bound
[INFO] [stdout]     |
[INFO] [stdout] 139 |     TStatusPayload: Send + 'static,
[INFO] [stdout]     |                          +++++++++
[INFO] [stdout] 
[INFO] [stdout] 
[INFO] [stdout] error[E0310]: the parameter type `TStatusPayload` may not live long enough
[INFO] [stdout]    --> src/actors/packets/mod.rs:153:23
[INFO] [stdout]     |
[INFO] [stdout] 153 |     status_recipient: &Recipient<StatusOperationMessage<TStatusPayload>>,
[INFO] [stdout]     |                       ^^^^^^^^^^^^^^^^^^^^^^^^^^^^^^^^^^^^^^^^^^^^^^^^^^
[INFO] [stdout]     |                       |
[INFO] [stdout]     |                       the parameter type `TStatusPayload` must be valid for the static lifetime...
[INFO] [stdout]     |                       ...so that the type `TStatusPayload` will meet its required lifetime bounds
[INFO] [stdout]     |
[INFO] [stdout] help: consider adding an explicit lifetime bound
[INFO] [stdout]     |
[INFO] [stdout] 164 |     TStatusPayload: Send + 'static,
[INFO] [stdout]     |                          +++++++++
[INFO] [stdout] 
[INFO] [stdout] 
[INFO] [stdout] error[E0310]: the parameter type `TStatusPayload` may not live long enough
[INFO] [stdout]   --> src/actors/packets/mod.rs:73:23
[INFO] [stdout]    |
[INFO] [stdout] 73 |     status_recipient: &Recipient<StatusOperationMessage<TStatusPayload>>,
[INFO] [stdout]    |                       ^^^^^^^^^^^^^^^^^^^^^^^^^^^^^^^^^^^^^^^^^^^^^^^^^^
[INFO] [stdout]    |                       |
[INFO] [stdout]    |                       the parameter type `TStatusPayload` must be valid for the static lifetime...
[INFO] [stdout]    |                       ...so that the type `TStatusPayload` will meet its required lifetime bounds
[INFO] [stdout]    |
[INFO] [stdout] help: consider adding an explicit lifetime bound
[INFO] [stdout]    |
[INFO] [stdout] 84 |     TStatusPayload: Send + 'static,
[INFO] [stdout]    |                          +++++++++
[INFO] [stdout] 
[INFO] [stdout] 
[INFO] [stdout] error[E0310]: the parameter type `TStatusPayload` may not live long enough
[INFO] [stdout]    --> src/actors/packets/mod.rs:128:23
[INFO] [stdout]     |
[INFO] [stdout] 128 |     status_recipient: &Recipient<StatusOperationMessage<TStatusPayload>>,
[INFO] [stdout]     |                       ^^^^^^^^^^^^^^^^^^^^^^^^^^^^^^^^^^^^^^^^^^^^^^^^^^
[INFO] [stdout]     |                       |
[INFO] [stdout]     |                       the parameter type `TStatusPayload` must be valid for the static lifetime...
[INFO] [stdout]     |                       ...so that the type `TStatusPayload` will meet its required lifetime bounds
[INFO] [stdout]     |
[INFO] [stdout] help: consider adding an explicit lifetime bound
[INFO] [stdout]     |
[INFO] [stdout] 139 |     TStatusPayload: Send + 'static,
[INFO] [stdout]     |                          +++++++++
[INFO] [stdout] 
[INFO] [stdout] 
[INFO] [stdout] error[E0310]: the parameter type `TStatusPayload` may not live long enough
[INFO] [stdout]    --> src/actors/packets/mod.rs:153:23
[INFO] [stdout]     |
[INFO] [stdout] 153 |     status_recipient: &Recipient<StatusOperationMessage<TStatusPayload>>,
[INFO] [stdout]     |                       ^^^^^^^^^^^^^^^^^^^^^^^^^^^^^^^^^^^^^^^^^^^^^^^^^^
[INFO] [stdout]     |                       |
[INFO] [stdout]     |                       the parameter type `TStatusPayload` must be valid for the static lifetime...
[INFO] [stdout]     |                       ...so that the type `TStatusPayload` will meet its required lifetime bounds
[INFO] [stdout]     |
[INFO] [stdout] help: consider adding an explicit lifetime bound
[INFO] [stdout]     |
[INFO] [stdout] 164 |     TStatusPayload: Send + 'static,
[INFO] [stdout]     |                          +++++++++
[INFO] [stdout] 
[INFO] [stdout] 
[INFO] [stdout] error: aborting due to 3 previous errors
[INFO] [stdout] 
[INFO] [stdout] 
[INFO] [stdout] For more information about this error, try `rustc --explain E0310`.
[INFO] [stdout] 
[INFO] [stderr] error: could not compile `actix-mqtt-client` (lib test) due to 4 previous errors
[INFO] [stderr] warning: build failed, waiting for other jobs to finish...
[INFO] [stdout] error: aborting due to 3 previous errors
[INFO] [stdout] 
[INFO] [stdout] 
[INFO] [stdout] For more information about this error, try `rustc --explain E0310`.
[INFO] [stdout] 
[INFO] [stderr] error: could not compile `actix-mqtt-client` (lib) due to 4 previous errors
[INFO] running `Command { std: "docker" "inspect" "41fca840f5fdd19c7076b7b82780f0270612d54fb0840a39d3512121a3fed413", kill_on_drop: false }`
[INFO] running `Command { std: "docker" "rm" "-f" "41fca840f5fdd19c7076b7b82780f0270612d54fb0840a39d3512121a3fed413", kill_on_drop: false }`
[INFO] [stdout] 41fca840f5fdd19c7076b7b82780f0270612d54fb0840a39d3512121a3fed413
[INFO] checking actix-mqtt-client-0.5.0 against nightly-2024-02-05+rustflags=-Dunexpected_cfgs+cargoflags=-Zcheck-cfg for check-cfg
[INFO] extracting crate actix-mqtt-client 0.5.0 into /workspace/builds/worker-4-tc2/source
[INFO] validating manifest of crates.io crate actix-mqtt-client 0.5.0 on toolchain nightly-2024-02-05
[INFO] running `Command { std: CARGO_HOME="/workspace/cargo-home" RUSTUP_HOME="/workspace/rustup-home" "/workspace/cargo-home/bin/cargo" "+nightly-2024-02-05" "metadata" "--manifest-path" "Cargo.toml" "--no-deps", kill_on_drop: false }`
[INFO] started tweaking crates.io crate actix-mqtt-client 0.5.0
[INFO] finished tweaking crates.io crate actix-mqtt-client 0.5.0
[INFO] tweaked toml for crates.io crate actix-mqtt-client 0.5.0 written to /workspace/builds/worker-4-tc2/source/Cargo.toml
[INFO] running `Command { std: CARGO_HOME="/workspace/cargo-home" RUSTUP_HOME="/workspace/rustup-home" "/workspace/cargo-home/bin/cargo" "+nightly-2024-02-05" "generate-lockfile" "--manifest-path" "Cargo.toml", kill_on_drop: false }`
[INFO] [stderr]     Updating crates.io index
[INFO] running `Command { std: CARGO_HOME="/workspace/cargo-home" RUSTUP_HOME="/workspace/rustup-home" "/workspace/cargo-home/bin/cargo" "+nightly-2024-02-05" "fetch" "--manifest-path" "Cargo.toml", kill_on_drop: false }`
[INFO] running `Command { std: "docker" "create" "-v" "/var/lib/crater-agent-workspace/builds/worker-4-tc2/target:/opt/rustwide/target:rw,Z" "-v" "/var/lib/crater-agent-workspace/builds/worker-4-tc2/source:/opt/rustwide/workdir:ro,Z" "-v" "/var/lib/crater-agent-workspace/cargo-home:/opt/rustwide/cargo-home:ro,Z" "-v" "/var/lib/crater-agent-workspace/rustup-home:/opt/rustwide/rustup-home:ro,Z" "-e" "SOURCE_DIR=/opt/rustwide/workdir" "-e" "CARGO_TARGET_DIR=/opt/rustwide/target" "-e" "CARGO_HOME=/opt/rustwide/cargo-home" "-e" "RUSTUP_HOME=/opt/rustwide/rustup-home" "-w" "/opt/rustwide/workdir" "-m" "1610612736" "--user" "0:0" "--network" "none" "ghcr.io/rust-lang/crates-build-env/linux@sha256:2788e3201cd34a07e3172128adcd8b3090168a8e3bcc40d7c032b9dda1df7d1c" "/opt/rustwide/cargo-home/bin/cargo" "+nightly-2024-02-05" "metadata" "--no-deps" "--format-version=1", kill_on_drop: false }`
[INFO] [stdout] 05b4279121e101885e77127faa65c86b5fe5e125817655b65d4904b3a7451390
[INFO] running `Command { std: "docker" "start" "-a" "05b4279121e101885e77127faa65c86b5fe5e125817655b65d4904b3a7451390", kill_on_drop: false }`
[INFO] running `Command { std: "docker" "inspect" "05b4279121e101885e77127faa65c86b5fe5e125817655b65d4904b3a7451390", kill_on_drop: false }`
[INFO] running `Command { std: "docker" "rm" "-f" "05b4279121e101885e77127faa65c86b5fe5e125817655b65d4904b3a7451390", kill_on_drop: false }`
[INFO] [stdout] 05b4279121e101885e77127faa65c86b5fe5e125817655b65d4904b3a7451390
[INFO] running `Command { std: "docker" "create" "-v" "/var/lib/crater-agent-workspace/builds/worker-4-tc2/target:/opt/rustwide/target:rw,Z" "-v" "/var/lib/crater-agent-workspace/builds/worker-4-tc2/source:/opt/rustwide/workdir:ro,Z" "-v" "/var/lib/crater-agent-workspace/cargo-home:/opt/rustwide/cargo-home:ro,Z" "-v" "/var/lib/crater-agent-workspace/rustup-home:/opt/rustwide/rustup-home:ro,Z" "-e" "SOURCE_DIR=/opt/rustwide/workdir" "-e" "CARGO_TARGET_DIR=/opt/rustwide/target" "-e" "CARGO_INCREMENTAL=0" "-e" "RUST_BACKTRACE=full" "-e" "RUSTFLAGS=--cap-lints=forbid -Dunexpected_cfgs" "-e" "RUSTDOCFLAGS=--cap-lints=forbid" "-e" "CARGO_HOME=/opt/rustwide/cargo-home" "-e" "RUSTUP_HOME=/opt/rustwide/rustup-home" "-w" "/opt/rustwide/workdir" "-m" "1610612736" "--user" "0:0" "--network" "none" "ghcr.io/rust-lang/crates-build-env/linux@sha256:2788e3201cd34a07e3172128adcd8b3090168a8e3bcc40d7c032b9dda1df7d1c" "/opt/rustwide/cargo-home/bin/cargo" "+nightly-2024-02-05" "check" "--frozen" "--all" "--all-targets" "--message-format=json" "-Zcheck-cfg", kill_on_drop: false }`
[INFO] [stdout] 94d09b6f2260f51f2a918d2cde0b66f63551c3e8ee766ddbce238cd07e6ac4e5
[INFO] running `Command { std: "docker" "start" "-a" "94d09b6f2260f51f2a918d2cde0b66f63551c3e8ee766ddbce238cd07e6ac4e5", kill_on_drop: false }`
[INFO] [stderr]    Compiling autocfg v1.1.0
[INFO] [stderr]     Checking smallvec v1.13.1
[INFO] [stderr]    Compiling parking_lot_core v0.9.9
[INFO] [stderr]     Checking pin-project-lite v0.2.13
[INFO] [stderr]     Checking memchr v2.7.1
[INFO] [stderr]     Checking scopeguard v1.2.0
[INFO] [stderr]     Checking futures-core v0.3.30
[INFO] [stderr]    Compiling syn v2.0.48
[INFO] [stderr]     Checking signal-hook-registry v1.4.1
[INFO] [stderr]     Checking mio v0.8.10
[INFO] [stderr]     Checking socket2 v0.5.5
[INFO] [stderr]     Checking bytes v1.5.0
[INFO] [stderr]     Checking futures-sink v0.3.30
[INFO] [stderr]     Checking futures-channel v0.3.30
[INFO] [stderr]     Checking futures-task v0.3.30
[INFO] [stderr]    Compiling lock_api v0.4.11
[INFO] [stderr]    Compiling slab v0.4.9
[INFO] [stderr]     Checking pin-utils v0.1.0
[INFO] [stderr]    Compiling parking_lot_core v0.8.6
[INFO] [stderr]     Checking log v0.4.20
[INFO] [stderr]     Checking regex-syntax v0.8.2
[INFO] [stderr]     Checking aho-corasick v1.1.2
[INFO] [stderr]     Checking futures-io v0.3.30
[INFO] [stderr]    Compiling crossbeam-utils v0.8.19
[INFO] [stderr]     Checking instant v0.1.12
[INFO] [stderr]     Checking ppv-lite86 v0.2.17
[INFO] [stderr]     Checking lazy_static v1.4.0
[INFO] [stderr]     Checking bitflags v1.3.2
[INFO] [stderr]     Checking byteorder v1.5.0
[INFO] [stderr]     Checking parking_lot v0.12.1
[INFO] [stderr]     Checking parking_lot v0.11.2
[INFO] [stderr]     Checking once_cell v1.19.0
[INFO] [stderr]     Checking rand_chacha v0.3.1
[INFO] [stderr]     Checking tokio v1.36.0
[INFO] [stderr]     Checking atty v0.2.14
[INFO] [stderr]     Checking termcolor v1.4.1
[INFO] [stderr]     Checking humantime v2.1.0
[INFO] [stderr]     Checking rand v0.8.5
[INFO] [stderr]     Checking crossbeam-channel v0.5.11
[INFO] [stderr]     Checking regex-automata v0.4.5
[INFO] [stderr]    Compiling futures-macro v0.3.30
[INFO] [stderr]    Compiling thiserror-impl v1.0.56
[INFO] [stderr]    Compiling actix_derive v0.6.1
[INFO] [stderr]     Checking futures-util v0.3.30
[INFO] [stderr]     Checking thiserror v1.0.56
[INFO] [stderr]     Checking regex v1.10.3
[INFO] [stderr]     Checking tokio-util v0.6.10
[INFO] [stderr]     Checking actix-rt v2.9.0
[INFO] [stderr]     Checking tokio-stream v0.1.14
[INFO] [stderr]     Checking mqtt-protocol v0.11.2
[INFO] [stderr]     Checking env_logger v0.8.4
[INFO] [stderr]     Checking futures-executor v0.3.30
[INFO] [stderr]     Checking actix v0.12.0
[INFO] [stderr]     Checking futures v0.3.30
[INFO] [stderr]     Checking actix-mqtt-client v0.5.0 (/opt/rustwide/workdir)
[INFO] [stdout] error[E0310]: the parameter type `TStatusPayload` may not live long enough
[INFO] [stdout]   --> src/actors/packets/mod.rs:73:23
[INFO] [stdout]    |
[INFO] [stdout] 73 |     status_recipient: &Recipient<StatusOperationMessage<TStatusPayload>>,
[INFO] [stdout]    |                       ^^^^^^^^^^^^^^^^^^^^^^^^^^^^^^^^^^^^^^^^^^^^^^^^^^
[INFO] [stdout]    |                       |
[INFO] [stdout]    |                       the parameter type `TStatusPayload` must be valid for the static lifetime...
[INFO] [stdout]    |                       ...so that the type `TStatusPayload` will meet its required lifetime bounds
[INFO] [stdout]    |
[INFO] [stdout] help: consider adding an explicit lifetime bound
[INFO] [stdout]    |
[INFO] [stdout] 84 |     TStatusPayload: Send + 'static,
[INFO] [stdout]    |                          +++++++++
[INFO] [stdout] 
[INFO] [stdout] 
[INFO] [stdout] error[E0310]: the parameter type `TStatusPayload` may not live long enough
[INFO] [stdout]    --> src/actors/packets/mod.rs:128:23
[INFO] [stdout]     |
[INFO] [stdout] 128 |     status_recipient: &Recipient<StatusOperationMessage<TStatusPayload>>,
[INFO] [stdout]     |                       ^^^^^^^^^^^^^^^^^^^^^^^^^^^^^^^^^^^^^^^^^^^^^^^^^^
[INFO] [stdout]     |                       |
[INFO] [stdout]     |                       the parameter type `TStatusPayload` must be valid for the static lifetime...
[INFO] [stdout]     |                       ...so that the type `TStatusPayload` will meet its required lifetime bounds
[INFO] [stdout]     |
[INFO] [stdout] help: consider adding an explicit lifetime bound
[INFO] [stdout]     |
[INFO] [stdout] 139 |     TStatusPayload: Send + 'static,
[INFO] [stdout]     |                          +++++++++
[INFO] [stdout] 
[INFO] [stdout] 
[INFO] [stdout] error[E0310]: the parameter type `TStatusPayload` may not live long enough
[INFO] [stdout]    --> src/actors/packets/mod.rs:153:23
[INFO] [stdout]     |
[INFO] [stdout] 153 |     status_recipient: &Recipient<StatusOperationMessage<TStatusPayload>>,
[INFO] [stdout]     |                       ^^^^^^^^^^^^^^^^^^^^^^^^^^^^^^^^^^^^^^^^^^^^^^^^^^
[INFO] [stdout]     |                       |
[INFO] [stdout]     |                       the parameter type `TStatusPayload` must be valid for the static lifetime...
[INFO] [stdout]     |                       ...so that the type `TStatusPayload` will meet its required lifetime bounds
[INFO] [stdout]     |
[INFO] [stdout] help: consider adding an explicit lifetime bound
[INFO] [stdout]     |
[INFO] [stdout] 164 |     TStatusPayload: Send + 'static,
[INFO] [stdout]     |                          +++++++++
[INFO] [stdout] 
[INFO] [stdout] 
[INFO] [stdout] error[E0310]: the parameter type `TStatusPayload` may not live long enough
[INFO] [stdout]   --> src/actors/packets/mod.rs:73:23
[INFO] [stdout]    |
[INFO] [stdout] 73 |     status_recipient: &Recipient<StatusOperationMessage<TStatusPayload>>,
[INFO] [stdout]    |                       ^^^^^^^^^^^^^^^^^^^^^^^^^^^^^^^^^^^^^^^^^^^^^^^^^^
[INFO] [stdout]    |                       |
[INFO] [stdout]    |                       the parameter type `TStatusPayload` must be valid for the static lifetime...
[INFO] [stdout]    |                       ...so that the type `TStatusPayload` will meet its required lifetime bounds
[INFO] [stdout]    |
[INFO] [stdout] help: consider adding an explicit lifetime bound
[INFO] [stdout]    |
[INFO] [stdout] 84 |     TStatusPayload: Send + 'static,
[INFO] [stdout]    |                          +++++++++
[INFO] [stdout] 
[INFO] [stdout] 
[INFO] [stdout] error[E0310]: the parameter type `TStatusPayload` may not live long enough
[INFO] [stdout]    --> src/actors/packets/mod.rs:128:23
[INFO] [stdout]     |
[INFO] [stdout] 128 |     status_recipient: &Recipient<StatusOperationMessage<TStatusPayload>>,
[INFO] [stdout]     |                       ^^^^^^^^^^^^^^^^^^^^^^^^^^^^^^^^^^^^^^^^^^^^^^^^^^
[INFO] [stdout]     |                       |
[INFO] [stdout]     |                       the parameter type `TStatusPayload` must be valid for the static lifetime...
[INFO] [stdout]     |                       ...so that the type `TStatusPayload` will meet its required lifetime bounds
[INFO] [stdout]     |
[INFO] [stdout] help: consider adding an explicit lifetime bound
[INFO] [stdout]     |
[INFO] [stdout] 139 |     TStatusPayload: Send + 'static,
[INFO] [stdout]     |                          +++++++++
[INFO] [stdout] 
[INFO] [stdout] 
[INFO] [stdout] error[E0310]: the parameter type `TStatusPayload` may not live long enough
[INFO] [stdout]    --> src/actors/packets/mod.rs:153:23
[INFO] [stdout]     |
[INFO] [stdout] 153 |     status_recipient: &Recipient<StatusOperationMessage<TStatusPayload>>,
[INFO] [stdout]     |                       ^^^^^^^^^^^^^^^^^^^^^^^^^^^^^^^^^^^^^^^^^^^^^^^^^^
[INFO] [stdout]     |                       |
[INFO] [stdout]     |                       the parameter type `TStatusPayload` must be valid for the static lifetime...
[INFO] [stdout]     |                       ...so that the type `TStatusPayload` will meet its required lifetime bounds
[INFO] [stdout]     |
[INFO] [stdout] help: consider adding an explicit lifetime bound
[INFO] [stdout]     |
[INFO] [stdout] 164 |     TStatusPayload: Send + 'static,
[INFO] [stdout]     |                          +++++++++
[INFO] [stdout] 
[INFO] [stdout] 
[INFO] [stdout] error: aborting due to 3 previous errors
[INFO] [stdout] 
[INFO] [stdout] 
[INFO] [stdout] For more information about this error, try `rustc --explain E0310`.
[INFO] [stdout] 
[INFO] [stderr] error: could not compile `actix-mqtt-client` (lib) due to 4 previous errors
[INFO] [stderr] warning: build failed, waiting for other jobs to finish...
[INFO] [stdout] error: aborting due to 3 previous errors
[INFO] [stdout] 
[INFO] [stdout] 
[INFO] [stdout] For more information about this error, try `rustc --explain E0310`.
[INFO] [stdout] 
[INFO] [stderr] error: could not compile `actix-mqtt-client` (lib test) due to 4 previous errors
[INFO] running `Command { std: "docker" "inspect" "94d09b6f2260f51f2a918d2cde0b66f63551c3e8ee766ddbce238cd07e6ac4e5", kill_on_drop: false }`
[INFO] running `Command { std: "docker" "rm" "-f" "94d09b6f2260f51f2a918d2cde0b66f63551c3e8ee766ddbce238cd07e6ac4e5", kill_on_drop: false }`
[INFO] [stdout] 94d09b6f2260f51f2a918d2cde0b66f63551c3e8ee766ddbce238cd07e6ac4e5
