[INFO] fetching crate actix-macros 0.2.4...
[INFO] checking actix-macros-0.2.4 against nightly-2024-02-05 for check-cfg
[INFO] extracting crate actix-macros 0.2.4 into /workspace/builds/worker-3-tc1/source
[INFO] validating manifest of crates.io crate actix-macros 0.2.4 on toolchain nightly-2024-02-05
[INFO] running `Command { std: CARGO_HOME="/workspace/cargo-home" RUSTUP_HOME="/workspace/rustup-home" "/workspace/cargo-home/bin/cargo" "+nightly-2024-02-05" "metadata" "--manifest-path" "Cargo.toml" "--no-deps", kill_on_drop: false }`
[INFO] started tweaking crates.io crate actix-macros 0.2.4
[INFO] finished tweaking crates.io crate actix-macros 0.2.4
[INFO] tweaked toml for crates.io crate actix-macros 0.2.4 written to /workspace/builds/worker-3-tc1/source/Cargo.toml
[INFO] running `Command { std: CARGO_HOME="/workspace/cargo-home" RUSTUP_HOME="/workspace/rustup-home" "/workspace/cargo-home/bin/cargo" "+nightly-2024-02-05" "generate-lockfile" "--manifest-path" "Cargo.toml", kill_on_drop: false }`
[INFO] [stderr]     Updating crates.io index
[INFO] running `Command { std: CARGO_HOME="/workspace/cargo-home" RUSTUP_HOME="/workspace/rustup-home" "/workspace/cargo-home/bin/cargo" "+nightly-2024-02-05" "fetch" "--manifest-path" "Cargo.toml", kill_on_drop: false }`
[INFO] running `Command { std: "docker" "create" "-v" "/var/lib/crater-agent-workspace/builds/worker-3-tc1/target:/opt/rustwide/target:rw,Z" "-v" "/var/lib/crater-agent-workspace/builds/worker-3-tc1/source:/opt/rustwide/workdir:ro,Z" "-v" "/var/lib/crater-agent-workspace/cargo-home:/opt/rustwide/cargo-home:ro,Z" "-v" "/var/lib/crater-agent-workspace/rustup-home:/opt/rustwide/rustup-home:ro,Z" "-e" "SOURCE_DIR=/opt/rustwide/workdir" "-e" "CARGO_TARGET_DIR=/opt/rustwide/target" "-e" "CARGO_HOME=/opt/rustwide/cargo-home" "-e" "RUSTUP_HOME=/opt/rustwide/rustup-home" "-w" "/opt/rustwide/workdir" "-m" "1610612736" "--user" "0:0" "--network" "none" "ghcr.io/rust-lang/crates-build-env/linux@sha256:2788e3201cd34a07e3172128adcd8b3090168a8e3bcc40d7c032b9dda1df7d1c" "/opt/rustwide/cargo-home/bin/cargo" "+nightly-2024-02-05" "metadata" "--no-deps" "--format-version=1", kill_on_drop: false }`
[INFO] [stdout] 387b7fa536204705a15dbdb5b31c8efb1791ecc4b7d9ba664307c8c1453d35fe
[INFO] running `Command { std: "docker" "start" "-a" "387b7fa536204705a15dbdb5b31c8efb1791ecc4b7d9ba664307c8c1453d35fe", kill_on_drop: false }`
[INFO] running `Command { std: "docker" "inspect" "387b7fa536204705a15dbdb5b31c8efb1791ecc4b7d9ba664307c8c1453d35fe", kill_on_drop: false }`
[INFO] running `Command { std: "docker" "rm" "-f" "387b7fa536204705a15dbdb5b31c8efb1791ecc4b7d9ba664307c8c1453d35fe", kill_on_drop: false }`
[INFO] [stdout] 387b7fa536204705a15dbdb5b31c8efb1791ecc4b7d9ba664307c8c1453d35fe
[INFO] running `Command { std: "docker" "create" "-v" "/var/lib/crater-agent-workspace/builds/worker-3-tc1/target:/opt/rustwide/target:rw,Z" "-v" "/var/lib/crater-agent-workspace/builds/worker-3-tc1/source:/opt/rustwide/workdir:ro,Z" "-v" "/var/lib/crater-agent-workspace/cargo-home:/opt/rustwide/cargo-home:ro,Z" "-v" "/var/lib/crater-agent-workspace/rustup-home:/opt/rustwide/rustup-home:ro,Z" "-e" "SOURCE_DIR=/opt/rustwide/workdir" "-e" "CARGO_TARGET_DIR=/opt/rustwide/target" "-e" "CARGO_INCREMENTAL=0" "-e" "RUST_BACKTRACE=full" "-e" "RUSTFLAGS=--cap-lints=forbid" "-e" "RUSTDOCFLAGS=--cap-lints=forbid" "-e" "CARGO_HOME=/opt/rustwide/cargo-home" "-e" "RUSTUP_HOME=/opt/rustwide/rustup-home" "-w" "/opt/rustwide/workdir" "-m" "1610612736" "--user" "0:0" "--network" "none" "ghcr.io/rust-lang/crates-build-env/linux@sha256:2788e3201cd34a07e3172128adcd8b3090168a8e3bcc40d7c032b9dda1df7d1c" "/opt/rustwide/cargo-home/bin/cargo" "+nightly-2024-02-05" "check" "--frozen" "--all" "--all-targets" "--message-format=json", kill_on_drop: false }`
[INFO] [stdout] 5ad74ce21beb9ba59a3aa19a237f30c00ede2febb0802a55ec3751f0230d7b8b
[INFO] running `Command { std: "docker" "start" "-a" "5ad74ce21beb9ba59a3aa19a237f30c00ede2febb0802a55ec3751f0230d7b8b", kill_on_drop: false }`
[INFO] [stderr]    Compiling proc-macro2 v1.0.78
[INFO] [stderr]     Checking unicode-ident v1.0.12
[INFO] [stderr]     Checking quote v1.0.35
[INFO] [stderr]     Checking syn v2.0.48
[INFO] [stderr]     Checking actix-macros v0.2.4 (/opt/rustwide/workdir)
[INFO] [stdout] error[E0433]: failed to resolve: use of undeclared crate or module `rustversion`
[INFO] [stdout]  --> tests/trybuild.rs:1:3
[INFO] [stdout]   |
[INFO] [stdout] 1 | #[rustversion::stable(1.65)] // MSRV
[INFO] [stdout]   |   ^^^^^^^^^^^ use of undeclared crate or module `rustversion`
[INFO] [stdout] 
[INFO] [stdout] 
[INFO] [stdout] error[E0433]: failed to resolve: use of undeclared crate or module `trybuild`
[INFO] [stdout]  --> tests/trybuild.rs:4:13
[INFO] [stdout]   |
[INFO] [stdout] 4 |     let t = trybuild::TestCases::new();
[INFO] [stdout]   |             ^^^^^^^^ use of undeclared crate or module `trybuild`
[INFO] [stdout] 
[INFO] [stdout] 
[INFO] [stdout] error: aborting due to 2 previous errors
[INFO] [stdout] 
[INFO] [stdout] 
[INFO] [stdout] For more information about this error, try `rustc --explain E0433`.
[INFO] [stdout] 
[INFO] [stderr] error: could not compile `actix-macros` (test "trybuild") due to 3 previous errors
[INFO] running `Command { std: "docker" "inspect" "5ad74ce21beb9ba59a3aa19a237f30c00ede2febb0802a55ec3751f0230d7b8b", kill_on_drop: false }`
[INFO] running `Command { std: "docker" "rm" "-f" "5ad74ce21beb9ba59a3aa19a237f30c00ede2febb0802a55ec3751f0230d7b8b", kill_on_drop: false }`
[INFO] [stdout] 5ad74ce21beb9ba59a3aa19a237f30c00ede2febb0802a55ec3751f0230d7b8b
[INFO] checking actix-macros-0.2.4 against nightly-2024-02-05+rustflags=-Dunexpected_cfgs+cargoflags=-Zcheck-cfg for check-cfg
[INFO] extracting crate actix-macros 0.2.4 into /workspace/builds/worker-3-tc2/source
[INFO] validating manifest of crates.io crate actix-macros 0.2.4 on toolchain nightly-2024-02-05
[INFO] running `Command { std: CARGO_HOME="/workspace/cargo-home" RUSTUP_HOME="/workspace/rustup-home" "/workspace/cargo-home/bin/cargo" "+nightly-2024-02-05" "metadata" "--manifest-path" "Cargo.toml" "--no-deps", kill_on_drop: false }`
[INFO] started tweaking crates.io crate actix-macros 0.2.4
[INFO] finished tweaking crates.io crate actix-macros 0.2.4
[INFO] tweaked toml for crates.io crate actix-macros 0.2.4 written to /workspace/builds/worker-3-tc2/source/Cargo.toml
[INFO] running `Command { std: CARGO_HOME="/workspace/cargo-home" RUSTUP_HOME="/workspace/rustup-home" "/workspace/cargo-home/bin/cargo" "+nightly-2024-02-05" "generate-lockfile" "--manifest-path" "Cargo.toml", kill_on_drop: false }`
[INFO] [stderr]     Updating crates.io index
[INFO] running `Command { std: CARGO_HOME="/workspace/cargo-home" RUSTUP_HOME="/workspace/rustup-home" "/workspace/cargo-home/bin/cargo" "+nightly-2024-02-05" "fetch" "--manifest-path" "Cargo.toml", kill_on_drop: false }`
[INFO] running `Command { std: "docker" "create" "-v" "/var/lib/crater-agent-workspace/builds/worker-3-tc2/target:/opt/rustwide/target:rw,Z" "-v" "/var/lib/crater-agent-workspace/builds/worker-3-tc2/source:/opt/rustwide/workdir:ro,Z" "-v" "/var/lib/crater-agent-workspace/cargo-home:/opt/rustwide/cargo-home:ro,Z" "-v" "/var/lib/crater-agent-workspace/rustup-home:/opt/rustwide/rustup-home:ro,Z" "-e" "SOURCE_DIR=/opt/rustwide/workdir" "-e" "CARGO_TARGET_DIR=/opt/rustwide/target" "-e" "CARGO_HOME=/opt/rustwide/cargo-home" "-e" "RUSTUP_HOME=/opt/rustwide/rustup-home" "-w" "/opt/rustwide/workdir" "-m" "1610612736" "--user" "0:0" "--network" "none" "ghcr.io/rust-lang/crates-build-env/linux@sha256:2788e3201cd34a07e3172128adcd8b3090168a8e3bcc40d7c032b9dda1df7d1c" "/opt/rustwide/cargo-home/bin/cargo" "+nightly-2024-02-05" "metadata" "--no-deps" "--format-version=1", kill_on_drop: false }`
[INFO] [stdout] 106ddb2582c0950c82d7317d5984f2df8d0fcbb9537acf73f1344c42d002f80c
[INFO] running `Command { std: "docker" "start" "-a" "106ddb2582c0950c82d7317d5984f2df8d0fcbb9537acf73f1344c42d002f80c", kill_on_drop: false }`
[INFO] running `Command { std: "docker" "inspect" "106ddb2582c0950c82d7317d5984f2df8d0fcbb9537acf73f1344c42d002f80c", kill_on_drop: false }`
[INFO] running `Command { std: "docker" "rm" "-f" "106ddb2582c0950c82d7317d5984f2df8d0fcbb9537acf73f1344c42d002f80c", kill_on_drop: false }`
[INFO] [stdout] 106ddb2582c0950c82d7317d5984f2df8d0fcbb9537acf73f1344c42d002f80c
[INFO] running `Command { std: "docker" "create" "-v" "/var/lib/crater-agent-workspace/builds/worker-3-tc2/target:/opt/rustwide/target:rw,Z" "-v" "/var/lib/crater-agent-workspace/builds/worker-3-tc2/source:/opt/rustwide/workdir:ro,Z" "-v" "/var/lib/crater-agent-workspace/cargo-home:/opt/rustwide/cargo-home:ro,Z" "-v" "/var/lib/crater-agent-workspace/rustup-home:/opt/rustwide/rustup-home:ro,Z" "-e" "SOURCE_DIR=/opt/rustwide/workdir" "-e" "CARGO_TARGET_DIR=/opt/rustwide/target" "-e" "CARGO_INCREMENTAL=0" "-e" "RUST_BACKTRACE=full" "-e" "RUSTFLAGS=--cap-lints=forbid -Dunexpected_cfgs" "-e" "RUSTDOCFLAGS=--cap-lints=forbid" "-e" "CARGO_HOME=/opt/rustwide/cargo-home" "-e" "RUSTUP_HOME=/opt/rustwide/rustup-home" "-w" "/opt/rustwide/workdir" "-m" "1610612736" "--user" "0:0" "--network" "none" "ghcr.io/rust-lang/crates-build-env/linux@sha256:2788e3201cd34a07e3172128adcd8b3090168a8e3bcc40d7c032b9dda1df7d1c" "/opt/rustwide/cargo-home/bin/cargo" "+nightly-2024-02-05" "check" "--frozen" "--all" "--all-targets" "--message-format=json" "-Zcheck-cfg", kill_on_drop: false }`
[INFO] [stdout] 7830f8a3faba93d1f54822db1bef817db119a420662c15dd5867809447c9dc2d
[INFO] running `Command { std: "docker" "start" "-a" "7830f8a3faba93d1f54822db1bef817db119a420662c15dd5867809447c9dc2d", kill_on_drop: false }`
[INFO] [stderr]    Compiling proc-macro2 v1.0.78
[INFO] [stderr]     Checking unicode-ident v1.0.12
[INFO] [stderr]     Checking quote v1.0.35
[INFO] [stderr]     Checking syn v2.0.48
[INFO] [stderr]     Checking actix-macros v0.2.4 (/opt/rustwide/workdir)
[INFO] [stdout] error[E0433]: failed to resolve: use of undeclared crate or module `rustversion`
[INFO] [stdout]  --> tests/trybuild.rs:1:3
[INFO] [stdout]   |
[INFO] [stdout] 1 | #[rustversion::stable(1.65)] // MSRV
[INFO] [stdout]   |   ^^^^^^^^^^^ use of undeclared crate or module `rustversion`
[INFO] [stdout] 
[INFO] [stdout] 
[INFO] [stdout] error[E0433]: failed to resolve: use of undeclared crate or module `trybuild`
[INFO] [stdout]  --> tests/trybuild.rs:4:13
[INFO] [stdout]   |
[INFO] [stdout] 4 |     let t = trybuild::TestCases::new();
[INFO] [stdout]   |             ^^^^^^^^ use of undeclared crate or module `trybuild`
[INFO] [stdout] 
[INFO] [stdout] 
[INFO] [stdout] error: aborting due to 2 previous errors
[INFO] [stdout] 
[INFO] [stdout] 
[INFO] [stdout] For more information about this error, try `rustc --explain E0433`.
[INFO] [stdout] 
[INFO] [stderr] error: could not compile `actix-macros` (test "trybuild") due to 3 previous errors
[INFO] running `Command { std: "docker" "inspect" "7830f8a3faba93d1f54822db1bef817db119a420662c15dd5867809447c9dc2d", kill_on_drop: false }`
[INFO] running `Command { std: "docker" "rm" "-f" "7830f8a3faba93d1f54822db1bef817db119a420662c15dd5867809447c9dc2d", kill_on_drop: false }`
[INFO] [stdout] 7830f8a3faba93d1f54822db1bef817db119a420662c15dd5867809447c9dc2d
