[INFO] fetching crate actix-error-mapper-middleware 0.1.1...
[INFO] checking actix-error-mapper-middleware-0.1.1 against nightly-2024-02-05 for check-cfg
[INFO] extracting crate actix-error-mapper-middleware 0.1.1 into /workspace/builds/worker-7-tc1/source
[INFO] validating manifest of crates.io crate actix-error-mapper-middleware 0.1.1 on toolchain nightly-2024-02-05
[INFO] running `Command { std: CARGO_HOME="/workspace/cargo-home" RUSTUP_HOME="/workspace/rustup-home" "/workspace/cargo-home/bin/cargo" "+nightly-2024-02-05" "metadata" "--manifest-path" "Cargo.toml" "--no-deps", kill_on_drop: false }`
[INFO] started tweaking crates.io crate actix-error-mapper-middleware 0.1.1
[INFO] finished tweaking crates.io crate actix-error-mapper-middleware 0.1.1
[INFO] tweaked toml for crates.io crate actix-error-mapper-middleware 0.1.1 written to /workspace/builds/worker-7-tc1/source/Cargo.toml
[INFO] crate crates.io crate actix-error-mapper-middleware 0.1.1 already has a lockfile, it will not be regenerated
[INFO] running `Command { std: CARGO_HOME="/workspace/cargo-home" RUSTUP_HOME="/workspace/rustup-home" "/workspace/cargo-home/bin/cargo" "+nightly-2024-02-05" "fetch" "--manifest-path" "Cargo.toml", kill_on_drop: false }`
[INFO] [stderr]     Updating crates.io index
[INFO] [stderr]  Downloading crates ...
[INFO] [stderr]   Downloaded unicode-xid v0.2.3
[INFO] [stderr]   Downloaded hmac v0.12.1
[INFO] [stderr]   Downloaded serde v1.0.137
[INFO] [stderr]   Downloaded quote v1.0.18
[INFO] [stderr]   Downloaded alloc-stdlib v0.2.1
[INFO] [stderr]   Downloaded matches v0.1.9
[INFO] [stderr]   Downloaded anyhow v1.0.57
[INFO] [stderr]   Downloaded opaque-debug v0.3.0
[INFO] [stderr]   Downloaded num-integer v0.1.45
[INFO] [stderr]   Downloaded base64 v0.13.0
[INFO] [stderr]   Downloaded subtle v2.4.1
[INFO] [stderr]   Downloaded sha2 v0.10.2
[INFO] [stderr]   Downloaded base64ct v1.1.1
[INFO] [stderr]   Downloaded half v1.8.2
[INFO] [stderr]   Downloaded proc-macro2 v1.0.39
[INFO] [stderr]   Downloaded http v0.2.7
[INFO] [stderr]   Downloaded aho-corasick v0.7.18
[INFO] [stderr]   Downloaded regex v1.5.6
[INFO] [stderr]   Downloaded jobserver v0.1.24
[INFO] [stderr]   Downloaded zstd v0.10.2+zstd.1.5.2
[INFO] [stderr]   Downloaded windows_aarch64_msvc v0.36.1
[INFO] [stderr]   Downloaded brotli v3.3.4
[INFO] [stderr]   Downloaded windows-sys v0.36.1
[INFO] [stderr]   Downloaded jwt-compact v0.5.0
[INFO] [stderr]   Downloaded actix-jwt-auth-middleware v0.1.0
[INFO] [stderr]   Downloaded rusty-html-macros v0.1.0
[INFO] [stderr]   Downloaded rusty-html v0.1.1
[INFO] [stderr]   Downloaded actix-jwt-auth-middleware-macros v0.1.0
[INFO] [stderr]   Downloaded zstd-sys v1.6.3+zstd.1.5.2
[INFO] [stderr]   Downloaded windows_x86_64_msvc v0.36.1
[INFO] [stderr]   Downloaded once_cell v1.12.0
[INFO] [stderr]   Downloaded windows_i686_gnu v0.36.1
[INFO] [stderr]   Downloaded windows_x86_64_gnu v0.36.1
[INFO] [stderr]   Downloaded bytestring v1.0.0
[INFO] [stderr]   Downloaded windows_i686_msvc v0.36.1
[INFO] [stderr]   Downloaded tokio v1.18.2
[INFO] [stderr]   Downloaded bytes v1.1.0
[INFO] [stderr]   Downloaded futures-macro v0.3.21
[INFO] [stderr]   Downloaded curve25519-dalek v3.2.1
[INFO] [stderr]   Downloaded signature v1.5.0
[INFO] [stderr]   Downloaded itoa v1.0.2
[INFO] [stderr]   Downloaded libc v0.2.126
[INFO] [stderr]   Downloaded syn v1.0.95
[INFO] [stderr]   Downloaded idna v0.2.3
[INFO] [stderr]   Downloaded actix-web v4.0.1
[INFO] [stderr]   Downloaded httparse v1.7.1
[INFO] [stderr]   Downloaded actix-http v3.0.4
[INFO] [stderr]   Downloaded parking_lot v0.12.0
[INFO] [stderr]   Downloaded actix-router v0.5.0
[INFO] [stderr]   Downloaded regex-syntax v0.6.26
[INFO] [stderr]   Downloaded num-traits v0.2.15
[INFO] [stderr]   Downloaded chrono v0.4.19
[INFO] [stderr]   Downloaded zeroize_derive v1.3.2
[INFO] [stderr]   Downloaded zeroize v1.3.0
[INFO] [stderr]   Downloaded futures-util v0.3.21
[INFO] [stderr]   Downloaded brotli-decompressor v2.3.2
[INFO] [stderr]   Downloaded h2 v0.3.13
[INFO] [stderr]   Downloaded time v0.3.9
[INFO] [stderr]   Downloaded hashbrown v0.11.2
[INFO] [stderr]   Downloaded tokio-util v0.7.2
[INFO] [stderr]   Downloaded serde_derive v1.0.137
[INFO] [stderr]   Downloaded unicode-normalization v0.1.19
[INFO] [stderr]   Downloaded url v2.2.2
[INFO] [stderr]   Downloaded serde_json v1.0.81
[INFO] [stderr]   Downloaded indexmap v1.8.2
[INFO] [stderr]   Downloaded sha-1 v0.10.0
[INFO] [stderr]   Downloaded cc v1.0.73
[INFO] [stderr]   Downloaded mio v0.8.3
[INFO] [stderr]   Downloaded tracing v0.1.34
[INFO] [stderr]   Downloaded cookie v0.16.0
[INFO] [stderr]   Downloaded socket2 v0.4.4
[INFO] [stderr]   Downloaded sha2 v0.9.9
[INFO] [stderr]   Downloaded getrandom v0.2.6
[INFO] [stderr]   Downloaded generic-array v0.14.5
[INFO] [stderr]   Downloaded miniz_oxide v0.5.1
[INFO] [stderr]   Downloaded serde_cbor v0.11.2
[INFO] [stderr]   Downloaded tracing-core v0.1.26
[INFO] [stderr]   Downloaded synstructure v0.12.6
[INFO] [stderr]   Downloaded ryu v1.0.10
[INFO] [stderr]   Downloaded lock_api v0.4.7
[INFO] [stderr]   Downloaded parking_lot_core v0.9.3
[INFO] [stderr]   Downloaded tracing-attributes v0.1.21
[INFO] [stderr]   Downloaded semver v1.0.9
[INFO] [stderr]   Downloaded paste v1.0.7
[INFO] [stderr]   Downloaded unicode-ident v1.0.0
[INFO] [stderr]   Downloaded ed25519 v1.5.2
[INFO] [stderr]   Downloaded actix-web-codegen v4.0.0
[INFO] [stderr]   Downloaded percent-encoding v2.1.0
[INFO] [stderr]   Downloaded ed25519-dalek v1.0.1
[INFO] [stderr]   Downloaded rand_core v0.6.3
[INFO] [stderr]   Downloaded crypto-common v0.1.3
[INFO] [stderr]   Downloaded wasi v0.10.2+wasi-snapshot-preview1
[INFO] [stderr]   Downloaded smallvec v1.8.0
[INFO] [stderr]   Downloaded block-buffer v0.10.2
[INFO] [stderr]   Downloaded slab v0.4.6
[INFO] [stderr]   Downloaded flate2 v1.0.24
[INFO] [stderr]   Downloaded futures-sink v0.3.21
[INFO] [stderr]   Downloaded zstd-safe v4.1.6+zstd.1.5.2
[INFO] [stderr]   Downloaded actix-macros v0.2.3
[INFO] [stderr]   Downloaded redox_syscall v0.2.13
[INFO] [stderr]   Downloaded actix-utils v3.0.0
[INFO] [stderr]   Downloaded form_urlencoded v1.0.1
[INFO] [stderr]   Downloaded byteorder v1.4.3
[INFO] [stderr]   Downloaded digest v0.9.0
[INFO] [stderr]   Downloaded futures-task v0.3.21
[INFO] [stderr]   Downloaded cpufeatures v0.2.2
[INFO] [stderr]   Downloaded digest v0.10.3
[INFO] [stderr]   Downloaded alloc-no-stdlib v2.0.3
[INFO] [stderr]   Downloaded time-macros v0.2.4
[INFO] [stderr]   Downloaded futures-core v0.3.21
[INFO] [stderr]   Downloaded block-buffer v0.9.0
[INFO] [stderr]   Downloaded firestorm v0.5.1
[INFO] running `Command { std: "docker" "create" "-v" "/var/lib/crater-agent-workspace/builds/worker-7-tc1/target:/opt/rustwide/target:rw,Z" "-v" "/var/lib/crater-agent-workspace/builds/worker-7-tc1/source:/opt/rustwide/workdir:ro,Z" "-v" "/var/lib/crater-agent-workspace/cargo-home:/opt/rustwide/cargo-home:ro,Z" "-v" "/var/lib/crater-agent-workspace/rustup-home:/opt/rustwide/rustup-home:ro,Z" "-e" "SOURCE_DIR=/opt/rustwide/workdir" "-e" "CARGO_TARGET_DIR=/opt/rustwide/target" "-e" "CARGO_HOME=/opt/rustwide/cargo-home" "-e" "RUSTUP_HOME=/opt/rustwide/rustup-home" "-w" "/opt/rustwide/workdir" "-m" "1610612736" "--user" "0:0" "--network" "none" "ghcr.io/rust-lang/crates-build-env/linux@sha256:2788e3201cd34a07e3172128adcd8b3090168a8e3bcc40d7c032b9dda1df7d1c" "/opt/rustwide/cargo-home/bin/cargo" "+nightly-2024-02-05" "metadata" "--no-deps" "--format-version=1", kill_on_drop: false }`
[INFO] [stdout] 1f04d05c35e6cd4aaafe7309b4275e5a05d066ddb390ba1779331377375366eb
[INFO] running `Command { std: "docker" "start" "-a" "1f04d05c35e6cd4aaafe7309b4275e5a05d066ddb390ba1779331377375366eb", kill_on_drop: false }`
[INFO] running `Command { std: "docker" "inspect" "1f04d05c35e6cd4aaafe7309b4275e5a05d066ddb390ba1779331377375366eb", kill_on_drop: false }`
[INFO] running `Command { std: "docker" "rm" "-f" "1f04d05c35e6cd4aaafe7309b4275e5a05d066ddb390ba1779331377375366eb", kill_on_drop: false }`
[INFO] [stdout] 1f04d05c35e6cd4aaafe7309b4275e5a05d066ddb390ba1779331377375366eb
[INFO] running `Command { std: "docker" "create" "-v" "/var/lib/crater-agent-workspace/builds/worker-7-tc1/target:/opt/rustwide/target:rw,Z" "-v" "/var/lib/crater-agent-workspace/builds/worker-7-tc1/source:/opt/rustwide/workdir:ro,Z" "-v" "/var/lib/crater-agent-workspace/cargo-home:/opt/rustwide/cargo-home:ro,Z" "-v" "/var/lib/crater-agent-workspace/rustup-home:/opt/rustwide/rustup-home:ro,Z" "-e" "SOURCE_DIR=/opt/rustwide/workdir" "-e" "CARGO_TARGET_DIR=/opt/rustwide/target" "-e" "CARGO_INCREMENTAL=0" "-e" "RUST_BACKTRACE=full" "-e" "RUSTFLAGS=--cap-lints=forbid" "-e" "RUSTDOCFLAGS=--cap-lints=forbid" "-e" "CARGO_HOME=/opt/rustwide/cargo-home" "-e" "RUSTUP_HOME=/opt/rustwide/rustup-home" "-w" "/opt/rustwide/workdir" "-m" "1610612736" "--user" "0:0" "--network" "none" "ghcr.io/rust-lang/crates-build-env/linux@sha256:2788e3201cd34a07e3172128adcd8b3090168a8e3bcc40d7c032b9dda1df7d1c" "/opt/rustwide/cargo-home/bin/cargo" "+nightly-2024-02-05" "check" "--frozen" "--all" "--all-targets" "--message-format=json", kill_on_drop: false }`
[INFO] [stdout] c22c76c53e99c3046de4e9a5b92afa1e8c30b652624758368869da70c26e9494
[INFO] running `Command { std: "docker" "start" "-a" "c22c76c53e99c3046de4e9a5b92afa1e8c30b652624758368869da70c26e9494", kill_on_drop: false }`
[INFO] [stderr]    Compiling libc v0.2.126
[INFO] [stderr]    Compiling proc-macro2 v1.0.39
[INFO] [stderr]     Checking cfg-if v1.0.0
[INFO] [stderr]    Compiling unicode-ident v1.0.0
[INFO] [stderr]    Compiling syn v1.0.95
[INFO] [stderr]    Compiling autocfg v1.1.0
[INFO] [stderr]    Compiling version_check v0.9.4
[INFO] [stderr]    Compiling memchr v2.5.0
[INFO] [stderr]    Compiling typenum v1.15.0
[INFO] [stderr]    Compiling log v0.4.17
[INFO] [stderr]     Checking pin-project-lite v0.2.9
[INFO] [stderr]    Compiling futures-core v0.3.21
[INFO] [stderr]    Compiling generic-array v0.14.5
[INFO] [stderr]    Compiling lock_api v0.4.7
[INFO] [stderr]    Compiling parking_lot_core v0.9.3
[INFO] [stderr]     Checking bytes v1.1.0
[INFO] [stderr]     Checking smallvec v1.8.0
[INFO] [stderr]    Compiling quote v1.0.18
[INFO] [stderr]    Compiling serde_derive v1.0.137
[INFO] [stderr]     Checking itoa v1.0.2
[INFO] [stderr]     Checking scopeguard v1.1.0
[INFO] [stderr]    Compiling serde v1.0.137
[INFO] [stderr]     Checking subtle v2.4.1
[INFO] [stderr]     Checking once_cell v1.12.0
[INFO] [stderr]     Checking mio v0.8.3
[INFO] [stderr]     Checking parking_lot v0.12.0
[INFO] [stderr]     Checking signal-hook-registry v1.4.0
[INFO] [stderr]     Checking socket2 v0.4.4
[INFO] [stderr]    Compiling jobserver v0.1.24
[INFO] [stderr]    Compiling futures-task v0.3.21
[INFO] [stderr]    Compiling getrandom v0.1.16
[INFO] [stderr]    Compiling cc v1.0.73
[INFO] [stderr]     Checking ppv-lite86 v0.2.16
[INFO] [stderr]     Checking tokio v1.18.2
[INFO] [stderr]     Checking tracing-core v0.1.26
[INFO] [stderr]     Checking getrandom v0.2.6
[INFO] [stderr]    Compiling futures-util v0.3.21
[INFO] [stderr]     Checking cpufeatures v0.2.2
[INFO] [stderr]     Checking percent-encoding v2.1.0
[INFO] [stderr]     Checking slab v0.4.6
[INFO] [stderr]    Compiling unicode-xid v0.2.3
[INFO] [stderr]     Checking futures-sink v0.3.21
[INFO] [stderr]     Checking pin-utils v0.1.0
[INFO] [stderr]     Checking rand_core v0.5.1
[INFO] [stderr]     Checking rand_core v0.6.3
[INFO] [stderr]    Compiling indexmap v1.8.2
[INFO] [stderr]    Compiling num-traits v0.2.15
[INFO] [stderr]     Checking crypto-common v0.1.3
[INFO] [stderr]     Checking block-buffer v0.10.2
[INFO] [stderr]     Checking tinyvec_macros v0.1.0
[INFO] [stderr]    Compiling zstd-safe v4.1.6+zstd.1.5.2
[INFO] [stderr]     Checking digest v0.10.3
[INFO] [stderr]    Compiling crc32fast v1.3.2
[INFO] [stderr]    Compiling zstd-sys v1.6.3+zstd.1.5.2
[INFO] [stderr]     Checking fnv v1.0.7
[INFO] [stderr]     Checking local-waker v0.1.3
[INFO] [stderr]     Checking matches v0.1.9
[INFO] [stderr]     Checking alloc-no-stdlib v2.0.3
[INFO] [stderr]     Checking http v0.2.7
[INFO] [stderr]    Compiling aho-corasick v0.7.18
[INFO] [stderr]     Checking alloc-stdlib v0.2.1
[INFO] [stderr]     Checking tinyvec v1.6.0
[INFO] [stderr]     Checking digest v0.9.0
[INFO] [stderr]    Compiling num-integer v0.1.45
[INFO] [stderr]    Compiling ahash v0.7.6
[INFO] [stderr]    Compiling httparse v1.7.1
[INFO] [stderr]    Compiling encoding_rs v0.8.31
[INFO] [stderr]     Checking adler v1.0.2
[INFO] [stderr]    Compiling paste v1.0.7
[INFO] [stderr]     Checking hashbrown v0.11.2
[INFO] [stderr]     Checking ryu v1.0.10
[INFO] [stderr]    Compiling regex-syntax v0.6.26
[INFO] [stderr]    Compiling serde_json v1.0.81
[INFO] [stderr]     Checking unicode-normalization v0.1.19
[INFO] [stderr]     Checking miniz_oxide v0.5.1
[INFO] [stderr]     Checking actix-rt v2.7.0
[INFO] [stderr]     Checking actix-service v2.0.2
[INFO] [stderr]     Checking brotli-decompressor v2.3.2
[INFO] [stderr]     Checking form_urlencoded v1.0.1
[INFO] [stderr]     Checking actix-utils v3.0.0
[INFO] [stderr]    Compiling bytestring v1.0.0
[INFO] [stderr]     Checking rand_chacha v0.2.2
[INFO] [stderr]    Compiling synstructure v0.12.6
[INFO] [stderr]     Checking rand_chacha v0.3.1
[INFO] [stderr]     Checking block-buffer v0.9.0
[INFO] [stderr]    Compiling cookie v0.16.0
[INFO] [stderr]     Checking unicode-bidi v0.3.8
[INFO] [stderr]     Checking signature v1.5.0
[INFO] [stderr]    Compiling convert_case v0.4.0
[INFO] [stderr]     Checking bitflags v1.3.2
[INFO] [stderr]    Compiling regex v1.5.6
[INFO] [stderr]     Checking num_threads v0.1.6
[INFO] [stderr]     Checking opaque-debug v0.3.0
[INFO] [stderr]    Compiling anyhow v1.0.57
[INFO] [stderr]     Checking byteorder v1.4.3
[INFO] [stderr]    Compiling time-macros v0.2.4
[INFO] [stderr]    Compiling firestorm v0.5.1
[INFO] [stderr]     Checking sha2 v0.9.9
[INFO] [stderr]     Checking brotli v3.3.4
[INFO] [stderr]     Checking ed25519 v1.5.2
[INFO] [stderr]     Checking idna v0.2.3
[INFO] [stderr]     Checking rand v0.8.5
[INFO] [stderr]     Checking rand v0.7.3
[INFO] [stderr]     Checking flate2 v1.0.24
[INFO] [stderr]    Compiling actix-router v0.5.0
[INFO] [stderr]    Compiling tracing-attributes v0.1.21
[INFO] [stderr]    Compiling futures-macro v0.3.21
[INFO] [stderr]    Compiling zeroize_derive v1.3.2
[INFO] [stderr]     Checking time v0.3.9
[INFO] [stderr]    Compiling derive_more v0.99.17
[INFO] [stderr]     Checking zeroize v1.3.0
[INFO] [stderr]     Checking curve25519-dalek v3.2.1
[INFO] [stderr]     Checking sha-1 v0.10.0
[INFO] [stderr]     Checking num_cpus v1.13.1
[INFO] [stderr]     Checking mime v0.3.16
[INFO] [stderr]     Checking language-tags v0.3.2
[INFO] [stderr]     Checking base64 v0.13.0
[INFO] [stderr]     Checking half v1.8.2
[INFO] [stderr]     Checking httpdate v1.0.2
[INFO] [stderr]    Compiling actix-web-codegen v4.0.0
[INFO] [stderr]    Compiling actix-macros v0.2.3
[INFO] [stderr]     Checking chrono v0.4.19
[INFO] [stderr]     Checking url v2.2.2
[INFO] [stderr]     Checking tracing v0.1.34
[INFO] [stderr]     Checking tokio-util v0.7.2
[INFO] [stderr]     Checking hmac v0.12.1
[INFO] [stderr]     Checking sha2 v0.10.2
[INFO] [stderr]     Checking base64ct v1.1.1
[INFO] [stderr]     Checking actix-codec v0.5.0
[INFO] [stderr]    Compiling actix-jwt-auth-middleware-macros v0.1.0
[INFO] [stderr]    Compiling rusty-html-macros v0.1.0
[INFO] [stdout] error[E0635]: unknown feature `proc_macro_span_shrink`
[INFO] [stdout]  --> /opt/rustwide/cargo-home/registry/src/index.crates.io-6f17d22bba15001f/rusty-html-macros-0.1.0/src/lib.rs:2:12
[INFO] [stdout]   |
[INFO] [stdout] 2 | #![feature(proc_macro_span_shrink)]
[INFO] [stdout]   |            ^^^^^^^^^^^^^^^^^^^^^^
[INFO] [stdout] 
[INFO] [stdout] 
[INFO] [stdout] error[E0599]: no method named `before` found for struct `proc_macro::Span` in the current scope
[INFO] [stdout]   --> /opt/rustwide/cargo-home/registry/src/index.crates.io-6f17d22bba15001f/rusty-html-macros-0.1.0/src/parser.rs:39:42
[INFO] [stdout]    |
[INFO] [stdout] 39 | ...                   group.span().before().join(self.span_ptr)?.source_text()
[INFO] [stdout]    |                                    ^^^^^^ method not found in `Span`
[INFO] [stdout] 
[INFO] [stdout] 
[INFO] [stdout] error: aborting due to 2 previous errors
[INFO] [stdout] 
[INFO] [stdout] 
[INFO] [stdout] Some errors have detailed explanations: E0599, E0635.
[INFO] [stdout] 
[INFO] [stdout] For more information about an error, try `rustc --explain E0599`.
[INFO] [stdout] 
[INFO] [stderr] error: could not compile `rusty-html-macros` (lib) due to 3 previous errors
[INFO] [stderr] warning: build failed, waiting for other jobs to finish...
[INFO] running `Command { std: "docker" "inspect" "c22c76c53e99c3046de4e9a5b92afa1e8c30b652624758368869da70c26e9494", kill_on_drop: false }`
[INFO] running `Command { std: "docker" "rm" "-f" "c22c76c53e99c3046de4e9a5b92afa1e8c30b652624758368869da70c26e9494", kill_on_drop: false }`
[INFO] [stdout] c22c76c53e99c3046de4e9a5b92afa1e8c30b652624758368869da70c26e9494
[INFO] checking actix-error-mapper-middleware-0.1.1 against nightly-2024-02-05+rustflags=-Dunexpected_cfgs+cargoflags=-Zcheck-cfg for check-cfg
[INFO] extracting crate actix-error-mapper-middleware 0.1.1 into /workspace/builds/worker-7-tc2/source
[INFO] validating manifest of crates.io crate actix-error-mapper-middleware 0.1.1 on toolchain nightly-2024-02-05
[INFO] running `Command { std: CARGO_HOME="/workspace/cargo-home" RUSTUP_HOME="/workspace/rustup-home" "/workspace/cargo-home/bin/cargo" "+nightly-2024-02-05" "metadata" "--manifest-path" "Cargo.toml" "--no-deps", kill_on_drop: false }`
[INFO] started tweaking crates.io crate actix-error-mapper-middleware 0.1.1
[INFO] finished tweaking crates.io crate actix-error-mapper-middleware 0.1.1
[INFO] tweaked toml for crates.io crate actix-error-mapper-middleware 0.1.1 written to /workspace/builds/worker-7-tc2/source/Cargo.toml
[INFO] crate crates.io crate actix-error-mapper-middleware 0.1.1 already has a lockfile, it will not be regenerated
[INFO] running `Command { std: CARGO_HOME="/workspace/cargo-home" RUSTUP_HOME="/workspace/rustup-home" "/workspace/cargo-home/bin/cargo" "+nightly-2024-02-05" "fetch" "--manifest-path" "Cargo.toml", kill_on_drop: false }`
[INFO] running `Command { std: "docker" "create" "-v" "/var/lib/crater-agent-workspace/builds/worker-7-tc2/target:/opt/rustwide/target:rw,Z" "-v" "/var/lib/crater-agent-workspace/builds/worker-7-tc2/source:/opt/rustwide/workdir:ro,Z" "-v" "/var/lib/crater-agent-workspace/cargo-home:/opt/rustwide/cargo-home:ro,Z" "-v" "/var/lib/crater-agent-workspace/rustup-home:/opt/rustwide/rustup-home:ro,Z" "-e" "SOURCE_DIR=/opt/rustwide/workdir" "-e" "CARGO_TARGET_DIR=/opt/rustwide/target" "-e" "CARGO_HOME=/opt/rustwide/cargo-home" "-e" "RUSTUP_HOME=/opt/rustwide/rustup-home" "-w" "/opt/rustwide/workdir" "-m" "1610612736" "--user" "0:0" "--network" "none" "ghcr.io/rust-lang/crates-build-env/linux@sha256:2788e3201cd34a07e3172128adcd8b3090168a8e3bcc40d7c032b9dda1df7d1c" "/opt/rustwide/cargo-home/bin/cargo" "+nightly-2024-02-05" "metadata" "--no-deps" "--format-version=1", kill_on_drop: false }`
[INFO] [stdout] 7aa919825fa0269341ebad5a0c901b569f13cd2875b547c030e840b30fdbe288
[INFO] running `Command { std: "docker" "start" "-a" "7aa919825fa0269341ebad5a0c901b569f13cd2875b547c030e840b30fdbe288", kill_on_drop: false }`
[INFO] running `Command { std: "docker" "inspect" "7aa919825fa0269341ebad5a0c901b569f13cd2875b547c030e840b30fdbe288", kill_on_drop: false }`
[INFO] running `Command { std: "docker" "rm" "-f" "7aa919825fa0269341ebad5a0c901b569f13cd2875b547c030e840b30fdbe288", kill_on_drop: false }`
[INFO] [stdout] 7aa919825fa0269341ebad5a0c901b569f13cd2875b547c030e840b30fdbe288
[INFO] running `Command { std: "docker" "create" "-v" "/var/lib/crater-agent-workspace/builds/worker-7-tc2/target:/opt/rustwide/target:rw,Z" "-v" "/var/lib/crater-agent-workspace/builds/worker-7-tc2/source:/opt/rustwide/workdir:ro,Z" "-v" "/var/lib/crater-agent-workspace/cargo-home:/opt/rustwide/cargo-home:ro,Z" "-v" "/var/lib/crater-agent-workspace/rustup-home:/opt/rustwide/rustup-home:ro,Z" "-e" "SOURCE_DIR=/opt/rustwide/workdir" "-e" "CARGO_TARGET_DIR=/opt/rustwide/target" "-e" "CARGO_INCREMENTAL=0" "-e" "RUST_BACKTRACE=full" "-e" "RUSTFLAGS=--cap-lints=forbid -Dunexpected_cfgs" "-e" "RUSTDOCFLAGS=--cap-lints=forbid" "-e" "CARGO_HOME=/opt/rustwide/cargo-home" "-e" "RUSTUP_HOME=/opt/rustwide/rustup-home" "-w" "/opt/rustwide/workdir" "-m" "1610612736" "--user" "0:0" "--network" "none" "ghcr.io/rust-lang/crates-build-env/linux@sha256:2788e3201cd34a07e3172128adcd8b3090168a8e3bcc40d7c032b9dda1df7d1c" "/opt/rustwide/cargo-home/bin/cargo" "+nightly-2024-02-05" "check" "--frozen" "--all" "--all-targets" "--message-format=json" "-Zcheck-cfg", kill_on_drop: false }`
[INFO] [stdout] 5ba471a4e8a1d9f1aa5383462b227d2d0f5c206409d028a2c28d4411330baac2
[INFO] running `Command { std: "docker" "start" "-a" "5ba471a4e8a1d9f1aa5383462b227d2d0f5c206409d028a2c28d4411330baac2", kill_on_drop: false }`
[INFO] [stderr]    Compiling libc v0.2.126
[INFO] [stderr]    Compiling proc-macro2 v1.0.39
[INFO] [stderr]    Compiling unicode-ident v1.0.0
[INFO] [stderr]     Checking cfg-if v1.0.0
[INFO] [stderr]    Compiling syn v1.0.95
[INFO] [stderr]    Compiling autocfg v1.1.0
[INFO] [stderr]    Compiling version_check v0.9.4
[INFO] [stderr]    Compiling memchr v2.5.0
[INFO] [stderr]    Compiling typenum v1.15.0
[INFO] [stderr]    Compiling log v0.4.17
[INFO] [stderr]     Checking pin-project-lite v0.2.9
[INFO] [stderr]    Compiling futures-core v0.3.21
[INFO] [stderr]    Compiling lock_api v0.4.7
[INFO] [stderr]    Compiling generic-array v0.14.5
[INFO] [stderr]     Checking bytes v1.1.0
[INFO] [stderr]     Checking smallvec v1.8.0
[INFO] [stderr]    Compiling parking_lot_core v0.9.3
[INFO] [stderr]     Checking scopeguard v1.1.0
[INFO] [stderr]    Compiling quote v1.0.18
[INFO] [stderr]     Checking itoa v1.0.2
[INFO] [stderr]    Compiling serde_derive v1.0.137
[INFO] [stderr]     Checking subtle v2.4.1
[INFO] [stderr]    Compiling jobserver v0.1.24
[INFO] [stderr]     Checking once_cell v1.12.0
[INFO] [stderr]    Compiling serde v1.0.137
[INFO] [stderr]     Checking parking_lot v0.12.0
[INFO] [stderr]     Checking mio v0.8.3
[INFO] [stderr]     Checking socket2 v0.4.4
[INFO] [stderr]    Compiling cc v1.0.73
[INFO] [stderr]     Checking signal-hook-registry v1.4.0
[INFO] [stderr]    Compiling futures-task v0.3.21
[INFO] [stderr]    Compiling getrandom v0.1.16
[INFO] [stderr]     Checking ppv-lite86 v0.2.16
[INFO] [stderr]     Checking tracing-core v0.1.26
[INFO] [stderr]     Checking tokio v1.18.2
[INFO] [stderr]     Checking getrandom v0.2.6
[INFO] [stderr]     Checking cpufeatures v0.2.2
[INFO] [stderr]    Compiling futures-util v0.3.21
[INFO] [stderr]     Checking pin-utils v0.1.0
[INFO] [stderr]     Checking slab v0.4.6
[INFO] [stderr]     Checking percent-encoding v2.1.0
[INFO] [stderr]     Checking block-buffer v0.10.2
[INFO] [stderr]     Checking crypto-common v0.1.3
[INFO] [stderr]     Checking futures-sink v0.3.21
[INFO] [stderr]     Checking digest v0.10.3
[INFO] [stderr]    Compiling unicode-xid v0.2.3
[INFO] [stderr]     Checking rand_core v0.5.1
[INFO] [stderr]     Checking rand_core v0.6.3
[INFO] [stderr]    Compiling num-traits v0.2.15
[INFO] [stderr]    Compiling indexmap v1.8.2
[INFO] [stderr]    Compiling zstd-safe v4.1.6+zstd.1.5.2
[INFO] [stderr]     Checking fnv v1.0.7
[INFO] [stderr]    Compiling zstd-sys v1.6.3+zstd.1.5.2
[INFO] [stderr]     Checking tinyvec_macros v0.1.0
[INFO] [stderr]     Checking local-waker v0.1.3
[INFO] [stderr]     Checking alloc-no-stdlib v2.0.3
[INFO] [stderr]     Checking matches v0.1.9
[INFO] [stderr]    Compiling crc32fast v1.3.2
[INFO] [stderr]     Checking alloc-stdlib v0.2.1
[INFO] [stderr]    Compiling aho-corasick v0.7.18
[INFO] [stderr]     Checking tinyvec v1.6.0
[INFO] [stderr]     Checking http v0.2.7
[INFO] [stderr]     Checking digest v0.9.0
[INFO] [stderr]    Compiling ahash v0.7.6
[INFO] [stderr]    Compiling num-integer v0.1.45
[INFO] [stderr]    Compiling serde_json v1.0.81
[INFO] [stderr]    Compiling httparse v1.7.1
[INFO] [stderr]    Compiling paste v1.0.7
[INFO] [stderr]    Compiling encoding_rs v0.8.31
[INFO] [stderr]     Checking ryu v1.0.10
[INFO] [stderr]     Checking adler v1.0.2
[INFO] [stderr]     Checking hashbrown v0.11.2
[INFO] [stderr]    Compiling regex-syntax v0.6.26
[INFO] [stderr]     Checking miniz_oxide v0.5.1
[INFO] [stderr]     Checking unicode-normalization v0.1.19
[INFO] [stderr]     Checking actix-service v2.0.2
[INFO] [stderr]    Compiling bytestring v1.0.0
[INFO] [stderr]     Checking brotli-decompressor v2.3.2
[INFO] [stderr]     Checking form_urlencoded v1.0.1
[INFO] [stderr]     Checking actix-utils v3.0.0
[INFO] [stderr]     Checking rand_chacha v0.2.2
[INFO] [stderr]     Checking rand_chacha v0.3.1
[INFO] [stderr]     Checking actix-rt v2.7.0
[INFO] [stderr]     Checking block-buffer v0.9.0
[INFO] [stderr]    Compiling cookie v0.16.0
[INFO] [stderr]    Compiling time-macros v0.2.4
[INFO] [stderr]     Checking signature v1.5.0
[INFO] [stderr]    Compiling regex v1.5.6
[INFO] [stderr]    Compiling synstructure v0.12.6
[INFO] [stderr]     Checking unicode-bidi v0.3.8
[INFO] [stderr]     Checking num_threads v0.1.6
[INFO] [stderr]     Checking bitflags v1.3.2
[INFO] [stderr]     Checking opaque-debug v0.3.0
[INFO] [stderr]    Compiling anyhow v1.0.57
[INFO] [stderr]    Compiling firestorm v0.5.1
[INFO] [stderr]    Compiling convert_case v0.4.0
[INFO] [stderr]     Checking byteorder v1.4.3
[INFO] [stderr]     Checking sha2 v0.9.9
[INFO] [stderr]     Checking idna v0.2.3
[INFO] [stderr]     Checking brotli v3.3.4
[INFO] [stderr]     Checking ed25519 v1.5.2
[INFO] [stderr]     Checking rand v0.8.5
[INFO] [stderr]     Checking rand v0.7.3
[INFO] [stderr]     Checking time v0.3.9
[INFO] [stderr]     Checking flate2 v1.0.24
[INFO] [stderr]     Checking sha-1 v0.10.0
[INFO] [stderr]     Checking num_cpus v1.13.1
[INFO] [stderr]     Checking half v1.8.2
[INFO] [stderr]     Checking base64 v0.13.0
[INFO] [stderr]     Checking httpdate v1.0.2
[INFO] [stderr]    Compiling actix-router v0.5.0
[INFO] [stderr]     Checking language-tags v0.3.2
[INFO] [stderr]     Checking mime v0.3.16
[INFO] [stderr]     Checking chrono v0.4.19
[INFO] [stderr]     Checking url v2.2.2
[INFO] [stderr]    Compiling tracing-attributes v0.1.21
[INFO] [stderr]    Compiling futures-macro v0.3.21
[INFO] [stderr]    Compiling zeroize_derive v1.3.2
[INFO] [stderr]    Compiling derive_more v0.99.17
[INFO] [stderr]    Compiling actix-web-codegen v4.0.0
[INFO] [stderr]    Compiling actix-macros v0.2.3
[INFO] [stderr]     Checking zeroize v1.3.0
[INFO] [stderr]     Checking curve25519-dalek v3.2.1
[INFO] [stderr]     Checking hmac v0.12.1
[INFO] [stderr]     Checking sha2 v0.10.2
[INFO] [stderr]     Checking base64ct v1.1.1
[INFO] [stderr]    Compiling actix-jwt-auth-middleware-macros v0.1.0
[INFO] [stderr]    Compiling rusty-html-macros v0.1.0
[INFO] [stdout] error[E0635]: unknown feature `proc_macro_span_shrink`
[INFO] [stdout]  --> /opt/rustwide/cargo-home/registry/src/index.crates.io-6f17d22bba15001f/rusty-html-macros-0.1.0/src/lib.rs:2:12
[INFO] [stdout]   |
[INFO] [stdout] 2 | #![feature(proc_macro_span_shrink)]
[INFO] [stdout]   |            ^^^^^^^^^^^^^^^^^^^^^^
[INFO] [stdout] 
[INFO] [stdout] 
[INFO] [stdout] error[E0599]: no method named `before` found for struct `proc_macro::Span` in the current scope
[INFO] [stdout]   --> /opt/rustwide/cargo-home/registry/src/index.crates.io-6f17d22bba15001f/rusty-html-macros-0.1.0/src/parser.rs:39:42
[INFO] [stdout]    |
[INFO] [stdout] 39 | ...                   group.span().before().join(self.span_ptr)?.source_text()
[INFO] [stdout]    |                                    ^^^^^^ method not found in `Span`
[INFO] [stdout] 
[INFO] [stdout] 
[INFO] [stdout] error: aborting due to 2 previous errors
[INFO] [stdout] 
[INFO] [stdout] 
[INFO] [stdout] Some errors have detailed explanations: E0599, E0635.
[INFO] [stdout] 
[INFO] [stdout] For more information about an error, try `rustc --explain E0599`.
[INFO] [stdout] 
[INFO] [stderr] error: could not compile `rusty-html-macros` (lib) due to 3 previous errors
[INFO] [stderr] warning: build failed, waiting for other jobs to finish...
[INFO] running `Command { std: "docker" "inspect" "5ba471a4e8a1d9f1aa5383462b227d2d0f5c206409d028a2c28d4411330baac2", kill_on_drop: false }`
[INFO] running `Command { std: "docker" "rm" "-f" "5ba471a4e8a1d9f1aa5383462b227d2d0f5c206409d028a2c28d4411330baac2", kill_on_drop: false }`
[INFO] [stdout] 5ba471a4e8a1d9f1aa5383462b227d2d0f5c206409d028a2c28d4411330baac2
