[INFO] fetching crate accessibility-sys 0.1.3...
[INFO] checking accessibility-sys-0.1.3 against nightly-2024-02-05 for check-cfg
[INFO] extracting crate accessibility-sys 0.1.3 into /workspace/builds/worker-0-tc1/source
[INFO] validating manifest of crates.io crate accessibility-sys 0.1.3 on toolchain nightly-2024-02-05
[INFO] running `Command { std: CARGO_HOME="/workspace/cargo-home" RUSTUP_HOME="/workspace/rustup-home" "/workspace/cargo-home/bin/cargo" "+nightly-2024-02-05" "metadata" "--manifest-path" "Cargo.toml" "--no-deps", kill_on_drop: false }`
[INFO] started tweaking crates.io crate accessibility-sys 0.1.3
[INFO] finished tweaking crates.io crate accessibility-sys 0.1.3
[INFO] tweaked toml for crates.io crate accessibility-sys 0.1.3 written to /workspace/builds/worker-0-tc1/source/Cargo.toml
[INFO] running `Command { std: CARGO_HOME="/workspace/cargo-home" RUSTUP_HOME="/workspace/rustup-home" "/workspace/cargo-home/bin/cargo" "+nightly-2024-02-05" "generate-lockfile" "--manifest-path" "Cargo.toml", kill_on_drop: false }`
[INFO] [stderr]     Updating crates.io index
[INFO] running `Command { std: CARGO_HOME="/workspace/cargo-home" RUSTUP_HOME="/workspace/rustup-home" "/workspace/cargo-home/bin/cargo" "+nightly-2024-02-05" "fetch" "--manifest-path" "Cargo.toml", kill_on_drop: false }`
[INFO] [stderr]  Downloading crates ...
[INFO] [stderr]   Downloaded core-foundation-sys v0.8.6
[INFO] running `Command { std: "docker" "create" "-v" "/var/lib/crater-agent-workspace/builds/worker-0-tc1/target:/opt/rustwide/target:rw,Z" "-v" "/var/lib/crater-agent-workspace/builds/worker-0-tc1/source:/opt/rustwide/workdir:ro,Z" "-v" "/var/lib/crater-agent-workspace/cargo-home:/opt/rustwide/cargo-home:ro,Z" "-v" "/var/lib/crater-agent-workspace/rustup-home:/opt/rustwide/rustup-home:ro,Z" "-e" "SOURCE_DIR=/opt/rustwide/workdir" "-e" "CARGO_TARGET_DIR=/opt/rustwide/target" "-e" "CARGO_HOME=/opt/rustwide/cargo-home" "-e" "RUSTUP_HOME=/opt/rustwide/rustup-home" "-w" "/opt/rustwide/workdir" "-m" "1610612736" "--user" "0:0" "--network" "none" "ghcr.io/rust-lang/crates-build-env/linux@sha256:2788e3201cd34a07e3172128adcd8b3090168a8e3bcc40d7c032b9dda1df7d1c" "/opt/rustwide/cargo-home/bin/cargo" "+nightly-2024-02-05" "metadata" "--no-deps" "--format-version=1", kill_on_drop: false }`
[INFO] [stdout] 051e44921697df39f7ca877dc4dee12bd8f25195a7e84645d36639912ecece0b
[INFO] running `Command { std: "docker" "start" "-a" "051e44921697df39f7ca877dc4dee12bd8f25195a7e84645d36639912ecece0b", kill_on_drop: false }`
[INFO] running `Command { std: "docker" "inspect" "051e44921697df39f7ca877dc4dee12bd8f25195a7e84645d36639912ecece0b", kill_on_drop: false }`
[INFO] running `Command { std: "docker" "rm" "-f" "051e44921697df39f7ca877dc4dee12bd8f25195a7e84645d36639912ecece0b", kill_on_drop: false }`
[INFO] [stdout] 051e44921697df39f7ca877dc4dee12bd8f25195a7e84645d36639912ecece0b
[INFO] running `Command { std: "docker" "create" "-v" "/var/lib/crater-agent-workspace/builds/worker-0-tc1/target:/opt/rustwide/target:rw,Z" "-v" "/var/lib/crater-agent-workspace/builds/worker-0-tc1/source:/opt/rustwide/workdir:ro,Z" "-v" "/var/lib/crater-agent-workspace/cargo-home:/opt/rustwide/cargo-home:ro,Z" "-v" "/var/lib/crater-agent-workspace/rustup-home:/opt/rustwide/rustup-home:ro,Z" "-e" "SOURCE_DIR=/opt/rustwide/workdir" "-e" "CARGO_TARGET_DIR=/opt/rustwide/target" "-e" "CARGO_INCREMENTAL=0" "-e" "RUST_BACKTRACE=full" "-e" "RUSTFLAGS=--cap-lints=forbid" "-e" "RUSTDOCFLAGS=--cap-lints=forbid" "-e" "CARGO_HOME=/opt/rustwide/cargo-home" "-e" "RUSTUP_HOME=/opt/rustwide/rustup-home" "-w" "/opt/rustwide/workdir" "-m" "1610612736" "--user" "0:0" "--network" "none" "ghcr.io/rust-lang/crates-build-env/linux@sha256:2788e3201cd34a07e3172128adcd8b3090168a8e3bcc40d7c032b9dda1df7d1c" "/opt/rustwide/cargo-home/bin/cargo" "+nightly-2024-02-05" "check" "--frozen" "--all" "--all-targets" "--message-format=json", kill_on_drop: false }`
[INFO] [stdout] ec5b55ce554d32e41edc45bf9ace9dc60fddf7fc3e9b4fd80be328bf00a4c471
[INFO] running `Command { std: "docker" "start" "-a" "ec5b55ce554d32e41edc45bf9ace9dc60fddf7fc3e9b4fd80be328bf00a4c471", kill_on_drop: false }`
[INFO] [stderr]     Checking core-foundation-sys v0.8.6
[INFO] [stderr]     Checking accessibility-sys v0.1.3 (/opt/rustwide/workdir)
[INFO] [stdout] error[E0455]: link kind `framework` is only supported on Apple targets
[INFO] [stdout]   --> src/ui_element.rs:30:45
[INFO] [stdout]    |
[INFO] [stdout] 30 | #[link(name = "ApplicationServices", kind = "framework")]
[INFO] [stdout]    |                                             ^^^^^^^^^^^
[INFO] [stdout] 
[INFO] [stdout] 
[INFO] [stdout] error[E0455]: link kind `framework` is only supported on Apple targets
[INFO] [stdout]   --> src/value.rs:17:45
[INFO] [stdout]    |
[INFO] [stdout] 17 | #[link(name = "ApplicationServices", kind = "framework")]
[INFO] [stdout]    |                                             ^^^^^^^^^^^
[INFO] [stdout] 
[INFO] [stdout] 
[INFO] [stdout] error: aborting due to 2 previous errors
[INFO] [stdout] 
[INFO] [stdout] 
[INFO] [stdout] For more information about this error, try `rustc --explain E0455`.
[INFO] [stdout] 
[INFO] [stdout] error[E0455]: link kind `framework` is only supported on Apple targets
[INFO] [stdout]   --> src/ui_element.rs:30:45
[INFO] [stdout]    |
[INFO] [stdout] 30 | #[link(name = "ApplicationServices", kind = "framework")]
[INFO] [stdout]    |                                             ^^^^^^^^^^^
[INFO] [stdout] 
[INFO] [stdout] 
[INFO] [stdout] error[E0455]: link kind `framework` is only supported on Apple targets
[INFO] [stdout]   --> src/value.rs:17:45
[INFO] [stdout]    |
[INFO] [stdout] 17 | #[link(name = "ApplicationServices", kind = "framework")]
[INFO] [stdout]    |                                             ^^^^^^^^^^^
[INFO] [stdout] 
[INFO] [stdout] 
[INFO] [stdout] error: aborting due to 2 previous errors
[INFO] [stdout] 
[INFO] [stdout] 
[INFO] [stdout] For more information about this error, try `rustc --explain E0455`.
[INFO] [stdout] 
[INFO] [stderr] error: could not compile `accessibility-sys` (lib) due to 3 previous errors
[INFO] [stderr] warning: build failed, waiting for other jobs to finish...
[INFO] [stderr] error: could not compile `accessibility-sys` (lib test) due to 3 previous errors
[INFO] running `Command { std: "docker" "inspect" "ec5b55ce554d32e41edc45bf9ace9dc60fddf7fc3e9b4fd80be328bf00a4c471", kill_on_drop: false }`
[INFO] running `Command { std: "docker" "rm" "-f" "ec5b55ce554d32e41edc45bf9ace9dc60fddf7fc3e9b4fd80be328bf00a4c471", kill_on_drop: false }`
[INFO] [stdout] ec5b55ce554d32e41edc45bf9ace9dc60fddf7fc3e9b4fd80be328bf00a4c471
[INFO] checking accessibility-sys-0.1.3 against nightly-2024-02-05+rustflags=-Dunexpected_cfgs+cargoflags=-Zcheck-cfg for check-cfg
[INFO] extracting crate accessibility-sys 0.1.3 into /workspace/builds/worker-0-tc2/source
[INFO] validating manifest of crates.io crate accessibility-sys 0.1.3 on toolchain nightly-2024-02-05
[INFO] running `Command { std: CARGO_HOME="/workspace/cargo-home" RUSTUP_HOME="/workspace/rustup-home" "/workspace/cargo-home/bin/cargo" "+nightly-2024-02-05" "metadata" "--manifest-path" "Cargo.toml" "--no-deps", kill_on_drop: false }`
[INFO] started tweaking crates.io crate accessibility-sys 0.1.3
[INFO] finished tweaking crates.io crate accessibility-sys 0.1.3
[INFO] tweaked toml for crates.io crate accessibility-sys 0.1.3 written to /workspace/builds/worker-0-tc2/source/Cargo.toml
[INFO] running `Command { std: CARGO_HOME="/workspace/cargo-home" RUSTUP_HOME="/workspace/rustup-home" "/workspace/cargo-home/bin/cargo" "+nightly-2024-02-05" "generate-lockfile" "--manifest-path" "Cargo.toml", kill_on_drop: false }`
[INFO] [stderr]     Updating crates.io index
[INFO] running `Command { std: CARGO_HOME="/workspace/cargo-home" RUSTUP_HOME="/workspace/rustup-home" "/workspace/cargo-home/bin/cargo" "+nightly-2024-02-05" "fetch" "--manifest-path" "Cargo.toml", kill_on_drop: false }`
[INFO] running `Command { std: "docker" "create" "-v" "/var/lib/crater-agent-workspace/builds/worker-0-tc2/target:/opt/rustwide/target:rw,Z" "-v" "/var/lib/crater-agent-workspace/builds/worker-0-tc2/source:/opt/rustwide/workdir:ro,Z" "-v" "/var/lib/crater-agent-workspace/cargo-home:/opt/rustwide/cargo-home:ro,Z" "-v" "/var/lib/crater-agent-workspace/rustup-home:/opt/rustwide/rustup-home:ro,Z" "-e" "SOURCE_DIR=/opt/rustwide/workdir" "-e" "CARGO_TARGET_DIR=/opt/rustwide/target" "-e" "CARGO_HOME=/opt/rustwide/cargo-home" "-e" "RUSTUP_HOME=/opt/rustwide/rustup-home" "-w" "/opt/rustwide/workdir" "-m" "1610612736" "--user" "0:0" "--network" "none" "ghcr.io/rust-lang/crates-build-env/linux@sha256:2788e3201cd34a07e3172128adcd8b3090168a8e3bcc40d7c032b9dda1df7d1c" "/opt/rustwide/cargo-home/bin/cargo" "+nightly-2024-02-05" "metadata" "--no-deps" "--format-version=1", kill_on_drop: false }`
[INFO] [stdout] 3bad692e21ce6a1efbcc6d6255472116680e84fec23860f136e7e3499cd35c29
[INFO] running `Command { std: "docker" "start" "-a" "3bad692e21ce6a1efbcc6d6255472116680e84fec23860f136e7e3499cd35c29", kill_on_drop: false }`
[INFO] running `Command { std: "docker" "inspect" "3bad692e21ce6a1efbcc6d6255472116680e84fec23860f136e7e3499cd35c29", kill_on_drop: false }`
[INFO] running `Command { std: "docker" "rm" "-f" "3bad692e21ce6a1efbcc6d6255472116680e84fec23860f136e7e3499cd35c29", kill_on_drop: false }`
[INFO] [stdout] 3bad692e21ce6a1efbcc6d6255472116680e84fec23860f136e7e3499cd35c29
[INFO] running `Command { std: "docker" "create" "-v" "/var/lib/crater-agent-workspace/builds/worker-0-tc2/target:/opt/rustwide/target:rw,Z" "-v" "/var/lib/crater-agent-workspace/builds/worker-0-tc2/source:/opt/rustwide/workdir:ro,Z" "-v" "/var/lib/crater-agent-workspace/cargo-home:/opt/rustwide/cargo-home:ro,Z" "-v" "/var/lib/crater-agent-workspace/rustup-home:/opt/rustwide/rustup-home:ro,Z" "-e" "SOURCE_DIR=/opt/rustwide/workdir" "-e" "CARGO_TARGET_DIR=/opt/rustwide/target" "-e" "CARGO_INCREMENTAL=0" "-e" "RUST_BACKTRACE=full" "-e" "RUSTFLAGS=--cap-lints=forbid -Dunexpected_cfgs" "-e" "RUSTDOCFLAGS=--cap-lints=forbid" "-e" "CARGO_HOME=/opt/rustwide/cargo-home" "-e" "RUSTUP_HOME=/opt/rustwide/rustup-home" "-w" "/opt/rustwide/workdir" "-m" "1610612736" "--user" "0:0" "--network" "none" "ghcr.io/rust-lang/crates-build-env/linux@sha256:2788e3201cd34a07e3172128adcd8b3090168a8e3bcc40d7c032b9dda1df7d1c" "/opt/rustwide/cargo-home/bin/cargo" "+nightly-2024-02-05" "check" "--frozen" "--all" "--all-targets" "--message-format=json" "-Zcheck-cfg", kill_on_drop: false }`
[INFO] [stdout] 751a02ce05b7ec9d044fb2d36967bfce5b14fd3e316107dc9268859f58f7e748
[INFO] running `Command { std: "docker" "start" "-a" "751a02ce05b7ec9d044fb2d36967bfce5b14fd3e316107dc9268859f58f7e748", kill_on_drop: false }`
[INFO] [stderr]     Checking core-foundation-sys v0.8.6
[INFO] [stderr]     Checking accessibility-sys v0.1.3 (/opt/rustwide/workdir)
[INFO] [stdout] error[E0455]: link kind `framework` is only supported on Apple targets
[INFO] [stdout]   --> src/ui_element.rs:30:45
[INFO] [stdout]    |
[INFO] [stdout] 30 | #[link(name = "ApplicationServices", kind = "framework")]
[INFO] [stdout]    |                                             ^^^^^^^^^^^
[INFO] [stdout] 
[INFO] [stdout] 
[INFO] [stdout] error[E0455]: link kind `framework` is only supported on Apple targets
[INFO] [stdout]   --> src/value.rs:17:45
[INFO] [stdout]    |
[INFO] [stdout] 17 | #[link(name = "ApplicationServices", kind = "framework")]
[INFO] [stdout]    |                                             ^^^^^^^^^^^
[INFO] [stdout] 
[INFO] [stdout] 
[INFO] [stdout] error[E0455]: link kind `framework` is only supported on Apple targets
[INFO] [stdout]   --> src/ui_element.rs:30:45
[INFO] [stdout]    |
[INFO] [stdout] 30 | #[link(name = "ApplicationServices", kind = "framework")]
[INFO] [stdout]    |                                             ^^^^^^^^^^^
[INFO] [stdout] 
[INFO] [stdout] 
[INFO] [stdout] error[E0455]: link kind `framework` is only supported on Apple targets
[INFO] [stdout]   --> src/value.rs:17:45
[INFO] [stdout]    |
[INFO] [stdout] 17 | #[link(name = "ApplicationServices", kind = "framework")]
[INFO] [stdout]    |                                             ^^^^^^^^^^^
[INFO] [stdout] 
[INFO] [stdout] 
[INFO] [stdout] error: aborting due to 2 previous errors
[INFO] [stdout] 
[INFO] [stdout] 
[INFO] [stdout] For more information about this error, try `rustc --explain E0455`.
[INFO] [stdout] 
[INFO] [stdout] error: aborting due to 2 previous errors
[INFO] [stdout] 
[INFO] [stdout] 
[INFO] [stdout] For more information about this error, try `rustc --explain E0455`.
[INFO] [stdout] 
[INFO] [stderr] error: could not compile `accessibility-sys` (lib test) due to 3 previous errors
[INFO] [stderr] warning: build failed, waiting for other jobs to finish...
[INFO] [stderr] error: could not compile `accessibility-sys` (lib) due to 3 previous errors
[INFO] running `Command { std: "docker" "inspect" "751a02ce05b7ec9d044fb2d36967bfce5b14fd3e316107dc9268859f58f7e748", kill_on_drop: false }`
[INFO] running `Command { std: "docker" "rm" "-f" "751a02ce05b7ec9d044fb2d36967bfce5b14fd3e316107dc9268859f58f7e748", kill_on_drop: false }`
[INFO] [stdout] 751a02ce05b7ec9d044fb2d36967bfce5b14fd3e316107dc9268859f58f7e748
