[INFO] fetching crate CreateProcessW 0.1.3...
[INFO] checking CreateProcessW-0.1.3 against nightly-2024-02-05 for check-cfg
[INFO] extracting crate CreateProcessW 0.1.3 into /workspace/builds/worker-7-tc1/source
[INFO] validating manifest of crates.io crate CreateProcessW 0.1.3 on toolchain nightly-2024-02-05
[INFO] running `Command { std: CARGO_HOME="/workspace/cargo-home" RUSTUP_HOME="/workspace/rustup-home" "/workspace/cargo-home/bin/cargo" "+nightly-2024-02-05" "metadata" "--manifest-path" "Cargo.toml" "--no-deps", kill_on_drop: false }`
[INFO] started tweaking crates.io crate CreateProcessW 0.1.3
[INFO] finished tweaking crates.io crate CreateProcessW 0.1.3
[INFO] tweaked toml for crates.io crate CreateProcessW 0.1.3 written to /workspace/builds/worker-7-tc1/source/Cargo.toml
[INFO] running `Command { std: CARGO_HOME="/workspace/cargo-home" RUSTUP_HOME="/workspace/rustup-home" "/workspace/cargo-home/bin/cargo" "+nightly-2024-02-05" "generate-lockfile" "--manifest-path" "Cargo.toml", kill_on_drop: false }`
[INFO] [stderr]     Updating crates.io index
[INFO] running `Command { std: CARGO_HOME="/workspace/cargo-home" RUSTUP_HOME="/workspace/rustup-home" "/workspace/cargo-home/bin/cargo" "+nightly-2024-02-05" "fetch" "--manifest-path" "Cargo.toml", kill_on_drop: false }`
[INFO] [stderr]  Downloading crates ...
[INFO] [stderr]   Downloaded windows v0.48.0
[INFO] running `Command { std: "docker" "create" "-v" "/var/lib/crater-agent-workspace/builds/worker-7-tc1/target:/opt/rustwide/target:rw,Z" "-v" "/var/lib/crater-agent-workspace/builds/worker-7-tc1/source:/opt/rustwide/workdir:ro,Z" "-v" "/var/lib/crater-agent-workspace/cargo-home:/opt/rustwide/cargo-home:ro,Z" "-v" "/var/lib/crater-agent-workspace/rustup-home:/opt/rustwide/rustup-home:ro,Z" "-e" "SOURCE_DIR=/opt/rustwide/workdir" "-e" "CARGO_TARGET_DIR=/opt/rustwide/target" "-e" "CARGO_HOME=/opt/rustwide/cargo-home" "-e" "RUSTUP_HOME=/opt/rustwide/rustup-home" "-w" "/opt/rustwide/workdir" "-m" "1610612736" "--user" "0:0" "--network" "none" "ghcr.io/rust-lang/crates-build-env/linux@sha256:2788e3201cd34a07e3172128adcd8b3090168a8e3bcc40d7c032b9dda1df7d1c" "/opt/rustwide/cargo-home/bin/cargo" "+nightly-2024-02-05" "metadata" "--no-deps" "--format-version=1", kill_on_drop: false }`
[INFO] [stdout] 47b2d5aaaf62acd3b43a5905cd87b7e32c53ad0bd47624dc925b4918665f9584
[INFO] running `Command { std: "docker" "start" "-a" "47b2d5aaaf62acd3b43a5905cd87b7e32c53ad0bd47624dc925b4918665f9584", kill_on_drop: false }`
[INFO] running `Command { std: "docker" "inspect" "47b2d5aaaf62acd3b43a5905cd87b7e32c53ad0bd47624dc925b4918665f9584", kill_on_drop: false }`
[INFO] running `Command { std: "docker" "rm" "-f" "47b2d5aaaf62acd3b43a5905cd87b7e32c53ad0bd47624dc925b4918665f9584", kill_on_drop: false }`
[INFO] [stdout] 47b2d5aaaf62acd3b43a5905cd87b7e32c53ad0bd47624dc925b4918665f9584
[INFO] running `Command { std: "docker" "create" "-v" "/var/lib/crater-agent-workspace/builds/worker-7-tc1/target:/opt/rustwide/target:rw,Z" "-v" "/var/lib/crater-agent-workspace/builds/worker-7-tc1/source:/opt/rustwide/workdir:ro,Z" "-v" "/var/lib/crater-agent-workspace/cargo-home:/opt/rustwide/cargo-home:ro,Z" "-v" "/var/lib/crater-agent-workspace/rustup-home:/opt/rustwide/rustup-home:ro,Z" "-e" "SOURCE_DIR=/opt/rustwide/workdir" "-e" "CARGO_TARGET_DIR=/opt/rustwide/target" "-e" "CARGO_INCREMENTAL=0" "-e" "RUST_BACKTRACE=full" "-e" "RUSTFLAGS=--cap-lints=forbid" "-e" "RUSTDOCFLAGS=--cap-lints=forbid" "-e" "CARGO_HOME=/opt/rustwide/cargo-home" "-e" "RUSTUP_HOME=/opt/rustwide/rustup-home" "-w" "/opt/rustwide/workdir" "-m" "1610612736" "--user" "0:0" "--network" "none" "ghcr.io/rust-lang/crates-build-env/linux@sha256:2788e3201cd34a07e3172128adcd8b3090168a8e3bcc40d7c032b9dda1df7d1c" "/opt/rustwide/cargo-home/bin/cargo" "+nightly-2024-02-05" "check" "--frozen" "--all" "--all-targets" "--message-format=json", kill_on_drop: false }`
[INFO] [stdout] ca543c2d396aecadc4a3434af61c164a1842f578a2fc6ef38c3b587c5b19cc6e
[INFO] running `Command { std: "docker" "start" "-a" "ca543c2d396aecadc4a3434af61c164a1842f578a2fc6ef38c3b587c5b19cc6e", kill_on_drop: false }`
[INFO] [stderr]    Compiling proc-macro2 v1.0.78
[INFO] [stderr]    Compiling unicode-ident v1.0.12
[INFO] [stderr]    Compiling windows_x86_64_gnu v0.48.5
[INFO] [stderr]    Compiling thiserror v1.0.56
[INFO] [stderr]     Checking windows-targets v0.48.5
[INFO] [stderr]     Checking windows v0.48.0
[INFO] [stderr]    Compiling quote v1.0.35
[INFO] [stderr]    Compiling syn v2.0.48
[INFO] [stderr]    Compiling thiserror-impl v1.0.56
[INFO] [stderr]     Checking CreateProcessW v0.1.3 (/opt/rustwide/workdir)
[INFO] [stdout] error[E0433]: failed to resolve: could not find `windows` in `os`
[INFO] [stdout]    --> src/lib.rs:107:9
[INFO] [stdout]     |
[INFO] [stdout] 107 |     os::windows::ffi::OsStrExt,
[INFO] [stdout]     |         ^^^^^^^ could not find `windows` in `os`
[INFO] [stdout]     |
[INFO] [stdout] note: found an item that was configured out
[INFO] [stdout]    --> /rustc/268dbbbc4b3fd71c5f360a4d0728295252430b5b/library/std/src/os/mod.rs:53:9
[INFO] [stdout] note: found an item that was configured out
[INFO] [stdout]    --> /rustc/268dbbbc4b3fd71c5f360a4d0728295252430b5b/library/std/src/os/mod.rs:97:9
[INFO] [stdout] 
[INFO] [stdout] 
[INFO] [stdout] error[E0433]: failed to resolve: could not find `windows` in `os`
[INFO] [stdout]    --> src/lib.rs:107:9
[INFO] [stdout]     |
[INFO] [stdout] 107 |     os::windows::ffi::OsStrExt,
[INFO] [stdout]     |         ^^^^^^^ could not find `windows` in `os`
[INFO] [stdout]     |
[INFO] [stdout] note: found an item that was configured out
[INFO] [stdout]    --> /rustc/268dbbbc4b3fd71c5f360a4d0728295252430b5b/library/std/src/os/mod.rs:53:9
[INFO] [stdout] note: found an item that was configured out
[INFO] [stdout]    --> /rustc/268dbbbc4b3fd71c5f360a4d0728295252430b5b/library/std/src/os/mod.rs:97:9
[INFO] [stdout] 
[INFO] [stdout] 
[INFO] [stdout] error[E0599]: no method named `encode_wide` found for reference `&OsStr` in the current scope
[INFO] [stdout]    --> src/lib.rs:298:42
[INFO] [stdout]     |
[INFO] [stdout] 298 |             .map(|path| path.as_os_str().encode_wide().collect::<Vec<_>>())
[INFO] [stdout]     |                                          ^^^^^^^^^^^ method not found in `&OsStr`
[INFO] [stdout] 
[INFO] [stdout] 
[INFO] [stdout] error[E0599]: no method named `encode_wide` found for reference `&OsStr` in the current scope
[INFO] [stdout]    --> src/lib.rs:298:42
[INFO] [stdout]     |
[INFO] [stdout] 298 |             .map(|path| path.as_os_str().encode_wide().collect::<Vec<_>>())
[INFO] [stdout]     |                                          ^^^^^^^^^^^ method not found in `&OsStr`
[INFO] [stdout] 
[INFO] [stdout] 
[INFO] [stdout] error[E0599]: no method named `encode_wide` found for reference `&OsStr` in the current scope
[INFO] [stdout]    --> src/lib.rs:302:35
[INFO] [stdout]     |
[INFO] [stdout] 302 |         let mut command = command.encode_wide().collect::<Vec<_>>();
[INFO] [stdout]     |                                   ^^^^^^^^^^^ method not found in `&OsStr`
[INFO] [stdout] 
[INFO] [stdout] 
[INFO] [stdout] error[E0599]: no method named `encode_wide` found for reference `&OsStr` in the current scope
[INFO] [stdout]    --> src/lib.rs:302:35
[INFO] [stdout]     |
[INFO] [stdout] 302 |         let mut command = command.encode_wide().collect::<Vec<_>>();
[INFO] [stdout]     |                                   ^^^^^^^^^^^ method not found in `&OsStr`
[INFO] [stdout] 
[INFO] [stdout] 
[INFO] [stdout] error: aborting due to 3 previous errors
[INFO] [stdout] 
[INFO] [stdout] 
[INFO] [stdout] Some errors have detailed explanations: E0433, E0599.
[INFO] [stdout] 
[INFO] [stdout] For more information about an error, try `rustc --explain E0433`.
[INFO] [stdout] 
[INFO] [stdout] error: aborting due to 3 previous errors
[INFO] [stdout] 
[INFO] [stdout] 
[INFO] [stdout] Some errors have detailed explanations: E0433, E0599.
[INFO] [stdout] 
[INFO] [stdout] For more information about an error, try `rustc --explain E0433`.
[INFO] [stdout] 
[INFO] [stderr] error: could not compile `CreateProcessW` (lib test) due to 4 previous errors
[INFO] [stderr] warning: build failed, waiting for other jobs to finish...
[INFO] [stderr] error: could not compile `CreateProcessW` (lib) due to 4 previous errors
[INFO] running `Command { std: "docker" "inspect" "ca543c2d396aecadc4a3434af61c164a1842f578a2fc6ef38c3b587c5b19cc6e", kill_on_drop: false }`
[INFO] running `Command { std: "docker" "rm" "-f" "ca543c2d396aecadc4a3434af61c164a1842f578a2fc6ef38c3b587c5b19cc6e", kill_on_drop: false }`
[INFO] [stdout] ca543c2d396aecadc4a3434af61c164a1842f578a2fc6ef38c3b587c5b19cc6e
[INFO] checking CreateProcessW-0.1.3 against nightly-2024-02-05+rustflags=-Dunexpected_cfgs+cargoflags=-Zcheck-cfg for check-cfg
[INFO] extracting crate CreateProcessW 0.1.3 into /workspace/builds/worker-7-tc2/source
[INFO] validating manifest of crates.io crate CreateProcessW 0.1.3 on toolchain nightly-2024-02-05
[INFO] running `Command { std: CARGO_HOME="/workspace/cargo-home" RUSTUP_HOME="/workspace/rustup-home" "/workspace/cargo-home/bin/cargo" "+nightly-2024-02-05" "metadata" "--manifest-path" "Cargo.toml" "--no-deps", kill_on_drop: false }`
[INFO] started tweaking crates.io crate CreateProcessW 0.1.3
[INFO] finished tweaking crates.io crate CreateProcessW 0.1.3
[INFO] tweaked toml for crates.io crate CreateProcessW 0.1.3 written to /workspace/builds/worker-7-tc2/source/Cargo.toml
[INFO] running `Command { std: CARGO_HOME="/workspace/cargo-home" RUSTUP_HOME="/workspace/rustup-home" "/workspace/cargo-home/bin/cargo" "+nightly-2024-02-05" "generate-lockfile" "--manifest-path" "Cargo.toml", kill_on_drop: false }`
[INFO] [stderr]     Blocking waiting for file lock on package cache
[INFO] [stderr]     Updating crates.io index
[INFO] running `Command { std: CARGO_HOME="/workspace/cargo-home" RUSTUP_HOME="/workspace/rustup-home" "/workspace/cargo-home/bin/cargo" "+nightly-2024-02-05" "fetch" "--manifest-path" "Cargo.toml", kill_on_drop: false }`
[INFO] [stderr]     Blocking waiting for file lock on package cache
[INFO] running `Command { std: "docker" "create" "-v" "/var/lib/crater-agent-workspace/builds/worker-7-tc2/target:/opt/rustwide/target:rw,Z" "-v" "/var/lib/crater-agent-workspace/builds/worker-7-tc2/source:/opt/rustwide/workdir:ro,Z" "-v" "/var/lib/crater-agent-workspace/cargo-home:/opt/rustwide/cargo-home:ro,Z" "-v" "/var/lib/crater-agent-workspace/rustup-home:/opt/rustwide/rustup-home:ro,Z" "-e" "SOURCE_DIR=/opt/rustwide/workdir" "-e" "CARGO_TARGET_DIR=/opt/rustwide/target" "-e" "CARGO_HOME=/opt/rustwide/cargo-home" "-e" "RUSTUP_HOME=/opt/rustwide/rustup-home" "-w" "/opt/rustwide/workdir" "-m" "1610612736" "--user" "0:0" "--network" "none" "ghcr.io/rust-lang/crates-build-env/linux@sha256:2788e3201cd34a07e3172128adcd8b3090168a8e3bcc40d7c032b9dda1df7d1c" "/opt/rustwide/cargo-home/bin/cargo" "+nightly-2024-02-05" "metadata" "--no-deps" "--format-version=1", kill_on_drop: false }`
[INFO] [stdout] 34a8972dde9e88d1ce8cb5a20d4f7959945ed92a71c211c5e23b30d1d1451961
[INFO] running `Command { std: "docker" "start" "-a" "34a8972dde9e88d1ce8cb5a20d4f7959945ed92a71c211c5e23b30d1d1451961", kill_on_drop: false }`
[INFO] running `Command { std: "docker" "inspect" "34a8972dde9e88d1ce8cb5a20d4f7959945ed92a71c211c5e23b30d1d1451961", kill_on_drop: false }`
[INFO] running `Command { std: "docker" "rm" "-f" "34a8972dde9e88d1ce8cb5a20d4f7959945ed92a71c211c5e23b30d1d1451961", kill_on_drop: false }`
[INFO] [stdout] 34a8972dde9e88d1ce8cb5a20d4f7959945ed92a71c211c5e23b30d1d1451961
[INFO] running `Command { std: "docker" "create" "-v" "/var/lib/crater-agent-workspace/builds/worker-7-tc2/target:/opt/rustwide/target:rw,Z" "-v" "/var/lib/crater-agent-workspace/builds/worker-7-tc2/source:/opt/rustwide/workdir:ro,Z" "-v" "/var/lib/crater-agent-workspace/cargo-home:/opt/rustwide/cargo-home:ro,Z" "-v" "/var/lib/crater-agent-workspace/rustup-home:/opt/rustwide/rustup-home:ro,Z" "-e" "SOURCE_DIR=/opt/rustwide/workdir" "-e" "CARGO_TARGET_DIR=/opt/rustwide/target" "-e" "CARGO_INCREMENTAL=0" "-e" "RUST_BACKTRACE=full" "-e" "RUSTFLAGS=--cap-lints=forbid -Dunexpected_cfgs" "-e" "RUSTDOCFLAGS=--cap-lints=forbid" "-e" "CARGO_HOME=/opt/rustwide/cargo-home" "-e" "RUSTUP_HOME=/opt/rustwide/rustup-home" "-w" "/opt/rustwide/workdir" "-m" "1610612736" "--user" "0:0" "--network" "none" "ghcr.io/rust-lang/crates-build-env/linux@sha256:2788e3201cd34a07e3172128adcd8b3090168a8e3bcc40d7c032b9dda1df7d1c" "/opt/rustwide/cargo-home/bin/cargo" "+nightly-2024-02-05" "check" "--frozen" "--all" "--all-targets" "--message-format=json" "-Zcheck-cfg", kill_on_drop: false }`
[INFO] [stdout] e501804debb20c3e7efb5ad6188cc3880bc16507e8c8b364264945ba0fe65b58
[INFO] running `Command { std: "docker" "start" "-a" "e501804debb20c3e7efb5ad6188cc3880bc16507e8c8b364264945ba0fe65b58", kill_on_drop: false }`
[INFO] [stderr]    Compiling proc-macro2 v1.0.78
[INFO] [stderr]    Compiling unicode-ident v1.0.12
[INFO] [stderr]    Compiling windows_x86_64_gnu v0.48.5
[INFO] [stderr]    Compiling thiserror v1.0.56
[INFO] [stderr]     Checking windows-targets v0.48.5
[INFO] [stderr]     Checking windows v0.48.0
[INFO] [stderr]    Compiling quote v1.0.35
[INFO] [stderr]    Compiling syn v2.0.48
[INFO] [stderr]    Compiling thiserror-impl v1.0.56
[INFO] [stderr]     Checking CreateProcessW v0.1.3 (/opt/rustwide/workdir)
[INFO] [stdout] error[E0433]: failed to resolve: could not find `windows` in `os`
[INFO] [stdout]    --> src/lib.rs:107:9
[INFO] [stdout]     |
[INFO] [stdout] 107 |     os::windows::ffi::OsStrExt,
[INFO] [stdout]     |         ^^^^^^^ could not find `windows` in `os`
[INFO] [stdout]     |
[INFO] [stdout] note: found an item that was configured out
[INFO] [stdout]    --> /rustc/268dbbbc4b3fd71c5f360a4d0728295252430b5b/library/std/src/os/mod.rs:53:9
[INFO] [stdout] note: found an item that was configured out
[INFO] [stdout]    --> /rustc/268dbbbc4b3fd71c5f360a4d0728295252430b5b/library/std/src/os/mod.rs:97:9
[INFO] [stdout] 
[INFO] [stdout] 
[INFO] [stdout] error[E0433]: failed to resolve: could not find `windows` in `os`
[INFO] [stdout]    --> src/lib.rs:107:9
[INFO] [stdout]     |
[INFO] [stdout] 107 |     os::windows::ffi::OsStrExt,
[INFO] [stdout]     |         ^^^^^^^ could not find `windows` in `os`
[INFO] [stdout]     |
[INFO] [stdout] note: found an item that was configured out
[INFO] [stdout]    --> /rustc/268dbbbc4b3fd71c5f360a4d0728295252430b5b/library/std/src/os/mod.rs:53:9
[INFO] [stdout] note: found an item that was configured out
[INFO] [stdout]    --> /rustc/268dbbbc4b3fd71c5f360a4d0728295252430b5b/library/std/src/os/mod.rs:97:9
[INFO] [stdout] 
[INFO] [stdout] 
[INFO] [stdout] error[E0599]: no method named `encode_wide` found for reference `&OsStr` in the current scope
[INFO] [stdout]    --> src/lib.rs:298:42
[INFO] [stdout]     |
[INFO] [stdout] 298 |             .map(|path| path.as_os_str().encode_wide().collect::<Vec<_>>())
[INFO] [stdout]     |                                          ^^^^^^^^^^^ method not found in `&OsStr`
[INFO] [stdout] 
[INFO] [stdout] 
[INFO] [stdout] error[E0599]: no method named `encode_wide` found for reference `&OsStr` in the current scope
[INFO] [stdout]    --> src/lib.rs:298:42
[INFO] [stdout]     |
[INFO] [stdout] 298 |             .map(|path| path.as_os_str().encode_wide().collect::<Vec<_>>())
[INFO] [stdout]     |                                          ^^^^^^^^^^^ method not found in `&OsStr`
[INFO] [stdout] 
[INFO] [stdout] 
[INFO] [stdout] error[E0599]: no method named `encode_wide` found for reference `&OsStr` in the current scope
[INFO] [stdout]    --> src/lib.rs:302:35
[INFO] [stdout]     |
[INFO] [stdout] 302 |         let mut command = command.encode_wide().collect::<Vec<_>>();
[INFO] [stdout]     |                                   ^^^^^^^^^^^ method not found in `&OsStr`
[INFO] [stdout] 
[INFO] [stdout] 
[INFO] [stdout] error[E0599]: no method named `encode_wide` found for reference `&OsStr` in the current scope
[INFO] [stdout]    --> src/lib.rs:302:35
[INFO] [stdout]     |
[INFO] [stdout] 302 |         let mut command = command.encode_wide().collect::<Vec<_>>();
[INFO] [stdout]     |                                   ^^^^^^^^^^^ method not found in `&OsStr`
[INFO] [stdout] 
[INFO] [stdout] 
[INFO] [stdout] error: aborting due to 3 previous errors
[INFO] [stdout] 
[INFO] [stdout] 
[INFO] [stdout] Some errors have detailed explanations: E0433, E0599.
[INFO] [stdout] 
[INFO] [stdout] For more information about an error, try `rustc --explain E0433`.
[INFO] [stdout] 
[INFO] [stdout] error: aborting due to 3 previous errors
[INFO] [stdout] 
[INFO] [stdout] 
[INFO] [stdout] Some errors have detailed explanations: E0433, E0599.
[INFO] [stdout] 
[INFO] [stdout] For more information about an error, try `rustc --explain E0433`.
[INFO] [stdout] 
[INFO] [stderr] error: could not compile `CreateProcessW` (lib) due to 4 previous errors
[INFO] [stderr] warning: build failed, waiting for other jobs to finish...
[INFO] [stderr] error: could not compile `CreateProcessW` (lib test) due to 4 previous errors
[INFO] running `Command { std: "docker" "inspect" "e501804debb20c3e7efb5ad6188cc3880bc16507e8c8b364264945ba0fe65b58", kill_on_drop: false }`
[INFO] running `Command { std: "docker" "rm" "-f" "e501804debb20c3e7efb5ad6188cc3880bc16507e8c8b364264945ba0fe65b58", kill_on_drop: false }`
[INFO] [stdout] e501804debb20c3e7efb5ad6188cc3880bc16507e8c8b364264945ba0fe65b58
