[INFO] fetching crate ssi-ldp 0.3.2...
[INFO] checking ssi-ldp-0.3.2 against nightly-2024-02-05 for check-cfg-2
[INFO] extracting crate ssi-ldp 0.3.2 into /workspace/builds/worker-0-tc1/source
[INFO] validating manifest of crates.io crate ssi-ldp 0.3.2 on toolchain nightly-2024-02-05
[INFO] running `Command { std: CARGO_HOME="/workspace/cargo-home" RUSTUP_HOME="/workspace/rustup-home" "/workspace/cargo-home/bin/cargo" "+nightly-2024-02-05" "metadata" "--manifest-path" "Cargo.toml" "--no-deps", kill_on_drop: false }`
[INFO] started tweaking crates.io crate ssi-ldp 0.3.2
[INFO] finished tweaking crates.io crate ssi-ldp 0.3.2
[INFO] tweaked toml for crates.io crate ssi-ldp 0.3.2 written to /workspace/builds/worker-0-tc1/source/Cargo.toml
[INFO] running `Command { std: CARGO_HOME="/workspace/cargo-home" RUSTUP_HOME="/workspace/rustup-home" "/workspace/cargo-home/bin/cargo" "+nightly-2024-02-05" "generate-lockfile" "--manifest-path" "Cargo.toml", kill_on_drop: false }`
[INFO] [stderr]     Updating crates.io index
[INFO] running `Command { std: CARGO_HOME="/workspace/cargo-home" RUSTUP_HOME="/workspace/rustup-home" "/workspace/cargo-home/bin/cargo" "+nightly-2024-02-05" "fetch" "--manifest-path" "Cargo.toml", kill_on_drop: false }`
[INFO] [stderr]     Blocking waiting for file lock on package cache
[INFO] [stderr]     Blocking waiting for file lock on package cache
[INFO] [stderr]  Downloading crates ...
[INFO] [stderr]   Downloaded darling_macro v0.10.2
[INFO] [stderr]   Downloaded ssi-crypto v0.1.1
[INFO] [stderr]   Downloaded pct-str v1.2.0
[INFO] [stderr]   Downloaded unsigned-varint v0.7.2
[INFO] [stderr]   Downloaded snarkvm-marlin v0.7.9
[INFO] [stderr]   Downloaded ssi-jwk v0.1.2
[INFO] [stderr]   Downloaded keccak-hash v0.7.0
[INFO] [stderr]   Downloaded contextual v0.1.6
[INFO] [stderr]   Downloaded static-iref v2.0.0
[INFO] [stderr]   Downloaded base58 v0.1.0
[INFO] [stderr]   Downloaded primitive-types v0.9.1
[INFO] [stderr]   Downloaded utf8-decode v1.0.1
[INFO] [stderr]   Downloaded const-oid v0.7.1
[INFO] [stderr]   Downloaded multibase v0.9.1
[INFO] [stderr]   Downloaded derive_builder_core v0.9.0
[INFO] [stderr]   Downloaded permutohedron v0.2.4
[INFO] [stderr]   Downloaded bech32 v0.8.1
[INFO] [stderr]   Downloaded serde_jcs v0.1.0
[INFO] [stderr]   Downloaded data-encoding-macro v0.1.14
[INFO] [stderr]   Downloaded base-x v0.2.11
[INFO] [stderr]   Downloaded pkcs1 v0.3.3
[INFO] [stderr]   Downloaded num-bigint-dig v0.8.4
[INFO] [stderr]   Downloaded p384 v0.13.0
[INFO] [stderr]   Downloaded darling_core v0.10.2
[INFO] [stderr]   Downloaded der v0.5.1
[INFO] [stderr]   Downloaded snarkvm-r1cs v0.7.9
[INFO] [stderr]   Downloaded curl-sys v0.4.71+curl-8.6.0
[INFO] [stderr]   Downloaded libz-sys v1.1.15
[INFO] [stderr]   Downloaded json-ld-compaction v0.12.1
[INFO] [stderr]   Downloaded ssi-contexts v0.1.5
[INFO] [stderr]   Downloaded snarkvm-parameters v0.7.9
[INFO] [stderr]   Downloaded grdf v0.16.3
[INFO] [stderr]   Downloaded rsa v0.6.1
[INFO] [stderr]   Downloaded snarkvm-polycommit v0.7.9
[INFO] [stderr]   Downloaded ssi-dids v0.1.1
[INFO] [stderr]   Downloaded ed25519-dalek v2.1.1
[INFO] [stderr]   Downloaded ryu-js v0.2.2
[INFO] [stderr]   Downloaded langtag v0.3.4
[INFO] [stderr]   Downloaded curl v0.4.44
[INFO] [stderr]   Downloaded p256 v0.13.2
[INFO] [stderr]   Downloaded snarkvm-algorithms v0.7.9
[INFO] [stderr]   Downloaded snarkvm-curves v0.7.9
[INFO] [stderr]   Downloaded snarkvm-gadgets v0.7.9
[INFO] [stderr]   Downloaded json-ld-core v0.12.1
[INFO] [stderr]   Downloaded json-ld-syntax v0.12.1
[INFO] [stderr]   Downloaded snarkvm-utilities v0.7.9
[INFO] [stderr]   Downloaded ryu_floating_decimal v0.1.0
[INFO] [stderr]   Downloaded snarkvm-fields v0.7.9
[INFO] [stderr]   Downloaded json-ld-context-processing v0.12.1
[INFO] [stderr]   Downloaded rdf-types v0.12.19
[INFO] [stderr]   Downloaded data-encoding-macro-internal v0.1.12
[INFO] [stderr]   Downloaded spki v0.5.4
[INFO] [stderr]   Downloaded strsim v0.9.3
[INFO] [stderr]   Downloaded pem-rfc7468 v0.3.1
[INFO] [stderr]   Downloaded snarkvm-derives v0.7.9
[INFO] [stderr]   Downloaded primeorder v0.13.6
[INFO] [stderr]   Downloaded derive_builder v0.9.0
[INFO] [stderr]   Downloaded pem-rfc7468 v0.7.0
[INFO] [stderr]   Downloaded crypto-bigint v0.3.2
[INFO] [stderr]   Downloaded json-syntax v0.9.6
[INFO] [stderr]   Downloaded iref v2.2.3
[INFO] [stderr]   Downloaded snarkvm-dpc v0.7.9
[INFO] [stderr]   Downloaded json-ld-expansion v0.12.1
[INFO] [stderr]   Downloaded decoded-char v0.1.1
[INFO] [stderr]   Downloaded locspan v0.7.16
[INFO] [stderr]   Downloaded pkcs8 v0.8.0
[INFO] [stderr]   Downloaded locspan-derive v0.6.0
[INFO] [stderr]   Downloaded mown v0.2.2
[INFO] [stderr]   Downloaded darling v0.10.2
[INFO] [stderr]   Downloaded combination v0.1.5
[INFO] [stderr]   Downloaded simple_asn1 v0.5.4
[INFO] [stderr]   Downloaded ssi-tzkey v0.1.1
[INFO] [stderr]   Downloaded ssi-caips v0.1.0
[INFO] [stderr]   Downloaded pretty_dtoa v0.3.0
[INFO] [stderr]   Downloaded smallstr v0.3.0
[INFO] [stderr]   Downloaded clear_on_drop v0.2.5
[INFO] [stderr]   Downloaded ed25519 v2.2.3
[INFO] [stderr]   Downloaded ssi-json-ld v0.2.2
[INFO] [stderr]   Downloaded ssi-jws v0.1.1
[INFO] [stderr]   Downloaded ssi-core v0.1.0
[INFO] [stderr]   Downloaded json-number v0.4.6
[INFO] [stderr]   Downloaded json-ld v0.12.1
[INFO] [stderr]   Downloaded snarkvm-profiler v0.7.9
[INFO] [stderr]   Downloaded multibase v0.8.0
[INFO] running `Command { std: "docker" "create" "-v" "/var/lib/crater-agent-workspace/builds/worker-0-tc1/target:/opt/rustwide/target:rw,Z" "-v" "/var/lib/crater-agent-workspace/builds/worker-0-tc1/source:/opt/rustwide/workdir:ro,Z" "-v" "/var/lib/crater-agent-workspace/cargo-home:/opt/rustwide/cargo-home:ro,Z" "-v" "/var/lib/crater-agent-workspace/rustup-home:/opt/rustwide/rustup-home:ro,Z" "-e" "SOURCE_DIR=/opt/rustwide/workdir" "-e" "CARGO_TARGET_DIR=/opt/rustwide/target" "-e" "CARGO_HOME=/opt/rustwide/cargo-home" "-e" "RUSTUP_HOME=/opt/rustwide/rustup-home" "-w" "/opt/rustwide/workdir" "-m" "1610612736" "--user" "0:0" "--network" "none" "ghcr.io/rust-lang/crates-build-env/linux@sha256:2788e3201cd34a07e3172128adcd8b3090168a8e3bcc40d7c032b9dda1df7d1c" "/opt/rustwide/cargo-home/bin/cargo" "+nightly-2024-02-05" "metadata" "--no-deps" "--format-version=1", kill_on_drop: false }`
[INFO] [stdout] 28d93c7c70e1efa6c7b398797cf4c611dad82a5f661d8a866a31125a5188bdad
[INFO] running `Command { std: "docker" "start" "-a" "28d93c7c70e1efa6c7b398797cf4c611dad82a5f661d8a866a31125a5188bdad", kill_on_drop: false }`
[INFO] running `Command { std: "docker" "inspect" "28d93c7c70e1efa6c7b398797cf4c611dad82a5f661d8a866a31125a5188bdad", kill_on_drop: false }`
[INFO] running `Command { std: "docker" "rm" "-f" "28d93c7c70e1efa6c7b398797cf4c611dad82a5f661d8a866a31125a5188bdad", kill_on_drop: false }`
[INFO] [stdout] 28d93c7c70e1efa6c7b398797cf4c611dad82a5f661d8a866a31125a5188bdad
[INFO] running `Command { std: "docker" "create" "-v" "/var/lib/crater-agent-workspace/builds/worker-0-tc1/target:/opt/rustwide/target:rw,Z" "-v" "/var/lib/crater-agent-workspace/builds/worker-0-tc1/source:/opt/rustwide/workdir:ro,Z" "-v" "/var/lib/crater-agent-workspace/cargo-home:/opt/rustwide/cargo-home:ro,Z" "-v" "/var/lib/crater-agent-workspace/rustup-home:/opt/rustwide/rustup-home:ro,Z" "-e" "SOURCE_DIR=/opt/rustwide/workdir" "-e" "CARGO_TARGET_DIR=/opt/rustwide/target" "-e" "CARGO_INCREMENTAL=0" "-e" "RUST_BACKTRACE=full" "-e" "RUSTFLAGS=--cap-lints=forbid" "-e" "RUSTDOCFLAGS=--cap-lints=forbid" "-e" "CARGO_HOME=/opt/rustwide/cargo-home" "-e" "RUSTUP_HOME=/opt/rustwide/rustup-home" "-w" "/opt/rustwide/workdir" "-m" "1610612736" "--user" "0:0" "--network" "none" "ghcr.io/rust-lang/crates-build-env/linux@sha256:2788e3201cd34a07e3172128adcd8b3090168a8e3bcc40d7c032b9dda1df7d1c" "/opt/rustwide/cargo-home/bin/cargo" "+nightly-2024-02-05" "check" "--frozen" "--all" "--all-targets" "--message-format=json", kill_on_drop: false }`
[INFO] [stdout] b31a255abe1a30c5f40037080f6a3e437e739caa5935d24333d23acd029e6852
[INFO] running `Command { std: "docker" "start" "-a" "b31a255abe1a30c5f40037080f6a3e437e739caa5935d24333d23acd029e6852", kill_on_drop: false }`
[INFO] [stderr]    Compiling libc v0.2.153
[INFO] [stderr]     Checking subtle v2.5.0
[INFO] [stderr]    Compiling generic-array v0.14.7
[INFO] [stderr]    Compiling syn v1.0.109
[INFO] [stderr]     Checking zeroize v1.7.0
[INFO] [stderr]     Checking serde v1.0.196
[INFO] [stderr]     Checking futures-io v0.3.30
[INFO] [stderr]     Checking pem-rfc7468 v0.7.0
[INFO] [stderr]     Checking lexical-util v0.8.5
[INFO] [stderr]    Compiling ahash v0.8.7
[INFO] [stderr]    Compiling proc-macro-error-attr v1.0.4
[INFO] [stderr]     Checking der v0.7.8
[INFO] [stderr]    Compiling libm v0.2.8
[INFO] [stderr]     Checking zerocopy v0.7.32
[INFO] [stderr]     Checking crossbeam-utils v0.8.19
[INFO] [stderr]     Checking block-buffer v0.10.4
[INFO] [stderr]     Checking crypto-common v0.1.6
[INFO] [stderr]     Checking digest v0.10.7
[INFO] [stderr]    Compiling proc-macro-error v1.0.4
[INFO] [stderr]     Checking spki v0.7.3
[INFO] [stderr]    Compiling num-traits v0.2.18
[INFO] [stderr]     Checking parking v2.2.0
[INFO] [stderr]     Checking pkcs8 v0.10.2
[INFO] [stderr]     Checking lexical-write-integer v0.8.5
[INFO] [stderr]     Checking lexical-parse-integer v0.8.6
[INFO] [stderr]     Checking concurrent-queue v2.4.0
[INFO] [stderr]     Checking hashbrown v0.13.2
[INFO] [stderr]     Checking getrandom v0.2.12
[INFO] [stderr]    Compiling ahash v0.7.7
[INFO] [stderr]     Checking rand_core v0.6.4
[INFO] [stderr]     Checking base16ct v0.2.0
[INFO] [stderr]     Checking ff v0.13.0
[INFO] [stderr]    Compiling crunchy v0.2.2
[INFO] [stderr]     Checking sec1 v0.7.3
[INFO] [stderr]     Checking crypto-bigint v0.5.5
[INFO] [stderr]     Checking group v0.13.0
[INFO] [stderr]     Checking signature v2.2.0
[INFO] [stderr]     Checking lexical-write-float v0.8.5
[INFO] [stderr]     Checking lexical-parse-float v0.8.5
[INFO] [stderr]     Checking utf8-decode v1.0.1
[INFO] [stderr]     Checking contextual v0.1.6
[INFO] [stderr]     Checking value-bag v1.7.0
[INFO] [stderr]     Checking byteorder v1.5.0
[INFO] [stderr]     Checking log v0.4.20
[INFO] [stderr]     Checking locspan v0.7.16
[INFO] [stderr]     Checking pct-str v1.2.0
[INFO] [stderr]     Checking lexical-core v0.8.5
[INFO] [stderr]     Checking hmac v0.12.1
[INFO] [stderr]    Compiling indexmap v1.9.3
[INFO] [stderr]     Checking futures-sink v0.3.30
[INFO] [stderr]     Checking ryu-js v0.2.2
[INFO] [stderr]     Checking futures-channel v0.3.30
[INFO] [stderr]     Checking rfc6979 v0.4.0
[INFO] [stderr]     Checking hashbrown v0.12.3
[INFO] [stderr]     Checking iref v2.2.3
[INFO] [stderr]     Checking lexical v6.1.1
[INFO] [stderr]     Checking num-integer v0.1.46
[INFO] [stderr]     Checking event-listener v4.0.3
[INFO] [stderr]     Checking sha2 v0.10.8
[INFO] [stderr]     Checking crypto-bigint v0.3.2
[INFO] [stderr]     Checking block-buffer v0.9.0
[INFO] [stderr]     Checking digest v0.9.0
[INFO] [stderr]     Checking pem-rfc7468 v0.3.1
[INFO] [stderr]     Checking elliptic-curve v0.13.8
[INFO] [stderr]    Compiling ryu_floating_decimal v0.1.0
[INFO] [stderr]     Checking langtag v0.3.4
[INFO] [stderr]     Checking const-oid v0.7.1
[INFO] [stderr]     Checking uint v0.9.5
[INFO] [stderr]     Checking ecdsa v0.16.9
[INFO] [stderr]     Checking futures-util v0.3.30
[INFO] [stderr]     Checking event-listener-strategy v0.4.0
[INFO] [stderr]     Checking json-number v0.4.6
[INFO] [stderr]     Checking smallstr v0.3.0
[INFO] [stderr]     Checking fixed-hash v0.7.0
[INFO] [stderr]    Compiling smallvec v1.13.1
[INFO] [stderr]     Checking decoded-char v0.1.1
[INFO] [stderr]     Checking fastrand v2.0.1
[INFO] [stderr]    Compiling data-encoding v2.5.0
[INFO] [stderr]     Checking lazy_static v1.4.0
[INFO] [stderr]    Compiling curve25519-dalek v4.1.2
[INFO] [stderr]     Checking rand_chacha v0.3.1
[INFO] [stderr]     Checking primitive-types v0.9.1
[INFO] [stderr]     Checking der v0.5.1
[INFO] [stderr]     Checking tiny-keccak v2.0.2
[INFO] [stderr]     Checking sha2 v0.9.9
[INFO] [stderr]    Compiling num-bigint-dig v0.8.4
[INFO] [stderr]    Compiling rustix v0.38.31
[INFO] [stderr]     Checking spki v0.5.4
[INFO] [stderr]     Checking tracing-core v0.1.32
[INFO] [stderr]     Checking pkcs8 v0.8.0
[INFO] [stderr]     Checking bs58 v0.4.0
[INFO] [stderr]    Compiling static-iref v2.0.0
[INFO] [stderr]     Checking pretty_dtoa v0.3.0
[INFO] [stderr]     Checking rand v0.8.5
[INFO] [stderr]     Checking keccak-hash v0.7.0
[INFO] [stderr]     Checking k256 v0.13.3
[INFO] [stderr]     Checking futures-lite v2.2.0
[INFO] [stderr]     Checking async-lock v3.3.0
[INFO] [stderr]     Checking tracing v0.1.40
[INFO] [stderr]     Checking ripemd160 v0.9.1
[INFO] [stderr]     Checking num-iter v0.1.44
[INFO] [stderr]     Checking permutohedron v0.2.4
[INFO] [stderr]     Checking mown v0.2.2
[INFO] [stderr]    Compiling io-lifetimes v1.0.11
[INFO] [stderr]     Checking iana-time-zone v0.1.60
[INFO] [stderr]     Checking base-x v0.2.11
[INFO] [stderr]     Checking linux-raw-sys v0.4.13
[INFO] [stderr]     Checking chrono v0.4.33
[INFO] [stderr]     Checking ssi-crypto v0.1.1
[INFO] [stderr]     Checking num-bigint v0.4.4
[INFO] [stderr]     Checking pkcs1 v0.3.3
[INFO] [stderr]     Checking primeorder v0.13.6
[INFO] [stderr]     Checking futures-executor v0.3.30
[INFO] [stdout] error[E0658]: use of unstable library feature 'stdsimd'
[INFO] [stdout]   --> /opt/rustwide/cargo-home/registry/src/index.crates.io-6f17d22bba15001f/curve25519-dalek-4.1.2/src/backend/vector/ifma/field.rs:26:5
[INFO] [stdout]    |
[INFO] [stdout] 26 |     _mm256_madd52lo_epu64(z.into(), x.into(), y.into()).into()
[INFO] [stdout]    |     ^^^^^^^^^^^^^^^^^^^^^
[INFO] [stdout]    |
[INFO] [stdout]    = note: see issue #48556 <https://github.com/rust-lang/rust/issues/48556> for more information
[INFO] [stdout]    = help: add `#![feature(stdsimd)]` to the crate attributes to enable
[INFO] [stdout]    = note: this compiler was built on 2024-02-04; consider upgrading it if it is out of date
[INFO] [stdout] 
[INFO] [stdout] 
[INFO] [stdout] error[E0658]: use of unstable library feature 'stdsimd'
[INFO] [stdout]   --> /opt/rustwide/cargo-home/registry/src/index.crates.io-6f17d22bba15001f/curve25519-dalek-4.1.2/src/backend/vector/ifma/field.rs:25:9
[INFO] [stdout]    |
[INFO] [stdout] 25 |     use core::arch::x86_64::_mm256_madd52lo_epu64;
[INFO] [stdout]    |         ^^^^^^^^^^^^^^^^^^^^^^^^^^^^^^^^^^^^^^^^^
[INFO] [stdout]    |
[INFO] [stdout]    = note: see issue #48556 <https://github.com/rust-lang/rust/issues/48556> for more information
[INFO] [stdout]    = help: add `#![feature(stdsimd)]` to the crate attributes to enable
[INFO] [stdout]    = note: this compiler was built on 2024-02-04; consider upgrading it if it is out of date
[INFO] [stdout] 
[INFO] [stdout] 
[INFO] [stdout] error[E0658]: use of unstable library feature 'stdsimd'
[INFO] [stdout]   --> /opt/rustwide/cargo-home/registry/src/index.crates.io-6f17d22bba15001f/curve25519-dalek-4.1.2/src/backend/vector/ifma/field.rs:34:5
[INFO] [stdout]    |
[INFO] [stdout] 34 |     _mm256_madd52hi_epu64(z.into(), x.into(), y.into()).into()
[INFO] [stdout]    |     ^^^^^^^^^^^^^^^^^^^^^
[INFO] [stdout]    |
[INFO] [stdout]    = note: see issue #48556 <https://github.com/rust-lang/rust/issues/48556> for more information
[INFO] [stdout]    = help: add `#![feature(stdsimd)]` to the crate attributes to enable
[INFO] [stdout]    = note: this compiler was built on 2024-02-04; consider upgrading it if it is out of date
[INFO] [stdout] 
[INFO] [stdout] 
[INFO] [stdout] error[E0658]: use of unstable library feature 'stdsimd'
[INFO] [stdout]   --> /opt/rustwide/cargo-home/registry/src/index.crates.io-6f17d22bba15001f/curve25519-dalek-4.1.2/src/backend/vector/ifma/field.rs:33:9
[INFO] [stdout]    |
[INFO] [stdout] 33 |     use core::arch::x86_64::_mm256_madd52hi_epu64;
[INFO] [stdout]    |         ^^^^^^^^^^^^^^^^^^^^^^^^^^^^^^^^^^^^^^^^^
[INFO] [stdout]    |
[INFO] [stdout]    = note: see issue #48556 <https://github.com/rust-lang/rust/issues/48556> for more information
[INFO] [stdout]    = help: add `#![feature(stdsimd)]` to the crate attributes to enable
[INFO] [stdout]    = note: this compiler was built on 2024-02-04; consider upgrading it if it is out of date
[INFO] [stdout] 
[INFO] [stdout] 
[INFO] [stdout] error[E0635]: unknown feature `stdarch_x86_avx512`
[INFO] [stdout]   --> /opt/rustwide/cargo-home/registry/src/index.crates.io-6f17d22bba15001f/curve25519-dalek-4.1.2/src/lib.rs:19:13
[INFO] [stdout]    |
[INFO] [stdout] 19 |     feature(stdarch_x86_avx512)
[INFO] [stdout]    |             ^^^^^^^^^^^^^^^^^^
[INFO] [stdout] 
[INFO] [stdout] 
[INFO] [stderr]     Checking futures v0.3.30
[INFO] [stderr]     Checking ed25519 v2.2.3
[INFO] [stderr]    Compiling polling v2.8.0
[INFO] [stderr]    Compiling serde_json v1.0.113
[INFO] [stderr]    Compiling strsim v0.9.3
[INFO] [stderr]     Checking event-listener v2.5.3
[INFO] [stderr]     Checking arrayref v0.3.7
[INFO] [stderr]     Checking constant_time_eq v0.1.5
[INFO] [stderr]     Checking async-task v4.7.0
[INFO] [stderr]    Compiling rustix v0.37.27
[INFO] [stderr]     Checking arrayvec v0.5.2
[INFO] [stderr]     Checking piper v0.2.1
[INFO] [stdout] error: aborting due to 5 previous errors
[INFO] [stdout] 
[INFO] [stdout] 
[INFO] [stdout] Some errors have detailed explanations: E0635, E0658.
[INFO] [stdout] 
[INFO] [stdout] For more information about an error, try `rustc --explain E0635`.
[INFO] [stdout] 
[INFO] [stderr] error: could not compile `curve25519-dalek` (lib) due to 6 previous errors
[INFO] [stderr] warning: build failed, waiting for other jobs to finish...
[INFO] running `Command { std: "docker" "inspect" "b31a255abe1a30c5f40037080f6a3e437e739caa5935d24333d23acd029e6852", kill_on_drop: false }`
[INFO] running `Command { std: "docker" "rm" "-f" "b31a255abe1a30c5f40037080f6a3e437e739caa5935d24333d23acd029e6852", kill_on_drop: false }`
[INFO] [stdout] b31a255abe1a30c5f40037080f6a3e437e739caa5935d24333d23acd029e6852
[INFO] checking ssi-ldp-0.3.2 against nightly-2024-02-05+rustflags=-Dunexpected_cfgs+cargoflags=-Zcheck-cfg for check-cfg-2
[INFO] extracting crate ssi-ldp 0.3.2 into /workspace/builds/worker-0-tc2/source
[INFO] validating manifest of crates.io crate ssi-ldp 0.3.2 on toolchain nightly-2024-02-05
[INFO] running `Command { std: CARGO_HOME="/workspace/cargo-home" RUSTUP_HOME="/workspace/rustup-home" "/workspace/cargo-home/bin/cargo" "+nightly-2024-02-05" "metadata" "--manifest-path" "Cargo.toml" "--no-deps", kill_on_drop: false }`
[INFO] started tweaking crates.io crate ssi-ldp 0.3.2
[INFO] finished tweaking crates.io crate ssi-ldp 0.3.2
[INFO] tweaked toml for crates.io crate ssi-ldp 0.3.2 written to /workspace/builds/worker-0-tc2/source/Cargo.toml
[INFO] running `Command { std: CARGO_HOME="/workspace/cargo-home" RUSTUP_HOME="/workspace/rustup-home" "/workspace/cargo-home/bin/cargo" "+nightly-2024-02-05" "generate-lockfile" "--manifest-path" "Cargo.toml", kill_on_drop: false }`
[INFO] [stderr]     Updating crates.io index
[INFO] running `Command { std: CARGO_HOME="/workspace/cargo-home" RUSTUP_HOME="/workspace/rustup-home" "/workspace/cargo-home/bin/cargo" "+nightly-2024-02-05" "fetch" "--manifest-path" "Cargo.toml", kill_on_drop: false }`
[INFO] running `Command { std: "docker" "create" "-v" "/var/lib/crater-agent-workspace/builds/worker-0-tc2/target:/opt/rustwide/target:rw,Z" "-v" "/var/lib/crater-agent-workspace/builds/worker-0-tc2/source:/opt/rustwide/workdir:ro,Z" "-v" "/var/lib/crater-agent-workspace/cargo-home:/opt/rustwide/cargo-home:ro,Z" "-v" "/var/lib/crater-agent-workspace/rustup-home:/opt/rustwide/rustup-home:ro,Z" "-e" "SOURCE_DIR=/opt/rustwide/workdir" "-e" "CARGO_TARGET_DIR=/opt/rustwide/target" "-e" "CARGO_HOME=/opt/rustwide/cargo-home" "-e" "RUSTUP_HOME=/opt/rustwide/rustup-home" "-w" "/opt/rustwide/workdir" "-m" "1610612736" "--user" "0:0" "--network" "none" "ghcr.io/rust-lang/crates-build-env/linux@sha256:2788e3201cd34a07e3172128adcd8b3090168a8e3bcc40d7c032b9dda1df7d1c" "/opt/rustwide/cargo-home/bin/cargo" "+nightly-2024-02-05" "metadata" "--no-deps" "--format-version=1", kill_on_drop: false }`
[INFO] [stdout] c5fdafb976ce56df3867e893f82c49e1d3ee63505ebd191d8406044a90435672
[INFO] running `Command { std: "docker" "start" "-a" "c5fdafb976ce56df3867e893f82c49e1d3ee63505ebd191d8406044a90435672", kill_on_drop: false }`
[INFO] running `Command { std: "docker" "inspect" "c5fdafb976ce56df3867e893f82c49e1d3ee63505ebd191d8406044a90435672", kill_on_drop: false }`
[INFO] running `Command { std: "docker" "rm" "-f" "c5fdafb976ce56df3867e893f82c49e1d3ee63505ebd191d8406044a90435672", kill_on_drop: false }`
[INFO] [stdout] c5fdafb976ce56df3867e893f82c49e1d3ee63505ebd191d8406044a90435672
[INFO] running `Command { std: "docker" "create" "-v" "/var/lib/crater-agent-workspace/builds/worker-0-tc2/target:/opt/rustwide/target:rw,Z" "-v" "/var/lib/crater-agent-workspace/builds/worker-0-tc2/source:/opt/rustwide/workdir:ro,Z" "-v" "/var/lib/crater-agent-workspace/cargo-home:/opt/rustwide/cargo-home:ro,Z" "-v" "/var/lib/crater-agent-workspace/rustup-home:/opt/rustwide/rustup-home:ro,Z" "-e" "SOURCE_DIR=/opt/rustwide/workdir" "-e" "CARGO_TARGET_DIR=/opt/rustwide/target" "-e" "CARGO_INCREMENTAL=0" "-e" "RUST_BACKTRACE=full" "-e" "RUSTFLAGS=--cap-lints=forbid -Dunexpected_cfgs" "-e" "RUSTDOCFLAGS=--cap-lints=forbid" "-e" "CARGO_HOME=/opt/rustwide/cargo-home" "-e" "RUSTUP_HOME=/opt/rustwide/rustup-home" "-w" "/opt/rustwide/workdir" "-m" "1610612736" "--user" "0:0" "--network" "none" "ghcr.io/rust-lang/crates-build-env/linux@sha256:2788e3201cd34a07e3172128adcd8b3090168a8e3bcc40d7c032b9dda1df7d1c" "/opt/rustwide/cargo-home/bin/cargo" "+nightly-2024-02-05" "check" "--frozen" "--all" "--all-targets" "--message-format=json" "-Zcheck-cfg", kill_on_drop: false }`
[INFO] [stdout] 18f1f3b1e5abdf6044017d060aa9adb88b7f37b6b514304d4da27e2f9ce2a60c
[INFO] running `Command { std: "docker" "start" "-a" "18f1f3b1e5abdf6044017d060aa9adb88b7f37b6b514304d4da27e2f9ce2a60c", kill_on_drop: false }`
[INFO] [stderr]     Checking zeroize v1.7.0
[INFO] [stderr]    Compiling libc v0.2.153
[INFO] [stderr]    Compiling generic-array v0.14.7
[INFO] [stderr]    Compiling syn v1.0.109
[INFO] [stderr]     Checking subtle v2.5.0
[INFO] [stderr]     Checking serde v1.0.196
[INFO] [stderr]     Checking futures-io v0.3.30
[INFO] [stderr]     Checking pem-rfc7468 v0.7.0
[INFO] [stderr]     Checking lexical-util v0.8.5
[INFO] [stderr]    Compiling ahash v0.8.7
[INFO] [stderr]     Checking der v0.7.8
[INFO] [stderr]    Compiling proc-macro-error-attr v1.0.4
[INFO] [stderr]    Compiling libm v0.2.8
[INFO] [stderr]     Checking zerocopy v0.7.32
[INFO] [stderr]     Checking crossbeam-utils v0.8.19
[INFO] [stderr]    Compiling num-traits v0.2.18
[INFO] [stderr]     Checking crypto-common v0.1.6
[INFO] [stderr]     Checking block-buffer v0.10.4
[INFO] [stderr]    Compiling proc-macro-error v1.0.4
[INFO] [stderr]     Checking digest v0.10.7
[INFO] [stderr]     Checking parking v2.2.0
[INFO] [stderr]     Checking concurrent-queue v2.4.0
[INFO] [stderr]     Checking lexical-parse-integer v0.8.6
[INFO] [stderr]     Checking spki v0.7.3
[INFO] [stderr]     Checking lexical-write-integer v0.8.5
[INFO] [stderr]     Checking hashbrown v0.13.2
[INFO] [stderr]     Checking getrandom v0.2.12
[INFO] [stderr]     Checking pkcs8 v0.10.2
[INFO] [stderr]     Checking rand_core v0.6.4
[INFO] [stderr]    Compiling ahash v0.7.7
[INFO] [stderr]     Checking base16ct v0.2.0
[INFO] [stderr]     Checking ff v0.13.0
[INFO] [stderr]    Compiling crunchy v0.2.2
[INFO] [stderr]     Checking sec1 v0.7.3
[INFO] [stderr]     Checking group v0.13.0
[INFO] [stderr]     Checking signature v2.2.0
[INFO] [stderr]     Checking crypto-bigint v0.5.5
[INFO] [stderr]     Checking lexical-write-float v0.8.5
[INFO] [stderr]     Checking lexical-parse-float v0.8.5
[INFO] [stderr]     Checking contextual v0.1.6
[INFO] [stderr]     Checking value-bag v1.7.0
[INFO] [stderr]     Checking byteorder v1.5.0
[INFO] [stderr]     Checking utf8-decode v1.0.1
[INFO] [stderr]     Checking pct-str v1.2.0
[INFO] [stderr]     Checking locspan v0.7.16
[INFO] [stderr]     Checking log v0.4.20
[INFO] [stderr]     Checking hmac v0.12.1
[INFO] [stderr]    Compiling indexmap v1.9.3
[INFO] [stderr]     Checking lexical-core v0.8.5
[INFO] [stderr]     Checking futures-sink v0.3.30
[INFO] [stderr]     Checking ryu-js v0.2.2
[INFO] [stderr]     Checking futures-channel v0.3.30
[INFO] [stderr]     Checking lexical v6.1.1
[INFO] [stderr]     Checking rfc6979 v0.4.0
[INFO] [stderr]     Checking hashbrown v0.12.3
[INFO] [stderr]     Checking event-listener v4.0.3
[INFO] [stderr]     Checking sha2 v0.10.8
[INFO] [stderr]     Checking digest v0.9.0
[INFO] [stderr]     Checking crypto-bigint v0.3.2
[INFO] [stderr]     Checking block-buffer v0.9.0
[INFO] [stderr]     Checking pem-rfc7468 v0.3.1
[INFO] [stderr]    Compiling ryu_floating_decimal v0.1.0
[INFO] [stderr]     Checking const-oid v0.7.1
[INFO] [stderr]     Checking iref v2.2.3
[INFO] [stderr]     Checking langtag v0.3.4
[INFO] [stderr]     Checking der v0.5.1
[INFO] [stderr]     Checking json-number v0.4.6
[INFO] [stderr]     Checking futures-util v0.3.30
[INFO] [stderr]     Checking uint v0.9.5
[INFO] [stderr]     Checking event-listener-strategy v0.4.0
[INFO] [stderr]     Checking smallstr v0.3.0
[INFO] [stderr]     Checking num-integer v0.1.46
[INFO] [stderr]     Checking fixed-hash v0.7.0
[INFO] [stderr]    Compiling smallvec v1.13.1
[INFO] [stderr]     Checking fastrand v2.0.1
[INFO] [stderr]    Compiling data-encoding v2.5.0
[INFO] [stderr]     Checking decoded-char v0.1.1
[INFO] [stderr]     Checking primitive-types v0.9.1
[INFO] [stderr]    Compiling curve25519-dalek v4.1.2
[INFO] [stderr]     Checking spki v0.5.4
[INFO] [stderr]     Checking elliptic-curve v0.13.8
[INFO] [stderr]     Checking rand_chacha v0.3.1
[INFO] [stderr]     Checking lazy_static v1.4.0
[INFO] [stderr]     Checking tiny-keccak v2.0.2
[INFO] [stderr]     Checking ecdsa v0.16.9
[INFO] [stderr]     Checking sha2 v0.9.9
[INFO] [stderr]     Checking tracing-core v0.1.32
[INFO] [stderr]    Compiling rustix v0.38.31
[INFO] [stderr]    Compiling num-bigint-dig v0.8.4
[INFO] [stderr]     Checking keccak-hash v0.7.0
[INFO] [stderr]     Checking k256 v0.13.3
[INFO] [stderr]     Checking bs58 v0.4.0
[INFO] [stderr]     Checking tracing v0.1.40
[INFO] [stderr]    Compiling static-iref v2.0.0
[INFO] [stderr]     Checking rand v0.8.5
[INFO] [stderr]     Checking pretty_dtoa v0.3.0
[INFO] [stderr]     Checking pkcs8 v0.8.0
[INFO] [stderr]     Checking futures-lite v2.2.0
[INFO] [stderr]     Checking num-iter v0.1.44
[INFO] [stderr]     Checking async-lock v3.3.0
[INFO] [stderr]     Checking ripemd160 v0.9.1
[INFO] [stderr]    Compiling io-lifetimes v1.0.11
[INFO] [stderr]     Checking mown v0.2.2
[INFO] [stderr]     Checking base-x v0.2.11
[INFO] [stderr]     Checking iana-time-zone v0.1.60
[INFO] [stderr]     Checking linux-raw-sys v0.4.13
[INFO] [stderr]     Checking permutohedron v0.2.4
[INFO] [stderr]     Checking ssi-crypto v0.1.1
[INFO] [stderr]     Checking chrono v0.4.33
[INFO] [stderr]     Checking pkcs1 v0.3.3
[INFO] [stderr]     Checking num-bigint v0.4.4
[INFO] [stderr]     Checking primeorder v0.13.6
[INFO] [stdout] error[E0658]: use of unstable library feature 'stdsimd'
[INFO] [stdout]   --> /opt/rustwide/cargo-home/registry/src/index.crates.io-6f17d22bba15001f/curve25519-dalek-4.1.2/src/backend/vector/ifma/field.rs:26:5
[INFO] [stdout]    |
[INFO] [stdout] 26 |     _mm256_madd52lo_epu64(z.into(), x.into(), y.into()).into()
[INFO] [stdout]    |     ^^^^^^^^^^^^^^^^^^^^^
[INFO] [stdout]    |
[INFO] [stdout]    = note: see issue #48556 <https://github.com/rust-lang/rust/issues/48556> for more information
[INFO] [stdout]    = help: add `#![feature(stdsimd)]` to the crate attributes to enable
[INFO] [stdout]    = note: this compiler was built on 2024-02-04; consider upgrading it if it is out of date
[INFO] [stdout] 
[INFO] [stdout] 
[INFO] [stdout] error[E0658]: use of unstable library feature 'stdsimd'
[INFO] [stdout]   --> /opt/rustwide/cargo-home/registry/src/index.crates.io-6f17d22bba15001f/curve25519-dalek-4.1.2/src/backend/vector/ifma/field.rs:25:9
[INFO] [stdout]    |
[INFO] [stdout] 25 |     use core::arch::x86_64::_mm256_madd52lo_epu64;
[INFO] [stdout]    |         ^^^^^^^^^^^^^^^^^^^^^^^^^^^^^^^^^^^^^^^^^
[INFO] [stdout]    |
[INFO] [stdout]    = note: see issue #48556 <https://github.com/rust-lang/rust/issues/48556> for more information
[INFO] [stdout]    = help: add `#![feature(stdsimd)]` to the crate attributes to enable
[INFO] [stdout]    = note: this compiler was built on 2024-02-04; consider upgrading it if it is out of date
[INFO] [stdout] 
[INFO] [stdout] 
[INFO] [stdout] error[E0658]: use of unstable library feature 'stdsimd'
[INFO] [stdout]   --> /opt/rustwide/cargo-home/registry/src/index.crates.io-6f17d22bba15001f/curve25519-dalek-4.1.2/src/backend/vector/ifma/field.rs:34:5
[INFO] [stdout]    |
[INFO] [stdout] 34 |     _mm256_madd52hi_epu64(z.into(), x.into(), y.into()).into()
[INFO] [stdout]    |     ^^^^^^^^^^^^^^^^^^^^^
[INFO] [stdout]    |
[INFO] [stdout]    = note: see issue #48556 <https://github.com/rust-lang/rust/issues/48556> for more information
[INFO] [stdout]    = help: add `#![feature(stdsimd)]` to the crate attributes to enable
[INFO] [stdout]    = note: this compiler was built on 2024-02-04; consider upgrading it if it is out of date
[INFO] [stdout] 
[INFO] [stdout] 
[INFO] [stdout] error[E0658]: use of unstable library feature 'stdsimd'
[INFO] [stdout]   --> /opt/rustwide/cargo-home/registry/src/index.crates.io-6f17d22bba15001f/curve25519-dalek-4.1.2/src/backend/vector/ifma/field.rs:33:9
[INFO] [stdout]    |
[INFO] [stdout] 33 |     use core::arch::x86_64::_mm256_madd52hi_epu64;
[INFO] [stdout]    |         ^^^^^^^^^^^^^^^^^^^^^^^^^^^^^^^^^^^^^^^^^
[INFO] [stdout]    |
[INFO] [stdout]    = note: see issue #48556 <https://github.com/rust-lang/rust/issues/48556> for more information
[INFO] [stdout]    = help: add `#![feature(stdsimd)]` to the crate attributes to enable
[INFO] [stdout]    = note: this compiler was built on 2024-02-04; consider upgrading it if it is out of date
[INFO] [stdout] 
[INFO] [stdout] 
[INFO] [stdout] error[E0635]: unknown feature `stdarch_x86_avx512`
[INFO] [stdout]   --> /opt/rustwide/cargo-home/registry/src/index.crates.io-6f17d22bba15001f/curve25519-dalek-4.1.2/src/lib.rs:19:13
[INFO] [stdout]    |
[INFO] [stdout] 19 |     feature(stdarch_x86_avx512)
[INFO] [stdout]    |             ^^^^^^^^^^^^^^^^^^
[INFO] [stdout] 
[INFO] [stdout] 
[INFO] [stderr]     Checking ed25519 v2.2.3
[INFO] [stderr]    Compiling polling v2.8.0
[INFO] [stderr]     Checking futures-executor v0.3.30
[INFO] [stderr]     Checking futures v0.3.30
[INFO] [stderr]     Checking arrayvec v0.5.2
[INFO] [stderr]     Checking constant_time_eq v0.1.5
[INFO] [stderr]     Checking event-listener v2.5.3
[INFO] [stdout] error: aborting due to 5 previous errors
[INFO] [stdout] 
[INFO] [stdout] 
[INFO] [stdout] Some errors have detailed explanations: E0635, E0658.
[INFO] [stdout] 
[INFO] [stdout] For more information about an error, try `rustc --explain E0635`.
[INFO] [stdout] 
[INFO] [stderr] error: could not compile `curve25519-dalek` (lib) due to 6 previous errors
[INFO] [stderr] warning: build failed, waiting for other jobs to finish...
[INFO] running `Command { std: "docker" "inspect" "18f1f3b1e5abdf6044017d060aa9adb88b7f37b6b514304d4da27e2f9ce2a60c", kill_on_drop: false }`
[INFO] running `Command { std: "docker" "rm" "-f" "18f1f3b1e5abdf6044017d060aa9adb88b7f37b6b514304d4da27e2f9ce2a60c", kill_on_drop: false }`
[INFO] [stdout] 18f1f3b1e5abdf6044017d060aa9adb88b7f37b6b514304d4da27e2f9ce2a60c
