[INFO] fetching crate beetle-bitswap-next 0.5.1...
[INFO] checking beetle-bitswap-next-0.5.1 against nightly-2024-02-05 for check-cfg-2
[INFO] extracting crate beetle-bitswap-next 0.5.1 into /workspace/builds/worker-7-tc1/source
[INFO] validating manifest of crates.io crate beetle-bitswap-next 0.5.1 on toolchain nightly-2024-02-05
[INFO] running `Command { std: CARGO_HOME="/workspace/cargo-home" RUSTUP_HOME="/workspace/rustup-home" "/workspace/cargo-home/bin/cargo" "+nightly-2024-02-05" "metadata" "--manifest-path" "Cargo.toml" "--no-deps", kill_on_drop: false }`
[INFO] started tweaking crates.io crate beetle-bitswap-next 0.5.1
[INFO] finished tweaking crates.io crate beetle-bitswap-next 0.5.1
[INFO] tweaked toml for crates.io crate beetle-bitswap-next 0.5.1 written to /workspace/builds/worker-7-tc1/source/Cargo.toml
[INFO] running `Command { std: CARGO_HOME="/workspace/cargo-home" RUSTUP_HOME="/workspace/rustup-home" "/workspace/cargo-home/bin/cargo" "+nightly-2024-02-05" "generate-lockfile" "--manifest-path" "Cargo.toml", kill_on_drop: false }`
[INFO] [stderr]     Updating crates.io index
[INFO] running `Command { std: CARGO_HOME="/workspace/cargo-home" RUSTUP_HOME="/workspace/rustup-home" "/workspace/cargo-home/bin/cargo" "+nightly-2024-02-05" "fetch" "--manifest-path" "Cargo.toml", kill_on_drop: false }`
[INFO] [stderr]  Downloading crates ...
[INFO] [stderr]   Downloaded data-encoding-macro-internal v0.1.12
[INFO] [stderr]   Downloaded tinytemplate v1.2.1
[INFO] [stderr]   Downloaded plotters-svg v0.3.5
[INFO] [stderr]   Downloaded num-conv v0.1.0
[INFO] [stderr]   Downloaded crossbeam-epoch v0.9.18
[INFO] [stderr]   Downloaded data-encoding-macro v0.1.14
[INFO] [stderr]   Downloaded multihash-derive v0.8.1
[INFO] [stderr]   Downloaded unsigned-varint v0.8.0
[INFO] [stderr]   Downloaded der-parser v8.2.0
[INFO] [stderr]   Downloaded async-io v2.3.1
[INFO] [stderr]   Downloaded windows_i686_msvc v0.52.0
[INFO] [stderr]   Downloaded windows-sys v0.52.0
[INFO] [stderr]   Downloaded ring v0.17.7
[INFO] [stderr]   Downloaded windows_aarch64_gnullvm v0.52.0
[INFO] [stderr]   Downloaded windows_aarch64_msvc v0.52.0
[INFO] [stderr]   Downloaded windows_i686_gnu v0.52.0
[INFO] [stderr]   Downloaded snow v0.9.6
[INFO] [stderr]   Downloaded quinn-proto v0.10.6
[INFO] [stderr]   Downloaded windows v0.51.1
[INFO] [stderr]   Downloaded windows_x86_64_gnullvm v0.52.0
[INFO] [stderr]   Downloaded curve25519-dalek v4.1.2
[INFO] [stderr]   Downloaded hkdf v0.12.4
[INFO] [stderr]   Downloaded hickory-proto v0.24.0
[INFO] [stderr]   Downloaded aes-gcm v0.10.3
[INFO] [stderr]   Downloaded windows_x86_64_gnu v0.52.0
[INFO] [stderr]   Downloaded windows_x86_64_msvc v0.52.0
[INFO] [stderr]   Downloaded zerocopy-derive v0.7.32
[INFO] [stderr]   Downloaded ahash v0.8.7
[INFO] [stderr]   Downloaded async-stream v0.3.5
[INFO] [stderr]   Downloaded igd-next v0.14.3
[INFO] [stderr]   Downloaded libp2p-swarm v0.44.1
[INFO] [stderr]   Downloaded aes v0.8.3
[INFO] [stderr]   Downloaded quinn-udp v0.4.1
[INFO] [stderr]   Downloaded untrusted v0.9.0
[INFO] [stderr]   Downloaded libp2p-quic v0.10.2
[INFO] [stderr]   Downloaded event-listener v4.0.3
[INFO] [stderr]   Downloaded zerocopy v0.7.32
[INFO] [stderr]   Downloaded async-broadcast v0.5.1
[INFO] [stderr]   Downloaded cid v0.10.1
[INFO] [stderr]   Downloaded half v2.3.1
[INFO] [stderr]   Downloaded ciborium-ll v0.2.2
[INFO] [stderr]   Downloaded clap v3.2.25
[INFO] [stderr]   Downloaded criterion-plot v0.5.0
[INFO] [stderr]   Downloaded xml-rs v0.8.19
[INFO] [stderr]   Downloaded hostname v0.3.1
[INFO] [stderr]   Downloaded resolv-conf v0.7.0
[INFO] [stderr]   Downloaded hickory-resolver v0.24.0
[INFO] [stderr]   Downloaded ctr v0.9.2
[INFO] [stderr]   Downloaded blake2 v0.10.6
[INFO] [stderr]   Downloaded criterion v0.4.0
[INFO] [stderr]   Downloaded asynchronous-codec v0.7.0
[INFO] [stderr]   Downloaded inout v0.1.3
[INFO] [stderr]   Downloaded cipher v0.4.4
[INFO] [stderr]   Downloaded universal-hash v0.5.1
[INFO] [stderr]   Downloaded poly1305 v0.8.0
[INFO] [stderr]   Downloaded chacha20poly1305 v0.10.1
[INFO] [stderr]   Downloaded x25519-dalek v2.0.1
[INFO] [stderr]   Downloaded libp2p-noise v0.44.0
[INFO] [stderr]   Downloaded nom v7.1.3
[INFO] [stderr]   Downloaded time v0.3.34
[INFO] [stderr]   Downloaded libp2p-tls v0.3.0
[INFO] [stderr]   Downloaded spin v0.9.8
[INFO] [stderr]   Downloaded sct v0.7.1
[INFO] [stderr]   Downloaded polling v3.4.0
[INFO] [stderr]   Downloaded ciborium v0.2.2
[INFO] [stderr]   Downloaded time-macros v0.2.17
[INFO] [stderr]   Downloaded pkcs8 v0.10.2
[INFO] [stderr]   Downloaded asn1-rs v0.5.2
[INFO] [stderr]   Downloaded minimal-lexical v0.2.1
[INFO] [stderr]   Downloaded multihash v0.19.1
[INFO] [stderr]   Downloaded libp2p v0.53.2
[INFO] [stderr]   Downloaded blake2s_simd v1.0.2
[INFO] [stderr]   Downloaded rcgen v0.11.3
[INFO] [stderr]   Downloaded hashbrown v0.14.3
[INFO] [stderr]   Downloaded h2 v0.3.24
[INFO] [stderr]   Downloaded fiat-crypto v0.2.6
[INFO] [stderr]   Downloaded sha3 v0.10.8
[INFO] [stderr]   Downloaded web-sys v0.3.68
[INFO] [stderr]   Downloaded blake3 v1.5.0
[INFO] [stderr]   Downloaded tokio-util v0.7.10
[INFO] [stderr]   Downloaded libp2p-allow-block-list v0.3.0
[INFO] [stderr]   Downloaded lru-cache v0.1.2
[INFO] [stderr]   Downloaded match_cfg v0.1.0
[INFO] [stderr]   Downloaded oid-registry v0.6.1
[INFO] [stderr]   Downloaded rustc-hash v1.1.0
[INFO] [stderr]   Downloaded netlink-packet-utils v0.5.2
[INFO] [stderr]   Downloaded netlink-packet-core v0.4.2
[INFO] [stderr]   Downloaded quinn v0.10.2
[INFO] [stderr]   Downloaded rustls v0.21.10
[INFO] [stderr]   Downloaded prometheus-client v0.22.1
[INFO] [stderr]   Downloaded libp2p-metrics v0.14.1
[INFO] [stderr]   Downloaded x509-parser v0.15.1
[INFO] [stderr]   Downloaded yasna v0.5.2
[INFO] [stderr]   Downloaded async-lock v3.3.0
[INFO] [stderr]   Downloaded futures-lite v2.2.0
[INFO] [stderr]   Downloaded winapi-util v0.1.6
[INFO] [stderr]   Downloaded linked-hash-map v0.5.6
[INFO] [stderr]   Downloaded opaque-debug v0.3.0
[INFO] [stderr]   Downloaded parking v2.2.0
[INFO] [stderr]   Downloaded num-bigint v0.4.4
[INFO] [stderr]   Downloaded netlink-sys v0.8.5
[INFO] [stderr]   Downloaded libp2p-connection-limits v0.3.1
[INFO] [stderr]   Downloaded ipconfig v0.3.2
[INFO] [stderr]   Downloaded rusticata-macros v4.1.0
[INFO] [stderr]   Downloaded plotters-backend v0.3.5
[INFO] [stderr]   Downloaded netlink-packet-route v0.12.0
[INFO] [stderr]   Downloaded rustls-webpki v0.101.7
[INFO] [stderr]   Downloaded anes v0.1.6
[INFO] [stderr]   Downloaded event-listener-strategy v0.4.0
[INFO] [stderr]   Downloaded windows-targets v0.52.0
[INFO] [stderr]   Downloaded netlink-proto v0.10.0
[INFO] [stderr]   Downloaded hermit-abi v0.1.19
[INFO] [stderr]   Downloaded crunchy v0.2.2
[INFO] [stderr]   Downloaded quick-error v1.2.3
[INFO] [stderr]   Downloaded polyval v0.6.1
[INFO] [stderr]   Downloaded ghash v0.5.0
[INFO] [stderr]   Downloaded walkdir v2.4.0
[INFO] [stderr]   Downloaded libp2p-dns v0.41.1
[INFO] [stderr]   Downloaded heck v0.4.1
[INFO] [stderr]   Downloaded libp2p-mdns v0.45.1
[INFO] [stderr]   Downloaded dtoa v1.0.9
[INFO] [stderr]   Downloaded prometheus-client-derive-encode v0.4.2
[INFO] [stderr]   Downloaded aead v0.5.2
[INFO] [stderr]   Downloaded chacha20 v0.9.1
[INFO] [stderr]   Downloaded libp2p-ping v0.44.0
[INFO] [stderr]   Downloaded futures-rustls v0.24.0
[INFO] [stderr]   Downloaded pem v3.0.3
[INFO] [stderr]   Downloaded num-integer v0.1.46
[INFO] [stderr]   Downloaded asn1-rs-derive v0.4.0
[INFO] [stderr]   Downloaded asn1-rs-impl v0.1.0
[INFO] [stderr]   Downloaded displaydoc v0.2.4
[INFO] [stderr]   Downloaded deranged v0.3.11
[INFO] [stderr]   Downloaded time-core v0.1.2
[INFO] [stderr]   Downloaded async-stream-impl v0.3.5
[INFO] [stderr]   Downloaded ciborium-io v0.2.2
[INFO] [stderr]   Downloaded cast v0.3.0
[INFO] [stderr]   Downloaded nohash-hasher v0.2.0
[INFO] [stderr]   Downloaded enum-as-inner v0.6.0
[INFO] [stderr]   Downloaded concurrent-queue v2.4.0
[INFO] [stderr]   Downloaded zeroize v1.7.0
[INFO] [stderr]   Downloaded multibase v0.9.1
[INFO] [stderr]   Downloaded deadqueue v0.2.4
[INFO] [stderr]   Downloaded powerfmt v0.2.0
[INFO] [stderr]   Downloaded crossbeam-queue v0.3.11
[INFO] [stderr]   Downloaded keyed_priority_queue v0.4.2
[INFO] [stderr]   Downloaded derivative v2.2.0
[INFO] [stderr]   Downloaded num_enum v0.6.1
[INFO] [stderr]   Downloaded overload v0.1.1
[INFO] [stderr]   Downloaded nu-ansi-term v0.46.0
[INFO] [stderr]   Downloaded smallvec v1.13.1
[INFO] [stderr]   Downloaded wasm-bindgen-futures v0.4.41
[INFO] [stderr]   Downloaded multihash v0.18.1
[INFO] [stderr]   Downloaded toml v0.5.11
[INFO] [stderr]   Downloaded regex-automata v0.1.10
[INFO] [stderr]   Downloaded windows-core v0.51.1
[INFO] [stderr]   Downloaded redox_syscall v0.4.1
[INFO] [stderr]   Downloaded base64ct v1.6.0
[INFO] [stderr]   Downloaded const-oid v0.9.6
[INFO] [stderr]   Downloaded der v0.7.8
[INFO] [stderr]   Downloaded libp2p-identity v0.2.8
[INFO] [stderr]   Downloaded base-x v0.2.11
[INFO] [stderr]   Downloaded tracing-subscriber v0.3.18
[INFO] [stderr]   Downloaded js-sys v0.3.68
[INFO] [stderr]   Downloaded valuable v0.1.0
[INFO] [stderr]   Downloaded bumpalo v3.14.0
[INFO] [stderr]   Downloaded regex-syntax v0.6.29
[INFO] [stderr]   Downloaded core2 v0.4.0
[INFO] [stderr]   Downloaded quick-protobuf v0.8.1
[INFO] [stderr]   Downloaded sharded-slab v0.1.7
[INFO] [stderr]   Downloaded asynchronous-codec v0.6.2
[INFO] [stderr]   Downloaded lock_api v0.4.11
[INFO] [stderr]   Downloaded wasm-bindgen v0.2.91
[INFO] [stderr]   Downloaded rayon-core v1.12.1
[INFO] [stderr]   Downloaded nix v0.24.3
[INFO] [stderr]   Downloaded attohttpc v0.24.1
[INFO] [stderr]   Downloaded libp2p-core v0.41.2
[INFO] [stderr]   Downloaded parking_lot_core v0.9.9
[INFO] [stderr]   Downloaded yamux v0.13.1
[INFO] [stderr]   Downloaded bs58 v0.5.0
[INFO] [stderr]   Downloaded ed25519-dalek v2.1.1
[INFO] [stderr]   Downloaded arrayvec v0.7.4
[INFO] [stderr]   Downloaded widestring v1.0.2
[INFO] [stderr]   Downloaded textwrap v0.16.0
[INFO] [stderr]   Downloaded plotters v0.3.5
[INFO] [stderr]   Downloaded rayon v1.8.1
[INFO] [stderr]   Downloaded sha2 v0.10.8
[INFO] [stderr]   Downloaded names v0.14.0
[INFO] [stderr]   Downloaded tracing-log v0.2.0
[INFO] [stderr]   Downloaded unsigned-varint v0.7.2
[INFO] [stderr]   Downloaded thread_local v1.1.7
[INFO] [stderr]   Downloaded matchers v0.1.0
[INFO] [stderr]   Downloaded system-configuration-sys v0.5.0
[INFO] [stderr]   Downloaded system-configuration v0.5.1
[INFO] [stderr]   Downloaded rw-stream-sink v0.4.0
[INFO] [stderr]   Downloaded keccak v0.1.5
[INFO] [stderr]   Downloaded wasm-bindgen-macro v0.2.91
[INFO] [stderr]   Downloaded tokio-context v0.1.3
[INFO] [stderr]   Downloaded tokio-macros v2.2.0
[INFO] [stderr]   Downloaded tracing-attributes v0.1.27
[INFO] [stderr]   Downloaded wasm-bindgen-shared v0.2.91
[INFO] [stderr]   Downloaded wasm-bindgen-macro-support v0.2.91
[INFO] [stderr]   Downloaded hermit-abi v0.3.5
[INFO] [stderr]   Downloaded crossbeam-deque v0.8.5
[INFO] [stderr]   Downloaded same-file v1.0.6
[INFO] [stderr]   Downloaded if-watch v3.2.0
[INFO] [stderr]   Downloaded xmltree v0.10.3
[INFO] [stderr]   Downloaded multistream-select v0.13.0
[INFO] [stderr]   Downloaded libp2p-yamux v0.45.1
[INFO] [stderr]   Downloaded curve25519-dalek-derive v0.1.1
[INFO] [stderr]   Downloaded platforms v3.3.0
[INFO] [stderr]   Downloaded spki v0.7.3
[INFO] [stderr]   Downloaded signature v2.2.0
[INFO] [stderr]   Downloaded ed25519 v2.2.3
[INFO] [stderr]   Downloaded zeroize_derive v1.4.2
[INFO] [stderr]   Downloaded multiaddr v0.18.1
[INFO] [stderr]   Downloaded static_assertions v1.1.0
[INFO] [stderr]   Downloaded blake2b_simd v1.0.2
[INFO] [stderr]   Downloaded num_enum_derive v0.6.1
[INFO] [stderr]   Downloaded os_str_bytes v6.6.1
[INFO] [stderr]   Downloaded proc-macro-crate v1.1.3
[INFO] [stderr]   Downloaded yamux v0.12.1
[INFO] [stderr]   Downloaded arrayref v0.3.7
[INFO] [stderr]   Downloaded constant_time_eq v0.3.0
[INFO] [stderr]   Downloaded wasm-timer v0.2.5
[INFO] [stderr]   Downloaded if-addrs v0.10.2
[INFO] [stderr]   Downloaded equivalent v1.0.1
[INFO] [stderr]   Downloaded libp2p-upnp v0.2.1
[INFO] [stderr]   Downloaded void v1.0.2
[INFO] [stderr]   Downloaded clap_lex v0.2.4
[INFO] [stderr]   Downloaded oorandom v11.1.3
[INFO] [stderr]   Downloaded libp2p-tcp v0.41.0
[INFO] [stderr]   Downloaded indexmap v2.2.2
[INFO] [stderr]   Downloaded rtnetlink v0.10.1
[INFO] [stderr]   Downloaded wasm-bindgen-backend v0.2.91
[INFO] running `Command { std: "docker" "create" "-v" "/var/lib/crater-agent-workspace/builds/worker-7-tc1/target:/opt/rustwide/target:rw,Z" "-v" "/var/lib/crater-agent-workspace/builds/worker-7-tc1/source:/opt/rustwide/workdir:ro,Z" "-v" "/var/lib/crater-agent-workspace/cargo-home:/opt/rustwide/cargo-home:ro,Z" "-v" "/var/lib/crater-agent-workspace/rustup-home:/opt/rustwide/rustup-home:ro,Z" "-e" "SOURCE_DIR=/opt/rustwide/workdir" "-e" "CARGO_TARGET_DIR=/opt/rustwide/target" "-e" "CARGO_HOME=/opt/rustwide/cargo-home" "-e" "RUSTUP_HOME=/opt/rustwide/rustup-home" "-w" "/opt/rustwide/workdir" "-m" "1610612736" "--user" "0:0" "--network" "none" "ghcr.io/rust-lang/crates-build-env/linux@sha256:2788e3201cd34a07e3172128adcd8b3090168a8e3bcc40d7c032b9dda1df7d1c" "/opt/rustwide/cargo-home/bin/cargo" "+nightly-2024-02-05" "metadata" "--no-deps" "--format-version=1", kill_on_drop: false }`
[INFO] [stdout] 4b2ed4ca8a7e6e443066ac9b10afc90b1f1370194509fd97cc467eb998748208
[INFO] running `Command { std: "docker" "start" "-a" "4b2ed4ca8a7e6e443066ac9b10afc90b1f1370194509fd97cc467eb998748208", kill_on_drop: false }`
[INFO] running `Command { std: "docker" "inspect" "4b2ed4ca8a7e6e443066ac9b10afc90b1f1370194509fd97cc467eb998748208", kill_on_drop: false }`
[INFO] running `Command { std: "docker" "rm" "-f" "4b2ed4ca8a7e6e443066ac9b10afc90b1f1370194509fd97cc467eb998748208", kill_on_drop: false }`
[INFO] [stdout] 4b2ed4ca8a7e6e443066ac9b10afc90b1f1370194509fd97cc467eb998748208
[INFO] running `Command { std: "docker" "create" "-v" "/var/lib/crater-agent-workspace/builds/worker-7-tc1/target:/opt/rustwide/target:rw,Z" "-v" "/var/lib/crater-agent-workspace/builds/worker-7-tc1/source:/opt/rustwide/workdir:ro,Z" "-v" "/var/lib/crater-agent-workspace/cargo-home:/opt/rustwide/cargo-home:ro,Z" "-v" "/var/lib/crater-agent-workspace/rustup-home:/opt/rustwide/rustup-home:ro,Z" "-e" "SOURCE_DIR=/opt/rustwide/workdir" "-e" "CARGO_TARGET_DIR=/opt/rustwide/target" "-e" "CARGO_INCREMENTAL=0" "-e" "RUST_BACKTRACE=full" "-e" "RUSTFLAGS=--cap-lints=forbid" "-e" "RUSTDOCFLAGS=--cap-lints=forbid" "-e" "CARGO_HOME=/opt/rustwide/cargo-home" "-e" "RUSTUP_HOME=/opt/rustwide/rustup-home" "-w" "/opt/rustwide/workdir" "-m" "1610612736" "--user" "0:0" "--network" "none" "ghcr.io/rust-lang/crates-build-env/linux@sha256:2788e3201cd34a07e3172128adcd8b3090168a8e3bcc40d7c032b9dda1df7d1c" "/opt/rustwide/cargo-home/bin/cargo" "+nightly-2024-02-05" "check" "--frozen" "--all" "--all-targets" "--message-format=json", kill_on_drop: false }`
[INFO] [stdout] 3f33d58f8e97aefc4c015d0669897320ef41310ff7b2f8fe7613e19b7f4de627
[INFO] running `Command { std: "docker" "start" "-a" "3f33d58f8e97aefc4c015d0669897320ef41310ff7b2f8fe7613e19b7f4de627", kill_on_drop: false }`
[INFO] [stderr]    Compiling proc-macro2 v1.0.78
[INFO] [stderr]    Compiling unicode-ident v1.0.12
[INFO] [stderr]    Compiling libc v0.2.153
[INFO] [stderr]     Checking cfg-if v1.0.0
[INFO] [stderr]    Compiling autocfg v1.1.0
[INFO] [stderr]     Checking pin-project-lite v0.2.13
[INFO] [stderr]     Checking memchr v2.7.1
[INFO] [stderr]    Compiling version_check v0.9.4
[INFO] [stderr]     Checking futures-core v0.3.30
[INFO] [stderr]     Checking futures-sink v0.3.30
[INFO] [stderr]     Checking futures-io v0.3.30
[INFO] [stderr]     Checking pin-utils v0.1.0
[INFO] [stderr]     Checking futures-task v0.3.30
[INFO] [stderr]     Checking bytes v1.5.0
[INFO] [stderr]    Compiling typenum v1.17.0
[INFO] [stderr]    Compiling thiserror v1.0.56
[INFO] [stderr]     Checking subtle v2.5.0
[INFO] [stderr]    Compiling semver v1.0.21
[INFO] [stderr]    Compiling syn v1.0.109
[INFO] [stderr]     Checking futures-channel v0.3.30
[INFO] [stderr]     Checking log v0.4.20
[INFO] [stderr]     Checking byteorder v1.5.0
[INFO] [stderr]     Checking smallvec v1.13.1
[INFO] [stderr]     Checking cpufeatures v0.2.12
[INFO] [stderr]    Compiling serde v1.0.196
[INFO] [stderr]    Compiling generic-array v0.14.7
[INFO] [stderr]     Checking once_cell v1.19.0
[INFO] [stderr]     Checking ppv-lite86 v0.2.17
[INFO] [stderr]    Compiling platforms v3.3.0
[INFO] [stderr]    Compiling slab v0.4.9
[INFO] [stderr]    Compiling lock_api v0.4.11
[INFO] [stderr]     Checking arrayref v0.3.7
[INFO] [stderr]     Checking scopeguard v1.2.0
[INFO] [stderr]     Checking tracing-core v0.1.32
[INFO] [stderr]    Compiling data-encoding v2.5.0
[INFO] [stderr]     Checking tinyvec_macros v0.1.1
[INFO] [stderr]    Compiling parking_lot_core v0.9.9
[INFO] [stderr]     Checking instant v0.1.12
[INFO] [stderr]     Checking core2 v0.4.0
[INFO] [stderr]     Checking signature v2.2.0
[INFO] [stderr]     Checking static_assertions v1.1.0
[INFO] [stderr]     Checking tinyvec v1.6.0
[INFO] [stderr]    Compiling rustc_version v0.4.0
[INFO] [stderr]     Checking either v1.9.0
[INFO] [stderr]     Checking ed25519 v2.2.3
[INFO] [stderr]     Checking unicode-bidi v0.3.15
[INFO] [stderr]     Checking base-x v0.2.11
[INFO] [stderr]     Checking percent-encoding v2.3.1
[INFO] [stderr]     Checking quick-protobuf v0.8.1
[INFO] [stderr]     Checking bs58 v0.5.0
[INFO] [stderr]     Checking gimli v0.28.1
[INFO] [stderr]    Compiling crossbeam-utils v0.8.19
[INFO] [stderr]     Checking form_urlencoded v1.2.1
[INFO] [stderr]     Checking adler v1.0.2
[INFO] [stderr]     Checking object v0.32.2
[INFO] [stderr]    Compiling anyhow v1.0.79
[INFO] [stderr]     Checking miniz_oxide v0.7.2
[INFO] [stderr]    Compiling curve25519-dalek v4.1.2
[INFO] [stderr]     Checking fnv v1.0.7
[INFO] [stderr]    Compiling cc v1.0.83
[INFO] [stderr]    Compiling paste v1.0.14
[INFO] [stderr]     Checking rustc-demangle v0.1.23
[INFO] [stderr]     Checking unsigned-varint v0.8.0
[INFO] [stderr]    Compiling quote v1.0.35
[INFO] [stderr]     Checking futures-timer v3.0.2
[INFO] [stderr]     Checking void v1.0.2
[INFO] [stderr]    Compiling syn v2.0.48
[INFO] [stderr]     Checking bitflags v1.3.2
[INFO] [stderr]    Compiling proc-macro-error-attr v1.0.4
[INFO] [stderr]    Compiling proc-macro-error v1.0.4
[INFO] [stderr]     Checking arrayvec v0.7.4
[INFO] [stderr]     Checking constant_time_eq v0.3.0
[INFO] [stderr]     Checking num_cpus v1.16.0
[INFO] [stderr]     Checking getrandom v0.2.12
[INFO] [stderr]     Checking mio v0.8.10
[INFO] [stderr]     Checking socket2 v0.5.5
[INFO] [stderr]     Checking crypto-common v0.1.6
[INFO] [stderr]     Checking block-buffer v0.10.4
[INFO] [stderr]     Checking nix v0.24.3
[INFO] [stderr]     Checking digest v0.10.7
[INFO] [stderr]     Checking rand_core v0.6.4
[INFO] [stderr]     Checking unicode-normalization v0.1.22
[INFO] [stderr]    Compiling snow v0.9.6
[INFO] [stderr]    Compiling parking_lot_core v0.8.6
[INFO] [stderr]     Checking parking_lot v0.12.1
[INFO] [stderr]     Checking rand_chacha v0.3.1
[INFO] [stderr]     Checking sha2 v0.10.8
[INFO] [stderr]     Checking hmac v0.12.1
[INFO] [stderr]     Checking spin v0.9.8
[INFO] [stderr]     Checking untrusted v0.9.0
[INFO] [stderr]     Checking hkdf v0.12.4
[INFO] [stderr]     Checking rand v0.8.5
[INFO] [stderr]    Compiling unicode-xid v0.2.4
[INFO] [stderr]     Checking nohash-hasher v0.2.0
[INFO] [stderr]     Checking crossbeam-epoch v0.9.18
[INFO] [stderr]    Compiling num-traits v0.2.18
[INFO] [stderr]    Compiling indexmap v1.9.3
[INFO] [stderr]     Checking ipnet v2.9.0
[INFO] [stderr]    Compiling serde_json v1.0.113
[INFO] [stderr]     Checking keccak v0.1.5
[INFO] [stderr]     Checking idna v0.5.0
[INFO] [stderr]     Checking regex-syntax v0.8.2
[INFO] [stderr]    Compiling backtrace v0.3.69
[INFO] [stderr]    Compiling ring v0.17.7
[INFO] [stderr]    Compiling blake3 v1.5.0
[INFO] [stderr]    Compiling rayon-core v1.12.1
[INFO] [stderr]     Checking crossbeam-deque v0.8.5
[INFO] [stderr]     Checking sha3 v0.10.8
[INFO] [stderr]     Checking url v2.5.0
[INFO] [stderr]     Checking blake2b_simd v1.0.2
[INFO] [stderr]     Checking blake2s_simd v1.0.2
[INFO] [stderr]    Compiling ahash v0.8.7
[INFO] [stderr]     Checking half v2.3.1
[INFO] [stderr]     Checking ciborium-io v0.2.2
[INFO] [stderr]     Checking addr2line v0.21.0
[INFO] [stderr]     Checking os_str_bytes v6.6.1
[INFO] [stderr]     Checking equivalent v1.0.1
[INFO] [stderr]     Checking ryu v1.0.16
[INFO] [stderr]     Checking regex-syntax v0.6.29
[INFO] [stderr]     Checking event-listener v2.5.3
[INFO] [stderr]    Compiling async-trait v0.1.77
[INFO] [stderr]    Compiling names v0.14.0
[INFO] [stderr]     Checking lazy_static v1.4.0
[INFO] [stderr]     Checking plotters-backend v0.3.5
[INFO] [stderr]     Checking itoa v1.0.10
[INFO] [stderr]     Checking hashbrown v0.12.3
[INFO] [stderr]     Checking hashbrown v0.14.3
[INFO] [stderr]     Checking clap_lex v0.2.4
[INFO] [stderr]     Checking ciborium-ll v0.2.2
[INFO] [stderr]     Checking parking_lot v0.11.2
[INFO] [stderr]     Checking plotters-svg v0.3.5
[INFO] [stderr]     Checking crossbeam-queue v0.3.11
[INFO] [stderr]     Checking concurrent-queue v2.4.0
[INFO] [stderr]     Checking itertools v0.10.5
[INFO] [stderr]     Checking overload v0.1.1
[INFO] [stderr]     Checking same-file v1.0.6
[INFO] [stderr]     Checking zerocopy v0.7.32
[INFO] [stderr]     Checking textwrap v0.16.0
[INFO] [stderr]     Checking cast v0.3.0
[INFO] [stderr]     Checking walkdir v2.4.0
[INFO] [stderr]     Checking indexmap v2.2.2
[INFO] [stderr]     Checking regex-automata v0.4.5
[INFO] [stderr]     Checking async-channel v1.9.0
[INFO] [stderr]     Checking nu-ansi-term v0.46.0
[INFO] [stderr]    Compiling synstructure v0.12.6
[INFO] [stderr]     Checking rayon v1.8.1
[INFO] [stderr]     Checking plotters v0.3.5
[INFO] [stderr]     Checking clap v3.2.25
[INFO] [stderr]     Checking async-broadcast v0.5.1
[INFO] [stderr]     Checking sharded-slab v0.1.7
[INFO] [stderr]     Checking atty v0.2.14
[INFO] [stderr]     Checking tracing-log v0.2.0
[INFO] [stderr]     Checking thread_local v1.1.7
[INFO] [stderr]     Checking oorandom v11.1.3
[INFO] [stderr]     Checking keyed_priority_queue v0.4.2
[INFO] [stderr]     Checking anes v0.1.6
[INFO] [stderr]     Checking criterion-plot v0.5.0
[INFO] [stderr]     Checking regex-automata v0.1.10
[INFO] [stderr]    Compiling data-encoding-macro-internal v0.1.12
[INFO] [stderr]    Compiling derivative v2.2.0
[INFO] [stderr]    Compiling toml v0.5.11
[INFO] [stderr]     Checking regex v1.10.3
[INFO] [stderr]     Checking matchers v0.1.0
[INFO] [stderr]     Checking data-encoding-macro v0.1.14
[INFO] [stderr]     Checking multibase v0.9.1
[INFO] [stderr]    Compiling futures-macro v0.3.30
[INFO] [stderr]    Compiling thiserror-impl v1.0.56
[INFO] [stderr]    Compiling serde_derive v1.0.196
[INFO] [stderr]    Compiling zeroize_derive v1.4.2
[INFO] [stderr]    Compiling tokio-macros v2.2.0
[INFO] [stderr]    Compiling pin-project-internal v1.1.4
[INFO] [stderr]    Compiling curve25519-dalek-derive v0.1.1
[INFO] [stderr]    Compiling tracing-attributes v0.1.27
[INFO] [stderr]    Compiling async-stream-impl v0.3.5
[INFO] [stderr]     Checking async-stream v0.3.5
[INFO] [stderr]     Checking tokio v1.36.0
[INFO] [stderr]     Checking zeroize v1.7.0
[INFO] [stderr]     Checking futures-util v0.3.30
[INFO] [stderr]     Checking pin-project v1.1.4
[INFO] [stdout] error[E0658]: use of unstable library feature 'stdsimd'
[INFO] [stdout]   --> /opt/rustwide/cargo-home/registry/src/index.crates.io-6f17d22bba15001f/curve25519-dalek-4.1.2/src/backend/vector/ifma/field.rs:26:5
[INFO] [stdout]    |
[INFO] [stdout] 26 |     _mm256_madd52lo_epu64(z.into(), x.into(), y.into()).into()
[INFO] [stdout]    |     ^^^^^^^^^^^^^^^^^^^^^
[INFO] [stdout]    |
[INFO] [stdout]    = note: see issue #48556 <https://github.com/rust-lang/rust/issues/48556> for more information
[INFO] [stdout]    = help: add `#![feature(stdsimd)]` to the crate attributes to enable
[INFO] [stdout]    = note: this compiler was built on 2024-02-04; consider upgrading it if it is out of date
[INFO] [stdout] 
[INFO] [stdout] 
[INFO] [stdout] error[E0658]: use of unstable library feature 'stdsimd'
[INFO] [stdout]   --> /opt/rustwide/cargo-home/registry/src/index.crates.io-6f17d22bba15001f/curve25519-dalek-4.1.2/src/backend/vector/ifma/field.rs:25:9
[INFO] [stdout]    |
[INFO] [stdout] 25 |     use core::arch::x86_64::_mm256_madd52lo_epu64;
[INFO] [stdout]    |         ^^^^^^^^^^^^^^^^^^^^^^^^^^^^^^^^^^^^^^^^^
[INFO] [stdout]    |
[INFO] [stdout]    = note: see issue #48556 <https://github.com/rust-lang/rust/issues/48556> for more information
[INFO] [stdout]    = help: add `#![feature(stdsimd)]` to the crate attributes to enable
[INFO] [stdout]    = note: this compiler was built on 2024-02-04; consider upgrading it if it is out of date
[INFO] [stdout] 
[INFO] [stdout] 
[INFO] [stdout] error[E0658]: use of unstable library feature 'stdsimd'
[INFO] [stdout]   --> /opt/rustwide/cargo-home/registry/src/index.crates.io-6f17d22bba15001f/curve25519-dalek-4.1.2/src/backend/vector/ifma/field.rs:34:5
[INFO] [stdout]    |
[INFO] [stdout] 34 |     _mm256_madd52hi_epu64(z.into(), x.into(), y.into()).into()
[INFO] [stdout]    |     ^^^^^^^^^^^^^^^^^^^^^
[INFO] [stdout]    |
[INFO] [stdout]    = note: see issue #48556 <https://github.com/rust-lang/rust/issues/48556> for more information
[INFO] [stdout]    = help: add `#![feature(stdsimd)]` to the crate attributes to enable
[INFO] [stdout]    = note: this compiler was built on 2024-02-04; consider upgrading it if it is out of date
[INFO] [stdout] 
[INFO] [stdout] 
[INFO] [stdout] error[E0658]: use of unstable library feature 'stdsimd'
[INFO] [stdout]   --> /opt/rustwide/cargo-home/registry/src/index.crates.io-6f17d22bba15001f/curve25519-dalek-4.1.2/src/backend/vector/ifma/field.rs:33:9
[INFO] [stdout]    |
[INFO] [stdout] 33 |     use core::arch::x86_64::_mm256_madd52hi_epu64;
[INFO] [stdout]    |         ^^^^^^^^^^^^^^^^^^^^^^^^^^^^^^^^^^^^^^^^^
[INFO] [stdout]    |
[INFO] [stdout]    = note: see issue #48556 <https://github.com/rust-lang/rust/issues/48556> for more information
[INFO] [stdout]    = help: add `#![feature(stdsimd)]` to the crate attributes to enable
[INFO] [stdout]    = note: this compiler was built on 2024-02-04; consider upgrading it if it is out of date
[INFO] [stdout] 
[INFO] [stdout] 
[INFO] [stdout] error[E0635]: unknown feature `stdarch_x86_avx512`
[INFO] [stdout]   --> /opt/rustwide/cargo-home/registry/src/index.crates.io-6f17d22bba15001f/curve25519-dalek-4.1.2/src/lib.rs:19:13
[INFO] [stdout]    |
[INFO] [stdout] 19 |     feature(stdarch_x86_avx512)
[INFO] [stdout]    |             ^^^^^^^^^^^^^^^^^^
[INFO] [stdout] 
[INFO] [stdout] 
[INFO] [stderr]    Compiling proc-macro-crate v1.1.3
[INFO] [stderr]     Checking netlink-packet-utils v0.5.2
[INFO] [stderr]     Checking netlink-packet-core v0.4.2
[INFO] [stderr]     Checking tracing v0.1.40
[INFO] [stderr]     Checking netlink-packet-route v0.12.0
[INFO] [stderr]    Compiling multihash-derive v0.8.1
[INFO] [stderr]    Compiling num_enum_derive v0.6.1
[INFO] [stderr]     Checking tracing-subscriber v0.3.18
[INFO] [stdout] error: aborting due to 5 previous errors
[INFO] [stdout] 
[INFO] [stdout] 
[INFO] [stdout] Some errors have detailed explanations: E0635, E0658.
[INFO] [stdout] 
[INFO] [stdout] For more information about an error, try `rustc --explain E0635`.
[INFO] [stdout] 
[INFO] [stderr] error: could not compile `curve25519-dalek` (lib) due to 6 previous errors
[INFO] [stderr] warning: build failed, waiting for other jobs to finish...
[INFO] running `Command { std: "docker" "inspect" "3f33d58f8e97aefc4c015d0669897320ef41310ff7b2f8fe7613e19b7f4de627", kill_on_drop: false }`
[INFO] running `Command { std: "docker" "rm" "-f" "3f33d58f8e97aefc4c015d0669897320ef41310ff7b2f8fe7613e19b7f4de627", kill_on_drop: false }`
[INFO] [stdout] 3f33d58f8e97aefc4c015d0669897320ef41310ff7b2f8fe7613e19b7f4de627
[INFO] checking beetle-bitswap-next-0.5.1 against nightly-2024-02-05+rustflags=-Dunexpected_cfgs+cargoflags=-Zcheck-cfg for check-cfg-2
[INFO] extracting crate beetle-bitswap-next 0.5.1 into /workspace/builds/worker-7-tc2/source
[INFO] validating manifest of crates.io crate beetle-bitswap-next 0.5.1 on toolchain nightly-2024-02-05
[INFO] running `Command { std: CARGO_HOME="/workspace/cargo-home" RUSTUP_HOME="/workspace/rustup-home" "/workspace/cargo-home/bin/cargo" "+nightly-2024-02-05" "metadata" "--manifest-path" "Cargo.toml" "--no-deps", kill_on_drop: false }`
[INFO] started tweaking crates.io crate beetle-bitswap-next 0.5.1
[INFO] finished tweaking crates.io crate beetle-bitswap-next 0.5.1
[INFO] tweaked toml for crates.io crate beetle-bitswap-next 0.5.1 written to /workspace/builds/worker-7-tc2/source/Cargo.toml
[INFO] running `Command { std: CARGO_HOME="/workspace/cargo-home" RUSTUP_HOME="/workspace/rustup-home" "/workspace/cargo-home/bin/cargo" "+nightly-2024-02-05" "generate-lockfile" "--manifest-path" "Cargo.toml", kill_on_drop: false }`
[INFO] [stderr]     Blocking waiting for file lock on package cache
[INFO] [stderr]     Updating crates.io index
[INFO] running `Command { std: CARGO_HOME="/workspace/cargo-home" RUSTUP_HOME="/workspace/rustup-home" "/workspace/cargo-home/bin/cargo" "+nightly-2024-02-05" "fetch" "--manifest-path" "Cargo.toml", kill_on_drop: false }`
[INFO] running `Command { std: "docker" "create" "-v" "/var/lib/crater-agent-workspace/builds/worker-7-tc2/target:/opt/rustwide/target:rw,Z" "-v" "/var/lib/crater-agent-workspace/builds/worker-7-tc2/source:/opt/rustwide/workdir:ro,Z" "-v" "/var/lib/crater-agent-workspace/cargo-home:/opt/rustwide/cargo-home:ro,Z" "-v" "/var/lib/crater-agent-workspace/rustup-home:/opt/rustwide/rustup-home:ro,Z" "-e" "SOURCE_DIR=/opt/rustwide/workdir" "-e" "CARGO_TARGET_DIR=/opt/rustwide/target" "-e" "CARGO_HOME=/opt/rustwide/cargo-home" "-e" "RUSTUP_HOME=/opt/rustwide/rustup-home" "-w" "/opt/rustwide/workdir" "-m" "1610612736" "--user" "0:0" "--network" "none" "ghcr.io/rust-lang/crates-build-env/linux@sha256:2788e3201cd34a07e3172128adcd8b3090168a8e3bcc40d7c032b9dda1df7d1c" "/opt/rustwide/cargo-home/bin/cargo" "+nightly-2024-02-05" "metadata" "--no-deps" "--format-version=1", kill_on_drop: false }`
[INFO] [stdout] 3f8c67eff7934f581e940142310cfbab0e516ef90bec068df646ffe990068dda
[INFO] running `Command { std: "docker" "start" "-a" "3f8c67eff7934f581e940142310cfbab0e516ef90bec068df646ffe990068dda", kill_on_drop: false }`
[INFO] running `Command { std: "docker" "inspect" "3f8c67eff7934f581e940142310cfbab0e516ef90bec068df646ffe990068dda", kill_on_drop: false }`
[INFO] running `Command { std: "docker" "rm" "-f" "3f8c67eff7934f581e940142310cfbab0e516ef90bec068df646ffe990068dda", kill_on_drop: false }`
[INFO] [stdout] 3f8c67eff7934f581e940142310cfbab0e516ef90bec068df646ffe990068dda
[INFO] running `Command { std: "docker" "create" "-v" "/var/lib/crater-agent-workspace/builds/worker-7-tc2/target:/opt/rustwide/target:rw,Z" "-v" "/var/lib/crater-agent-workspace/builds/worker-7-tc2/source:/opt/rustwide/workdir:ro,Z" "-v" "/var/lib/crater-agent-workspace/cargo-home:/opt/rustwide/cargo-home:ro,Z" "-v" "/var/lib/crater-agent-workspace/rustup-home:/opt/rustwide/rustup-home:ro,Z" "-e" "SOURCE_DIR=/opt/rustwide/workdir" "-e" "CARGO_TARGET_DIR=/opt/rustwide/target" "-e" "CARGO_INCREMENTAL=0" "-e" "RUST_BACKTRACE=full" "-e" "RUSTFLAGS=--cap-lints=forbid -Dunexpected_cfgs" "-e" "RUSTDOCFLAGS=--cap-lints=forbid" "-e" "CARGO_HOME=/opt/rustwide/cargo-home" "-e" "RUSTUP_HOME=/opt/rustwide/rustup-home" "-w" "/opt/rustwide/workdir" "-m" "1610612736" "--user" "0:0" "--network" "none" "ghcr.io/rust-lang/crates-build-env/linux@sha256:2788e3201cd34a07e3172128adcd8b3090168a8e3bcc40d7c032b9dda1df7d1c" "/opt/rustwide/cargo-home/bin/cargo" "+nightly-2024-02-05" "check" "--frozen" "--all" "--all-targets" "--message-format=json" "-Zcheck-cfg", kill_on_drop: false }`
[INFO] [stdout] 1d5724ce3e0e93c346e354d7ebc77bfcc050c30a2576abe62c1abae6514600db
[INFO] running `Command { std: "docker" "start" "-a" "1d5724ce3e0e93c346e354d7ebc77bfcc050c30a2576abe62c1abae6514600db", kill_on_drop: false }`
[INFO] [stderr]    Compiling proc-macro2 v1.0.78
[INFO] [stderr]    Compiling unicode-ident v1.0.12
[INFO] [stderr]    Compiling libc v0.2.153
[INFO] [stderr]     Checking cfg-if v1.0.0
[INFO] [stderr]    Compiling autocfg v1.1.0
[INFO] [stderr]     Checking pin-project-lite v0.2.13
[INFO] [stderr]    Compiling version_check v0.9.4
[INFO] [stderr]     Checking memchr v2.7.1
[INFO] [stderr]     Checking futures-core v0.3.30
[INFO] [stderr]     Checking futures-sink v0.3.30
[INFO] [stderr]     Checking futures-io v0.3.30
[INFO] [stderr]     Checking futures-task v0.3.30
[INFO] [stderr]     Checking pin-utils v0.1.0
[INFO] [stderr]     Checking bytes v1.5.0
[INFO] [stderr]    Compiling typenum v1.17.0
[INFO] [stderr]    Compiling thiserror v1.0.56
[INFO] [stderr]    Compiling semver v1.0.21
[INFO] [stderr]     Checking subtle v2.5.0
[INFO] [stderr]    Compiling syn v1.0.109
[INFO] [stderr]     Checking byteorder v1.5.0
[INFO] [stderr]     Checking futures-channel v0.3.30
[INFO] [stderr]     Checking smallvec v1.13.1
[INFO] [stderr]     Checking log v0.4.20
[INFO] [stderr]    Compiling serde v1.0.196
[INFO] [stderr]     Checking once_cell v1.19.0
[INFO] [stderr]     Checking cpufeatures v0.2.12
[INFO] [stderr]    Compiling platforms v3.3.0
[INFO] [stderr]     Checking ppv-lite86 v0.2.17
[INFO] [stderr]     Checking scopeguard v1.2.0
[INFO] [stderr]     Checking arrayref v0.3.7
[INFO] [stderr]    Compiling data-encoding v2.5.0
[INFO] [stderr]    Compiling generic-array v0.14.7
[INFO] [stderr]    Compiling parking_lot_core v0.9.9
[INFO] [stderr]     Checking tracing-core v0.1.32
[INFO] [stderr]     Checking tinyvec_macros v0.1.1
[INFO] [stderr]     Checking core2 v0.4.0
[INFO] [stderr]     Checking instant v0.1.12
[INFO] [stderr]     Checking tinyvec v1.6.0
[INFO] [stderr]    Compiling slab v0.4.9
[INFO] [stderr]    Compiling rustc_version v0.4.0
[INFO] [stderr]    Compiling lock_api v0.4.11
[INFO] [stderr]     Checking either v1.9.0
[INFO] [stderr]     Checking signature v2.2.0
[INFO] [stderr]     Checking static_assertions v1.1.0
[INFO] [stderr]     Checking percent-encoding v2.3.1
[INFO] [stderr]     Checking unicode-bidi v0.3.15
[INFO] [stderr]     Checking ed25519 v2.2.3
[INFO] [stderr]     Checking base-x v0.2.11
[INFO] [stderr]     Checking form_urlencoded v1.2.1
[INFO] [stderr]     Checking quick-protobuf v0.8.1
[INFO] [stderr]     Checking gimli v0.28.1
[INFO] [stderr]     Checking bs58 v0.5.0
[INFO] [stderr]     Checking adler v1.0.2
[INFO] [stderr]    Compiling crossbeam-utils v0.8.19
[INFO] [stderr]    Compiling curve25519-dalek v4.1.2
[INFO] [stderr]     Checking miniz_oxide v0.7.2
[INFO] [stderr]     Checking object v0.32.2
[INFO] [stderr]     Checking rustc-demangle v0.1.23
[INFO] [stderr]    Compiling quote v1.0.35
[INFO] [stderr]    Compiling anyhow v1.0.79
[INFO] [stderr]    Compiling paste v1.0.14
[INFO] [stderr]    Compiling syn v2.0.48
[INFO] [stderr]     Checking fnv v1.0.7
[INFO] [stderr]     Checking unsigned-varint v0.8.0
[INFO] [stderr]     Checking void v1.0.2
[INFO] [stderr]     Checking unicode-normalization v0.1.22
[INFO] [stderr]     Checking futures-timer v3.0.2
[INFO] [stderr]     Checking bitflags v1.3.2
[INFO] [stderr]    Compiling cc v1.0.83
[INFO] [stderr]    Compiling proc-macro-error-attr v1.0.4
[INFO] [stderr]    Compiling proc-macro-error v1.0.4
[INFO] [stderr]     Checking constant_time_eq v0.3.0
[INFO] [stderr]     Checking arrayvec v0.7.4
[INFO] [stderr]    Compiling snow v0.9.6
[INFO] [stderr]     Checking idna v0.5.0
[INFO] [stderr]     Checking num_cpus v1.16.0
[INFO] [stderr]     Checking getrandom v0.2.12
[INFO] [stderr]     Checking socket2 v0.5.5
[INFO] [stderr]     Checking mio v0.8.10
[INFO] [stderr]     Checking rand_core v0.6.4
[INFO] [stderr]     Checking parking_lot v0.12.1
[INFO] [stderr]     Checking rand_chacha v0.3.1
[INFO] [stderr]     Checking nix v0.24.3
[INFO] [stderr]    Compiling unicode-xid v0.2.4
[INFO] [stderr]     Checking nohash-hasher v0.2.0
[INFO] [stderr]     Checking spin v0.9.8
[INFO] [stderr]     Checking url v2.5.0
[INFO] [stderr]     Checking untrusted v0.9.0
[INFO] [stderr]    Compiling parking_lot_core v0.8.6
[INFO] [stderr]     Checking crossbeam-epoch v0.9.18
[INFO] [stderr]     Checking rand v0.8.5
[INFO] [stderr]    Compiling indexmap v1.9.3
[INFO] [stderr]    Compiling num-traits v0.2.18
[INFO] [stderr]    Compiling rayon-core v1.12.1
[INFO] [stderr]     Checking regex-syntax v0.8.2
[INFO] [stderr]     Checking ipnet v2.9.0
[INFO] [stderr]    Compiling serde_json v1.0.113
[INFO] [stderr]     Checking keccak v0.1.5
[INFO] [stderr]     Checking crossbeam-deque v0.8.5
[INFO] [stderr]     Checking blake2s_simd v1.0.2
[INFO] [stderr]     Checking blake2b_simd v1.0.2
[INFO] [stderr]    Compiling ahash v0.8.7
[INFO] [stderr]     Checking half v2.3.1
[INFO] [stderr]     Checking equivalent v1.0.1
[INFO] [stderr]     Checking block-buffer v0.10.4
[INFO] [stderr]     Checking crypto-common v0.1.6
[INFO] [stderr]     Checking hashbrown v0.14.3
[INFO] [stderr]     Checking ryu v1.0.16
[INFO] [stderr]     Checking digest v0.10.7
[INFO] [stderr]     Checking addr2line v0.21.0
[INFO] [stderr]     Checking os_str_bytes v6.6.1
[INFO] [stderr]    Compiling names v0.14.0
[INFO] [stderr]     Checking regex-syntax v0.6.29
[INFO] [stderr]     Checking event-listener v2.5.3
[INFO] [stderr]     Checking ciborium-io v0.2.2
[INFO] [stderr]     Checking hashbrown v0.12.3
[INFO] [stderr]     Checking plotters-backend v0.3.5
[INFO] [stderr]     Checking lazy_static v1.4.0
[INFO] [stderr]     Checking sha2 v0.10.8
[INFO] [stderr]     Checking hmac v0.12.1
[INFO] [stderr]     Checking sha3 v0.10.8
[INFO] [stderr]    Compiling async-trait v0.1.77
[INFO] [stderr]     Checking hkdf v0.12.4
[INFO] [stderr]     Checking itoa v1.0.10
[INFO] [stderr]     Checking ciborium-ll v0.2.2
[INFO] [stderr]     Checking plotters-svg v0.3.5
[INFO] [stderr]     Checking clap_lex v0.2.4
[INFO] [stderr]    Compiling backtrace v0.3.69
[INFO] [stderr]    Compiling ring v0.17.7
[INFO] [stderr]    Compiling blake3 v1.5.0
[INFO] [stderr]     Checking parking_lot v0.11.2
[INFO] [stderr]     Checking crossbeam-queue v0.3.11
[INFO] [stderr]     Checking regex-automata v0.4.5
[INFO] [stderr]    Compiling synstructure v0.12.6
[INFO] [stderr]     Checking indexmap v2.2.2
[INFO] [stderr]     Checking concurrent-queue v2.4.0
[INFO] [stderr]     Checking itertools v0.10.5
[INFO] [stderr]     Checking overload v0.1.1
[INFO] [stderr]     Checking zerocopy v0.7.32
[INFO] [stderr]     Checking textwrap v0.16.0
[INFO] [stderr]     Checking same-file v1.0.6
[INFO] [stderr]     Checking cast v0.3.0
[INFO] [stderr]     Checking walkdir v2.4.0
[INFO] [stderr]     Checking async-channel v1.9.0
[INFO] [stderr]     Checking nu-ansi-term v0.46.0
[INFO] [stderr]     Checking rayon v1.8.1
[INFO] [stderr]     Checking sharded-slab v0.1.7
[INFO] [stderr]     Checking keyed_priority_queue v0.4.2
[INFO] [stderr]     Checking async-broadcast v0.5.1
[INFO] [stderr]     Checking plotters v0.3.5
[INFO] [stderr]     Checking atty v0.2.14
[INFO] [stderr]     Checking tracing-log v0.2.0
[INFO] [stderr]     Checking regex-automata v0.1.10
[INFO] [stderr]     Checking thread_local v1.1.7
[INFO] [stderr]     Checking oorandom v11.1.3
[INFO] [stderr]     Checking clap v3.2.25
[INFO] [stderr]     Checking anes v0.1.6
[INFO] [stderr]     Checking criterion-plot v0.5.0
[INFO] [stderr]    Compiling data-encoding-macro-internal v0.1.12
[INFO] [stderr]    Compiling derivative v2.2.0
[INFO] [stderr]     Checking regex v1.10.3
[INFO] [stderr]    Compiling toml v0.5.11
[INFO] [stderr]     Checking matchers v0.1.0
[INFO] [stderr]     Checking data-encoding-macro v0.1.14
[INFO] [stderr]     Checking multibase v0.9.1
[INFO] [stderr]    Compiling futures-macro v0.3.30
[INFO] [stderr]    Compiling thiserror-impl v1.0.56
[INFO] [stderr]    Compiling serde_derive v1.0.196
[INFO] [stderr]    Compiling zeroize_derive v1.4.2
[INFO] [stderr]    Compiling tokio-macros v2.2.0
[INFO] [stderr]    Compiling pin-project-internal v1.1.4
[INFO] [stderr]    Compiling curve25519-dalek-derive v0.1.1
[INFO] [stderr]    Compiling tracing-attributes v0.1.27
[INFO] [stderr]    Compiling async-stream-impl v0.3.5
[INFO] [stderr]     Checking tokio v1.36.0
[INFO] [stderr]     Checking async-stream v0.3.5
[INFO] [stderr]     Checking zeroize v1.7.0
[INFO] [stderr]     Checking futures-util v0.3.30
[INFO] [stderr]     Checking tracing v0.1.40
[INFO] [stderr]     Checking pin-project v1.1.4
[INFO] [stderr]     Checking tracing-subscriber v0.3.18
[INFO] [stderr]    Compiling proc-macro-crate v1.1.3
[INFO] [stderr]     Checking netlink-packet-utils v0.5.2
[INFO] [stdout] error[E0658]: use of unstable library feature 'stdsimd'
[INFO] [stdout]   --> /opt/rustwide/cargo-home/registry/src/index.crates.io-6f17d22bba15001f/curve25519-dalek-4.1.2/src/backend/vector/ifma/field.rs:26:5
[INFO] [stdout]    |
[INFO] [stdout] 26 |     _mm256_madd52lo_epu64(z.into(), x.into(), y.into()).into()
[INFO] [stdout]    |     ^^^^^^^^^^^^^^^^^^^^^
[INFO] [stdout]    |
[INFO] [stdout]    = note: see issue #48556 <https://github.com/rust-lang/rust/issues/48556> for more information
[INFO] [stdout]    = help: add `#![feature(stdsimd)]` to the crate attributes to enable
[INFO] [stdout]    = note: this compiler was built on 2024-02-04; consider upgrading it if it is out of date
[INFO] [stdout] 
[INFO] [stdout] 
[INFO] [stdout] error[E0658]: use of unstable library feature 'stdsimd'
[INFO] [stdout]   --> /opt/rustwide/cargo-home/registry/src/index.crates.io-6f17d22bba15001f/curve25519-dalek-4.1.2/src/backend/vector/ifma/field.rs:25:9
[INFO] [stdout]    |
[INFO] [stdout] 25 |     use core::arch::x86_64::_mm256_madd52lo_epu64;
[INFO] [stdout]    |         ^^^^^^^^^^^^^^^^^^^^^^^^^^^^^^^^^^^^^^^^^
[INFO] [stdout]    |
[INFO] [stdout]    = note: see issue #48556 <https://github.com/rust-lang/rust/issues/48556> for more information
[INFO] [stdout]    = help: add `#![feature(stdsimd)]` to the crate attributes to enable
[INFO] [stdout]    = note: this compiler was built on 2024-02-04; consider upgrading it if it is out of date
[INFO] [stdout] 
[INFO] [stdout] 
[INFO] [stdout] error[E0658]: use of unstable library feature 'stdsimd'
[INFO] [stdout]   --> /opt/rustwide/cargo-home/registry/src/index.crates.io-6f17d22bba15001f/curve25519-dalek-4.1.2/src/backend/vector/ifma/field.rs:34:5
[INFO] [stdout]    |
[INFO] [stdout] 34 |     _mm256_madd52hi_epu64(z.into(), x.into(), y.into()).into()
[INFO] [stdout]    |     ^^^^^^^^^^^^^^^^^^^^^
[INFO] [stdout]    |
[INFO] [stdout]    = note: see issue #48556 <https://github.com/rust-lang/rust/issues/48556> for more information
[INFO] [stdout]    = help: add `#![feature(stdsimd)]` to the crate attributes to enable
[INFO] [stdout]    = note: this compiler was built on 2024-02-04; consider upgrading it if it is out of date
[INFO] [stdout] 
[INFO] [stdout] 
[INFO] [stdout] error[E0658]: use of unstable library feature 'stdsimd'
[INFO] [stdout]   --> /opt/rustwide/cargo-home/registry/src/index.crates.io-6f17d22bba15001f/curve25519-dalek-4.1.2/src/backend/vector/ifma/field.rs:33:9
[INFO] [stdout]    |
[INFO] [stdout] 33 |     use core::arch::x86_64::_mm256_madd52hi_epu64;
[INFO] [stdout]    |         ^^^^^^^^^^^^^^^^^^^^^^^^^^^^^^^^^^^^^^^^^
[INFO] [stdout]    |
[INFO] [stdout]    = note: see issue #48556 <https://github.com/rust-lang/rust/issues/48556> for more information
[INFO] [stdout]    = help: add `#![feature(stdsimd)]` to the crate attributes to enable
[INFO] [stdout]    = note: this compiler was built on 2024-02-04; consider upgrading it if it is out of date
[INFO] [stdout] 
[INFO] [stdout] 
[INFO] [stdout] error[E0635]: unknown feature `stdarch_x86_avx512`
[INFO] [stdout]   --> /opt/rustwide/cargo-home/registry/src/index.crates.io-6f17d22bba15001f/curve25519-dalek-4.1.2/src/lib.rs:19:13
[INFO] [stdout]    |
[INFO] [stdout] 19 |     feature(stdarch_x86_avx512)
[INFO] [stdout]    |             ^^^^^^^^^^^^^^^^^^
[INFO] [stdout] 
[INFO] [stdout] 
[INFO] [stderr]     Checking netlink-packet-core v0.4.2
[INFO] [stderr]    Compiling multihash-derive v0.8.1
[INFO] [stderr]    Compiling num_enum_derive v0.6.1
[INFO] [stderr]     Checking netlink-packet-route v0.12.0
[INFO] [stdout] error: aborting due to 5 previous errors
[INFO] [stdout] 
[INFO] [stdout] 
[INFO] [stdout] Some errors have detailed explanations: E0635, E0658.
[INFO] [stdout] 
[INFO] [stdout] For more information about an error, try `rustc --explain E0635`.
[INFO] [stdout] 
[INFO] [stderr] error: could not compile `curve25519-dalek` (lib) due to 6 previous errors
[INFO] [stderr] warning: build failed, waiting for other jobs to finish...
[INFO] running `Command { std: "docker" "inspect" "1d5724ce3e0e93c346e354d7ebc77bfcc050c30a2576abe62c1abae6514600db", kill_on_drop: false }`
[INFO] running `Command { std: "docker" "rm" "-f" "1d5724ce3e0e93c346e354d7ebc77bfcc050c30a2576abe62c1abae6514600db", kill_on_drop: false }`
[INFO] [stdout] 1d5724ce3e0e93c346e354d7ebc77bfcc050c30a2576abe62c1abae6514600db
