[INFO] fetching crate askar-crypto 0.3.0...
[INFO] checking askar-crypto-0.3.0 against nightly-2024-02-05 for check-cfg-2
[INFO] extracting crate askar-crypto 0.3.0 into /workspace/builds/worker-0-tc1/source
[INFO] validating manifest of crates.io crate askar-crypto 0.3.0 on toolchain nightly-2024-02-05
[INFO] running `Command { std: CARGO_HOME="/workspace/cargo-home" RUSTUP_HOME="/workspace/rustup-home" "/workspace/cargo-home/bin/cargo" "+nightly-2024-02-05" "metadata" "--manifest-path" "Cargo.toml" "--no-deps", kill_on_drop: false }`
[INFO] started tweaking crates.io crate askar-crypto 0.3.0
[INFO] finished tweaking crates.io crate askar-crypto 0.3.0
[INFO] tweaked toml for crates.io crate askar-crypto 0.3.0 written to /workspace/builds/worker-0-tc1/source/Cargo.toml
[INFO] running `Command { std: CARGO_HOME="/workspace/cargo-home" RUSTUP_HOME="/workspace/rustup-home" "/workspace/cargo-home/bin/cargo" "+nightly-2024-02-05" "generate-lockfile" "--manifest-path" "Cargo.toml", kill_on_drop: false }`
[INFO] [stderr]     Blocking waiting for file lock on package cache
[INFO] [stderr]     Updating crates.io index
[INFO] running `Command { std: CARGO_HOME="/workspace/cargo-home" RUSTUP_HOME="/workspace/rustup-home" "/workspace/cargo-home/bin/cargo" "+nightly-2024-02-05" "fetch" "--manifest-path" "Cargo.toml", kill_on_drop: false }`
[INFO] [stderr]     Blocking waiting for file lock on package cache
[INFO] [stderr]     Blocking waiting for file lock on package cache
[INFO] [stderr]  Downloading crates ...
[INFO] [stderr]   Downloaded zeroize v1.7.0
[INFO] [stderr]   Downloaded opaque-debug v0.3.0
[INFO] [stderr]   Downloaded winapi-util v0.1.6
[INFO] [stderr]   Downloaded rand_core v0.6.4
[INFO] [stderr]   Downloaded plotters-backend v0.3.5
[INFO] [stderr]   Downloaded aead v0.5.2
[INFO] [stderr]   Downloaded either v1.9.0
[INFO] [stderr]   Downloaded cpufeatures v0.2.12
[INFO] [stderr]   Downloaded crossbeam-deque v0.8.5
[INFO] [stderr]   Downloaded base16ct v0.2.0
[INFO] [stderr]   Downloaded crypto_box v0.9.1
[INFO] [stderr]   Downloaded windows-targets v0.52.0
[INFO] [stderr]   Downloaded ciborium-ll v0.2.2
[INFO] [stderr]   Downloaded wasm-bindgen-macro v0.2.91
[INFO] [stderr]   Downloaded derive_arbitrary v1.3.2
[INFO] [stderr]   Downloaded wasi v0.11.0+wasi-snapshot-preview1
[INFO] [stderr]   Downloaded argon2 v0.5.3
[INFO] [stderr]   Downloaded crossbeam-epoch v0.9.18
[INFO] [stderr]   Downloaded curve25519-dalek v4.1.2
[INFO] [stderr]   Downloaded windows_x86_64_gnu v0.52.0
[INFO] [stderr]   Downloaded winapi-i686-pc-windows-gnu v0.4.0
[INFO] [stderr]   Downloaded windows-sys v0.52.0
[INFO] [stderr]   Downloaded winapi-x86_64-pc-windows-gnu v0.4.0
[INFO] [stderr]   Downloaded windows_x86_64_msvc v0.52.0
[INFO] [stderr]   Downloaded web-sys v0.3.68
[INFO] [stderr]   Downloaded winapi v0.3.9
[INFO] [stderr]   Downloaded windows_i686_msvc v0.52.0
[INFO] [stderr]   Downloaded windows_aarch64_msvc v0.52.0
[INFO] [stderr]   Downloaded windows_i686_gnu v0.52.0
[INFO] [stderr]   Downloaded windows_x86_64_gnullvm v0.52.0
[INFO] [stderr]   Downloaded fiat-crypto v0.2.6
[INFO] [stderr]   Downloaded windows_aarch64_gnullvm v0.52.0
[INFO] [stderr]   Downloaded bls12_381 v0.8.0
[INFO] [stderr]   Downloaded regex-automata v0.4.5
[INFO] [stderr]   Downloaded plotters v0.3.5
[INFO] [stderr]   Downloaded regex-syntax v0.8.2
[INFO] [stderr]   Downloaded criterion v0.5.1
[INFO] [stderr]   Downloaded base64 v0.21.7
[INFO] [stderr]   Downloaded crypto-bigint v0.5.5
[INFO] [stderr]   Downloaded aes v0.8.3
[INFO] [stderr]   Downloaded aes-gcm v0.10.3
[INFO] [stderr]   Downloaded rand v0.8.5
[INFO] [stderr]   Downloaded p384 v0.13.0
[INFO] [stderr]   Downloaded itertools v0.10.5
[INFO] [stderr]   Downloaded x25519-dalek v2.0.1
[INFO] [stderr]   Downloaded wasm-bindgen v0.2.91
[INFO] [stderr]   Downloaded const-oid v0.9.6
[INFO] [stderr]   Downloaded num-traits v0.2.18
[INFO] [stderr]   Downloaded js-sys v0.3.68
[INFO] [stderr]   Downloaded bumpalo v3.14.0
[INFO] [stderr]   Downloaded aho-corasick v1.1.2
[INFO] [stderr]   Downloaded rayon v1.8.1
[INFO] [stderr]   Downloaded ed25519-dalek v2.1.1
[INFO] [stderr]   Downloaded k256 v0.13.3
[INFO] [stderr]   Downloaded serde_json v1.0.113
[INFO] [stderr]   Downloaded regex v1.10.3
[INFO] [stderr]   Downloaded serde_derive v1.0.196
[INFO] [stderr]   Downloaded der v0.7.8
[INFO] [stderr]   Downloaded clap_builder v4.4.18
[INFO] [stderr]   Downloaded ppv-lite86 v0.2.17
[INFO] [stderr]   Downloaded ghash v0.5.0
[INFO] [stderr]   Downloaded primeorder v0.13.6
[INFO] [stderr]   Downloaded criterion-plot v0.5.0
[INFO] [stderr]   Downloaded rand_chacha v0.3.1
[INFO] [stderr]   Downloaded block-buffer v0.10.4
[INFO] [stderr]   Downloaded cast v0.3.0
[INFO] [stderr]   Downloaded hermit-abi v0.3.5
[INFO] [stderr]   Downloaded base64ct v1.6.0
[INFO] [stderr]   Downloaded serde_cbor v0.11.2
[INFO] [stderr]   Downloaded is-terminal v0.4.10
[INFO] [stderr]   Downloaded generic-array v0.14.7
[INFO] [stderr]   Downloaded getrandom v0.2.12
[INFO] [stderr]   Downloaded group v0.13.0
[INFO] [stderr]   Downloaded arbitrary v1.3.2
[INFO] [stderr]   Downloaded crypto-common v0.1.6
[INFO] [stderr]   Downloaded zeroize_derive v1.4.2
[INFO] [stderr]   Downloaded polyval v0.6.1
[INFO] [stderr]   Downloaded sha2 v0.10.8
[INFO] [stderr]   Downloaded ctr v0.9.2
[INFO] [stderr]   Downloaded typenum v1.17.0
[INFO] [stderr]   Downloaded password-hash v0.5.0
[INFO] [stderr]   Downloaded platforms v3.3.0
[INFO] [stderr]   Downloaded cbc v0.1.2
[INFO] [stderr]   Downloaded half v2.3.1
[INFO] [stderr]   Downloaded ciborium v0.2.2
[INFO] [stderr]   Downloaded chacha20 v0.9.1
[INFO] [stderr]   Downloaded clap_lex v0.6.0
[INFO] [stderr]   Downloaded poly1305 v0.8.0
[INFO] [stderr]   Downloaded wasm-bindgen-backend v0.2.91
[INFO] [stderr]   Downloaded crypto_secretbox v0.1.1
[INFO] [stderr]   Downloaded wasm-bindgen-macro-support v0.2.91
[INFO] [stderr]   Downloaded oorandom v11.1.3
[INFO] [stderr]   Downloaded anes v0.1.6
[INFO] [stderr]   Downloaded rayon-core v1.12.1
[INFO] [stderr]   Downloaded p256 v0.13.2
[INFO] [stderr]   Downloaded hmac v0.12.1
[INFO] [stderr]   Downloaded tinytemplate v1.2.1
[INFO] [stderr]   Downloaded clap v4.4.18
[INFO] [stderr]   Downloaded chacha20poly1305 v0.10.1
[INFO] [stderr]   Downloaded block-padding v0.3.3
[INFO] [stderr]   Downloaded inout v0.1.3
[INFO] [stderr]   Downloaded ed25519 v2.2.3
[INFO] [stderr]   Downloaded blake2 v0.10.6
[INFO] [stderr]   Downloaded elliptic-curve v0.13.8
[INFO] [stderr]   Downloaded anstyle v1.0.6
[INFO] [stderr]   Downloaded cipher v0.4.4
[INFO] [stderr]   Downloaded salsa20 v0.10.2
[INFO] [stderr]   Downloaded hex-literal v0.4.1
[INFO] [stderr]   Downloaded wasm-bindgen-shared v0.2.91
[INFO] [stderr]   Downloaded ciborium-io v0.2.2
[INFO] [stderr]   Downloaded crunchy v0.2.2
[INFO] [stderr]   Downloaded plotters-svg v0.3.5
[INFO] [stderr]   Downloaded block-modes v0.9.1
[INFO] [stderr]   Downloaded half v1.8.2
[INFO] [stderr]   Downloaded hkdf v0.12.4
[INFO] [stderr]   Downloaded ecdsa v0.16.9
[INFO] [stderr]   Downloaded same-file v1.0.6
[INFO] [stderr]   Downloaded rfc6979 v0.4.0
[INFO] [stderr]   Downloaded ff v0.13.0
[INFO] [stderr]   Downloaded walkdir v2.4.0
[INFO] [stderr]   Downloaded universal-hash v0.5.1
[INFO] [stderr]   Downloaded sec1 v0.7.3
[INFO] [stderr]   Downloaded curve25519-dalek-derive v0.1.1
[INFO] [stderr]   Downloaded subtle v2.5.0
[INFO] [stderr]   Downloaded digest v0.10.7
[INFO] [stderr]   Downloaded signature v2.2.0
[INFO] [stderr]   Downloaded serde-json-core v0.5.1
[INFO] running `Command { std: "docker" "create" "-v" "/var/lib/crater-agent-workspace/builds/worker-0-tc1/target:/opt/rustwide/target:rw,Z" "-v" "/var/lib/crater-agent-workspace/builds/worker-0-tc1/source:/opt/rustwide/workdir:ro,Z" "-v" "/var/lib/crater-agent-workspace/cargo-home:/opt/rustwide/cargo-home:ro,Z" "-v" "/var/lib/crater-agent-workspace/rustup-home:/opt/rustwide/rustup-home:ro,Z" "-e" "SOURCE_DIR=/opt/rustwide/workdir" "-e" "CARGO_TARGET_DIR=/opt/rustwide/target" "-e" "CARGO_HOME=/opt/rustwide/cargo-home" "-e" "RUSTUP_HOME=/opt/rustwide/rustup-home" "-w" "/opt/rustwide/workdir" "-m" "1610612736" "--user" "0:0" "--network" "none" "ghcr.io/rust-lang/crates-build-env/linux@sha256:2788e3201cd34a07e3172128adcd8b3090168a8e3bcc40d7c032b9dda1df7d1c" "/opt/rustwide/cargo-home/bin/cargo" "+nightly-2024-02-05" "metadata" "--no-deps" "--format-version=1", kill_on_drop: false }`
[INFO] [stdout] c1ab3f198b1d520e02036f5a7b6b7d98225bbf8d8dcd58446f5868e8aa44721e
[INFO] running `Command { std: "docker" "start" "-a" "c1ab3f198b1d520e02036f5a7b6b7d98225bbf8d8dcd58446f5868e8aa44721e", kill_on_drop: false }`
[INFO] running `Command { std: "docker" "inspect" "c1ab3f198b1d520e02036f5a7b6b7d98225bbf8d8dcd58446f5868e8aa44721e", kill_on_drop: false }`
[INFO] running `Command { std: "docker" "rm" "-f" "c1ab3f198b1d520e02036f5a7b6b7d98225bbf8d8dcd58446f5868e8aa44721e", kill_on_drop: false }`
[INFO] [stdout] c1ab3f198b1d520e02036f5a7b6b7d98225bbf8d8dcd58446f5868e8aa44721e
[INFO] running `Command { std: "docker" "create" "-v" "/var/lib/crater-agent-workspace/builds/worker-0-tc1/target:/opt/rustwide/target:rw,Z" "-v" "/var/lib/crater-agent-workspace/builds/worker-0-tc1/source:/opt/rustwide/workdir:ro,Z" "-v" "/var/lib/crater-agent-workspace/cargo-home:/opt/rustwide/cargo-home:ro,Z" "-v" "/var/lib/crater-agent-workspace/rustup-home:/opt/rustwide/rustup-home:ro,Z" "-e" "SOURCE_DIR=/opt/rustwide/workdir" "-e" "CARGO_TARGET_DIR=/opt/rustwide/target" "-e" "CARGO_INCREMENTAL=0" "-e" "RUST_BACKTRACE=full" "-e" "RUSTFLAGS=--cap-lints=forbid" "-e" "RUSTDOCFLAGS=--cap-lints=forbid" "-e" "CARGO_HOME=/opt/rustwide/cargo-home" "-e" "RUSTUP_HOME=/opt/rustwide/rustup-home" "-w" "/opt/rustwide/workdir" "-m" "1610612736" "--user" "0:0" "--network" "none" "ghcr.io/rust-lang/crates-build-env/linux@sha256:2788e3201cd34a07e3172128adcd8b3090168a8e3bcc40d7c032b9dda1df7d1c" "/opt/rustwide/cargo-home/bin/cargo" "+nightly-2024-02-05" "check" "--frozen" "--all" "--all-targets" "--message-format=json", kill_on_drop: false }`
[INFO] [stdout] 9cc18d94d90051bedf027d889a4674b390477addf8a26f5aaf73b159b7ed061b
[INFO] running `Command { std: "docker" "start" "-a" "9cc18d94d90051bedf027d889a4674b390477addf8a26f5aaf73b159b7ed061b", kill_on_drop: false }`
[INFO] [stderr]    Compiling proc-macro2 v1.0.78
[INFO] [stderr]    Compiling unicode-ident v1.0.12
[INFO] [stderr]     Checking cfg-if v1.0.0
[INFO] [stderr]    Compiling libc v0.2.153
[INFO] [stderr]    Compiling version_check v0.9.4
[INFO] [stderr]    Compiling typenum v1.17.0
[INFO] [stderr]     Checking subtle v2.5.0
[INFO] [stderr]     Checking const-oid v0.9.6
[INFO] [stderr]     Checking cpufeatures v0.2.12
[INFO] [stderr]    Compiling semver v1.0.21
[INFO] [stderr]    Compiling serde v1.0.196
[INFO] [stderr]     Checking opaque-debug v0.3.0
[INFO] [stderr]     Checking base16ct v0.2.0
[INFO] [stderr]    Compiling crossbeam-utils v0.8.19
[INFO] [stderr]    Compiling platforms v3.3.0
[INFO] [stderr]     Checking ryu v1.0.16
[INFO] [stderr]    Compiling autocfg v1.1.0
[INFO] [stderr]    Compiling rustix v0.38.31
[INFO] [stderr]    Compiling rayon-core v1.12.1
[INFO] [stderr]     Checking either v1.9.0
[INFO] [stderr]    Compiling serde_json v1.0.113
[INFO] [stderr]     Checking half v2.3.1
[INFO] [stderr]     Checking anstyle v1.0.6
[INFO] [stderr]     Checking linux-raw-sys v0.4.13
[INFO] [stderr]     Checking plotters-backend v0.3.5
[INFO] [stderr]     Checking regex-syntax v0.8.2
[INFO] [stderr]     Checking ciborium-io v0.2.2
[INFO] [stderr]     Checking bitflags v2.4.2
[INFO] [stderr]     Checking clap_lex v0.6.0
[INFO] [stderr]    Compiling generic-array v0.14.7
[INFO] [stderr]     Checking itoa v1.0.10
[INFO] [stderr]     Checking itertools v0.10.5
[INFO] [stderr]     Checking plotters-svg v0.3.5
[INFO] [stderr]    Compiling num-traits v0.2.18
[INFO] [stderr]     Checking ciborium-ll v0.2.2
[INFO] [stderr]     Checking same-file v1.0.6
[INFO] [stderr]     Checking cast v0.3.0
[INFO] [stderr]     Checking clap_builder v4.4.18
[INFO] [stderr]     Checking base64 v0.21.7
[INFO] [stderr]    Compiling rustc_version v0.4.0
[INFO] [stderr]     Checking walkdir v2.4.0
[INFO] [stderr]     Checking block-modes v0.9.1
[INFO] [stderr]     Checking once_cell v1.19.0
[INFO] [stderr]     Checking half v1.8.2
[INFO] [stderr]     Checking oorandom v11.1.3
[INFO] [stderr]     Checking anes v0.1.6
[INFO] [stderr]     Checking hex-literal v0.4.1
[INFO] [stderr]     Checking crossbeam-epoch v0.9.18
[INFO] [stderr]    Compiling quote v1.0.35
[INFO] [stderr]    Compiling curve25519-dalek v4.1.2
[INFO] [stderr]     Checking crossbeam-deque v0.8.5
[INFO] [stderr]    Compiling syn v2.0.48
[INFO] [stderr]     Checking getrandom v0.2.12
[INFO] [stderr]     Checking is-terminal v0.4.10
[INFO] [stderr]     Checking rand_core v0.6.4
[INFO] [stderr]     Checking regex-automata v0.4.5
[INFO] [stderr]     Checking ff v0.13.0
[INFO] [stderr]     Checking rand v0.8.5
[INFO] [stderr]     Checking rayon v1.8.1
[INFO] [stderr]     Checking group v0.13.0
[INFO] [stderr]     Checking criterion-plot v0.5.0
[INFO] [stderr]     Checking clap v4.4.18
[INFO] [stderr]     Checking plotters v0.3.5
[INFO] [stderr]     Checking regex v1.10.3
[INFO] [stderr]    Compiling zeroize_derive v1.4.2
[INFO] [stderr]    Compiling serde_derive v1.0.196
[INFO] [stderr]    Compiling curve25519-dalek-derive v0.1.1
[INFO] [stderr]     Checking zeroize v1.7.0
[INFO] [stderr]     Checking der v0.7.8
[INFO] [stderr]     Checking bls12_381 v0.8.0
[INFO] [stderr]     Checking crypto-common v0.1.6
[INFO] [stderr]     Checking block-buffer v0.10.4
[INFO] [stderr]     Checking block-padding v0.3.3
[INFO] [stderr]     Checking crypto-bigint v0.5.5
[INFO] [stderr]     Checking inout v0.1.3
[INFO] [stderr]     Checking digest v0.10.7
[INFO] [stderr]     Checking universal-hash v0.5.1
[INFO] [stderr]     Checking aead v0.5.2
[INFO] [stderr]     Checking sec1 v0.7.3
[INFO] [stderr]     Checking cipher v0.4.4
[INFO] [stderr]     Checking poly1305 v0.8.0
[INFO] [stderr]     Checking polyval v0.6.1
[INFO] [stderr]     Checking hmac v0.12.1
[INFO] [stderr]     Checking signature v2.2.0
[INFO] [stderr]     Checking sha2 v0.10.8
[INFO] [stderr]     Checking blake2 v0.10.6
[INFO] [stderr]     Checking hkdf v0.12.4
[INFO] [stderr]     Checking rfc6979 v0.4.0
[INFO] [stderr]     Checking ed25519 v2.2.3
[INFO] [stderr]     Checking ghash v0.5.0
[INFO] [stderr]     Checking salsa20 v0.10.2
[INFO] [stderr]     Checking chacha20 v0.9.1
[INFO] [stderr]     Checking aes v0.8.3
[INFO] [stderr]     Checking ctr v0.9.2
[INFO] [stderr]     Checking cbc v0.1.2
[INFO] [stdout] error[E0658]: use of unstable library feature 'stdsimd'
[INFO] [stdout]   --> /opt/rustwide/cargo-home/registry/src/index.crates.io-6f17d22bba15001f/curve25519-dalek-4.1.2/src/backend/vector/ifma/field.rs:26:5
[INFO] [stdout]    |
[INFO] [stdout] 26 |     _mm256_madd52lo_epu64(z.into(), x.into(), y.into()).into()
[INFO] [stdout]    |     ^^^^^^^^^^^^^^^^^^^^^
[INFO] [stdout]    |
[INFO] [stdout]    = note: see issue #48556 <https://github.com/rust-lang/rust/issues/48556> for more information
[INFO] [stdout]    = help: add `#![feature(stdsimd)]` to the crate attributes to enable
[INFO] [stdout]    = note: this compiler was built on 2024-02-04; consider upgrading it if it is out of date
[INFO] [stdout] 
[INFO] [stdout] 
[INFO] [stdout] error[E0658]: use of unstable library feature 'stdsimd'
[INFO] [stdout]   --> /opt/rustwide/cargo-home/registry/src/index.crates.io-6f17d22bba15001f/curve25519-dalek-4.1.2/src/backend/vector/ifma/field.rs:25:9
[INFO] [stdout]    |
[INFO] [stdout] 25 |     use core::arch::x86_64::_mm256_madd52lo_epu64;
[INFO] [stdout]    |         ^^^^^^^^^^^^^^^^^^^^^^^^^^^^^^^^^^^^^^^^^
[INFO] [stdout]    |
[INFO] [stdout]    = note: see issue #48556 <https://github.com/rust-lang/rust/issues/48556> for more information
[INFO] [stdout]    = help: add `#![feature(stdsimd)]` to the crate attributes to enable
[INFO] [stdout]    = note: this compiler was built on 2024-02-04; consider upgrading it if it is out of date
[INFO] [stdout] 
[INFO] [stdout] 
[INFO] [stdout] error[E0658]: use of unstable library feature 'stdsimd'
[INFO] [stdout]   --> /opt/rustwide/cargo-home/registry/src/index.crates.io-6f17d22bba15001f/curve25519-dalek-4.1.2/src/backend/vector/ifma/field.rs:34:5
[INFO] [stdout]    |
[INFO] [stdout] 34 |     _mm256_madd52hi_epu64(z.into(), x.into(), y.into()).into()
[INFO] [stdout]    |     ^^^^^^^^^^^^^^^^^^^^^
[INFO] [stdout]    |
[INFO] [stdout]    = note: see issue #48556 <https://github.com/rust-lang/rust/issues/48556> for more information
[INFO] [stdout]    = help: add `#![feature(stdsimd)]` to the crate attributes to enable
[INFO] [stdout]    = note: this compiler was built on 2024-02-04; consider upgrading it if it is out of date
[INFO] [stdout] 
[INFO] [stdout] 
[INFO] [stdout] error[E0658]: use of unstable library feature 'stdsimd'
[INFO] [stdout]   --> /opt/rustwide/cargo-home/registry/src/index.crates.io-6f17d22bba15001f/curve25519-dalek-4.1.2/src/backend/vector/ifma/field.rs:33:9
[INFO] [stdout]    |
[INFO] [stdout] 33 |     use core::arch::x86_64::_mm256_madd52hi_epu64;
[INFO] [stdout]    |         ^^^^^^^^^^^^^^^^^^^^^^^^^^^^^^^^^^^^^^^^^
[INFO] [stdout]    |
[INFO] [stdout]    = note: see issue #48556 <https://github.com/rust-lang/rust/issues/48556> for more information
[INFO] [stdout]    = help: add `#![feature(stdsimd)]` to the crate attributes to enable
[INFO] [stdout]    = note: this compiler was built on 2024-02-04; consider upgrading it if it is out of date
[INFO] [stdout] 
[INFO] [stdout] 
[INFO] [stdout] error[E0635]: unknown feature `stdarch_x86_avx512`
[INFO] [stdout]   --> /opt/rustwide/cargo-home/registry/src/index.crates.io-6f17d22bba15001f/curve25519-dalek-4.1.2/src/lib.rs:19:13
[INFO] [stdout]    |
[INFO] [stdout] 19 |     feature(stdarch_x86_avx512)
[INFO] [stdout]    |             ^^^^^^^^^^^^^^^^^^
[INFO] [stdout] 
[INFO] [stdout] 
[INFO] [stderr]     Checking crypto_secretbox v0.1.1
[INFO] [stderr]     Checking chacha20poly1305 v0.10.1
[INFO] [stdout] error: aborting due to 5 previous errors
[INFO] [stdout] 
[INFO] [stdout] 
[INFO] [stdout] Some errors have detailed explanations: E0635, E0658.
[INFO] [stdout] 
[INFO] [stdout] For more information about an error, try `rustc --explain E0635`.
[INFO] [stdout] 
[INFO] [stderr] error: could not compile `curve25519-dalek` (lib) due to 6 previous errors
[INFO] [stderr] warning: build failed, waiting for other jobs to finish...
[INFO] running `Command { std: "docker" "inspect" "9cc18d94d90051bedf027d889a4674b390477addf8a26f5aaf73b159b7ed061b", kill_on_drop: false }`
[INFO] running `Command { std: "docker" "rm" "-f" "9cc18d94d90051bedf027d889a4674b390477addf8a26f5aaf73b159b7ed061b", kill_on_drop: false }`
[INFO] [stdout] 9cc18d94d90051bedf027d889a4674b390477addf8a26f5aaf73b159b7ed061b
