[INFO] cloning repository https://github.com/sotrh/wgpu-specs
[INFO] running `Command { std: "git" "-c" "credential.helper=" "-c" "credential.helper=/workspace/cargo-home/bin/git-credential-null" "clone" "--bare" "https://github.com/sotrh/wgpu-specs" "/workspace/cache/git-repos/https%3A%2F%2Fgithub.com%2Fsotrh%2Fwgpu-specs", kill_on_drop: false }`
[INFO] [stderr] Cloning into bare repository '/workspace/cache/git-repos/https%3A%2F%2Fgithub.com%2Fsotrh%2Fwgpu-specs'...
[INFO] running `Command { std: "git" "rev-parse" "HEAD", kill_on_drop: false }`
[INFO] [stdout] 91dc2201403496af6492a4dc64358af04ae519fa
[INFO] checking sotrh/wgpu-specs against nightly-2024-02-05 for check-cfg-2
[INFO] running `Command { std: "git" "clone" "/workspace/cache/git-repos/https%3A%2F%2Fgithub.com%2Fsotrh%2Fwgpu-specs" "/workspace/builds/worker-5-tc1/source", kill_on_drop: false }`
[INFO] [stderr] Cloning into '/workspace/builds/worker-5-tc1/source'...
[INFO] [stderr] done.
[INFO] validating manifest of git repo https://github.com/sotrh/wgpu-specs on toolchain nightly-2024-02-05
[INFO] running `Command { std: CARGO_HOME="/workspace/cargo-home" RUSTUP_HOME="/workspace/rustup-home" "/workspace/cargo-home/bin/cargo" "+nightly-2024-02-05" "metadata" "--manifest-path" "Cargo.toml" "--no-deps", kill_on_drop: false }`
[INFO] started tweaking git repo https://github.com/sotrh/wgpu-specs
[INFO] finished tweaking git repo https://github.com/sotrh/wgpu-specs
[INFO] tweaked toml for git repo https://github.com/sotrh/wgpu-specs written to /workspace/builds/worker-5-tc1/source/Cargo.toml
[INFO] crate git repo https://github.com/sotrh/wgpu-specs already has a lockfile, it will not be regenerated
[INFO] running `Command { std: CARGO_HOME="/workspace/cargo-home" RUSTUP_HOME="/workspace/rustup-home" "/workspace/cargo-home/bin/cargo" "+nightly-2024-02-05" "fetch" "--manifest-path" "Cargo.toml", kill_on_drop: false }`
[INFO] [stderr]     Updating crates.io index
[INFO] [stderr]  Downloading crates ...
[INFO] [stderr]   Downloaded x11-dl v2.18.4
[INFO] [stderr]   Downloaded tuple_utils v0.3.0
[INFO] [stderr]   Downloaded colorful v0.2.1
[INFO] [stderr]   Downloaded hibitset v0.6.2
[INFO] [stderr]   Downloaded specs-derive v0.4.0
[INFO] [stderr]   Downloaded wayland-sys v0.23.5
[INFO] [stderr]   Downloaded shrev v1.1.1
[INFO] [stderr]   Downloaded downcast-rs v1.0.4
[INFO] [stderr]   Downloaded dispatch v0.1.4
[INFO] [stderr]   Downloaded wayland-client v0.23.5
[INFO] [stderr]   Downloaded mio v0.6.19
[INFO] [stderr]   Downloaded wgpu v0.3.0
[INFO] [stderr]   Downloaded glsl-to-spirv v0.1.7
[INFO] [stderr]   Downloaded shred v0.9.2
[INFO] [stderr]   Downloaded gfx-backend-empty v0.3.0
[INFO] [stderr]   Downloaded rendy-descriptor v0.4.0
[INFO] [stderr]   Downloaded wgpu-native v0.3.3
[INFO] [stderr]   Downloaded winit v0.20.0-alpha3
[INFO] [stderr]   Downloaded wayland-protocols v0.23.5
[INFO] [stderr]   Downloaded aho-corasick v0.7.6
[INFO] [stderr]   Downloaded regex-syntax v0.6.11
[INFO] [stderr]   Downloaded regex v1.2.1
[INFO] [stderr]   Downloaded image v0.22.1
[INFO] [stderr]   Downloaded hashbrown v0.5.0
[INFO] [stderr]   Downloaded specs v0.15.0
[INFO] [stderr]   Downloaded ash v0.29.0
[INFO] [stderr]   Downloaded zerocopy-derive v0.1.4
[INFO] [stderr]   Downloaded smithay-client-toolkit v0.6.4
[INFO] [stderr]   Downloaded cc v1.0.41
[INFO] [stderr]   Downloaded cgmath v0.17.0
[INFO] [stderr]   Downloaded generic-array v0.9.0
[INFO] [stderr]   Downloaded jpeg-decoder v0.1.16
[INFO] [stderr]   Downloaded x11 v2.18.1
[INFO] [stderr]   Downloaded gfx-hal v0.3.1
[INFO] [stderr]   Downloaded rayon-core v1.6.0
[INFO] [stderr]   Downloaded backtrace v0.3.35
[INFO] [stderr]   Downloaded rusttype v0.7.7
[INFO] [stderr]   Downloaded mio-extras v2.0.5
[INFO] [stderr]   Downloaded termcolor v1.0.5
[INFO] [stderr]   Downloaded typenum v1.11.2
[INFO] [stderr]   Downloaded gif v0.10.2
[INFO] [stderr]   Downloaded png v0.15.0
[INFO] [stderr]   Downloaded gfx-backend-vulkan v0.3.3
[INFO] [stderr]   Downloaded derivative v1.0.3
[INFO] [stderr]   Downloaded cmake v0.1.42
[INFO] [stderr]   Downloaded sha2 v0.7.1
[INFO] [stderr]   Downloaded getrandom v0.1.11
[INFO] [stderr]   Downloaded rendy-memory v0.4.0
[INFO] [stderr]   Downloaded copyless v0.1.4
[INFO] [stderr]   Downloaded lock_api v0.3.1
[INFO] [stderr]   Downloaded calloop v0.4.4
[INFO] [stderr]   Downloaded iovec v0.1.2
[INFO] [stderr]   Downloaded core-video-sys v0.1.3
[INFO] [stderr]   Downloaded block-buffer v0.3.3
[INFO] [stderr]   Downloaded relevant v0.4.2
[INFO] [stderr]   Downloaded zerocopy v0.2.8
[INFO] [stderr]   Downloaded wayland-commons v0.23.5
[INFO] [stderr]   Downloaded wayland-scanner v0.23.5
[INFO] [stderr]   Downloaded net2 v0.2.33
[INFO] [stderr]   Downloaded wincolor v1.0.2
[INFO] [stderr]   Downloaded byte-tools v0.2.0
[INFO] [stderr]   Downloaded digest v0.7.6
[INFO] [stderr]   Downloaded nonzero_signed v1.0.3
[INFO] [stderr]   Downloaded mopa v0.2.2
[INFO] [stderr]   Downloaded atom v0.3.5
[INFO] [stderr]   Downloaded rayon v1.2.0
[INFO] [stderr]   Downloaded raw-window-handle v0.1.2
[INFO] running `Command { std: "docker" "create" "-v" "/var/lib/crater-agent-workspace/builds/worker-5-tc1/target:/opt/rustwide/target:rw,Z" "-v" "/var/lib/crater-agent-workspace/builds/worker-5-tc1/source:/opt/rustwide/workdir:ro,Z" "-v" "/var/lib/crater-agent-workspace/cargo-home:/opt/rustwide/cargo-home:ro,Z" "-v" "/var/lib/crater-agent-workspace/rustup-home:/opt/rustwide/rustup-home:ro,Z" "-e" "SOURCE_DIR=/opt/rustwide/workdir" "-e" "CARGO_TARGET_DIR=/opt/rustwide/target" "-e" "CARGO_HOME=/opt/rustwide/cargo-home" "-e" "RUSTUP_HOME=/opt/rustwide/rustup-home" "-w" "/opt/rustwide/workdir" "-m" "1610612736" "--user" "0:0" "--network" "none" "ghcr.io/rust-lang/crates-build-env/linux@sha256:2788e3201cd34a07e3172128adcd8b3090168a8e3bcc40d7c032b9dda1df7d1c" "/opt/rustwide/cargo-home/bin/cargo" "+nightly-2024-02-05" "metadata" "--no-deps" "--format-version=1", kill_on_drop: false }`
[INFO] [stdout] ab8edf507d548962c2ff2bb1989a030b6f1061799ca42a09ff496190fa32b805
[INFO] running `Command { std: "docker" "start" "-a" "ab8edf507d548962c2ff2bb1989a030b6f1061799ca42a09ff496190fa32b805", kill_on_drop: false }`
[INFO] running `Command { std: "docker" "inspect" "ab8edf507d548962c2ff2bb1989a030b6f1061799ca42a09ff496190fa32b805", kill_on_drop: false }`
[INFO] running `Command { std: "docker" "rm" "-f" "ab8edf507d548962c2ff2bb1989a030b6f1061799ca42a09ff496190fa32b805", kill_on_drop: false }`
[INFO] [stdout] ab8edf507d548962c2ff2bb1989a030b6f1061799ca42a09ff496190fa32b805
[INFO] running `Command { std: "docker" "create" "-v" "/var/lib/crater-agent-workspace/builds/worker-5-tc1/target:/opt/rustwide/target:rw,Z" "-v" "/var/lib/crater-agent-workspace/builds/worker-5-tc1/source:/opt/rustwide/workdir:ro,Z" "-v" "/var/lib/crater-agent-workspace/cargo-home:/opt/rustwide/cargo-home:ro,Z" "-v" "/var/lib/crater-agent-workspace/rustup-home:/opt/rustwide/rustup-home:ro,Z" "-e" "SOURCE_DIR=/opt/rustwide/workdir" "-e" "CARGO_TARGET_DIR=/opt/rustwide/target" "-e" "CARGO_INCREMENTAL=0" "-e" "RUST_BACKTRACE=full" "-e" "RUSTFLAGS=--cap-lints=forbid" "-e" "RUSTDOCFLAGS=--cap-lints=forbid" "-e" "CARGO_HOME=/opt/rustwide/cargo-home" "-e" "RUSTUP_HOME=/opt/rustwide/rustup-home" "-w" "/opt/rustwide/workdir" "-m" "1610612736" "--user" "0:0" "--network" "none" "ghcr.io/rust-lang/crates-build-env/linux@sha256:2788e3201cd34a07e3172128adcd8b3090168a8e3bcc40d7c032b9dda1df7d1c" "/opt/rustwide/cargo-home/bin/cargo" "+nightly-2024-02-05" "check" "--frozen" "--all" "--all-targets" "--message-format=json", kill_on_drop: false }`
[INFO] [stdout] 3913d46fba4f9241f67843f4bd8a1c640db97cbc92ff157735a201705233f234
[INFO] running `Command { std: "docker" "start" "-a" "3913d46fba4f9241f67843f4bd8a1c640db97cbc92ff157735a201705233f234", kill_on_drop: false }`
[INFO] [stderr]    Compiling libc v0.2.62
[INFO] [stderr]     Checking cfg-if v0.1.9
[INFO] [stderr]    Compiling autocfg v0.1.6
[INFO] [stderr]    Compiling cc v1.0.41
[INFO] [stderr]    Compiling syn v0.15.44
[INFO] [stderr]    Compiling byteorder v1.3.2
[INFO] [stderr]    Compiling bitflags v1.1.0
[INFO] [stderr]    Compiling arrayvec v0.4.11
[INFO] [stderr]    Compiling log v0.4.8
[INFO] [stderr]     Checking nodrop v0.1.13
[INFO] [stderr]     Checking scopeguard v1.0.0
[INFO] [stderr]    Compiling rayon-core v1.6.0
[INFO] [stderr]    Compiling semver v0.9.0
[INFO] [stderr]    Compiling failure_derive v0.1.5
[INFO] [stderr]     Checking slab v0.4.2
[INFO] [stderr]     Checking rustc-demangle v0.1.16
[INFO] [stderr]    Compiling pkg-config v0.3.15
[INFO] [stderr]     Checking smallvec v0.6.10
[INFO] [stderr]     Checking crossbeam-utils v0.6.6
[INFO] [stderr]     Checking either v1.5.2
[INFO] [stderr]    Compiling xml-rs v0.8.0
[INFO] [stderr]    Compiling typenum v1.11.2
[INFO] [stderr]    Compiling rustc_version v0.2.3
[INFO] [stderr]    Compiling num-traits v0.2.8
[INFO] [stderr]    Compiling getrandom v0.1.11
[INFO] [stderr]     Checking lazycell v1.2.1
[INFO] [stderr]    Compiling wayland-scanner v0.23.5
[INFO] [stderr]    Compiling num-integer v0.1.41
[INFO] [stderr]     Checking atom v0.3.5
[INFO] [stderr]     Checking crossbeam-queue v0.1.2
[INFO] [stderr]    Compiling arrayref v0.3.5
[INFO] [stderr]    Compiling byte-tools v0.2.0
[INFO] [stderr]    Compiling memoffset v0.5.1
[INFO] [stderr]    Compiling parking_lot_core v0.6.2
[INFO] [stderr]    Compiling parking_lot v0.9.0
[INFO] [stderr]     Checking ppv-lite86 v0.2.5
[INFO] [stderr]    Compiling memchr v2.2.1
[INFO] [stderr]     Checking fxhash v0.2.1
[INFO] [stderr]     Checking stb_truetype v0.2.6
[INFO] [stderr]    Compiling x11 v2.18.1
[INFO] [stderr]     Checking num_cpus v1.10.1
[INFO] [stderr]     Checking iovec v0.1.2
[INFO] [stderr]     Checking net2 v0.2.33
[INFO] [stderr]     Checking nix v0.14.1
[INFO] [stderr]     Checking raw-window-handle v0.1.2
[INFO] [stderr]     Checking shared_library v0.1.9
[INFO] [stderr]    Compiling block-buffer v0.3.3
[INFO] [stderr]    Compiling rand_chacha v0.1.1
[INFO] [stderr]     Checking crossbeam-epoch v0.7.2
[INFO] [stderr]    Compiling rand_pcg v0.1.2
[INFO] [stderr]     Checking rand_core v0.5.1
[INFO] [stderr]     Checking lock_api v0.3.1
[INFO] [stderr]     Checking same-file v1.0.5
[INFO] [stderr]     Checking crossbeam-deque v0.7.1
[INFO] [stderr]     Checking c2-chacha v0.2.2
[INFO] [stderr]     Checking mio v0.6.19
[INFO] [stderr]     Checking adler32 v1.0.3
[INFO] [stderr]     Checking downcast-rs v1.0.4
[INFO] [stderr]     Checking walkdir v2.2.9
[INFO] [stderr]     Checking ash v0.29.0
[INFO] [stderr]    Compiling backtrace-sys v0.1.31
[INFO] [stderr]    Compiling libloading v0.5.2
[INFO] [stderr]     Checking rand_chacha v0.2.1
[INFO] [stderr]    Compiling x11-dl v2.18.4
[INFO] [stderr]    Compiling cmake v0.1.42
[INFO] [stderr]    Compiling rand v0.6.5
[INFO] [stderr]    Compiling num-iter v0.1.39
[INFO] [stderr]    Compiling num-rational v0.2.2
[INFO] [stderr]    Compiling nonzero_signed v1.0.3
[INFO] [stderr]     Checking colorful v0.2.1
[INFO] [stderr]    Compiling generic-array v0.9.0
[INFO] [stderr]     Checking mio-extras v2.0.5
[INFO] [stderr]     Checking rayon v1.2.0
[INFO] [stderr]    Compiling digest v0.7.6
[INFO] [stderr]     Checking rand v0.7.0
[INFO] [stderr]     Checking aho-corasick v0.7.6
[INFO] [stderr]     Checking approx v0.3.2
[INFO] [stderr]     Checking dlib v0.4.1
[INFO] [stderr]     Checking ordered-float v1.0.2
[INFO] [stderr]    Compiling sha2 v0.7.1
[INFO] [stderr]     Checking wayland-sys v0.23.5
[INFO] [stderr]     Checking line_drawing v0.7.0
[INFO] [stderr]     Checking inflate v0.4.5
[INFO] [stderr]     Checking rusttype v0.7.7
[INFO] [stderr]     Checking deflate v0.7.20
[INFO] [stderr]     Checking crc32fast v1.2.0
[INFO] [stderr]     Checking rand_os v0.1.3
[INFO] [stderr]     Checking memmap v0.7.0
[INFO] [stderr]    Compiling glsl-to-spirv v0.1.7
[INFO] [stderr]     Checking thread_local v0.3.6
[INFO] [stderr]     Checking vec_map v0.8.1
[INFO] [stderr]     Checking quick-error v1.2.2
[INFO] [stderr]     Checking regex-syntax v0.6.11
[INFO] [stderr]     Checking copyless v0.1.4
[INFO] [stderr]    Compiling cgmath v0.17.0
[INFO] [stderr]     Checking mopa v0.2.2
[INFO] [stderr]     Checking remove_dir_all v0.5.2
[INFO] [stderr]     Checking hashbrown v0.5.0
[INFO] [stderr]     Checking png v0.15.0
[INFO] [stderr]     Checking humantime v1.2.0
[INFO] [stderr]     Checking backtrace v0.3.35
[INFO] [stderr]     Checking andrew v0.2.1
[INFO] [stderr]    Compiling wayland-client v0.23.5
[INFO] [stderr]    Compiling wayland-protocols v0.23.5
[INFO] [stderr]     Checking gif v0.10.2
[INFO] [stderr]     Checking relevant v0.4.2
[INFO] [stderr]     Checking tempfile v3.1.0
[INFO] [stderr]     Checking atty v0.2.13
[INFO] [stderr]     Checking scoped_threadpool v0.1.9
[INFO] [stderr]     Checking tuple_utils v0.3.0
[INFO] [stderr]     Checking shrev v1.1.1
[INFO] [stderr]     Checking termcolor v1.0.5
[INFO] [stderr]     Checking hibitset v0.6.2
[INFO] [stderr]     Checking wayland-commons v0.23.5
[INFO] [stderr]     Checking calloop v0.4.4
[INFO] [stderr]    Compiling synstructure v0.10.2
[INFO] [stderr]     Checking regex v1.2.1
[INFO] [stderr]     Checking shred v0.9.2
[INFO] [stderr]     Checking jpeg-decoder v0.1.16
[INFO] [stderr]    Compiling derivative v1.0.3
[INFO] [stderr]    Compiling zerocopy-derive v0.1.4
[INFO] [stderr]    Compiling num-derive v0.2.5
[INFO] [stderr] error: could not compile `ash` (lib)
[INFO] [stderr] 
[INFO] [stderr] Caused by:
[INFO] [stderr]   process didn't exit successfully: `/opt/rustwide/rustup-home/toolchains/nightly-2024-02-05-x86_64-unknown-linux-gnu/bin/rustc --crate-name ash /opt/rustwide/cargo-home/registry/src/index.crates.io-6f17d22bba15001f/ash-0.29.0/src/lib.rs --error-format=json --json=diagnostic-rendered-ansi,artifacts,future-incompat --crate-type lib --emit=dep-info,metadata -C embed-bitcode=no -C debuginfo=2 --cfg 'feature="default"' -C metadata=3b1dd83a3f0b0511 -C extra-filename=-3b1dd83a3f0b0511 --out-dir /opt/rustwide/target/debug/deps -L dependency=/opt/rustwide/target/debug/deps --extern shared_library=/opt/rustwide/target/debug/deps/libshared_library-0a025cb94ca61496.rmeta --cap-lints allow --cap-lints=forbid` (signal: 9, SIGKILL: kill)
[INFO] [stderr] warning: build failed, waiting for other jobs to finish...
[INFO] [stderr] error: failed to run custom build command for `glsl-to-spirv v0.1.7`
[INFO] [stderr] note: To improve backtraces for build dependencies, set the CARGO_PROFILE_DEV_BUILD_OVERRIDE_DEBUG=true environment variable to enable debug information generation.
[INFO] [stderr] 
[INFO] [stderr] Caused by:
[INFO] [stderr]   process didn't exit successfully: `/opt/rustwide/target/debug/build/glsl-to-spirv-4722f20927f261db/build-script-build` (exit status: 101)
[INFO] [stderr]   --- stdout
[INFO] [stderr]   cargo:rerun-if-changed=build/glslangValidator.exe
[INFO] [stderr]   running: cd "/opt/rustwide/target/debug/build/glsl-to-spirv-2462b558752cfd01/out/build" && CMAKE_PREFIX_PATH="" "cmake" "/opt/rustwide/cargo-home/registry/src/index.crates.io-6f17d22bba15001f/glsl-to-spirv-0.1.7/glslang" "-DCMAKE_INSTALL_PREFIX=/opt/rustwide/target/debug/build/glsl-to-spirv-2462b558752cfd01/out" "-DCMAKE_C_FLAGS= -ffunction-sections -fdata-sections -fPIC -m64" "-DCMAKE_C_COMPILER=/usr/bin/cc" "-DCMAKE_CXX_FLAGS= -ffunction-sections -fdata-sections -fPIC -m64" "-DCMAKE_CXX_COMPILER=/usr/bin/c++" "-DCMAKE_BUILD_TYPE=Debug"
[INFO] [stderr]   -- The C compiler identification is GNU 11.4.0
[INFO] [stderr]   -- The CXX compiler identification is GNU 11.4.0
[INFO] [stderr]   -- Detecting C compiler ABI info
[INFO] [stderr]   -- Detecting C compiler ABI info - done
[INFO] [stderr]   -- Check for working C compiler: /usr/bin/cc - skipped
[INFO] [stderr]   -- Detecting C compile features
[INFO] [stderr]   -- Detecting C compile features - done
[INFO] [stderr]   -- Detecting CXX compiler ABI info
[INFO] [stderr]   -- Detecting CXX compiler ABI info - done
[INFO] [stderr]   -- Check for working CXX compiler: /usr/bin/c++ - skipped
[INFO] [stderr]   -- Detecting CXX compile features
[INFO] [stderr]   -- Detecting CXX compile features - done
[INFO] [stderr]   -- Google Mock was not found - tests based on that will not build
[INFO] [stderr]   -- Configuring done
[INFO] [stderr]   -- Generating done
[INFO] [stderr]   -- Build files have been written to: /opt/rustwide/target/debug/build/glsl-to-spirv-2462b558752cfd01/out/build
[INFO] [stderr]   running: cd "/opt/rustwide/target/debug/build/glsl-to-spirv-2462b558752cfd01/out/build" && MAKEFLAGS="-j --jobserver-fds=7,8 --jobserver-auth=7,8" "cmake" "--build" "." "--target" "install" "--config" "Debug" "--"
[INFO] [stderr]   [  1%] Building CXX object OGLCompilersDLL/CMakeFiles/OGLCompiler.dir/InitializeDll.cpp.o
[INFO] [stderr]   [  3%] Building CXX object glslang/OSDependent/Unix/CMakeFiles/OSDependent.dir/ossource.cpp.o
[INFO] [stderr]   [  5%] Building CXX object SPIRV/CMakeFiles/SPVRemapper.dir/SPVRemapper.cpp.o
[INFO] [stderr]   [  7%] Building CXX object StandAlone/CMakeFiles/glslang-default-resource-limits.dir/ResourceLimits.cpp.o
[INFO] [stderr]   [  8%] Building CXX object hlsl/CMakeFiles/HLSL.dir/hlslParseHelper.cpp.o
[INFO] [stderr]   [ 10%] Building CXX object hlsl/CMakeFiles/HLSL.dir/hlslAttributes.cpp.o
[INFO] [stderr]   [ 12%] Building CXX object SPIRV/CMakeFiles/SPVRemapper.dir/doc.cpp.o
[INFO] [stderr]   [ 14%] Linking CXX static library libOSDependent.a
[INFO] [stderr]   [ 14%] Built target OSDependent
[INFO] [stderr]   [ 15%] Building CXX object hlsl/CMakeFiles/HLSL.dir/hlslScanContext.cpp.o
[INFO] [stderr]   [ 17%] Linking CXX static library libOGLCompiler.a
[INFO] [stderr]   [ 17%] Built target OGLCompiler
[INFO] [stderr]   [ 19%] Linking CXX static library libglslang-default-resource-limits.a
[INFO] [stderr]   [ 19%] Built target glslang-default-resource-limits
[INFO] [stderr]   [ 21%] Building CXX object hlsl/CMakeFiles/HLSL.dir/hlslOpMap.cpp.o
[INFO] [stderr]   [ 22%] Building CXX object hlsl/CMakeFiles/HLSL.dir/hlslTokenStream.cpp.o
[INFO] [stderr]   [ 24%] Building CXX object hlsl/CMakeFiles/HLSL.dir/hlslGrammar.cpp.o
[INFO] [stderr]   [ 26%] Building CXX object hlsl/CMakeFiles/HLSL.dir/hlslParseables.cpp.o
[INFO] [stderr]   [ 28%] Linking CXX static library libSPVRemapper.a
[INFO] [stderr]   [ 28%] Built target SPVRemapper
[INFO] [stderr]   [ 29%] Linking CXX static library libHLSL.a
[INFO] [stderr]   [ 29%] Built target HLSL
[INFO] [stderr]   [ 31%] Building CXX object glslang/CMakeFiles/glslang.dir/MachineIndependent/iomapper.cpp.o
[INFO] [stderr]   [ 33%] Building CXX object glslang/CMakeFiles/glslang.dir/MachineIndependent/glslang_tab.cpp.o
[INFO] [stderr]   [ 35%] Building CXX object glslang/CMakeFiles/glslang.dir/MachineIndependent/Constant.cpp.o
[INFO] [stderr]   [ 36%] Building CXX object glslang/CMakeFiles/glslang.dir/MachineIndependent/InfoSink.cpp.o
[INFO] [stderr]   [ 38%] Building CXX object glslang/CMakeFiles/glslang.dir/MachineIndependent/Intermediate.cpp.o
[INFO] [stderr]   [ 40%] Building CXX object glslang/CMakeFiles/glslang.dir/MachineIndependent/Initialize.cpp.o
[INFO] [stderr]   [ 42%] Building CXX object glslang/CMakeFiles/glslang.dir/MachineIndependent/ParseContextBase.cpp.o
[INFO] [stderr]   [ 43%] Building CXX object glslang/CMakeFiles/glslang.dir/MachineIndependent/ParseHelper.cpp.o
[INFO] [stderr]   [ 45%] Building CXX object glslang/CMakeFiles/glslang.dir/MachineIndependent/IntermTraverse.cpp.o
[INFO] [stderr]   [ 47%] Building CXX object glslang/CMakeFiles/glslang.dir/MachineIndependent/RemoveTree.cpp.o
[INFO] [stderr]   [ 49%] Building CXX object glslang/CMakeFiles/glslang.dir/MachineIndependent/Scan.cpp.o
[INFO] [stderr]   [ 50%] Building CXX object glslang/CMakeFiles/glslang.dir/MachineIndependent/PoolAlloc.cpp.o
[INFO] [stderr]   [ 52%] Building CXX object glslang/CMakeFiles/glslang.dir/MachineIndependent/Versions.cpp.o
[INFO] [stderr]   [ 54%] Building CXX object glslang/CMakeFiles/glslang.dir/MachineIndependent/ShaderLang.cpp.o
[INFO] [stderr]   [ 56%] Building CXX object glslang/CMakeFiles/glslang.dir/MachineIndependent/SymbolTable.cpp.o
[INFO] [stderr]   [ 57%] Building CXX object glslang/CMakeFiles/glslang.dir/MachineIndependent/intermOut.cpp.o
[INFO] [stderr]   [ 59%] Building CXX object glslang/CMakeFiles/glslang.dir/MachineIndependent/limits.cpp.o
[INFO] [stderr]   [ 61%] Building CXX object glslang/CMakeFiles/glslang.dir/MachineIndependent/linkValidate.cpp.o
[INFO] [stderr]   [ 63%] Building CXX object glslang/CMakeFiles/glslang.dir/MachineIndependent/parseConst.cpp.o
[INFO] [stderr]   [ 64%] Building CXX object glslang/CMakeFiles/glslang.dir/MachineIndependent/reflection.cpp.o
[INFO] [stderr] 
[INFO] [stderr]   --- stderr
[INFO] [stderr]   fatal: not a git repository (or any parent up to mount point /opt/rustwide)
[INFO] [stderr]   Stopping at filesystem boundary (GIT_DISCOVERY_ACROSS_FILESYSTEM not set).
[INFO] [stderr]   CMake Warning (dev) at /usr/share/cmake-3.22/Modules/GNUInstallDirs.cmake:239 (message):
[INFO] [stderr]     Unable to determine default CMAKE_INSTALL_LIBDIR directory because no
[INFO] [stderr]     target architecture is known.  Please enable at least one language before
[INFO] [stderr]     including GNUInstallDirs.
[INFO] [stderr]   Call Stack (most recent call first):
[INFO] [stderr]     CMakeLists.txt:7 (include)
[INFO] [stderr]   This warning is for project developers.  Use -Wno-dev to suppress it.
[INFO] [stderr] 
[INFO] [stderr]   c++: fatal error: Killed signal terminated program cc1plus
[INFO] [stderr]   compilation terminated.
[INFO] [stderr]   gmake[2]: *** [glslang/CMakeFiles/glslang.dir/build.make:244: glslang/CMakeFiles/glslang.dir/MachineIndependent/ShaderLang.cpp.o] Error 1
[INFO] [stderr]   gmake[2]: *** Waiting for unfinished jobs....
[INFO] [stderr]   c++: fatal error: Killed signal terminated program cc1plus
[INFO] [stderr]   compilation terminated.
[INFO] [stderr]   gmake[2]: *** [glslang/CMakeFiles/glslang.dir/build.make:230: glslang/CMakeFiles/glslang.dir/MachineIndependent/Scan.cpp.o] Error 1
[INFO] [stderr]   gmake[1]: *** [CMakeFiles/Makefile2:987: glslang/CMakeFiles/glslang.dir/all] Error 2
[INFO] [stderr]   gmake: *** [Makefile:146: all] Error 2
[INFO] [stderr]   thread 'main' panicked at /opt/rustwide/cargo-home/registry/src/index.crates.io-6f17d22bba15001f/cmake-0.1.42/src/lib.rs:861:5:
[INFO] [stderr] 
[INFO] [stderr]   command did not execute successfully, got: exit status: 2
[INFO] [stderr] 
[INFO] [stderr]   build script failed, must exit now
[INFO] [stderr]   stack backtrace:
[INFO] [stderr]      0:     0x55a55ae35556 - std::backtrace_rs::backtrace::libunwind::trace::heebc7766b165eb2a
[INFO] [stderr]                                  at /rustc/268dbbbc4b3fd71c5f360a4d0728295252430b5b/library/std/src/../../backtrace/src/backtrace/libunwind.rs:104:5
[INFO] [stderr]      1:     0x55a55ae35556 - std::backtrace_rs::backtrace::trace_unsynchronized::ha677020d8fc0296d
[INFO] [stderr]                                  at /rustc/268dbbbc4b3fd71c5f360a4d0728295252430b5b/library/std/src/../../backtrace/src/backtrace/mod.rs:66:5
[INFO] [stderr]      2:     0x55a55ae35556 - std::sys_common::backtrace::_print_fmt::hcaff2fd86a1aeaa3
[INFO] [stderr]                                  at /rustc/268dbbbc4b3fd71c5f360a4d0728295252430b5b/library/std/src/sys_common/backtrace.rs:68:5
[INFO] [stderr]      3:     0x55a55ae35556 - <std::sys_common::backtrace::_print::DisplayBacktrace as core::fmt::Display>::fmt::hc2446d8aa0059188
[INFO] [stderr]                                  at /rustc/268dbbbc4b3fd71c5f360a4d0728295252430b5b/library/std/src/sys_common/backtrace.rs:44:22
[INFO] [stderr]      4:     0x55a55ae5ab90 - core::fmt::rt::Argument::fmt::h2fbb6454da37999b
[INFO] [stderr]                                  at /rustc/268dbbbc4b3fd71c5f360a4d0728295252430b5b/library/core/src/fmt/rt.rs:142:9
[INFO] [stderr]      5:     0x55a55ae5ab90 - core::fmt::write::had96bdeda7d49d3a
[INFO] [stderr]                                  at /rustc/268dbbbc4b3fd71c5f360a4d0728295252430b5b/library/core/src/fmt/mod.rs:1120:17
[INFO] [stderr]      6:     0x55a55ae32a9f - std::io::Write::write_fmt::h30b1f36eea05b391
[INFO] [stderr]                                  at /rustc/268dbbbc4b3fd71c5f360a4d0728295252430b5b/library/std/src/io/mod.rs:1849:15
[INFO] [stderr]      7:     0x55a55ae35334 - std::sys_common::backtrace::_print::hc333bb91ae972137
[INFO] [stderr]                                  at /rustc/268dbbbc4b3fd71c5f360a4d0728295252430b5b/library/std/src/sys_common/backtrace.rs:47:5
[INFO] [stderr]      8:     0x55a55ae35334 - std::sys_common::backtrace::print::h18fd3c71a95a3169
[INFO] [stderr]                                  at /rustc/268dbbbc4b3fd71c5f360a4d0728295252430b5b/library/std/src/sys_common/backtrace.rs:34:9
[INFO] [stderr]      9:     0x55a55ae36aa7 - std::panicking::default_hook::{{closure}}::ha3473f9bcb4e9a37
[INFO] [stderr]     10:     0x55a55ae36809 - std::panicking::default_hook::h23d9d43185db6584
[INFO] [stderr]                                  at /rustc/268dbbbc4b3fd71c5f360a4d0728295252430b5b/library/std/src/panicking.rs:292:9
[INFO] [stderr]     11:     0x55a55ae36f38 - std::panicking::rust_panic_with_hook::h94aceaa7df3a6edd
[INFO] [stderr]                                  at /rustc/268dbbbc4b3fd71c5f360a4d0728295252430b5b/library/std/src/panicking.rs:781:13
[INFO] [stderr]     12:     0x55a55ae36e12 - std::panicking::begin_panic_handler::{{closure}}::h9905d45d1d82fc42
[INFO] [stderr]                                  at /rustc/268dbbbc4b3fd71c5f360a4d0728295252430b5b/library/std/src/panicking.rs:659:13
[INFO] [stderr]     13:     0x55a55ae35a56 - std::sys_common::backtrace::__rust_end_short_backtrace::hb02085545dc143b9
[INFO] [stderr]                                  at /rustc/268dbbbc4b3fd71c5f360a4d0728295252430b5b/library/std/src/sys_common/backtrace.rs:171:18
[INFO] [stderr]     14:     0x55a55ae36b64 - rust_begin_unwind
[INFO] [stderr]                                  at /rustc/268dbbbc4b3fd71c5f360a4d0728295252430b5b/library/std/src/panicking.rs:647:5
[INFO] [stderr]     15:     0x55a55adc95e5 - core::panicking::panic_fmt::h6dca3983f8a9f4d0
[INFO] [stderr]                                  at /rustc/268dbbbc4b3fd71c5f360a4d0728295252430b5b/library/core/src/panicking.rs:72:14
[INFO] [stderr]     16:     0x55a55addc161 - cmake::fail::hb3a5647f465678c8
[INFO] [stderr]     17:     0x55a55addb867 - cmake::run::hdbcfe7059e8f22a6
[INFO] [stderr]     18:     0x55a55add8be7 - cmake::Config::build::he3f2cb55bcae45b6
[INFO] [stderr]     19:     0x55a55adcb971 - cmake::build::hdbde91026455fbaa
[INFO] [stderr]     20:     0x55a55adcc6e3 - build_script_build::main::hc72d421ea44bfedd
[INFO] [stderr]     21:     0x55a55adcaf73 - core::ops::function::FnOnce::call_once::h28354fd582802d99
[INFO] [stderr]     22:     0x55a55adcab66 - std::sys_common::backtrace::__rust_begin_short_backtrace::h5ff94f76a36277f4
[INFO] [stderr]     23:     0x55a55adcacd9 - std::rt::lang_start::{{closure}}::h847dd76d7c4799dd
[INFO] [stderr]     24:     0x55a55ae2e1a1 - core::ops::function::impls::<impl core::ops::function::FnOnce<A> for &F>::call_once::h298d8ff12ebcec8c
[INFO] [stderr]                                  at /rustc/268dbbbc4b3fd71c5f360a4d0728295252430b5b/library/core/src/ops/function.rs:284:13
[INFO] [stderr]     25:     0x55a55ae2e1a1 - std::panicking::try::do_call::hbd0ffb05da5bd343
[INFO] [stderr]                                  at /rustc/268dbbbc4b3fd71c5f360a4d0728295252430b5b/library/std/src/panicking.rs:554:40
[INFO] [stderr]     26:     0x55a55ae2e1a1 - std::panicking::try::h11c9a152defd5d2a
[INFO] [stderr]                                  at /rustc/268dbbbc4b3fd71c5f360a4d0728295252430b5b/library/std/src/panicking.rs:518:19
[INFO] [stderr]     27:     0x55a55ae2e1a1 - std::panic::catch_unwind::h0d6db2fa902b4d64
[INFO] [stderr]                                  at /rustc/268dbbbc4b3fd71c5f360a4d0728295252430b5b/library/std/src/panic.rs:142:14
[INFO] [stderr]     28:     0x55a55ae2e1a1 - std::rt::lang_start_internal::{{closure}}::hdcc09b4aad7ef821
[INFO] [stderr]                                  at /rustc/268dbbbc4b3fd71c5f360a4d0728295252430b5b/library/std/src/rt.rs:148:48
[INFO] [stderr]     29:     0x55a55ae2e1a1 - std::panicking::try::do_call::h3ffd2f162d60900f
[INFO] [stderr]                                  at /rustc/268dbbbc4b3fd71c5f360a4d0728295252430b5b/library/std/src/panicking.rs:554:40
[INFO] [stderr]     30:     0x55a55ae2e1a1 - std::panicking::try::heeba82b9c3e190fb
[INFO] [stderr]                                  at /rustc/268dbbbc4b3fd71c5f360a4d0728295252430b5b/library/std/src/panicking.rs:518:19
[INFO] [stderr]     31:     0x55a55ae2e1a1 - std::panic::catch_unwind::hdaab8f1c188f387f
[INFO] [stderr]                                  at /rustc/268dbbbc4b3fd71c5f360a4d0728295252430b5b/library/std/src/panic.rs:142:14
[INFO] [stderr]     32:     0x55a55ae2e1a1 - std::rt::lang_start_internal::h9989e088c48b7903
[INFO] [stderr]                                  at /rustc/268dbbbc4b3fd71c5f360a4d0728295252430b5b/library/std/src/rt.rs:148:20
[INFO] [stderr]     33:     0x55a55adcacb7 - std::rt::lang_start::hb223ce933b067d9b
[INFO] [stderr]     34:     0x55a55adccd85 - main
[INFO] [stderr]     35:     0x7f12858c7d90 - <unknown>
[INFO] [stderr]     36:     0x7f12858c7e40 - __libc_start_main
[INFO] [stderr]     37:     0x55a55adc9d15 - _start
[INFO] [stderr]     38:                0x0 - <unknown>
[INFO] running `Command { std: "docker" "inspect" "3913d46fba4f9241f67843f4bd8a1c640db97cbc92ff157735a201705233f234", kill_on_drop: false }`
[INFO] running `Command { std: "docker" "rm" "-f" "3913d46fba4f9241f67843f4bd8a1c640db97cbc92ff157735a201705233f234", kill_on_drop: false }`
[INFO] [stdout] 3913d46fba4f9241f67843f4bd8a1c640db97cbc92ff157735a201705233f234
