[INFO] cloning repository https://github.com/ideal-world/tardis
[INFO] running `Command { std: "git" "-c" "credential.helper=" "-c" "credential.helper=/workspace/cargo-home/bin/git-credential-null" "clone" "--bare" "https://github.com/ideal-world/tardis" "/workspace/cache/git-repos/https%3A%2F%2Fgithub.com%2Fideal-world%2Ftardis", kill_on_drop: false }`
[INFO] [stderr] Cloning into bare repository '/workspace/cache/git-repos/https%3A%2F%2Fgithub.com%2Fideal-world%2Ftardis'...
[INFO] running `Command { std: "git" "rev-parse" "HEAD", kill_on_drop: false }`
[INFO] [stdout] 059f4c36f4c26fa1c079d6586193a872558e7767
[INFO] checking ideal-world/tardis against nightly-2024-02-05 for check-cfg-2
[INFO] running `Command { std: "git" "clone" "/workspace/cache/git-repos/https%3A%2F%2Fgithub.com%2Fideal-world%2Ftardis" "/workspace/builds/worker-0-tc1/source", kill_on_drop: false }`
[INFO] [stderr] Cloning into '/workspace/builds/worker-0-tc1/source'...
[INFO] [stderr] done.
[INFO] validating manifest of git repo https://github.com/ideal-world/tardis on toolchain nightly-2024-02-05
[INFO] running `Command { std: CARGO_HOME="/workspace/cargo-home" RUSTUP_HOME="/workspace/rustup-home" "/workspace/cargo-home/bin/cargo" "+nightly-2024-02-05" "metadata" "--manifest-path" "Cargo.toml" "--no-deps", kill_on_drop: false }`
[INFO] started tweaking git repo https://github.com/ideal-world/tardis
[INFO] finished tweaking git repo https://github.com/ideal-world/tardis
[INFO] tweaked toml for git repo https://github.com/ideal-world/tardis written to /workspace/builds/worker-0-tc1/source/Cargo.toml
[INFO] running `Command { std: CARGO_HOME="/workspace/cargo-home" RUSTUP_HOME="/workspace/rustup-home" "/workspace/cargo-home/bin/cargo" "+nightly-2024-02-05" "generate-lockfile" "--manifest-path" "Cargo.toml", kill_on_drop: false }`
[INFO] [stderr]     Blocking waiting for file lock on package cache
[INFO] [stderr]     Updating crates.io index
[INFO] running `Command { std: CARGO_HOME="/workspace/cargo-home" RUSTUP_HOME="/workspace/rustup-home" "/workspace/cargo-home/bin/cargo" "+nightly-2024-02-05" "fetch" "--manifest-path" "Cargo.toml", kill_on_drop: false }`
[INFO] [stderr]     Blocking waiting for file lock on package cache
[INFO] [stderr]  Downloading crates ...
[INFO] [stderr]   Downloaded md5 v0.7.0
[INFO] [stderr]   Downloaded aes-siv v0.7.0
[INFO] [stderr]   Downloaded reactor-trait v1.1.0
[INFO] [stderr]   Downloaded portpicker v0.1.1
[INFO] [stderr]   Downloaded redis v0.24.0
[INFO] [stderr]   Downloaded k8s-openapi v0.20.0
[INFO] [stderr]   Downloaded lapin v2.3.1
[INFO] [stderr]   Downloaded lettre v0.11.4
[INFO] [stderr]   Downloaded http v1.0.0
[INFO] [stderr]   Downloaded rxml v0.9.1
[INFO] [stderr]   Downloaded chacha20poly1305 v0.8.0
[INFO] [stderr]   Downloaded opentelemetry_sdk v0.20.0
[INFO] [stderr]   Downloaded sea-query v0.30.7
[INFO] [stderr]   Downloaded attohttpc v0.22.0
[INFO] [stderr]   Downloaded tracing-opentelemetry v0.21.0
[INFO] [stderr]   Downloaded prost-derive v0.12.3
[INFO] [stderr]   Downloaded testcontainers-modules v0.2.1
[INFO] [stderr]   Downloaded inherent v1.0.11
[INFO] [stderr]   Downloaded minidom v0.15.2
[INFO] [stderr]   Downloaded serde_with v1.14.0
[INFO] [stderr]   Downloaded opentelemetry_api v0.20.0
[INFO] [stderr]   Downloaded quick-xml v0.26.0
[INFO] [stderr]   Downloaded testcontainers v0.15.0
[INFO] [stderr]   Downloaded tokio-tungstenite v0.21.0
[INFO] [stderr]   Downloaded bollard-stubs v1.42.0-rc.3
[INFO] [stderr]   Downloaded borsh-derive v1.3.0
[INFO] [stderr]   Downloaded borsh v1.3.0
[INFO] [stderr]   Downloaded sea-orm v0.12.14
[INFO] [stderr]   Downloaded sqlparser v0.43.1
[INFO] [stderr]   Downloaded tungstenite v0.21.0
[INFO] [stderr]   Downloaded cmac v0.7.2
[INFO] [stderr]   Downloaded config v0.13.4
[INFO] [stderr]   Downloaded console-api v0.6.0
[INFO] [stderr]   Downloaded console-subscriber v0.2.0
[INFO] [stderr]   Downloaded deadpool v0.10.0
[INFO] [stderr]   Downloaded kube-core v0.87.2
[INFO] [stderr]   Downloaded chumsky v0.9.3
[INFO] [stderr]   Downloaded libsm v0.5.1
[INFO] [stderr]   Downloaded opentelemetry-proto v0.3.0
[INFO] [stderr]   Downloaded opentelemetry-semantic-conventions v0.12.0
[INFO] [stderr]   Downloaded opentelemetry-otlp v0.13.0
[INFO] [stderr]   Downloaded prost-types v0.12.3
[INFO] [stderr]   Downloaded chacha20 v0.7.1
[INFO] [stderr]   Downloaded hdrhistogram v7.5.4
[INFO] [stderr]   Downloaded tower-http v0.4.4
[INFO] [stderr]   Downloaded kube-client v0.87.2
[INFO] [stderr]   Downloaded kube-runtime v0.87.2
[INFO] [stderr]   Downloaded tonic v0.9.2
[INFO] [stderr]   Downloaded aes-gcm v0.9.2
[INFO] [stderr]   Downloaded prost v0.12.3
[INFO] [stderr]   Downloaded aws-region v0.25.4
[INFO] [stderr]   Downloaded rxml_validation v0.9.1
[INFO] [stderr]   Downloaded aliasable v0.1.3
[INFO] [stderr]   Downloaded ouroboros_macro v0.17.2
[INFO] [stderr]   Downloaded sea-orm-macros v0.12.14
[INFO] [stderr]   Downloaded vte_generate_state_changes v0.1.1
[INFO] [stderr]   Downloaded atomic-write-file v0.1.2
[INFO] [stderr]   Downloaded strip-ansi-escapes v0.2.0
[INFO] [stderr]   Downloaded sm3 v0.4.2
[INFO] [stderr]   Downloaded serde_with_macros v1.5.2
[INFO] [stderr]   Downloaded bigdecimal v0.3.1
[INFO] [stderr]   Downloaded csrf v0.4.1
[INFO] [stderr]   Downloaded rust-s3 v0.33.0
[INFO] [stderr]   Downloaded opentelemetry v0.20.0
[INFO] [stderr]   Downloaded sea-bae v0.2.0
[INFO] [stderr]   Downloaded strum v0.25.0
[INFO] [stderr]   Downloaded ouroboros v0.17.2
[INFO] [stderr]   Downloaded typed-builder v0.18.1
[INFO] [stderr]   Downloaded tracing-appender v0.2.3
[INFO] [stderr]   Downloaded ecb v0.1.2
[INFO] [stderr]   Downloaded deadpool-runtime v0.1.3
[INFO] [stderr]   Downloaded deadpool-redis v0.14.0
[INFO] [stderr]   Downloaded treediff v4.0.3
[INFO] [stderr]   Downloaded cbc v0.1.2
[INFO] [stderr]   Downloaded amq-protocol-types v7.1.2
[INFO] [stderr]   Downloaded amq-protocol v7.1.2
[INFO] [stderr]   Downloaded stacker v0.1.15
[INFO] [stderr]   Downloaded lru v0.12.2
[INFO] [stderr]   Downloaded opentelemetry-http v0.9.0
[INFO] [stderr]   Downloaded ctr v0.7.0
[INFO] [stderr]   Downloaded ghash v0.4.4
[INFO] [stderr]   Downloaded cpufeatures v0.1.5
[INFO] [stderr]   Downloaded crypto-mac v0.11.0
[INFO] [stderr]   Downloaded aes-gcm-siv v0.11.1
[INFO] [stderr]   Downloaded backoff v0.4.0
[INFO] [stderr]   Downloaded jsonpath-rust v0.3.5
[INFO] [stderr]   Downloaded des v0.8.1
[INFO] [stderr]   Downloaded amq-protocol-tcp v7.1.2
[INFO] [stderr]   Downloaded aws-creds v0.34.1
[INFO] [stderr]   Downloaded sea-query-binder v0.5.0
[INFO] [stderr]   Downloaded dbl v0.3.2
[INFO] [stderr]   Downloaded git-version-macro v0.3.9
[INFO] [stderr]   Downloaded amq-protocol-uri v7.1.2
[INFO] [stderr]   Downloaded executor-trait v2.1.0
[INFO] [stderr]   Downloaded poem-grpc-build v0.2.23
[INFO] [stderr]   Downloaded prost-build v0.12.3
[INFO] [stderr]   Downloaded git-version v0.3.9
[INFO] [stderr]   Downloaded json-patch v1.2.0
[INFO] [stderr]   Downloaded kube v0.87.2
[INFO] [stderr]   Downloaded rc2 v0.8.1
[INFO] [stderr]   Downloaded p12 v0.6.3
[INFO] [stderr]   Downloaded tcp-stream v0.26.1
[INFO] [stderr]   Downloaded email-encoding v0.2.0
[INFO] [stderr]   Downloaded email_address v0.2.4
[INFO] [stderr]   Downloaded quoted_printable v0.5.0
[INFO] [stderr]   Downloaded poem-grpc v0.2.25
[INFO] [stderr]   Downloaded typed-builder-macro v0.18.1
[INFO] [stderr]   Downloaded rustls-connector v0.18.5
[INFO] [stderr]   Downloaded async-global-executor-trait v2.1.0
[INFO] [stderr]   Downloaded async-reactor-trait v1.1.0
[INFO] [stderr]   Downloaded pinky-swear v6.2.0
[INFO] [stderr]   Downloaded polyval v0.5.3
[INFO] [stderr]   Downloaded vte v0.11.1
[INFO] running `Command { std: "docker" "create" "-v" "/var/lib/crater-agent-workspace/builds/worker-0-tc1/target:/opt/rustwide/target:rw,Z" "-v" "/var/lib/crater-agent-workspace/builds/worker-0-tc1/source:/opt/rustwide/workdir:ro,Z" "-v" "/var/lib/crater-agent-workspace/cargo-home:/opt/rustwide/cargo-home:ro,Z" "-v" "/var/lib/crater-agent-workspace/rustup-home:/opt/rustwide/rustup-home:ro,Z" "-e" "SOURCE_DIR=/opt/rustwide/workdir" "-e" "CARGO_TARGET_DIR=/opt/rustwide/target" "-e" "CARGO_HOME=/opt/rustwide/cargo-home" "-e" "RUSTUP_HOME=/opt/rustwide/rustup-home" "-w" "/opt/rustwide/workdir" "-m" "1610612736" "--user" "0:0" "--network" "none" "ghcr.io/rust-lang/crates-build-env/linux@sha256:2788e3201cd34a07e3172128adcd8b3090168a8e3bcc40d7c032b9dda1df7d1c" "/opt/rustwide/cargo-home/bin/cargo" "+nightly-2024-02-05" "metadata" "--no-deps" "--format-version=1", kill_on_drop: false }`
[INFO] [stdout] fb951833816db40867db607c8b36bd1eba700152278aa845d316b31aa500912c
[INFO] running `Command { std: "docker" "start" "-a" "fb951833816db40867db607c8b36bd1eba700152278aa845d316b31aa500912c", kill_on_drop: false }`
[INFO] running `Command { std: "docker" "inspect" "fb951833816db40867db607c8b36bd1eba700152278aa845d316b31aa500912c", kill_on_drop: false }`
[INFO] running `Command { std: "docker" "rm" "-f" "fb951833816db40867db607c8b36bd1eba700152278aa845d316b31aa500912c", kill_on_drop: false }`
[INFO] [stdout] fb951833816db40867db607c8b36bd1eba700152278aa845d316b31aa500912c
[INFO] running `Command { std: "docker" "create" "-v" "/var/lib/crater-agent-workspace/builds/worker-0-tc1/target:/opt/rustwide/target:rw,Z" "-v" "/var/lib/crater-agent-workspace/builds/worker-0-tc1/source:/opt/rustwide/workdir:ro,Z" "-v" "/var/lib/crater-agent-workspace/cargo-home:/opt/rustwide/cargo-home:ro,Z" "-v" "/var/lib/crater-agent-workspace/rustup-home:/opt/rustwide/rustup-home:ro,Z" "-e" "SOURCE_DIR=/opt/rustwide/workdir" "-e" "CARGO_TARGET_DIR=/opt/rustwide/target" "-e" "CARGO_INCREMENTAL=0" "-e" "RUST_BACKTRACE=full" "-e" "RUSTFLAGS=--cap-lints=forbid" "-e" "RUSTDOCFLAGS=--cap-lints=forbid" "-e" "CARGO_HOME=/opt/rustwide/cargo-home" "-e" "RUSTUP_HOME=/opt/rustwide/rustup-home" "-w" "/opt/rustwide/workdir" "-m" "1610612736" "--user" "0:0" "--network" "none" "ghcr.io/rust-lang/crates-build-env/linux@sha256:2788e3201cd34a07e3172128adcd8b3090168a8e3bcc40d7c032b9dda1df7d1c" "/opt/rustwide/cargo-home/bin/cargo" "+nightly-2024-02-05" "check" "--frozen" "--all" "--all-targets" "--message-format=json", kill_on_drop: false }`
[INFO] [stdout] bbe1e54be402e3cb8c008f7058328d600845ad943548e81502477dd7d5907476
[INFO] running `Command { std: "docker" "start" "-a" "bbe1e54be402e3cb8c008f7058328d600845ad943548e81502477dd7d5907476", kill_on_drop: false }`
[INFO] [stderr]    Compiling libc v0.2.153
[INFO] [stderr]    Compiling serde v1.0.196
[INFO] [stderr]     Checking futures-core v0.3.30
[INFO] [stderr]     Checking memchr v2.7.1
[INFO] [stderr]     Checking log v0.4.20
[INFO] [stderr]     Checking futures-io v0.3.30
[INFO] [stderr]    Compiling proc-macro2 v1.0.78
[INFO] [stderr]    Compiling generic-array v0.14.7
[INFO] [stderr]    Compiling ahash v0.8.7
[INFO] [stderr]    Compiling num-traits v0.2.18
[INFO] [stderr]    Compiling lock_api v0.4.11
[INFO] [stderr]     Checking futures-sink v0.3.30
[INFO] [stderr]    Compiling crossbeam-utils v0.8.19
[INFO] [stderr]     Checking const-oid v0.9.6
[INFO] [stderr]    Compiling pkg-config v0.3.29
[INFO] [stderr]    Compiling vcpkg v0.2.15
[INFO] [stderr]     Checking subtle v2.5.0
[INFO] [stderr]    Compiling serde_json v1.0.113
[INFO] [stderr]     Checking tracing-core v0.1.32
[INFO] [stderr]     Checking scopeguard v1.2.0
[INFO] [stderr]     Checking zerocopy v0.7.32
[INFO] [stderr]     Checking allocator-api2 v0.2.16
[INFO] [stderr]    Compiling once_cell v1.19.0
[INFO] [stderr]     Checking futures-task v0.3.30
[INFO] [stderr]    Compiling openssl v0.10.63
[INFO] [stderr]    Compiling parking_lot_core v0.9.9
[INFO] [stderr]     Checking equivalent v1.0.1
[INFO] [stderr]    Compiling native-tls v0.2.11
[INFO] [stderr]    Compiling quote v1.0.35
[INFO] [stderr]    Compiling syn v1.0.109
[INFO] [stderr]     Checking unicode-normalization v0.1.22
[INFO] [stderr]    Compiling num-conv v0.1.0
[INFO] [stderr]     Checking unicode-bidi v0.3.15
[INFO] [stderr]    Compiling time-core v0.1.2
[INFO] [stderr]     Checking smallvec v1.13.1
[INFO] [stderr]    Compiling syn v2.0.48
[INFO] [stderr]    Compiling time-macros v0.2.17
[INFO] [stderr]     Checking openssl-probe v0.1.5
[INFO] [stderr]    Compiling num-bigint v0.4.4
[INFO] [stderr]    Compiling typenum v1.17.0
[INFO] [stderr]     Checking futures-channel v0.3.30
[INFO] [stderr]    Compiling libm v0.2.8
[INFO] [stderr]    Compiling rust_decimal v1.34.2
[INFO] [stderr]     Checking foreign-types-shared v0.1.1
[INFO] [stderr]     Checking block-buffer v0.10.4
[INFO] [stderr]     Checking foreign-types v0.3.2
[INFO] [stderr]     Checking spin v0.5.2
[INFO] [stderr]     Checking base64 v0.21.7
[INFO] [stderr]     Checking nom v7.1.3
[INFO] [stderr]     Checking lazy_static v1.4.0
[INFO] [stderr]     Checking idna v0.5.0
[INFO] [stderr]    Compiling async-trait v0.1.77
[INFO] [stderr]     Checking powerfmt v0.2.0
[INFO] [stderr]     Checking spin v0.9.8
[INFO] [stderr]     Checking num-integer v0.1.46
[INFO] [stderr]    Compiling fnv v1.0.7
[INFO] [stderr]    Compiling ident_case v1.0.1
[INFO] [stderr]    Compiling itoa v1.0.10
[INFO] [stderr]    Compiling tinyvec_macros v0.1.1
[INFO] [stderr]     Checking getrandom v0.2.12
[INFO] [stderr]     Checking signal-hook-registry v1.4.1
[INFO] [stderr]     Checking num_cpus v1.16.0
[INFO] [stderr]     Checking mio v0.8.10
[INFO] [stderr]     Checking socket2 v0.5.5
[INFO] [stderr]     Checking rand_core v0.6.4
[INFO] [stderr]    Compiling strsim v0.10.0
[INFO] [stderr]    Compiling ppv-lite86 v0.2.17
[INFO] [stderr]     Checking parking_lot v0.12.1
[INFO] [stderr]     Checking crypto-common v0.1.6
[INFO] [stderr]     Checking rand_chacha v0.3.1
[INFO] [stderr]    Compiling bytes v1.5.0
[INFO] [stderr]     Checking digest v0.10.7
[INFO] [stderr]     Checking hashbrown v0.14.3
[INFO] [stderr]     Checking iana-time-zone v0.1.60
[INFO] [stderr]    Compiling cc v1.0.83
[INFO] [stderr]    Compiling pin-project-lite v0.2.13
[INFO] [stderr]     Checking rand v0.8.5
[INFO] [stderr]    Compiling tinyvec v1.6.0
[INFO] [stderr]     Checking event-listener v2.5.3
[INFO] [stderr]    Compiling base64ct v1.6.0
[INFO] [stderr]    Compiling zeroize v1.7.0
[INFO] [stderr]    Compiling num-bigint-dig v0.8.4
[INFO] [stderr]    Compiling pem-rfc7468 v0.7.0
[INFO] [stderr]     Checking indexmap v2.2.2
[INFO] [stderr]     Checking hmac v0.12.1
[INFO] [stderr]    Compiling openssl-sys v0.9.99
[INFO] [stderr]     Checking block-padding v0.3.3
[INFO] [stderr]    Compiling slab v0.4.9
[INFO] [stderr]    Compiling ahash v0.7.7
[INFO] [stderr]    Compiling percent-encoding v2.3.1
[INFO] [stderr]    Compiling minimal-lexical v0.2.1
[INFO] [stderr]    Compiling cpufeatures v0.2.12
[INFO] [stderr]     Checking arrayvec v0.7.4
[INFO] [stderr]    Compiling pin-utils v0.1.0
[INFO] [stderr]    Compiling byteorder v1.5.0
[INFO] [stderr]    Compiling form_urlencoded v1.2.1
[INFO] [stderr]     Checking inout v0.1.3
[INFO] [stderr]    Compiling libsqlite3-sys v0.27.0
[INFO] [stderr]    Compiling der v0.7.8
[INFO] [stderr]     Checking sha1 v0.10.6
[INFO] [stderr]    Compiling crc-catalog v2.4.0
[INFO] [stderr]     Checking unicode_categories v0.1.1
[INFO] [stderr]    Compiling rustix v0.38.31
[INFO] [stderr]    Compiling ryu v1.0.16
[INFO] [stderr]    Compiling unicode-segmentation v1.11.0
[INFO] [stderr]     Checking bigdecimal v0.3.1
[INFO] [stderr]     Checking crc v3.0.1
[INFO] [stderr]    Compiling crossbeam-queue v0.3.11
[INFO] [stderr]    Compiling futures-intrusive v0.5.0
[INFO] [stderr]     Checking cipher v0.4.4
[INFO] [stderr]    Compiling heck v0.4.1
[INFO] [stderr]    Compiling sha2 v0.10.8
[INFO] [stderr]    Compiling ring v0.17.7
[INFO] [stderr]    Compiling hashlink v0.8.4
[INFO] [stderr]    Compiling atoi v2.0.0
[INFO] [stderr]    Compiling dotenvy v0.15.7
[INFO] [stderr]    Compiling hex v0.4.3
[INFO] [stderr]     Checking parking v2.2.0
[INFO] [stderr]    Compiling spki v0.7.3
[INFO] [stderr]     Checking linux-raw-sys v0.4.13
[INFO] [stderr]    Compiling pkcs8 v0.10.2
[INFO] [stderr]    Compiling num-iter v0.1.44
[INFO] [stderr]     Checking http v0.2.11
[INFO] [stderr]    Compiling finl_unicode v1.2.0
[INFO] [stderr]    Compiling hkdf v0.12.4
[INFO] [stderr]    Compiling pkcs1 v0.7.5
[INFO] [stderr]    Compiling md-5 v0.10.6
[INFO] [stderr]    Compiling signature v2.2.0
[INFO] [stderr]    Compiling stringprep v0.1.4
[INFO] [stderr]     Checking concurrent-queue v2.4.0
[INFO] [stderr]     Checking untrusted v0.9.0
[INFO] [stderr]    Compiling whoami v1.4.1
[INFO] [stderr]    Compiling flume v0.11.0
[INFO] [stderr]     Checking aho-corasick v1.1.2
[INFO] [stderr]    Compiling proc-macro-error-attr v1.0.4
[INFO] [stderr]    Compiling fastrand v2.0.1
[INFO] [stderr]    Compiling home v0.5.9
[INFO] [stderr]     Checking urlencoding v2.1.3
[INFO] [stderr]    Compiling darling_core v0.20.5
[INFO] [stderr]    Compiling proc-macro-error v1.0.4
[INFO] [stderr]    Compiling rustls v0.21.10
[INFO] [stderr]     Checking event-listener v4.0.3
[INFO] [stderr]     Checking rustls-pemfile v1.0.4
[INFO] [stderr]    Compiling ucd-trie v0.1.6
[INFO] [stderr]     Checking event-listener-strategy v0.4.0
[INFO] [stderr]     Checking cipher v0.3.0
[INFO] [stderr]    Compiling rsa v0.9.6
[INFO] [stderr]     Checking universal-hash v0.4.0
[INFO] [stderr]     Checking dlv-list v0.3.0
[INFO] [stderr]    Compiling darling_core v0.13.4
[INFO] [stderr]     Checking hashbrown v0.12.3
[INFO] [stderr]     Checking ordered-float v3.9.2
[INFO] [stderr]    Compiling unicase v2.7.0
[INFO] [stderr]     Checking async-lock v3.3.0
[INFO] [stderr]     Checking futures-lite v2.2.0
[INFO] [stderr]     Checking universal-hash v0.5.1
[INFO] [stderr]    Compiling toml_datetime v0.6.3
[INFO] [stderr]    Compiling protobuf v2.28.0
[INFO] [stderr]     Checking regex-automata v0.4.5
[INFO] [stderr]     Checking mime v0.3.17
[INFO] [stderr]    Compiling io-lifetimes v1.0.11
[INFO] [stderr]     Checking regex-syntax v0.6.29
[INFO] [stderr]     Checking try-lock v0.2.5
[INFO] [stderr]    Compiling winnow v0.5.39
[INFO] [stderr]     Checking want v0.3.1
[INFO] [stderr]     Checking polyval v0.6.1
[INFO] [stderr]     Checking polyval v0.5.3
[INFO] [stderr]     Checking rustls-native-certs v0.6.3
[INFO] [stderr]     Checking http-body v0.4.6
[INFO] [stderr]     Checking cbc v0.1.2
[INFO] [stderr]     Checking rc2 v0.8.1
[INFO] [stderr]     Checking des v0.8.1
[INFO] [stderr]     Checking socket2 v0.4.10
[INFO] [stderr]     Checking aead v0.4.3
[INFO] [stderr]     Checking digest v0.9.0
[INFO] [stderr]    Compiling polling v2.8.0
[INFO] [stderr]    Compiling indexmap v1.9.3
[INFO] [stderr]    Compiling uncased v0.9.10
[INFO] [stderr]     Checking linked-hash-map v0.5.6
[INFO] [stderr]     Checking overload v0.1.1
[INFO] [stderr]     Checking atomic-waker v1.1.2
[INFO] [stderr]     Checking aliasable v0.1.3
[INFO] [stderr]     Checking yasna v0.5.2
[INFO] [stderr]     Checking async-task v4.7.0
[INFO] [stderr]    Compiling prometheus v0.13.3
[INFO] [stderr]     Checking cookie-factory v0.3.2
[INFO] [stderr]     Checking data-encoding v2.5.0
[INFO] [stderr]     Checking cpufeatures v0.1.5
[INFO] [stderr]    Compiling rustix v0.37.27
[INFO] [stderr]    Compiling serde_derive v1.0.196
[INFO] [stderr]    Compiling tokio-macros v2.2.0
[INFO] [stderr]    Compiling tracing-attributes v0.1.27
[INFO] [stderr]    Compiling thiserror-impl v1.0.56
[INFO] [stderr]    Compiling futures-macro v0.3.30
[INFO] [stderr]    Compiling openssl-macros v0.1.1
[INFO] [stderr]    Compiling inherent v1.0.11
[INFO] [stderr]    Compiling derivative v2.2.0
[INFO] [stderr]     Checking regex v1.10.3
[INFO] [stderr]    Compiling sea-bae v0.2.0
[INFO] [stderr]     Checking regex-automata v0.1.10
[INFO] [stderr]     Checking tokio v1.36.0
[INFO] [stderr]    Compiling toml_edit v0.20.2
[INFO] [stderr]     Checking rustls-webpki v0.101.7
[INFO] [stderr]     Checking sct v0.7.1
[INFO] [stderr]    Compiling ouroboros_macro v0.17.2
[INFO] [stderr]    Compiling async-stream-impl v0.3.5
[INFO] [stderr]     Checking matchers v0.1.0
[INFO] [stderr]     Checking futures-util v0.3.30
[INFO] [stderr]     Checking thiserror v1.0.56
[INFO] [stderr]    Compiling darling_macro v0.20.5
[INFO] [stderr]    Compiling pest v2.7.7
[INFO] [stderr]    Compiling darling_macro v0.13.4
[INFO] [stderr]     Checking opentelemetry v0.21.0
[INFO] [stderr]     Checking tracing v0.1.40
[INFO] [stderr] The following warnings were emitted during compilation:
[INFO] [stderr] 
[INFO] [stderr] warning: libsqlite3-sys@0.27.0: cc: fatal error: Killed signal terminated program cc1
[INFO] [stderr] warning: libsqlite3-sys@0.27.0: compilation terminated.
[INFO] [stderr] 
[INFO] [stderr] error: failed to run custom build command for `libsqlite3-sys v0.27.0`
[INFO] [stderr] note: To improve backtraces for build dependencies, set the CARGO_PROFILE_DEV_BUILD_OVERRIDE_DEBUG=true environment variable to enable debug information generation.
[INFO] [stderr] 
[INFO] [stderr] Caused by:
[INFO] [stderr]   process didn't exit successfully: `/opt/rustwide/target/debug/build/libsqlite3-sys-555e1485a0946c44/build-script-build` (exit status: 1)
[INFO] [stderr]   --- stdout
[INFO] [stderr]   cargo:rerun-if-env-changed=LIBSQLITE3_SYS_USE_PKG_CONFIG
[INFO] [stderr]   cargo:rerun-if-changed=sqlite3/sqlite3.c
[INFO] [stderr]   cargo:rerun-if-changed=sqlite3/wasm32-wasi-vfs.c
[INFO] [stderr]   cargo:rerun-if-env-changed=SQLITE_MAX_VARIABLE_NUMBER
[INFO] [stderr]   cargo:rerun-if-env-changed=SQLITE_MAX_EXPR_DEPTH
[INFO] [stderr]   cargo:rerun-if-env-changed=SQLITE_MAX_COLUMN
[INFO] [stderr]   cargo:rerun-if-env-changed=LIBSQLITE3_FLAGS
[INFO] [stderr]   TARGET = Some("x86_64-unknown-linux-gnu")
[INFO] [stderr]   OPT_LEVEL = Some("0")
[INFO] [stderr]   HOST = Some("x86_64-unknown-linux-gnu")
[INFO] [stderr]   cargo:rerun-if-env-changed=CC_x86_64-unknown-linux-gnu
[INFO] [stderr]   CC_x86_64-unknown-linux-gnu = None
[INFO] [stderr]   cargo:rerun-if-env-changed=CC_x86_64_unknown_linux_gnu
[INFO] [stderr]   CC_x86_64_unknown_linux_gnu = None
[INFO] [stderr]   cargo:rerun-if-env-changed=HOST_CC
[INFO] [stderr]   HOST_CC = None
[INFO] [stderr]   cargo:rerun-if-env-changed=CC
[INFO] [stderr]   CC = None
[INFO] [stderr]   cargo:rerun-if-env-changed=CRATE_CC_NO_DEFAULTS
[INFO] [stderr]   CRATE_CC_NO_DEFAULTS = None
[INFO] [stderr]   DEBUG = Some("true")
[INFO] [stderr]   CARGO_CFG_TARGET_FEATURE = Some("fxsr,sse,sse2")
[INFO] [stderr]   cargo:rerun-if-env-changed=CFLAGS_x86_64-unknown-linux-gnu
[INFO] [stderr]   CFLAGS_x86_64-unknown-linux-gnu = None
[INFO] [stderr]   cargo:rerun-if-env-changed=CFLAGS_x86_64_unknown_linux_gnu
[INFO] [stderr]   CFLAGS_x86_64_unknown_linux_gnu = None
[INFO] [stderr]   cargo:rerun-if-env-changed=HOST_CFLAGS
[INFO] [stderr]   HOST_CFLAGS = None
[INFO] [stderr]   cargo:rerun-if-env-changed=CFLAGS
[INFO] [stderr]   CFLAGS = None
[INFO] [stderr]   running: "cc" "-O0" "-ffunction-sections" "-fdata-sections" "-fPIC" "-gdwarf-4" "-fno-omit-frame-pointer" "-m64" "-DSQLITE_CORE" "-DSQLITE_DEFAULT_FOREIGN_KEYS=1" "-DSQLITE_ENABLE_API_ARMOR" "-DSQLITE_ENABLE_COLUMN_METADATA" "-DSQLITE_ENABLE_DBSTAT_VTAB" "-DSQLITE_ENABLE_FTS3" "-DSQLITE_ENABLE_FTS3_PARENTHESIS" "-DSQLITE_ENABLE_FTS5" "-DSQLITE_ENABLE_JSON1" "-DSQLITE_ENABLE_LOAD_EXTENSION=1" "-DSQLITE_ENABLE_MEMORY_MANAGEMENT" "-DSQLITE_ENABLE_RTREE" "-DSQLITE_ENABLE_STAT2" "-DSQLITE_ENABLE_STAT4" "-DSQLITE_SOUNDEX" "-DSQLITE_THREADSAFE=1" "-DSQLITE_USE_URI" "-DHAVE_USLEEP=1" "-D_POSIX_THREAD_SAFE_FUNCTIONS" "-DHAVE_ISNAN" "-DHAVE_LOCALTIME_R" "-DSQLITE_ENABLE_UNLOCK_NOTIFY" "-o" "/opt/rustwide/target/debug/build/libsqlite3-sys-d39140a9badac9e4/out/sqlite3/sqlite3.o" "-c" "sqlite3/sqlite3.c"
[INFO] [stderr]   exit status: 1
[INFO] [stderr]   cargo:warning=cc: fatal error: Killed signal terminated program cc1
[INFO] [stderr] 
[INFO] [stderr]   cargo:warning=compilation terminated.
[INFO] [stderr] 
[INFO] [stderr] 
[INFO] [stderr]   --- stderr
[INFO] [stderr] 
[INFO] [stderr] 
[INFO] [stderr]   error occurred: Command "cc" "-O0" "-ffunction-sections" "-fdata-sections" "-fPIC" "-gdwarf-4" "-fno-omit-frame-pointer" "-m64" "-DSQLITE_CORE" "-DSQLITE_DEFAULT_FOREIGN_KEYS=1" "-DSQLITE_ENABLE_API_ARMOR" "-DSQLITE_ENABLE_COLUMN_METADATA" "-DSQLITE_ENABLE_DBSTAT_VTAB" "-DSQLITE_ENABLE_FTS3" "-DSQLITE_ENABLE_FTS3_PARENTHESIS" "-DSQLITE_ENABLE_FTS5" "-DSQLITE_ENABLE_JSON1" "-DSQLITE_ENABLE_LOAD_EXTENSION=1" "-DSQLITE_ENABLE_MEMORY_MANAGEMENT" "-DSQLITE_ENABLE_RTREE" "-DSQLITE_ENABLE_STAT2" "-DSQLITE_ENABLE_STAT4" "-DSQLITE_SOUNDEX" "-DSQLITE_THREADSAFE=1" "-DSQLITE_USE_URI" "-DHAVE_USLEEP=1" "-D_POSIX_THREAD_SAFE_FUNCTIONS" "-DHAVE_ISNAN" "-DHAVE_LOCALTIME_R" "-DSQLITE_ENABLE_UNLOCK_NOTIFY" "-o" "/opt/rustwide/target/debug/build/libsqlite3-sys-d39140a9badac9e4/out/sqlite3/sqlite3.o" "-c" "sqlite3/sqlite3.c" with args "cc" did not execute successfully (status code exit status: 1).
[INFO] [stderr] 
[INFO] [stderr] 
[INFO] [stderr] warning: build failed, waiting for other jobs to finish...
[INFO] running `Command { std: "docker" "inspect" "bbe1e54be402e3cb8c008f7058328d600845ad943548e81502477dd7d5907476", kill_on_drop: false }`
[INFO] running `Command { std: "docker" "rm" "-f" "bbe1e54be402e3cb8c008f7058328d600845ad943548e81502477dd7d5907476", kill_on_drop: false }`
[INFO] [stdout] bbe1e54be402e3cb8c008f7058328d600845ad943548e81502477dd7d5907476
[INFO] checking ideal-world/tardis against nightly-2024-02-05+rustflags=-Dunexpected_cfgs+cargoflags=-Zcheck-cfg for check-cfg-2
[INFO] running `Command { std: "git" "clone" "/workspace/cache/git-repos/https%3A%2F%2Fgithub.com%2Fideal-world%2Ftardis" "/workspace/builds/worker-0-tc2/source", kill_on_drop: false }`
[INFO] [stderr] Cloning into '/workspace/builds/worker-0-tc2/source'...
[INFO] [stderr] done.
[INFO] validating manifest of git repo https://github.com/ideal-world/tardis on toolchain nightly-2024-02-05
[INFO] running `Command { std: CARGO_HOME="/workspace/cargo-home" RUSTUP_HOME="/workspace/rustup-home" "/workspace/cargo-home/bin/cargo" "+nightly-2024-02-05" "metadata" "--manifest-path" "Cargo.toml" "--no-deps", kill_on_drop: false }`
[INFO] started tweaking git repo https://github.com/ideal-world/tardis
[INFO] finished tweaking git repo https://github.com/ideal-world/tardis
[INFO] tweaked toml for git repo https://github.com/ideal-world/tardis written to /workspace/builds/worker-0-tc2/source/Cargo.toml
[INFO] running `Command { std: CARGO_HOME="/workspace/cargo-home" RUSTUP_HOME="/workspace/rustup-home" "/workspace/cargo-home/bin/cargo" "+nightly-2024-02-05" "generate-lockfile" "--manifest-path" "Cargo.toml", kill_on_drop: false }`
[INFO] [stderr]     Updating crates.io index
[INFO] running `Command { std: CARGO_HOME="/workspace/cargo-home" RUSTUP_HOME="/workspace/rustup-home" "/workspace/cargo-home/bin/cargo" "+nightly-2024-02-05" "fetch" "--manifest-path" "Cargo.toml", kill_on_drop: false }`
[INFO] running `Command { std: "docker" "create" "-v" "/var/lib/crater-agent-workspace/builds/worker-0-tc2/target:/opt/rustwide/target:rw,Z" "-v" "/var/lib/crater-agent-workspace/builds/worker-0-tc2/source:/opt/rustwide/workdir:ro,Z" "-v" "/var/lib/crater-agent-workspace/cargo-home:/opt/rustwide/cargo-home:ro,Z" "-v" "/var/lib/crater-agent-workspace/rustup-home:/opt/rustwide/rustup-home:ro,Z" "-e" "SOURCE_DIR=/opt/rustwide/workdir" "-e" "CARGO_TARGET_DIR=/opt/rustwide/target" "-e" "CARGO_HOME=/opt/rustwide/cargo-home" "-e" "RUSTUP_HOME=/opt/rustwide/rustup-home" "-w" "/opt/rustwide/workdir" "-m" "1610612736" "--user" "0:0" "--network" "none" "ghcr.io/rust-lang/crates-build-env/linux@sha256:2788e3201cd34a07e3172128adcd8b3090168a8e3bcc40d7c032b9dda1df7d1c" "/opt/rustwide/cargo-home/bin/cargo" "+nightly-2024-02-05" "metadata" "--no-deps" "--format-version=1", kill_on_drop: false }`
[INFO] [stdout] f2c10e21472d60ad7fec54d189b60e83caf3aa88a4da7a24e961d5eb64b48e0c
[INFO] running `Command { std: "docker" "start" "-a" "f2c10e21472d60ad7fec54d189b60e83caf3aa88a4da7a24e961d5eb64b48e0c", kill_on_drop: false }`
[INFO] running `Command { std: "docker" "inspect" "f2c10e21472d60ad7fec54d189b60e83caf3aa88a4da7a24e961d5eb64b48e0c", kill_on_drop: false }`
[INFO] running `Command { std: "docker" "rm" "-f" "f2c10e21472d60ad7fec54d189b60e83caf3aa88a4da7a24e961d5eb64b48e0c", kill_on_drop: false }`
[INFO] [stdout] f2c10e21472d60ad7fec54d189b60e83caf3aa88a4da7a24e961d5eb64b48e0c
[INFO] running `Command { std: "docker" "create" "-v" "/var/lib/crater-agent-workspace/builds/worker-0-tc2/target:/opt/rustwide/target:rw,Z" "-v" "/var/lib/crater-agent-workspace/builds/worker-0-tc2/source:/opt/rustwide/workdir:ro,Z" "-v" "/var/lib/crater-agent-workspace/cargo-home:/opt/rustwide/cargo-home:ro,Z" "-v" "/var/lib/crater-agent-workspace/rustup-home:/opt/rustwide/rustup-home:ro,Z" "-e" "SOURCE_DIR=/opt/rustwide/workdir" "-e" "CARGO_TARGET_DIR=/opt/rustwide/target" "-e" "CARGO_INCREMENTAL=0" "-e" "RUST_BACKTRACE=full" "-e" "RUSTFLAGS=--cap-lints=forbid -Dunexpected_cfgs" "-e" "RUSTDOCFLAGS=--cap-lints=forbid" "-e" "CARGO_HOME=/opt/rustwide/cargo-home" "-e" "RUSTUP_HOME=/opt/rustwide/rustup-home" "-w" "/opt/rustwide/workdir" "-m" "1610612736" "--user" "0:0" "--network" "none" "ghcr.io/rust-lang/crates-build-env/linux@sha256:2788e3201cd34a07e3172128adcd8b3090168a8e3bcc40d7c032b9dda1df7d1c" "/opt/rustwide/cargo-home/bin/cargo" "+nightly-2024-02-05" "check" "--frozen" "--all" "--all-targets" "--message-format=json" "-Zcheck-cfg", kill_on_drop: false }`
[INFO] [stdout] 02820fd610fcd49ad4c361659a2b1819ce45d2a7d8b63f7f4f5e5ce7eb7ecc76
[INFO] running `Command { std: "docker" "start" "-a" "02820fd610fcd49ad4c361659a2b1819ce45d2a7d8b63f7f4f5e5ce7eb7ecc76", kill_on_drop: false }`
[INFO] [stderr]    Compiling libc v0.2.153
[INFO] [stderr]    Compiling serde v1.0.196
[INFO] [stderr]     Checking futures-core v0.3.30
[INFO] [stderr]     Checking memchr v2.7.1
[INFO] [stderr]     Checking log v0.4.20
[INFO] [stderr]     Checking futures-sink v0.3.30
[INFO] [stderr]    Compiling proc-macro2 v1.0.78
[INFO] [stderr]    Compiling generic-array v0.14.7
[INFO] [stderr]    Compiling libm v0.2.8
[INFO] [stderr]    Compiling ahash v0.8.7
[INFO] [stderr]    Compiling num-traits v0.2.18
[INFO] [stderr]    Compiling lock_api v0.4.11
[INFO] [stderr]     Checking futures-io v0.3.30
[INFO] [stderr]     Checking const-oid v0.9.6
[INFO] [stderr]    Compiling crossbeam-utils v0.8.19
[INFO] [stderr]    Compiling pkg-config v0.3.29
[INFO] [stderr]    Compiling vcpkg v0.2.15
[INFO] [stderr]     Checking subtle v2.5.0
[INFO] [stderr]    Compiling serde_json v1.0.113
[INFO] [stderr]     Checking tracing-core v0.1.32
[INFO] [stderr]     Checking scopeguard v1.2.0
[INFO] [stderr]     Checking zerocopy v0.7.32
[INFO] [stderr]     Checking allocator-api2 v0.2.16
[INFO] [stderr]     Checking futures-task v0.3.30
[INFO] [stderr]    Compiling once_cell v1.19.0
[INFO] [stderr]    Compiling openssl v0.10.63
[INFO] [stderr]    Compiling parking_lot_core v0.9.9
[INFO] [stderr]     Checking equivalent v1.0.1
[INFO] [stderr]    Compiling native-tls v0.2.11
[INFO] [stderr]    Compiling syn v1.0.109
[INFO] [stderr]     Checking unicode-normalization v0.1.22
[INFO] [stderr]    Compiling quote v1.0.35
[INFO] [stderr]    Compiling time-core v0.1.2
[INFO] [stderr]    Compiling num-conv v0.1.0
[INFO] [stderr]     Checking unicode-bidi v0.3.15
[INFO] [stderr]     Checking smallvec v1.13.1
[INFO] [stderr]     Checking openssl-probe v0.1.5
[INFO] [stderr]    Compiling time-macros v0.2.17
[INFO] [stderr]    Compiling num-bigint v0.4.4
[INFO] [stderr]    Compiling syn v2.0.48
[INFO] [stderr]     Checking block-buffer v0.10.4
[INFO] [stderr]    Compiling typenum v1.17.0
[INFO] [stderr]     Checking futures-channel v0.3.30
[INFO] [stderr]    Compiling rust_decimal v1.34.2
[INFO] [stderr]     Checking foreign-types-shared v0.1.1
[INFO] [stderr]     Checking foreign-types v0.3.2
[INFO] [stderr]     Checking spin v0.5.2
[INFO] [stderr]     Checking base64 v0.21.7
[INFO] [stderr]     Checking idna v0.5.0
[INFO] [stderr]     Checking lazy_static v1.4.0
[INFO] [stderr]     Checking nom v7.1.3
[INFO] [stderr]    Compiling async-trait v0.1.77
[INFO] [stderr]     Checking powerfmt v0.2.0
[INFO] [stderr]     Checking spin v0.9.8
[INFO] [stderr]    Compiling fnv v1.0.7
[INFO] [stderr]    Compiling itoa v1.0.10
[INFO] [stderr]    Compiling tinyvec_macros v0.1.1
[INFO] [stderr]    Compiling ident_case v1.0.1
[INFO] [stderr]    Compiling bytes v1.5.0
[INFO] [stderr]    Compiling strsim v0.10.0
[INFO] [stderr]    Compiling pin-project-lite v0.2.13
[INFO] [stderr]     Checking iana-time-zone v0.1.60
[INFO] [stderr]     Checking num-integer v0.1.46
[INFO] [stderr]    Compiling ppv-lite86 v0.2.17
[INFO] [stderr]    Compiling tinyvec v1.6.0
[INFO] [stderr]     Checking event-listener v2.5.3
[INFO] [stderr]    Compiling num-bigint-dig v0.8.4
[INFO] [stderr]    Compiling base64ct v1.6.0
[INFO] [stderr]     Checking getrandom v0.2.12
[INFO] [stderr]    Compiling cc v1.0.83
[INFO] [stderr]     Checking mio v0.8.10
[INFO] [stderr]     Checking rand_core v0.6.4
[INFO] [stderr]     Checking socket2 v0.5.5
[INFO] [stderr]     Checking num_cpus v1.16.0
[INFO] [stderr]     Checking signal-hook-registry v1.4.1
[INFO] [stderr]     Checking crypto-common v0.1.6
[INFO] [stderr]     Checking digest v0.10.7
[INFO] [stderr]     Checking rand_chacha v0.3.1
[INFO] [stderr]     Checking rand v0.8.5
[INFO] [stderr]    Compiling zeroize v1.7.0
[INFO] [stderr]     Checking parking_lot v0.12.1
[INFO] [stderr]     Checking hmac v0.12.1
[INFO] [stderr]    Compiling pem-rfc7468 v0.7.0
[INFO] [stderr]     Checking hashbrown v0.14.3
[INFO] [stderr]     Checking block-padding v0.3.3
[INFO] [stderr]    Compiling slab v0.4.9
[INFO] [stderr]    Compiling openssl-sys v0.9.99
[INFO] [stderr]    Compiling ahash v0.7.7
[INFO] [stderr]     Checking indexmap v2.2.2
[INFO] [stderr]    Compiling byteorder v1.5.0
[INFO] [stderr]    Compiling minimal-lexical v0.2.1
[INFO] [stderr]    Compiling cpufeatures v0.2.12
[INFO] [stderr]     Checking arrayvec v0.7.4
[INFO] [stderr]    Compiling percent-encoding v2.3.1
[INFO] [stderr]    Compiling pin-utils v0.1.0
[INFO] [stderr]    Compiling libsqlite3-sys v0.27.0
[INFO] [stderr]     Checking inout v0.1.3
[INFO] [stderr]    Compiling form_urlencoded v1.2.1
[INFO] [stderr]    Compiling der v0.7.8
[INFO] [stderr]     Checking sha1 v0.10.6
[INFO] [stderr]    Compiling unicode-segmentation v1.11.0
[INFO] [stderr]    Compiling crc-catalog v2.4.0
[INFO] [stderr]    Compiling unicode_categories v0.1.1
[INFO] [stderr]     Checking bigdecimal v0.3.1
[INFO] [stderr]    Compiling rustix v0.38.31
[INFO] [stderr]    Compiling ryu v1.0.16
[INFO] [stderr]    Compiling heck v0.4.1
[INFO] [stderr]     Checking crc v3.0.1
[INFO] [stderr]    Compiling crossbeam-queue v0.3.11
[INFO] [stderr]    Compiling futures-intrusive v0.5.0
[INFO] [stderr]    Compiling hashlink v0.8.4
[INFO] [stderr]     Checking cipher v0.4.4
[INFO] [stderr]    Compiling sha2 v0.10.8
[INFO] [stderr]    Compiling ring v0.17.7
[INFO] [stderr]    Compiling atoi v2.0.0
[INFO] [stderr]     Checking linux-raw-sys v0.4.13
[INFO] [stderr]    Compiling dotenvy v0.15.7
[INFO] [stderr]    Compiling spki v0.7.3
[INFO] [stderr]     Checking parking v2.2.0
[INFO] [stderr]    Compiling hex v0.4.3
[INFO] [stderr]    Compiling pkcs8 v0.10.2
[INFO] [stderr]    Compiling num-iter v0.1.44
[INFO] [stderr]     Checking http v0.2.11
[INFO] [stderr]    Compiling finl_unicode v1.2.0
[INFO] [stderr]    Compiling hkdf v0.12.4
[INFO] [stderr]    Compiling pkcs1 v0.7.5
[INFO] [stderr]    Compiling signature v2.2.0
[INFO] [stderr]    Compiling md-5 v0.10.6
[INFO] [stderr]     Checking concurrent-queue v2.4.0
[INFO] [stderr]    Compiling stringprep v0.1.4
[INFO] [stderr]     Checking untrusted v0.9.0
[INFO] [stderr]    Compiling whoami v1.4.1
[INFO] [stderr]    Compiling flume v0.11.0
[INFO] [stderr]     Checking aho-corasick v1.1.2
[INFO] [stderr]    Compiling proc-macro-error-attr v1.0.4
[INFO] [stderr]    Compiling home v0.5.9
[INFO] [stderr]     Checking urlencoding v2.1.3
[INFO] [stderr]    Compiling fastrand v2.0.1
[INFO] [stderr]    Compiling darling_core v0.20.5
[INFO] [stderr]    Compiling proc-macro-error v1.0.4
[INFO] [stderr]    Compiling rustls v0.21.10
[INFO] [stderr]     Checking event-listener v4.0.3
[INFO] [stderr]     Checking rustls-pemfile v1.0.4
[INFO] [stderr]    Compiling ucd-trie v0.1.6
[INFO] [stderr]     Checking universal-hash v0.4.0
[INFO] [stderr]     Checking cipher v0.3.0
[INFO] [stderr]     Checking dlv-list v0.3.0
[INFO] [stderr]    Compiling darling_core v0.13.4
[INFO] [stderr]     Checking hashbrown v0.12.3
[INFO] [stderr]     Checking ordered-float v3.9.2
[INFO] [stderr]    Compiling unicase v2.7.0
[INFO] [stderr]     Checking event-listener-strategy v0.4.0
[INFO] [stderr]     Checking futures-lite v2.2.0
[INFO] [stderr]     Checking async-lock v3.3.0
[INFO] [stderr]     Checking universal-hash v0.5.1
[INFO] [stderr]    Compiling protobuf v2.28.0
[INFO] [stderr]    Compiling rsa v0.9.6
[INFO] [stderr]     Checking regex-syntax v0.6.29
[INFO] [stderr]    Compiling winnow v0.5.39
[INFO] [stderr]     Checking try-lock v0.2.5
[INFO] [stderr]    Compiling io-lifetimes v1.0.11
[INFO] [stderr]    Compiling toml_datetime v0.6.3
[INFO] [stderr]     Checking regex-automata v0.4.5
[INFO] [stderr]     Checking mime v0.3.17
[INFO] [stderr]     Checking want v0.3.1
[INFO] [stderr]     Checking polyval v0.6.1
[INFO] [stderr]     Checking polyval v0.5.3
[INFO] [stderr]     Checking rustls-native-certs v0.6.3
[INFO] [stderr]     Checking http-body v0.4.6
[INFO] [stderr]     Checking cbc v0.1.2
[INFO] [stderr]     Checking rc2 v0.8.1
[INFO] [stderr]     Checking des v0.8.1
[INFO] [stderr]     Checking socket2 v0.4.10
[INFO] [stderr]     Checking aead v0.4.3
[INFO] [stderr]     Checking digest v0.9.0
[INFO] [stderr]    Compiling uncased v0.9.10
[INFO] [stderr]    Compiling polling v2.8.0
[INFO] [stderr]    Compiling indexmap v1.9.3
[INFO] [stderr]     Checking async-task v4.7.0
[INFO] [stderr]     Checking data-encoding v2.5.0
[INFO] [stderr]     Checking linked-hash-map v0.5.6
[INFO] [stderr]    Compiling rustix v0.37.27
[INFO] [stderr]     Checking overload v0.1.1
[INFO] [stderr]     Checking yasna v0.5.2
[INFO] [stderr]     Checking cpufeatures v0.1.5
[INFO] [stderr]     Checking aliasable v0.1.3
[INFO] [stderr]    Compiling prometheus v0.13.3
[INFO] [stderr]     Checking cookie-factory v0.3.2
[INFO] [stderr]     Checking atomic-waker v1.1.2
[INFO] [stderr]     Checking piper v0.2.1
[INFO] [stderr]     Checking chacha20 v0.7.1
[INFO] [stderr]    Compiling serde_derive v1.0.196
[INFO] [stderr]    Compiling tokio-macros v2.2.0
[INFO] [stderr]    Compiling tracing-attributes v0.1.27
[INFO] [stderr]    Compiling futures-macro v0.3.30
[INFO] [stderr]    Compiling thiserror-impl v1.0.56
[INFO] [stderr]    Compiling openssl-macros v0.1.1
[INFO] [stderr]    Compiling derivative v2.2.0
[INFO] [stderr]    Compiling inherent v1.0.11
[INFO] [stderr]     Checking rustls-webpki v0.101.7
[INFO] [stderr]     Checking sct v0.7.1
[INFO] [stderr]    Compiling ouroboros_macro v0.17.2
[INFO] [stderr]     Checking regex-automata v0.1.10
[INFO] [stderr]    Compiling sea-bae v0.2.0
[INFO] [stderr]    Compiling toml_edit v0.20.2
[INFO] [stderr]     Checking regex v1.10.3
[INFO] [stderr]     Checking tokio v1.36.0
[INFO] [stderr]    Compiling darling_macro v0.20.5
[INFO] [stderr]    Compiling darling_macro v0.13.4
[INFO] [stderr]    Compiling async-stream-impl v0.3.5
[INFO] [stderr]     Checking futures-util v0.3.30
[INFO] [stderr] The following warnings were emitted during compilation:
[INFO] [stderr] 
[INFO] [stderr] warning: libsqlite3-sys@0.27.0: cc: fatal error: Killed signal terminated program cc1
[INFO] [stderr] warning: libsqlite3-sys@0.27.0: compilation terminated.
[INFO] [stderr] 
[INFO] [stderr] error: failed to run custom build command for `libsqlite3-sys v0.27.0`
[INFO] [stderr] note: To improve backtraces for build dependencies, set the CARGO_PROFILE_DEV_BUILD_OVERRIDE_DEBUG=true environment variable to enable debug information generation.
[INFO] [stderr] 
[INFO] [stderr] Caused by:
[INFO] [stderr]   process didn't exit successfully: `/opt/rustwide/target/debug/build/libsqlite3-sys-555e1485a0946c44/build-script-build` (exit status: 1)
[INFO] [stderr]   --- stdout
[INFO] [stderr]   cargo:rerun-if-env-changed=LIBSQLITE3_SYS_USE_PKG_CONFIG
[INFO] [stderr]   cargo:rerun-if-changed=sqlite3/sqlite3.c
[INFO] [stderr]   cargo:rerun-if-changed=sqlite3/wasm32-wasi-vfs.c
[INFO] [stderr]   cargo:rerun-if-env-changed=SQLITE_MAX_VARIABLE_NUMBER
[INFO] [stderr]   cargo:rerun-if-env-changed=SQLITE_MAX_EXPR_DEPTH
[INFO] [stderr]   cargo:rerun-if-env-changed=SQLITE_MAX_COLUMN
[INFO] [stderr]   cargo:rerun-if-env-changed=LIBSQLITE3_FLAGS
[INFO] [stderr]   TARGET = Some("x86_64-unknown-linux-gnu")
[INFO] [stderr]   OPT_LEVEL = Some("0")
[INFO] [stderr]   HOST = Some("x86_64-unknown-linux-gnu")
[INFO] [stderr]   cargo:rerun-if-env-changed=CC_x86_64-unknown-linux-gnu
[INFO] [stderr]   CC_x86_64-unknown-linux-gnu = None
[INFO] [stderr]   cargo:rerun-if-env-changed=CC_x86_64_unknown_linux_gnu
[INFO] [stderr]   CC_x86_64_unknown_linux_gnu = None
[INFO] [stderr]   cargo:rerun-if-env-changed=HOST_CC
[INFO] [stderr]   HOST_CC = None
[INFO] [stderr]   cargo:rerun-if-env-changed=CC
[INFO] [stderr]   CC = None
[INFO] [stderr]   cargo:rerun-if-env-changed=CRATE_CC_NO_DEFAULTS
[INFO] [stderr]   CRATE_CC_NO_DEFAULTS = None
[INFO] [stderr]   DEBUG = Some("true")
[INFO] [stderr]   CARGO_CFG_TARGET_FEATURE = Some("fxsr,sse,sse2")
[INFO] [stderr]   cargo:rerun-if-env-changed=CFLAGS_x86_64-unknown-linux-gnu
[INFO] [stderr]   CFLAGS_x86_64-unknown-linux-gnu = None
[INFO] [stderr]   cargo:rerun-if-env-changed=CFLAGS_x86_64_unknown_linux_gnu
[INFO] [stderr]   CFLAGS_x86_64_unknown_linux_gnu = None
[INFO] [stderr]   cargo:rerun-if-env-changed=HOST_CFLAGS
[INFO] [stderr]   HOST_CFLAGS = None
[INFO] [stderr]   cargo:rerun-if-env-changed=CFLAGS
[INFO] [stderr]   CFLAGS = None
[INFO] [stderr]   running: "cc" "-O0" "-ffunction-sections" "-fdata-sections" "-fPIC" "-gdwarf-4" "-fno-omit-frame-pointer" "-m64" "-DSQLITE_CORE" "-DSQLITE_DEFAULT_FOREIGN_KEYS=1" "-DSQLITE_ENABLE_API_ARMOR" "-DSQLITE_ENABLE_COLUMN_METADATA" "-DSQLITE_ENABLE_DBSTAT_VTAB" "-DSQLITE_ENABLE_FTS3" "-DSQLITE_ENABLE_FTS3_PARENTHESIS" "-DSQLITE_ENABLE_FTS5" "-DSQLITE_ENABLE_JSON1" "-DSQLITE_ENABLE_LOAD_EXTENSION=1" "-DSQLITE_ENABLE_MEMORY_MANAGEMENT" "-DSQLITE_ENABLE_RTREE" "-DSQLITE_ENABLE_STAT2" "-DSQLITE_ENABLE_STAT4" "-DSQLITE_SOUNDEX" "-DSQLITE_THREADSAFE=1" "-DSQLITE_USE_URI" "-DHAVE_USLEEP=1" "-D_POSIX_THREAD_SAFE_FUNCTIONS" "-DHAVE_ISNAN" "-DHAVE_LOCALTIME_R" "-DSQLITE_ENABLE_UNLOCK_NOTIFY" "-o" "/opt/rustwide/target/debug/build/libsqlite3-sys-d39140a9badac9e4/out/sqlite3/sqlite3.o" "-c" "sqlite3/sqlite3.c"
[INFO] [stderr]   cargo:warning=cc: fatal error: Killed signal terminated program cc1
[INFO] [stderr] 
[INFO] [stderr]   cargo:warning=compilation terminated.
[INFO] [stderr] 
[INFO] [stderr]   exit status: 1
[INFO] [stderr] 
[INFO] [stderr]   --- stderr
[INFO] [stderr] 
[INFO] [stderr] 
[INFO] [stderr]   error occurred: Command "cc" "-O0" "-ffunction-sections" "-fdata-sections" "-fPIC" "-gdwarf-4" "-fno-omit-frame-pointer" "-m64" "-DSQLITE_CORE" "-DSQLITE_DEFAULT_FOREIGN_KEYS=1" "-DSQLITE_ENABLE_API_ARMOR" "-DSQLITE_ENABLE_COLUMN_METADATA" "-DSQLITE_ENABLE_DBSTAT_VTAB" "-DSQLITE_ENABLE_FTS3" "-DSQLITE_ENABLE_FTS3_PARENTHESIS" "-DSQLITE_ENABLE_FTS5" "-DSQLITE_ENABLE_JSON1" "-DSQLITE_ENABLE_LOAD_EXTENSION=1" "-DSQLITE_ENABLE_MEMORY_MANAGEMENT" "-DSQLITE_ENABLE_RTREE" "-DSQLITE_ENABLE_STAT2" "-DSQLITE_ENABLE_STAT4" "-DSQLITE_SOUNDEX" "-DSQLITE_THREADSAFE=1" "-DSQLITE_USE_URI" "-DHAVE_USLEEP=1" "-D_POSIX_THREAD_SAFE_FUNCTIONS" "-DHAVE_ISNAN" "-DHAVE_LOCALTIME_R" "-DSQLITE_ENABLE_UNLOCK_NOTIFY" "-o" "/opt/rustwide/target/debug/build/libsqlite3-sys-d39140a9badac9e4/out/sqlite3/sqlite3.o" "-c" "sqlite3/sqlite3.c" with args "cc" did not execute successfully (status code exit status: 1).
[INFO] [stderr] 
[INFO] [stderr] 
[INFO] [stderr] warning: build failed, waiting for other jobs to finish...
[INFO] running `Command { std: "docker" "inspect" "02820fd610fcd49ad4c361659a2b1819ce45d2a7d8b63f7f4f5e5ce7eb7ecc76", kill_on_drop: false }`
[INFO] running `Command { std: "docker" "rm" "-f" "02820fd610fcd49ad4c361659a2b1819ce45d2a7d8b63f7f4f5e5ce7eb7ecc76", kill_on_drop: false }`
[INFO] [stdout] 02820fd610fcd49ad4c361659a2b1819ce45d2a7d8b63f7f4f5e5ce7eb7ecc76
