[INFO] fetching crate x25519-dalek 2.0.0...
[INFO] checking x25519-dalek-2.0.0 against nightly-2024-02-05 for check-cfg-2
[INFO] extracting crate x25519-dalek 2.0.0 into /workspace/builds/worker-4-tc1/source
[INFO] validating manifest of crates.io crate x25519-dalek 2.0.0 on toolchain nightly-2024-02-05
[INFO] running `Command { std: CARGO_HOME="/workspace/cargo-home" RUSTUP_HOME="/workspace/rustup-home" "/workspace/cargo-home/bin/cargo" "+nightly-2024-02-05" "metadata" "--manifest-path" "Cargo.toml" "--no-deps", kill_on_drop: false }`
[INFO] started tweaking crates.io crate x25519-dalek 2.0.0
[INFO] finished tweaking crates.io crate x25519-dalek 2.0.0
[INFO] tweaked toml for crates.io crate x25519-dalek 2.0.0 written to /workspace/builds/worker-4-tc1/source/Cargo.toml
[INFO] running `Command { std: CARGO_HOME="/workspace/cargo-home" RUSTUP_HOME="/workspace/rustup-home" "/workspace/cargo-home/bin/cargo" "+nightly-2024-02-05" "generate-lockfile" "--manifest-path" "Cargo.toml", kill_on_drop: false }`
[INFO] [stderr]     Updating crates.io index
[INFO] running `Command { std: CARGO_HOME="/workspace/cargo-home" RUSTUP_HOME="/workspace/rustup-home" "/workspace/cargo-home/bin/cargo" "+nightly-2024-02-05" "fetch" "--manifest-path" "Cargo.toml", kill_on_drop: false }`
[INFO] running `Command { std: "docker" "create" "-v" "/var/lib/crater-agent-workspace/builds/worker-4-tc1/target:/opt/rustwide/target:rw,Z" "-v" "/var/lib/crater-agent-workspace/builds/worker-4-tc1/source:/opt/rustwide/workdir:ro,Z" "-v" "/var/lib/crater-agent-workspace/cargo-home:/opt/rustwide/cargo-home:ro,Z" "-v" "/var/lib/crater-agent-workspace/rustup-home:/opt/rustwide/rustup-home:ro,Z" "-e" "SOURCE_DIR=/opt/rustwide/workdir" "-e" "CARGO_TARGET_DIR=/opt/rustwide/target" "-e" "CARGO_HOME=/opt/rustwide/cargo-home" "-e" "RUSTUP_HOME=/opt/rustwide/rustup-home" "-w" "/opt/rustwide/workdir" "-m" "1610612736" "--user" "0:0" "--network" "none" "ghcr.io/rust-lang/crates-build-env/linux@sha256:2788e3201cd34a07e3172128adcd8b3090168a8e3bcc40d7c032b9dda1df7d1c" "/opt/rustwide/cargo-home/bin/cargo" "+nightly-2024-02-05" "metadata" "--no-deps" "--format-version=1", kill_on_drop: false }`
[INFO] [stdout] 53adc0bdaa5bd3585d74c1f1678794281007c429a10fd916111c08a8ff5b2a2f
[INFO] running `Command { std: "docker" "start" "-a" "53adc0bdaa5bd3585d74c1f1678794281007c429a10fd916111c08a8ff5b2a2f", kill_on_drop: false }`
[INFO] running `Command { std: "docker" "inspect" "53adc0bdaa5bd3585d74c1f1678794281007c429a10fd916111c08a8ff5b2a2f", kill_on_drop: false }`
[INFO] running `Command { std: "docker" "rm" "-f" "53adc0bdaa5bd3585d74c1f1678794281007c429a10fd916111c08a8ff5b2a2f", kill_on_drop: false }`
[INFO] [stdout] 53adc0bdaa5bd3585d74c1f1678794281007c429a10fd916111c08a8ff5b2a2f
[INFO] running `Command { std: "docker" "create" "-v" "/var/lib/crater-agent-workspace/builds/worker-4-tc1/target:/opt/rustwide/target:rw,Z" "-v" "/var/lib/crater-agent-workspace/builds/worker-4-tc1/source:/opt/rustwide/workdir:ro,Z" "-v" "/var/lib/crater-agent-workspace/cargo-home:/opt/rustwide/cargo-home:ro,Z" "-v" "/var/lib/crater-agent-workspace/rustup-home:/opt/rustwide/rustup-home:ro,Z" "-e" "SOURCE_DIR=/opt/rustwide/workdir" "-e" "CARGO_TARGET_DIR=/opt/rustwide/target" "-e" "CARGO_INCREMENTAL=0" "-e" "RUST_BACKTRACE=full" "-e" "RUSTFLAGS=--cap-lints=forbid" "-e" "RUSTDOCFLAGS=--cap-lints=forbid" "-e" "CARGO_HOME=/opt/rustwide/cargo-home" "-e" "RUSTUP_HOME=/opt/rustwide/rustup-home" "-w" "/opt/rustwide/workdir" "-m" "1610612736" "--user" "0:0" "--network" "none" "ghcr.io/rust-lang/crates-build-env/linux@sha256:2788e3201cd34a07e3172128adcd8b3090168a8e3bcc40d7c032b9dda1df7d1c" "/opt/rustwide/cargo-home/bin/cargo" "+nightly-2024-02-05" "check" "--frozen" "--all" "--all-targets" "--message-format=json", kill_on_drop: false }`
[INFO] [stdout] 26b23d784eee636bb04017f621e5dd83b3cfe204f6c8f831ad02367b831fac0a
[INFO] running `Command { std: "docker" "start" "-a" "26b23d784eee636bb04017f621e5dd83b3cfe204f6c8f831ad02367b831fac0a", kill_on_drop: false }`
[INFO] [stderr]    Compiling rustix v0.38.31
[INFO] [stderr]    Compiling rayon-core v1.12.1
[INFO] [stderr]    Compiling platforms v3.3.0
[INFO] [stderr]     Checking plotters-backend v0.3.5
[INFO] [stderr]    Compiling crossbeam-utils v0.8.19
[INFO] [stderr]     Checking half v2.3.1
[INFO] [stderr]     Checking regex-syntax v0.8.2
[INFO] [stderr]     Checking anstyle v1.0.6
[INFO] [stderr]     Checking ciborium-io v0.2.2
[INFO] [stderr]     Checking clap_lex v0.6.0
[INFO] [stderr]     Checking linux-raw-sys v0.4.13
[INFO] [stderr]    Compiling syn v2.0.48
[INFO] [stderr]     Checking getrandom v0.2.12
[INFO] [stderr]     Checking subtle v2.5.0
[INFO] [stderr]     Checking criterion-plot v0.5.0
[INFO] [stderr]     Checking walkdir v2.4.0
[INFO] [stderr]     Checking anes v0.1.6
[INFO] [stderr]     Checking clap_builder v4.4.18
[INFO] [stderr]     Checking rand_core v0.6.4
[INFO] [stderr]    Compiling curve25519-dalek v4.1.2
[INFO] [stderr]     Checking plotters-svg v0.3.5
[INFO] [stderr]     Checking ciborium-ll v0.2.2
[INFO] [stderr]     Checking plotters v0.3.5
[INFO] [stderr]     Checking crossbeam-epoch v0.9.18
[INFO] [stderr]     Checking crossbeam-deque v0.8.5
[INFO] [stderr]     Checking rayon v1.8.1
[INFO] [stderr]     Checking regex-automata v0.4.5
[INFO] [stderr]     Checking is-terminal v0.4.10
[INFO] [stderr]     Checking clap v4.4.18
[INFO] [stderr]     Checking regex v1.10.3
[INFO] [stderr]    Compiling serde_derive v1.0.196
[INFO] [stderr]    Compiling zeroize_derive v1.4.2
[INFO] [stderr]    Compiling curve25519-dalek-derive v0.1.1
[INFO] [stderr]     Checking zeroize v1.7.0
[INFO] [stdout] error[E0658]: use of unstable library feature 'stdsimd'
[INFO] [stdout]   --> /opt/rustwide/cargo-home/registry/src/index.crates.io-6f17d22bba15001f/curve25519-dalek-4.1.2/src/backend/vector/ifma/field.rs:26:5
[INFO] [stdout]    |
[INFO] [stdout] 26 |     _mm256_madd52lo_epu64(z.into(), x.into(), y.into()).into()
[INFO] [stdout]    |     ^^^^^^^^^^^^^^^^^^^^^
[INFO] [stdout]    |
[INFO] [stdout]    = note: see issue #48556 <https://github.com/rust-lang/rust/issues/48556> for more information
[INFO] [stdout]    = help: add `#![feature(stdsimd)]` to the crate attributes to enable
[INFO] [stdout]    = note: this compiler was built on 2024-02-04; consider upgrading it if it is out of date
[INFO] [stdout] 
[INFO] [stdout] 
[INFO] [stdout] error[E0658]: use of unstable library feature 'stdsimd'
[INFO] [stdout]   --> /opt/rustwide/cargo-home/registry/src/index.crates.io-6f17d22bba15001f/curve25519-dalek-4.1.2/src/backend/vector/ifma/field.rs:25:9
[INFO] [stdout]    |
[INFO] [stdout] 25 |     use core::arch::x86_64::_mm256_madd52lo_epu64;
[INFO] [stdout]    |         ^^^^^^^^^^^^^^^^^^^^^^^^^^^^^^^^^^^^^^^^^
[INFO] [stdout]    |
[INFO] [stdout]    = note: see issue #48556 <https://github.com/rust-lang/rust/issues/48556> for more information
[INFO] [stdout]    = help: add `#![feature(stdsimd)]` to the crate attributes to enable
[INFO] [stdout]    = note: this compiler was built on 2024-02-04; consider upgrading it if it is out of date
[INFO] [stdout] 
[INFO] [stdout] 
[INFO] [stdout] error[E0658]: use of unstable library feature 'stdsimd'
[INFO] [stdout]   --> /opt/rustwide/cargo-home/registry/src/index.crates.io-6f17d22bba15001f/curve25519-dalek-4.1.2/src/backend/vector/ifma/field.rs:34:5
[INFO] [stdout]    |
[INFO] [stdout] 34 |     _mm256_madd52hi_epu64(z.into(), x.into(), y.into()).into()
[INFO] [stdout]    |     ^^^^^^^^^^^^^^^^^^^^^
[INFO] [stdout]    |
[INFO] [stdout]    = note: see issue #48556 <https://github.com/rust-lang/rust/issues/48556> for more information
[INFO] [stdout]    = help: add `#![feature(stdsimd)]` to the crate attributes to enable
[INFO] [stdout]    = note: this compiler was built on 2024-02-04; consider upgrading it if it is out of date
[INFO] [stdout] 
[INFO] [stdout] 
[INFO] [stdout] error[E0658]: use of unstable library feature 'stdsimd'
[INFO] [stdout]   --> /opt/rustwide/cargo-home/registry/src/index.crates.io-6f17d22bba15001f/curve25519-dalek-4.1.2/src/backend/vector/ifma/field.rs:33:9
[INFO] [stdout]    |
[INFO] [stdout] 33 |     use core::arch::x86_64::_mm256_madd52hi_epu64;
[INFO] [stdout]    |         ^^^^^^^^^^^^^^^^^^^^^^^^^^^^^^^^^^^^^^^^^
[INFO] [stdout]    |
[INFO] [stdout]    = note: see issue #48556 <https://github.com/rust-lang/rust/issues/48556> for more information
[INFO] [stdout]    = help: add `#![feature(stdsimd)]` to the crate attributes to enable
[INFO] [stdout]    = note: this compiler was built on 2024-02-04; consider upgrading it if it is out of date
[INFO] [stdout] 
[INFO] [stdout] 
[INFO] [stdout] error[E0635]: unknown feature `stdarch_x86_avx512`
[INFO] [stdout]   --> /opt/rustwide/cargo-home/registry/src/index.crates.io-6f17d22bba15001f/curve25519-dalek-4.1.2/src/lib.rs:19:13
[INFO] [stdout]    |
[INFO] [stdout] 19 |     feature(stdarch_x86_avx512)
[INFO] [stdout]    |             ^^^^^^^^^^^^^^^^^^
[INFO] [stdout] 
[INFO] [stdout] 
[INFO] [stdout] error: aborting due to 5 previous errors
[INFO] [stdout] 
[INFO] [stdout] 
[INFO] [stdout] Some errors have detailed explanations: E0635, E0658.
[INFO] [stdout] 
[INFO] [stdout] For more information about an error, try `rustc --explain E0635`.
[INFO] [stdout] 
[INFO] [stderr] error: could not compile `curve25519-dalek` (lib) due to 6 previous errors
[INFO] [stderr] warning: build failed, waiting for other jobs to finish...
[INFO] running `Command { std: "docker" "inspect" "26b23d784eee636bb04017f621e5dd83b3cfe204f6c8f831ad02367b831fac0a", kill_on_drop: false }`
[INFO] running `Command { std: "docker" "rm" "-f" "26b23d784eee636bb04017f621e5dd83b3cfe204f6c8f831ad02367b831fac0a", kill_on_drop: false }`
[INFO] [stdout] 26b23d784eee636bb04017f621e5dd83b3cfe204f6c8f831ad02367b831fac0a
