[INFO] fetching crate sos-net 0.7.0...
[INFO] checking sos-net-0.7.0 against nightly-2024-02-05 for check-cfg-2
[INFO] extracting crate sos-net 0.7.0 into /workspace/builds/worker-4-tc1/source
[INFO] validating manifest of crates.io crate sos-net 0.7.0 on toolchain nightly-2024-02-05
[INFO] running `Command { std: CARGO_HOME="/workspace/cargo-home" RUSTUP_HOME="/workspace/rustup-home" "/workspace/cargo-home/bin/cargo" "+nightly-2024-02-05" "metadata" "--manifest-path" "Cargo.toml" "--no-deps", kill_on_drop: false }`
[INFO] started tweaking crates.io crate sos-net 0.7.0
[INFO] finished tweaking crates.io crate sos-net 0.7.0
[INFO] tweaked toml for crates.io crate sos-net 0.7.0 written to /workspace/builds/worker-4-tc1/source/Cargo.toml
[INFO] running `Command { std: CARGO_HOME="/workspace/cargo-home" RUSTUP_HOME="/workspace/rustup-home" "/workspace/cargo-home/bin/cargo" "+nightly-2024-02-05" "generate-lockfile" "--manifest-path" "Cargo.toml", kill_on_drop: false }`
[INFO] [stderr]     Updating crates.io index
[INFO] running `Command { std: CARGO_HOME="/workspace/cargo-home" RUSTUP_HOME="/workspace/rustup-home" "/workspace/cargo-home/bin/cargo" "+nightly-2024-02-05" "fetch" "--manifest-path" "Cargo.toml", kill_on_drop: false }`
[INFO] [stderr]  Downloading crates ...
[INFO] [stderr]   Downloaded totp-rs v5.5.1
[INFO] [stderr]   Downloaded fixed-hash v0.7.0
[INFO] [stderr]   Downloaded hex_fmt v0.3.0
[INFO] [stderr]   Downloaded probly-search v2.0.0-alpha-2
[INFO] [stderr]   Downloaded enum-as-inner v0.5.1
[INFO] [stderr]   Downloaded axum-macros v0.3.8
[INFO] [stderr]   Downloaded impl-rlp v0.3.0
[INFO] [stderr]   Downloaded trust-dns-proto v0.23.2
[INFO] [stderr]   Downloaded urn v0.7.0
[INFO] [stderr]   Downloaded serde_path_to_error v0.1.15
[INFO] [stderr]   Downloaded if-watch v3.2.0
[INFO] [stderr]   Downloaded axum-server v0.5.1
[INFO] [stderr]   Downloaded der-parser v8.2.0
[INFO] [stderr]   Downloaded asn1-rs v0.5.2
[INFO] [stderr]   Downloaded fancy-regex v0.11.0
[INFO] [stderr]   Downloaded x509-parser v0.15.1
[INFO] [stderr]   Downloaded serde_with v3.6.0
[INFO] [stderr]   Downloaded zxcvbn v2.2.2
[INFO] [stderr]   Downloaded libp2p-gossipsub v0.45.2
[INFO] [stderr]   Downloaded netlink-packet-route v0.12.0
[INFO] [stderr]   Downloaded windows v0.51.1
[INFO] [stderr]   Downloaded libp2p-rendezvous v0.13.1
[INFO] [stderr]   Downloaded sos-migrate v0.7.1
[INFO] [stderr]   Downloaded unic-langid-impl v0.9.4
[INFO] [stderr]   Downloaded tower-http v0.3.5
[INFO] [stderr]   Downloaded chbs v0.1.1
[INFO] [stderr]   Downloaded libp2p v0.52.4
[INFO] [stderr]   Downloaded libp2p-swarm v0.43.7
[INFO] [stderr]   Downloaded netlink-sys v0.8.5
[INFO] [stderr]   Downloaded bimap v0.6.3
[INFO] [stderr]   Downloaded intl_pluralrules v7.0.2
[INFO] [stderr]   Downloaded xdg v2.5.2
[INFO] [stderr]   Downloaded asynchronous-codec v0.6.2
[INFO] [stderr]   Downloaded logos-derive v0.12.1
[INFO] [stderr]   Downloaded mpc-protocol v0.4.1
[INFO] [stderr]   Downloaded netlink-packet-core v0.4.2
[INFO] [stderr]   Downloaded multihash v0.19.1
[INFO] [stderr]   Downloaded cookie-factory v0.3.2
[INFO] [stderr]   Downloaded quick-error v2.0.1
[INFO] [stderr]   Downloaded pem v3.0.3
[INFO] [stderr]   Downloaded beef v0.5.2
[INFO] [stderr]   Downloaded argon2 v0.5.3
[INFO] [stderr]   Downloaded derive_builder_core v0.10.2
[INFO] [stderr]   Downloaded libp2p-dns v0.40.1
[INFO] [stderr]   Downloaded lru v0.12.2
[INFO] [stderr]   Downloaded tinystr v0.7.5
[INFO] [stderr]   Downloaded libp2p-identify v0.43.1
[INFO] [stderr]   Downloaded age v0.9.2
[INFO] [stderr]   Downloaded rust-embed v6.8.1
[INFO] [stderr]   Downloaded snow v0.9.6
[INFO] [stderr]   Downloaded libp2p-yamux v0.44.1
[INFO] [stderr]   Downloaded i18n-config v0.4.6
[INFO] [stderr]   Downloaded io_tee v0.1.1
[INFO] [stderr]   Downloaded derive_builder_macro v0.10.2
[INFO] [stderr]   Downloaded file-guard v0.1.0
[INFO] [stderr]   Downloaded libp2p-allow-block-list v0.2.0
[INFO] [stderr]   Downloaded libp2p-connection-limits v0.2.1
[INFO] [stderr]   Downloaded futures-bounded v0.1.0
[INFO] [stderr]   Downloaded proc-macro-warning v0.4.2
[INFO] [stderr]   Downloaded pem v2.0.1
[INFO] [stderr]   Downloaded binary-stream v8.3.0
[INFO] [stderr]   Downloaded libp2p-mdns v0.44.0
[INFO] [stderr]   Downloaded qrcodegen v1.8.0
[INFO] [stderr]   Downloaded x25519-dalek v2.0.1
[INFO] [stderr]   Downloaded trust-dns-proto v0.22.0
[INFO] [stderr]   Downloaded libp2p-request-response v0.25.3
[INFO] [stderr]   Downloaded sos-sdk v0.7.0
[INFO] [stderr]   Downloaded attohttpc v0.24.1
[INFO] [stderr]   Downloaded whoami v1.4.1
[INFO] [stderr]   Downloaded prometheus-client v0.21.2
[INFO] [stderr]   Downloaded derivative v1.0.4
[INFO] [stderr]   Downloaded xmltree v0.10.3
[INFO] [stderr]   Downloaded trust-dns-resolver v0.23.2
[INFO] [stderr]   Downloaded vcard4 v0.4.4
[INFO] [stderr]   Downloaded libp2p-core v0.40.1
[INFO] [stderr]   Downloaded libp2p-swarm-derive v0.33.0
[INFO] [stderr]   Downloaded rcgen v0.10.0
[INFO] [stderr]   Downloaded dtoa v1.0.9
[INFO] [stderr]   Downloaded unic-langid v0.9.4
[INFO] [stderr]   Downloaded igd-next v0.14.3
[INFO] [stderr]   Downloaded i18n-embed v0.13.9
[INFO] [stderr]   Downloaded yasna v0.5.2
[INFO] [stderr]   Downloaded quick-xml v0.31.0
[INFO] [stderr]   Downloaded plist v1.6.0
[INFO] [stderr]   Downloaded rtnetlink v0.10.1
[INFO] [stderr]   Downloaded libp2p-kad v0.44.6
[INFO] [stderr]   Downloaded fluent-syntax v0.11.0
[INFO] [stderr]   Downloaded password-hash v0.5.0
[INFO] [stderr]   Downloaded async_zip v0.0.15
[INFO] [stderr]   Downloaded yamux v0.12.1
[INFO] [stderr]   Downloaded ed25519-dalek v2.1.1
[INFO] [stderr]   Downloaded fluent-bundle v0.15.2
[INFO] [stderr]   Downloaded language-tags v0.3.2
[INFO] [stderr]   Downloaded quick-protobuf v0.8.1
[INFO] [stderr]   Downloaded csv-async v1.2.6
[INFO] [stderr]   Downloaded web3-signature v0.4.0
[INFO] [stderr]   Downloaded nonzero_ext v0.1.5
[INFO] [stderr]   Downloaded qrcodegen-image v1.3.0
[INFO] [stderr]   Downloaded libp2p-metrics v0.13.1
[INFO] [stderr]   Downloaded sanitize-filename v0.4.0
[INFO] [stderr]   Downloaded libp2p-tcp v0.40.1
[INFO] [stderr]   Downloaded thiserror-impl-no-std v2.0.2
[INFO] [stderr]   Downloaded futures-ticker v0.0.3
[INFO] [stderr]   Downloaded libp2p-quic v0.9.3
[INFO] [stderr]   Downloaded futures-rustls v0.24.0
[INFO] [stderr]   Downloaded oid-registry v0.6.1
[INFO] [stderr]   Downloaded age-core v0.9.0
[INFO] [stderr]   Downloaded libp2p-upnp v0.1.1
[INFO] [stderr]   Downloaded scrypt v0.10.0
[INFO] [stderr]   Downloaded line-wrap v0.1.1
[INFO] [stderr]   Downloaded rusticata-macros v4.1.0
[INFO] [stderr]   Downloaded quick-protobuf-codec v0.2.0
[INFO] [stderr]   Downloaded netlink-packet-utils v0.5.2
[INFO] [stderr]   Downloaded fluent v0.16.0
[INFO] [stderr]   Downloaded async-recursion v1.0.5
[INFO] [stderr]   Downloaded app_dirs2 v2.5.5
[INFO] [stderr]   Downloaded netlink-proto v0.10.0
[INFO] [stderr]   Downloaded derive_builder v0.10.2
[INFO] [stderr]   Downloaded logos v0.12.1
[INFO] [stderr]   Downloaded rs_merkle v1.4.2
[INFO] [stderr]   Downloaded ethereum-types v0.13.1
[INFO] [stderr]   Downloaded pem v1.1.1
[INFO] [stderr]   Downloaded i18n-embed-impl v0.8.3
[INFO] [stderr]   Downloaded asn1-rs-derive v0.4.0
[INFO] [stderr]   Downloaded asn1-rs-impl v0.1.0
[INFO] [stderr]   Downloaded rw-stream-sink v0.4.0
[INFO] [stderr]   Downloaded unsigned-varint v0.7.2
[INFO] [stderr]   Downloaded self_cell v1.0.3
[INFO] [stderr]   Downloaded i18n-embed-fl v0.6.7
[INFO] [stderr]   Downloaded serde_with_macros v3.6.0
[INFO] [stderr]   Downloaded libp2p-noise v0.43.2
[INFO] [stderr]   Downloaded typed-generational-arena v0.2.5
[INFO] [stderr]   Downloaded if-addrs v0.10.2
[INFO] [stderr]   Downloaded multiaddr v0.18.1
[INFO] [stderr]   Downloaded thiserror-no-std v2.0.2
[INFO] [stderr]   Downloaded vsss-rs v3.3.4
[INFO] [stderr]   Downloaded ethbloom v0.12.1
[INFO] [stderr]   Downloaded prometheus-client-derive-encode v0.4.2
[INFO] [stderr]   Downloaded primitive-types v0.11.1
[INFO] [stderr]   Downloaded matches v0.1.10
[INFO] [stderr]   Downloaded safemem v0.3.3
[INFO] [stderr]   Downloaded fluent-langneg v0.13.0
[INFO] [stderr]   Downloaded self_cell v0.10.3
[INFO] [stderr]   Downloaded rust-embed-impl v6.8.1
[INFO] [stderr]   Downloaded rust-embed-utils v7.8.1
[INFO] [stderr]   Downloaded balloon-hash v0.4.0
[INFO] [stderr]   Downloaded web3-address v0.6.0
[INFO] [stderr]   Downloaded urlencoding v2.1.3
[INFO] [stderr]   Downloaded constant_time_eq v0.2.6
[INFO] [stderr]   Downloaded type-map v0.4.0
[INFO] [stderr]   Downloaded libp2p-tls v0.2.1
[INFO] [stderr]   Downloaded multistream-select v0.13.0
[INFO] [stderr]   Downloaded intl-memoizer v0.5.1
[INFO] [stderr]   Downloaded jni v0.21.1
[INFO] [stderr]   Downloaded libp2p-identity v0.2.8
[INFO] [stderr]   Downloaded core2 v0.4.0
[INFO] [stderr]   Downloaded proc-macro-crate v2.0.0
[INFO] running `Command { std: "docker" "create" "-v" "/var/lib/crater-agent-workspace/builds/worker-4-tc1/target:/opt/rustwide/target:rw,Z" "-v" "/var/lib/crater-agent-workspace/builds/worker-4-tc1/source:/opt/rustwide/workdir:ro,Z" "-v" "/var/lib/crater-agent-workspace/cargo-home:/opt/rustwide/cargo-home:ro,Z" "-v" "/var/lib/crater-agent-workspace/rustup-home:/opt/rustwide/rustup-home:ro,Z" "-e" "SOURCE_DIR=/opt/rustwide/workdir" "-e" "CARGO_TARGET_DIR=/opt/rustwide/target" "-e" "CARGO_HOME=/opt/rustwide/cargo-home" "-e" "RUSTUP_HOME=/opt/rustwide/rustup-home" "-w" "/opt/rustwide/workdir" "-m" "1610612736" "--user" "0:0" "--network" "none" "ghcr.io/rust-lang/crates-build-env/linux@sha256:2788e3201cd34a07e3172128adcd8b3090168a8e3bcc40d7c032b9dda1df7d1c" "/opt/rustwide/cargo-home/bin/cargo" "+nightly-2024-02-05" "metadata" "--no-deps" "--format-version=1", kill_on_drop: false }`
[INFO] [stdout] f10df08dcf99a4e873026038f14716406514ac767d7b55cbc974ce096357ab15
[INFO] running `Command { std: "docker" "start" "-a" "f10df08dcf99a4e873026038f14716406514ac767d7b55cbc974ce096357ab15", kill_on_drop: false }`
[INFO] running `Command { std: "docker" "inspect" "f10df08dcf99a4e873026038f14716406514ac767d7b55cbc974ce096357ab15", kill_on_drop: false }`
[INFO] running `Command { std: "docker" "rm" "-f" "f10df08dcf99a4e873026038f14716406514ac767d7b55cbc974ce096357ab15", kill_on_drop: false }`
[INFO] [stdout] f10df08dcf99a4e873026038f14716406514ac767d7b55cbc974ce096357ab15
[INFO] running `Command { std: "docker" "create" "-v" "/var/lib/crater-agent-workspace/builds/worker-4-tc1/target:/opt/rustwide/target:rw,Z" "-v" "/var/lib/crater-agent-workspace/builds/worker-4-tc1/source:/opt/rustwide/workdir:ro,Z" "-v" "/var/lib/crater-agent-workspace/cargo-home:/opt/rustwide/cargo-home:ro,Z" "-v" "/var/lib/crater-agent-workspace/rustup-home:/opt/rustwide/rustup-home:ro,Z" "-e" "SOURCE_DIR=/opt/rustwide/workdir" "-e" "CARGO_TARGET_DIR=/opt/rustwide/target" "-e" "CARGO_INCREMENTAL=0" "-e" "RUST_BACKTRACE=full" "-e" "RUSTFLAGS=--cap-lints=forbid" "-e" "RUSTDOCFLAGS=--cap-lints=forbid" "-e" "CARGO_HOME=/opt/rustwide/cargo-home" "-e" "RUSTUP_HOME=/opt/rustwide/rustup-home" "-w" "/opt/rustwide/workdir" "-m" "1610612736" "--user" "0:0" "--network" "none" "ghcr.io/rust-lang/crates-build-env/linux@sha256:2788e3201cd34a07e3172128adcd8b3090168a8e3bcc40d7c032b9dda1df7d1c" "/opt/rustwide/cargo-home/bin/cargo" "+nightly-2024-02-05" "check" "--frozen" "--all" "--all-targets" "--message-format=json", kill_on_drop: false }`
[INFO] [stdout] 905cec22a1f434db9c05af2d5732d410d49518515c39e7e193e5365ce75a79fe
[INFO] running `Command { std: "docker" "start" "-a" "905cec22a1f434db9c05af2d5732d410d49518515c39e7e193e5365ce75a79fe", kill_on_drop: false }`
[INFO] [stderr]    Compiling libc v0.2.153
[INFO] [stderr]     Checking subtle v2.5.0
[INFO] [stderr]    Compiling syn v1.0.109
[INFO] [stderr]     Checking memchr v2.7.1
[INFO] [stderr]    Compiling serde v1.0.196
[INFO] [stderr]     Checking const-oid v0.9.6
[INFO] [stderr]     Checking pin-project-lite v0.2.13
[INFO] [stderr]     Checking bytes v1.5.0
[INFO] [stderr]    Compiling generic-array v0.14.7
[INFO] [stderr]    Compiling thiserror v1.0.56
[INFO] [stderr]    Compiling slab v0.4.9
[INFO] [stderr]     Checking futures-io v0.3.30
[INFO] [stderr]     Checking futures-core v0.3.30
[INFO] [stderr]     Checking futures-sink v0.3.30
[INFO] [stderr]    Compiling syn v2.0.48
[INFO] [stderr]     Checking futures-task v0.3.30
[INFO] [stderr]     Checking pin-utils v0.1.0
[INFO] [stderr]     Checking byteorder v1.5.0
[INFO] [stderr]     Checking once_cell v1.19.0
[INFO] [stderr]     Checking ppv-lite86 v0.2.17
[INFO] [stderr]    Compiling semver v1.0.21
[INFO] [stderr]     Checking log v0.4.20
[INFO] [stderr]     Checking futures-channel v0.3.30
[INFO] [stderr]    Compiling lock_api v0.4.11
[INFO] [stderr]    Compiling parking_lot_core v0.9.9
[INFO] [stderr]     Checking tinyvec_macros v0.1.1
[INFO] [stderr]     Checking tracing-core v0.1.32
[INFO] [stderr]     Checking tinyvec v1.6.0
[INFO] [stderr]    Compiling platforms v3.3.0
[INFO] [stderr]     Checking unicode-bidi v0.3.15
[INFO] [stderr]     Checking percent-encoding v2.3.1
[INFO] [stderr]     Checking scopeguard v1.2.0
[INFO] [stderr]     Checking data-encoding v2.5.0
[INFO] [stderr]     Checking fnv v1.0.7
[INFO] [stderr]     Checking form_urlencoded v1.2.1
[INFO] [stderr]     Checking itoa v1.0.10
[INFO] [stderr]     Checking core2 v0.4.0
[INFO] [stderr]     Checking quick-protobuf v0.8.1
[INFO] [stderr]     Checking either v1.9.0
[INFO] [stderr]     Checking base-x v0.2.11
[INFO] [stderr]     Checking bs58 v0.5.0
[INFO] [stderr]     Checking futures-timer v3.0.2
[INFO] [stderr]    Compiling num-traits v0.2.18
[INFO] [stderr]     Checking untrusted v0.9.0
[INFO] [stderr]    Compiling rustc_version v0.4.0
[INFO] [stderr]     Checking spin v0.9.8
[INFO] [stderr]     Checking instant v0.1.12
[INFO] [stderr]     Checking void v1.0.2
[INFO] [stderr]     Checking powerfmt v0.2.0
[INFO] [stderr]    Compiling num-conv v0.1.0
[INFO] [stderr]    Compiling time-core v0.1.2
[INFO] [stderr]     Checking lazy_static v1.4.0
[INFO] [stderr]     Checking num_threads v0.1.6
[INFO] [stderr]     Checking base64 v0.21.7
[INFO] [stderr]     Checking minimal-lexical v0.2.1
[INFO] [stderr]    Compiling proc-macro-warning v0.4.2
[INFO] [stderr]     Checking bitflags v1.3.2
[INFO] [stderr]     Checking opaque-debug v0.3.0
[INFO] [stderr]    Compiling time-macros v0.2.17
[INFO] [stderr]     Checking rustc-hash v1.1.0
[INFO] [stderr]    Compiling async-trait v0.1.77
[INFO] [stderr]    Compiling rustls v0.21.10
[INFO] [stderr]    Compiling crunchy v0.2.2
[INFO] [stderr]     Checking unicode-normalization v0.1.22
[INFO] [stderr]    Compiling curve25519-dalek v4.1.2
[INFO] [stderr]     Checking nom v7.1.3
[INFO] [stderr]    Compiling anyhow v1.0.79
[INFO] [stderr]    Compiling cpufeatures v0.2.12
[INFO] [stderr]    Compiling cc v1.0.83
[INFO] [stderr]     Checking simd-adler32 v0.3.7
[INFO] [stderr]    Compiling crc32fast v1.3.2
[INFO] [stderr]    Compiling same-file v1.0.6
[INFO] [stderr]     Checking aho-corasick v1.1.2
[INFO] [stderr]     Checking adler v1.0.2
[INFO] [stderr]    Compiling getrandom v0.1.16
[INFO] [stderr]    Compiling crypto-common v0.1.6
[INFO] [stderr]    Compiling block-buffer v0.10.4
[INFO] [stderr]    Compiling walkdir v2.4.0
[INFO] [stderr]     Checking regex-syntax v0.8.2
[INFO] [stderr]     Checking idna v0.5.0
[INFO] [stderr]    Compiling unicode-xid v0.2.4
[INFO] [stderr]    Compiling digest v0.10.7
[INFO] [stderr]     Checking miniz_oxide v0.7.2
[INFO] [stderr]    Compiling proc-macro-error-attr v1.0.4
[INFO] [stderr]     Checking getrandom v0.2.12
[INFO] [stderr]     Checking num_cpus v1.16.0
[INFO] [stderr]     Checking socket2 v0.5.5
[INFO] [stderr]     Checking mio v0.8.10
[INFO] [stderr]     Checking rand_core v0.6.4
[INFO] [stderr]    Compiling sha2 v0.10.8
[INFO] [stderr]     Checking rand_chacha v0.3.1
[INFO] [stderr]     Checking ff v0.13.0
[INFO] [stderr]     Checking arrayvec v0.7.4
[INFO] [stderr]     Checking parking_lot v0.12.1
[INFO] [stderr]     Checking base16ct v0.2.0
[INFO] [stderr]    Compiling rust-embed-utils v7.8.1
[INFO] [stderr]     Checking rustc-hex v2.1.0
[INFO] [stderr]     Checking rand v0.8.5
[INFO] [stderr]    Compiling proc-macro2 v0.4.30
[INFO] [stderr]     Checking base64 v0.13.1
[INFO] [stderr]     Checking flate2 v1.0.28
[INFO] [stderr]    Compiling type-map v0.4.0
[INFO] [stderr]     Checking group v0.13.0
[INFO] [stderr]    Compiling proc-macro-error v1.0.4
[INFO] [stderr]    Compiling num-bigint v0.4.4
[INFO] [stderr]    Compiling unicase v2.7.0
[INFO] [stderr]     Checking untrusted v0.7.1
[INFO] [stderr]     Checking ipnet v2.9.0
[INFO] [stderr]     Checking spin v0.5.2
[INFO] [stderr]    Compiling self_cell v1.0.3
[INFO] [stderr]    Compiling unicode-xid v0.1.0
[INFO] [stderr]    Compiling self_cell v0.10.3
[INFO] [stderr]     Checking rand_core v0.5.1
[INFO] [stderr]     Checking num-integer v0.1.46
[INFO] [stderr]     Checking rlp v0.5.2
[INFO] [stderr]     Checking rusticata-macros v4.1.0
[INFO] [stderr]    Compiling snow v0.9.6
[INFO] [stderr]    Compiling ring v0.17.7
[INFO] [stderr]    Compiling ring v0.16.20
[INFO] [stderr]    Compiling ahash v0.8.7
[INFO] [stderr]    Compiling tiny-keccak v2.0.2
[INFO] [stderr]    Compiling syn v0.15.44
[INFO] [stderr]    Compiling oid-registry v0.6.1
[INFO] [stderr]     Checking impl-rlp v0.3.0
[INFO] [stderr]     Checking fixed-hash v0.7.0
[INFO] [stderr]    Compiling quote v0.6.13
[INFO] [stderr]     Checking nix v0.24.3
[INFO] [stderr]     Checking fdeflate v0.3.4
[INFO] [stderr]    Compiling ahash v0.7.7
[INFO] [stderr]     Checking match_cfg v0.1.0
[INFO] [stderr]     Checking zerocopy v0.7.32
[INFO] [stderr]     Checking hostname v0.3.1
[INFO] [stderr]     Checking regex-automata v0.4.5
[INFO] [stderr]     Checking pem v1.1.1
[INFO] [stderr]     Checking png v0.17.11
[INFO] [stderr]     Checking idna v0.4.0
[INFO] [stderr]    Compiling binary-stream v8.3.0
[INFO] [stderr]     Checking http v0.2.11
[INFO] [stderr]    Compiling regex-syntax v0.6.29
[INFO] [stderr]    Compiling darling_core v0.20.5
[INFO] [stderr]     Checking linked-hash-map v0.5.6
[INFO] [stderr]    Compiling httparse v1.8.0
[INFO] [stderr]     Checking quick-error v1.2.3
[INFO] [stderr]    Compiling rustix v0.38.31
[INFO] [stderr]     Checking color_quant v1.1.0
[INFO] [stderr]     Checking base64ct v1.6.0
[INFO] [stderr]     Checking allocator-api2 v0.2.16
[INFO] [stderr]     Checking bit-vec v0.6.3
[INFO] [stderr]    Compiling arc-swap v1.6.0
[INFO] [stderr]     Checking bytemuck v1.14.2
[INFO] [stderr]    Compiling synstructure v0.12.6
[INFO] [stderr]    Compiling darling_core v0.14.4
[INFO] [stderr]    Compiling darling_core v0.12.4
[INFO] [stderr]    Compiling beef v0.5.2
[INFO] [stderr]    Compiling prometheus-client v0.21.2
[INFO] [stderr]     Checking image v0.24.8
[INFO] [stderr]     Checking hashbrown v0.14.3
[INFO] [stderr]    Compiling dashmap v5.5.3
[INFO] [stderr]     Checking bit-set v0.5.3
[INFO] [stderr]     Checking password-hash v0.5.0
[INFO] [stderr]     Checking lru-cache v0.1.2
[INFO] [stderr]     Checking resolv-conf v0.7.0
[INFO] [stderr]    Compiling mime_guess v2.0.4
[INFO] [stderr]     Checking rand_chacha v0.2.2
[INFO] [stderr]     Checking qrcodegen v1.8.0
[INFO] [stderr]     Checking regex v1.10.3
[INFO] [stderr]     Checking cfg-if v0.1.10
[INFO] [stderr]     Checking dtoa v1.0.9
[INFO] [stderr]     Checking bitflags v2.4.2
[INFO] [stderr]     Checking cookie-factory v0.3.2
[INFO] [stderr]     Checking io_tee v0.1.1
[INFO] [stderr]     Checking nonzero_ext v0.1.5
[INFO] [stderr]     Checking nohash-hasher v0.2.0
[INFO] [stderr]     Checking linux-raw-sys v0.4.13
[INFO] [stderr]     Checking fancy-regex v0.11.0
[INFO] [stderr]     Checking rand v0.7.3
[INFO] [stderr]     Checking hashbrown v0.12.3
[INFO] [stderr]     Checking qrcodegen-image v1.3.0
[INFO] [stderr]    Compiling serde_json v1.0.113
[INFO] [stderr]     Checking lru v0.12.2
[INFO] [stderr]     Checking async-compression v0.3.15
[INFO] [stderr]     Checking pem v2.0.1
[INFO] [stderr]     Checking rustls-pemfile v1.0.4
[INFO] [stderr]    Compiling sos-sdk v0.7.0
[INFO] [stderr]     Checking itertools v0.10.5
[INFO] [stderr]     Checking aho-corasick v0.7.20
[INFO] [stderr]     Checking quick-error v2.0.1
[INFO] [stderr]     Checking ryu v1.0.16
[INFO] [stderr]     Checking unicode-segmentation v1.11.0
[INFO] [stderr]     Checking urlencoding v2.1.3
[INFO] [stderr]     Checking bech32 v0.9.1
[INFO] [stderr]     Checking hex_fmt v0.3.0
[INFO] [stderr]     Checking overload v0.1.1
[INFO] [stderr]     Checking base32 v0.4.0
[INFO] [stderr]    Compiling zeroize_derive v1.4.2
[INFO] [stderr]    Compiling serde_derive v1.0.196
[INFO] [stderr]    Compiling thiserror-impl v1.0.56
[INFO] [stderr]    Compiling futures-macro v0.3.30
[INFO] [stderr]    Compiling displaydoc v0.2.4
[INFO] [stderr]    Compiling tracing-attributes v0.1.27
[INFO] [stderr]    Compiling tokio-macros v2.2.0
[INFO] [stderr]    Compiling curve25519-dalek-derive v0.1.1
[INFO] [stderr]    Compiling pin-project-internal v1.1.4
[INFO] [stderr]    Compiling libp2p-swarm-derive v0.33.0
[INFO] [stderr]    Compiling rust-embed-impl v6.8.1
[INFO] [stderr]     Checking sct v0.7.1
[INFO] [stderr]     Checking rustls-webpki v0.101.7
[INFO] [stderr]    Compiling data-encoding-macro-internal v0.1.12
[INFO] [stderr]    Compiling asn1-rs-derive v0.4.0
[INFO] [stderr]    Compiling asn1-rs-impl v0.1.0
[INFO] [stderr]    Compiling tinystr v0.7.5
[INFO] [stderr]     Checking tokio v1.36.0
[INFO] [stderr]     Checking zeroize v1.7.0
[INFO] [stderr]    Compiling darling_macro v0.14.4
[INFO] [stderr]     Checking unic-langid-impl v0.9.4
[INFO] [stderr]     Checking der v0.7.8
[INFO] [stderr]     Checking unic-langid v0.9.4
[INFO] [stderr]     Checking futures-util v0.3.30
[INFO] [stderr]    Compiling darling_macro v0.12.4
[INFO] [stderr]     Checking data-encoding-macro v0.1.14
[INFO] [stderr]     Checking multibase v0.9.1
[INFO] [stderr]    Compiling impl-trait-for-tuples v0.2.2
[INFO] [stderr]    Compiling darling_macro v0.20.5
[INFO] [stderr]     Checking netlink-packet-utils v0.5.2
[INFO] [stderr]    Compiling fluent-syntax v0.11.0
[INFO] [stderr]     Checking netlink-packet-core v0.4.2
[INFO] [stderr]     Checking tracing v0.1.40
[INFO] [stderr]     Checking pin-project v1.1.4
[INFO] [stderr]     Checking inout v0.1.3
[INFO] [stderr]     Checking universal-hash v0.5.1
[INFO] [stderr]     Checking aead v0.5.2
[INFO] [stderr]     Checking cipher v0.4.4
[INFO] [stderr]     Checking crypto-bigint v0.5.5
[INFO] [stderr]    Compiling darling v0.14.4
[INFO] [stderr]     Checking netlink-packet-route v0.12.0
[INFO] [stderr]     Checking poly1305 v0.8.0
[INFO] [stderr]     Checking polyval v0.6.1
[INFO] [stderr]     Checking intl_pluralrules v7.0.2
[INFO] [stderr]     Checking hmac v0.12.1
[INFO] [stderr]     Checking signature v2.2.0
[INFO] [stderr]     Checking spki v0.7.3
[INFO] [stderr]     Checking chacha20 v0.9.1
[INFO] [stderr]     Checking sec1 v0.7.3
[INFO] [stderr]     Checking ed25519 v2.2.3
[INFO] [stderr]     Checking aes v0.8.3
[INFO] [stderr]     Checking hkdf v0.12.4
[INFO] [stderr]     Checking pkcs8 v0.10.2
[INFO] [stderr]     Checking ctr v0.9.2
[INFO] [stderr]     Checking chacha20poly1305 v0.10.1
[INFO] [stderr]     Checking ghash v0.5.0
[INFO] [stderr]     Checking blake2 v0.10.6
[INFO] [stderr]     Checking rfc6979 v0.4.0
[INFO] [stderr]    Compiling darling v0.12.4
[INFO] [stderr]     Checking intl-memoizer v0.5.1
[INFO] [stderr]     Checking fluent-langneg v0.13.0
[INFO] [stderr]    Compiling darling v0.20.5
[INFO] [stderr]    Compiling derive_builder_core v0.10.2
[INFO] [stderr]     Checking sha1 v0.10.6
[INFO] [stderr]    Compiling derive_builder_core v0.12.0
[INFO] [stderr]     Checking digest v0.9.0
[INFO] [stderr]     Checking fluent-bundle v0.15.2
[INFO] [stdout] error[E0658]: use of unstable library feature 'stdsimd'
[INFO] [stdout]   --> /opt/rustwide/cargo-home/registry/src/index.crates.io-6f17d22bba15001f/curve25519-dalek-4.1.2/src/backend/vector/ifma/field.rs:26:5
[INFO] [stdout]    |
[INFO] [stdout] 26 |     _mm256_madd52lo_epu64(z.into(), x.into(), y.into()).into()
[INFO] [stdout]    |     ^^^^^^^^^^^^^^^^^^^^^
[INFO] [stdout]    |
[INFO] [stdout]    = note: see issue #48556 <https://github.com/rust-lang/rust/issues/48556> for more information
[INFO] [stdout]    = help: add `#![feature(stdsimd)]` to the crate attributes to enable
[INFO] [stdout]    = note: this compiler was built on 2024-02-04; consider upgrading it if it is out of date
[INFO] [stdout] 
[INFO] [stdout] 
[INFO] [stdout] error[E0658]: use of unstable library feature 'stdsimd'
[INFO] [stdout]   --> /opt/rustwide/cargo-home/registry/src/index.crates.io-6f17d22bba15001f/curve25519-dalek-4.1.2/src/backend/vector/ifma/field.rs:25:9
[INFO] [stdout]    |
[INFO] [stdout] 25 |     use core::arch::x86_64::_mm256_madd52lo_epu64;
[INFO] [stdout]    |         ^^^^^^^^^^^^^^^^^^^^^^^^^^^^^^^^^^^^^^^^^
[INFO] [stdout]    |
[INFO] [stdout]    = note: see issue #48556 <https://github.com/rust-lang/rust/issues/48556> for more information
[INFO] [stdout]    = help: add `#![feature(stdsimd)]` to the crate attributes to enable
[INFO] [stdout]    = note: this compiler was built on 2024-02-04; consider upgrading it if it is out of date
[INFO] [stdout] 
[INFO] [stdout] 
[INFO] [stdout] error[E0658]: use of unstable library feature 'stdsimd'
[INFO] [stdout]   --> /opt/rustwide/cargo-home/registry/src/index.crates.io-6f17d22bba15001f/curve25519-dalek-4.1.2/src/backend/vector/ifma/field.rs:34:5
[INFO] [stdout]    |
[INFO] [stdout] 34 |     _mm256_madd52hi_epu64(z.into(), x.into(), y.into()).into()
[INFO] [stdout]    |     ^^^^^^^^^^^^^^^^^^^^^
[INFO] [stdout]    |
[INFO] [stdout]    = note: see issue #48556 <https://github.com/rust-lang/rust/issues/48556> for more information
[INFO] [stdout]    = help: add `#![feature(stdsimd)]` to the crate attributes to enable
[INFO] [stdout]    = note: this compiler was built on 2024-02-04; consider upgrading it if it is out of date
[INFO] [stdout] 
[INFO] [stdout] 
[INFO] [stdout] error[E0658]: use of unstable library feature 'stdsimd'
[INFO] [stdout]   --> /opt/rustwide/cargo-home/registry/src/index.crates.io-6f17d22bba15001f/curve25519-dalek-4.1.2/src/backend/vector/ifma/field.rs:33:9
[INFO] [stdout]    |
[INFO] [stdout] 33 |     use core::arch::x86_64::_mm256_madd52hi_epu64;
[INFO] [stdout]    |         ^^^^^^^^^^^^^^^^^^^^^^^^^^^^^^^^^^^^^^^^^
[INFO] [stdout]    |
[INFO] [stdout]    = note: see issue #48556 <https://github.com/rust-lang/rust/issues/48556> for more information
[INFO] [stdout]    = help: add `#![feature(stdsimd)]` to the crate attributes to enable
[INFO] [stdout]    = note: this compiler was built on 2024-02-04; consider upgrading it if it is out of date
[INFO] [stdout] 
[INFO] [stdout] 
[INFO] [stdout] error[E0635]: unknown feature `stdarch_x86_avx512`
[INFO] [stdout]   --> /opt/rustwide/cargo-home/registry/src/index.crates.io-6f17d22bba15001f/curve25519-dalek-4.1.2/src/lib.rs:19:13
[INFO] [stdout]    |
[INFO] [stdout] 19 |     feature(stdarch_x86_avx512)
[INFO] [stdout]    |             ^^^^^^^^^^^^^^^^^^
[INFO] [stdout] 
[INFO] [stdout] 
[INFO] [stderr]    Compiling rust-embed v6.8.1
[INFO] [stderr]    Compiling enum-as-inner v0.6.0
[INFO] [stderr]     Checking curve25519-dalek v3.2.0
[INFO] [stderr]     Checking salsa20 v0.10.2
[INFO] [stderr]     Checking pbkdf2 v0.11.0
[INFO] [stderr]     Checking quinn-udp v0.4.1
[INFO] [stderr]    Compiling thiserror-impl-no-std v2.0.2
[INFO] [stderr]     Checking aes-gcm v0.10.3
[INFO] [stderr]    Compiling logos-derive v0.12.1
[INFO] [stderr]    Compiling derivative v1.0.4
[INFO] [stderr]     Checking fluent v0.16.0
[INFO] [stderr]    Compiling prometheus-client-derive-encode v0.4.2
[INFO] [stdout] error: aborting due to 5 previous errors
[INFO] [stdout] 
[INFO] [stdout] 
[INFO] [stdout] Some errors have detailed explanations: E0635, E0658.
[INFO] [stdout] 
[INFO] [stderr]     Checking futures-rustls v0.24.0
[INFO] [stdout] For more information about an error, try `rustc --explain E0635`.
[INFO] [stdout] 
[INFO] [stderr] error: could not compile `curve25519-dalek` (lib) due to 6 previous errors
[INFO] [stderr] warning: build failed, waiting for other jobs to finish...
[INFO] running `Command { std: "docker" "inspect" "905cec22a1f434db9c05af2d5732d410d49518515c39e7e193e5365ce75a79fe", kill_on_drop: false }`
[INFO] running `Command { std: "docker" "rm" "-f" "905cec22a1f434db9c05af2d5732d410d49518515c39e7e193e5365ce75a79fe", kill_on_drop: false }`
[INFO] [stdout] 905cec22a1f434db9c05af2d5732d410d49518515c39e7e193e5365ce75a79fe
[INFO] checking sos-net-0.7.0 against nightly-2024-02-05+rustflags=-Dunexpected_cfgs+cargoflags=-Zcheck-cfg for check-cfg-2
[INFO] extracting crate sos-net 0.7.0 into /workspace/builds/worker-4-tc2/source
[INFO] validating manifest of crates.io crate sos-net 0.7.0 on toolchain nightly-2024-02-05
[INFO] running `Command { std: CARGO_HOME="/workspace/cargo-home" RUSTUP_HOME="/workspace/rustup-home" "/workspace/cargo-home/bin/cargo" "+nightly-2024-02-05" "metadata" "--manifest-path" "Cargo.toml" "--no-deps", kill_on_drop: false }`
[INFO] started tweaking crates.io crate sos-net 0.7.0
[INFO] finished tweaking crates.io crate sos-net 0.7.0
[INFO] tweaked toml for crates.io crate sos-net 0.7.0 written to /workspace/builds/worker-4-tc2/source/Cargo.toml
[INFO] running `Command { std: CARGO_HOME="/workspace/cargo-home" RUSTUP_HOME="/workspace/rustup-home" "/workspace/cargo-home/bin/cargo" "+nightly-2024-02-05" "generate-lockfile" "--manifest-path" "Cargo.toml", kill_on_drop: false }`
[INFO] [stderr]     Updating crates.io index
[INFO] running `Command { std: CARGO_HOME="/workspace/cargo-home" RUSTUP_HOME="/workspace/rustup-home" "/workspace/cargo-home/bin/cargo" "+nightly-2024-02-05" "fetch" "--manifest-path" "Cargo.toml", kill_on_drop: false }`
[INFO] [stderr]     Blocking waiting for file lock on package cache
[INFO] [stderr]     Blocking waiting for file lock on package cache
[INFO] running `Command { std: "docker" "create" "-v" "/var/lib/crater-agent-workspace/builds/worker-4-tc2/target:/opt/rustwide/target:rw,Z" "-v" "/var/lib/crater-agent-workspace/builds/worker-4-tc2/source:/opt/rustwide/workdir:ro,Z" "-v" "/var/lib/crater-agent-workspace/cargo-home:/opt/rustwide/cargo-home:ro,Z" "-v" "/var/lib/crater-agent-workspace/rustup-home:/opt/rustwide/rustup-home:ro,Z" "-e" "SOURCE_DIR=/opt/rustwide/workdir" "-e" "CARGO_TARGET_DIR=/opt/rustwide/target" "-e" "CARGO_HOME=/opt/rustwide/cargo-home" "-e" "RUSTUP_HOME=/opt/rustwide/rustup-home" "-w" "/opt/rustwide/workdir" "-m" "1610612736" "--user" "0:0" "--network" "none" "ghcr.io/rust-lang/crates-build-env/linux@sha256:2788e3201cd34a07e3172128adcd8b3090168a8e3bcc40d7c032b9dda1df7d1c" "/opt/rustwide/cargo-home/bin/cargo" "+nightly-2024-02-05" "metadata" "--no-deps" "--format-version=1", kill_on_drop: false }`
[INFO] [stdout] b4a1a0a5abde9622323781de3fe1ab69e71923e228b5c7f1552b5b6df8d74b63
[INFO] running `Command { std: "docker" "start" "-a" "b4a1a0a5abde9622323781de3fe1ab69e71923e228b5c7f1552b5b6df8d74b63", kill_on_drop: false }`
[INFO] running `Command { std: "docker" "inspect" "b4a1a0a5abde9622323781de3fe1ab69e71923e228b5c7f1552b5b6df8d74b63", kill_on_drop: false }`
[INFO] running `Command { std: "docker" "rm" "-f" "b4a1a0a5abde9622323781de3fe1ab69e71923e228b5c7f1552b5b6df8d74b63", kill_on_drop: false }`
[INFO] [stdout] b4a1a0a5abde9622323781de3fe1ab69e71923e228b5c7f1552b5b6df8d74b63
[INFO] running `Command { std: "docker" "create" "-v" "/var/lib/crater-agent-workspace/builds/worker-4-tc2/target:/opt/rustwide/target:rw,Z" "-v" "/var/lib/crater-agent-workspace/builds/worker-4-tc2/source:/opt/rustwide/workdir:ro,Z" "-v" "/var/lib/crater-agent-workspace/cargo-home:/opt/rustwide/cargo-home:ro,Z" "-v" "/var/lib/crater-agent-workspace/rustup-home:/opt/rustwide/rustup-home:ro,Z" "-e" "SOURCE_DIR=/opt/rustwide/workdir" "-e" "CARGO_TARGET_DIR=/opt/rustwide/target" "-e" "CARGO_INCREMENTAL=0" "-e" "RUST_BACKTRACE=full" "-e" "RUSTFLAGS=--cap-lints=forbid -Dunexpected_cfgs" "-e" "RUSTDOCFLAGS=--cap-lints=forbid" "-e" "CARGO_HOME=/opt/rustwide/cargo-home" "-e" "RUSTUP_HOME=/opt/rustwide/rustup-home" "-w" "/opt/rustwide/workdir" "-m" "1610612736" "--user" "0:0" "--network" "none" "ghcr.io/rust-lang/crates-build-env/linux@sha256:2788e3201cd34a07e3172128adcd8b3090168a8e3bcc40d7c032b9dda1df7d1c" "/opt/rustwide/cargo-home/bin/cargo" "+nightly-2024-02-05" "check" "--frozen" "--all" "--all-targets" "--message-format=json" "-Zcheck-cfg", kill_on_drop: false }`
[INFO] [stdout] 9d5a699f8541529cb7c930e70d8c415a43118d9714f07a967f2edfd209e01a8e
[INFO] running `Command { std: "docker" "start" "-a" "9d5a699f8541529cb7c930e70d8c415a43118d9714f07a967f2edfd209e01a8e", kill_on_drop: false }`
[INFO] [stderr]    Compiling libc v0.2.153
[INFO] [stderr]     Checking subtle v2.5.0
[INFO] [stderr]    Compiling syn v1.0.109
[INFO] [stderr]     Checking memchr v2.7.1
[INFO] [stderr]    Compiling serde v1.0.196
[INFO] [stderr]     Checking const-oid v0.9.6
[INFO] [stderr]     Checking pin-project-lite v0.2.13
[INFO] [stderr]     Checking bytes v1.5.0
[INFO] [stderr]    Compiling generic-array v0.14.7
[INFO] [stderr]    Compiling thiserror v1.0.56
[INFO] [stderr]    Compiling slab v0.4.9
[INFO] [stderr]     Checking futures-io v0.3.30
[INFO] [stderr]     Checking futures-core v0.3.30
[INFO] [stderr]     Checking futures-sink v0.3.30
[INFO] [stderr]    Compiling syn v2.0.48
[INFO] [stderr]     Checking futures-task v0.3.30
[INFO] [stderr]     Checking pin-utils v0.1.0
[INFO] [stderr]     Checking byteorder v1.5.0
[INFO] [stderr]     Checking once_cell v1.19.0
[INFO] [stderr]     Checking ppv-lite86 v0.2.17
[INFO] [stderr]     Checking futures-channel v0.3.30
[INFO] [stderr]    Compiling semver v1.0.21
[INFO] [stderr]     Checking log v0.4.20
[INFO] [stderr]    Compiling lock_api v0.4.11
[INFO] [stderr]    Compiling parking_lot_core v0.9.9
[INFO] [stderr]     Checking tinyvec_macros v0.1.1
[INFO] [stderr]     Checking tinyvec v1.6.0
[INFO] [stderr]     Checking unicode-bidi v0.3.15
[INFO] [stderr]    Compiling platforms v3.3.0
[INFO] [stderr]     Checking tracing-core v0.1.32
[INFO] [stderr]     Checking percent-encoding v2.3.1
[INFO] [stderr]     Checking data-encoding v2.5.0
[INFO] [stderr]     Checking scopeguard v1.2.0
[INFO] [stderr]     Checking fnv v1.0.7
[INFO] [stderr]     Checking form_urlencoded v1.2.1
[INFO] [stderr]     Checking itoa v1.0.10
[INFO] [stderr]     Checking quick-protobuf v0.8.1
[INFO] [stderr]     Checking either v1.9.0
[INFO] [stderr]     Checking core2 v0.4.0
[INFO] [stderr]     Checking bs58 v0.5.0
[INFO] [stderr]     Checking futures-timer v3.0.2
[INFO] [stderr]     Checking base-x v0.2.11
[INFO] [stderr]    Compiling num-traits v0.2.18
[INFO] [stderr]    Compiling rustc_version v0.4.0
[INFO] [stderr]     Checking spin v0.9.8
[INFO] [stderr]     Checking untrusted v0.9.0
[INFO] [stderr]     Checking instant v0.1.12
[INFO] [stderr]     Checking void v1.0.2
[INFO] [stderr]    Compiling time-core v0.1.2
[INFO] [stderr]     Checking powerfmt v0.2.0
[INFO] [stderr]    Compiling num-conv v0.1.0
[INFO] [stderr]     Checking num_threads v0.1.6
[INFO] [stderr]     Checking base64 v0.21.7
[INFO] [stderr]     Checking lazy_static v1.4.0
[INFO] [stderr]     Checking bitflags v1.3.2
[INFO] [stderr]    Compiling proc-macro-warning v0.4.2
[INFO] [stderr]     Checking opaque-debug v0.3.0
[INFO] [stderr]     Checking minimal-lexical v0.2.1
[INFO] [stderr]    Compiling time-macros v0.2.17
[INFO] [stderr]    Compiling async-trait v0.1.77
[INFO] [stderr]    Compiling rustls v0.21.10
[INFO] [stderr]    Compiling crunchy v0.2.2
[INFO] [stderr]     Checking nom v7.1.3
[INFO] [stderr]     Checking rustc-hash v1.1.0
[INFO] [stderr]    Compiling anyhow v1.0.79
[INFO] [stderr]    Compiling curve25519-dalek v4.1.2
[INFO] [stderr]     Checking unicode-normalization v0.1.22
[INFO] [stderr]    Compiling same-file v1.0.6
[INFO] [stderr]    Compiling cpufeatures v0.2.12
[INFO] [stderr]    Compiling crc32fast v1.3.2
[INFO] [stderr]     Checking simd-adler32 v0.3.7
[INFO] [stderr]    Compiling walkdir v2.4.0
[INFO] [stderr]     Checking aho-corasick v1.1.2
[INFO] [stderr]    Compiling getrandom v0.1.16
[INFO] [stderr]     Checking regex-syntax v0.8.2
[INFO] [stderr]    Compiling unicode-xid v0.2.4
[INFO] [stderr]     Checking adler v1.0.2
[INFO] [stderr]    Compiling cc v1.0.83
[INFO] [stderr]     Checking idna v0.5.0
[INFO] [stderr]     Checking miniz_oxide v0.7.2
[INFO] [stderr]    Compiling proc-macro-error-attr v1.0.4
[INFO] [stderr]     Checking getrandom v0.2.12
[INFO] [stderr]     Checking num_cpus v1.16.0
[INFO] [stderr]     Checking socket2 v0.5.5
[INFO] [stderr]     Checking mio v0.8.10
[INFO] [stderr]     Checking rand_core v0.6.4
[INFO] [stderr]    Compiling block-buffer v0.10.4
[INFO] [stderr]     Checking rand_chacha v0.3.1
[INFO] [stderr]    Compiling crypto-common v0.1.6
[INFO] [stderr]    Compiling digest v0.10.7
[INFO] [stderr]     Checking ff v0.13.0
[INFO] [stderr]     Checking base16ct v0.2.0
[INFO] [stderr]     Checking rustc-hex v2.1.0
[INFO] [stderr]     Checking parking_lot v0.12.1
[INFO] [stderr]     Checking rand v0.8.5
[INFO] [stderr]    Compiling sha2 v0.10.8
[INFO] [stderr]     Checking arrayvec v0.7.4
[INFO] [stderr]    Compiling proc-macro2 v0.4.30
[INFO] [stderr]     Checking base64 v0.13.1
[INFO] [stderr]    Compiling type-map v0.4.0
[INFO] [stderr]     Checking group v0.13.0
[INFO] [stderr]     Checking flate2 v1.0.28
[INFO] [stderr]    Compiling unicase v2.7.0
[INFO] [stderr]    Compiling proc-macro-error v1.0.4
[INFO] [stderr]    Compiling num-bigint v0.4.4
[INFO] [stderr]     Checking untrusted v0.7.1
[INFO] [stderr]     Checking ipnet v2.9.0
[INFO] [stderr]     Checking spin v0.5.2
[INFO] [stderr]    Compiling rust-embed-utils v7.8.1
[INFO] [stderr]    Compiling self_cell v1.0.3
[INFO] [stderr]    Compiling unicode-xid v0.1.0
[INFO] [stderr]    Compiling self_cell v0.10.3
[INFO] [stderr]     Checking rusticata-macros v4.1.0
[INFO] [stderr]     Checking rand_core v0.5.1
[INFO] [stderr]     Checking num-integer v0.1.46
[INFO] [stderr]     Checking rlp v0.5.2
[INFO] [stderr]    Compiling snow v0.9.6
[INFO] [stderr]    Compiling ahash v0.8.7
[INFO] [stderr]    Compiling syn v0.15.44
[INFO] [stderr]    Compiling tiny-keccak v2.0.2
[INFO] [stderr]    Compiling oid-registry v0.6.1
[INFO] [stderr]     Checking fixed-hash v0.7.0
[INFO] [stderr]     Checking impl-rlp v0.3.0
[INFO] [stderr]     Checking nix v0.24.3
[INFO] [stderr]     Checking fdeflate v0.3.4
[INFO] [stderr]    Compiling ahash v0.7.7
[INFO] [stderr]     Checking match_cfg v0.1.0
[INFO] [stderr]     Checking zerocopy v0.7.32
[INFO] [stderr]    Compiling quote v0.6.13
[INFO] [stderr]     Checking hostname v0.3.1
[INFO] [stderr]     Checking pem v1.1.1
[INFO] [stderr]    Compiling ring v0.17.7
[INFO] [stderr]    Compiling ring v0.16.20
[INFO] [stderr]     Checking png v0.17.11
[INFO] [stderr]     Checking idna v0.4.0
[INFO] [stderr]    Compiling binary-stream v8.3.0
[INFO] [stderr]     Checking http v0.2.11
[INFO] [stderr]     Checking bit-vec v0.6.3
[INFO] [stderr]     Checking allocator-api2 v0.2.16
[INFO] [stderr]    Compiling rustix v0.38.31
[INFO] [stderr]     Checking color_quant v1.1.0
[INFO] [stderr]     Checking quick-error v1.2.3
[INFO] [stderr]    Compiling httparse v1.8.0
[INFO] [stderr]    Compiling beef v0.5.2
[INFO] [stderr]     Checking regex-automata v0.4.5
[INFO] [stderr]     Checking base64ct v1.6.0
[INFO] [stderr]     Checking linked-hash-map v0.5.6
[INFO] [stderr]    Compiling arc-swap v1.6.0
[INFO] [stderr]    Compiling regex-syntax v0.6.29
[INFO] [stderr]     Checking bytemuck v1.14.2
[INFO] [stderr]    Compiling prometheus-client v0.21.2
[INFO] [stderr]     Checking hashbrown v0.14.3
[INFO] [stderr]     Checking lru-cache v0.1.2
[INFO] [stderr]     Checking password-hash v0.5.0
[INFO] [stderr]     Checking resolv-conf v0.7.0
[INFO] [stderr]     Checking image v0.24.8
[INFO] [stderr]     Checking bit-set v0.5.3
[INFO] [stderr]    Compiling dashmap v5.5.3
[INFO] [stderr]    Compiling mime_guess v2.0.4
[INFO] [stderr]     Checking rand_chacha v0.2.2
[INFO] [stderr]     Checking io_tee v0.1.1
[INFO] [stderr]     Checking dtoa v1.0.9
[INFO] [stderr]     Checking bitflags v2.4.2
[INFO] [stderr]     Checking cfg-if v0.1.10
[INFO] [stderr]     Checking qrcodegen v1.8.0
[INFO] [stderr]     Checking linux-raw-sys v0.4.13
[INFO] [stderr]     Checking nonzero_ext v0.1.5
[INFO] [stderr]     Checking nohash-hasher v0.2.0
[INFO] [stderr]     Checking cookie-factory v0.3.2
[INFO] [stderr]     Checking hashbrown v0.12.3
[INFO] [stderr]     Checking lru v0.12.2
[INFO] [stderr]     Checking rand v0.7.3
[INFO] [stderr]    Compiling serde_json v1.0.113
[INFO] [stderr]     Checking async-compression v0.3.15
[INFO] [stderr]    Compiling sos-sdk v0.7.0
[INFO] [stderr]     Checking rustls-pemfile v1.0.4
[INFO] [stderr]     Checking pem v2.0.1
[INFO] [stderr]    Compiling synstructure v0.12.6
[INFO] [stderr]    Compiling darling_core v0.12.4
[INFO] [stderr]    Compiling darling_core v0.14.4
[INFO] [stderr]     Checking itertools v0.10.5
[INFO] [stderr]    Compiling darling_core v0.20.5
[INFO] [stderr]     Checking qrcodegen-image v1.3.0
[INFO] [stderr]     Checking aho-corasick v0.7.20
[INFO] [stderr]     Checking mime v0.3.17
[INFO] [stderr]     Checking unicode-segmentation v1.11.0
[INFO] [stderr]     Checking urlencoding v2.1.3
[INFO] [stderr]     Checking bech32 v0.9.1
[INFO] [stderr]     Checking quick-error v2.0.1
[INFO] [stderr]     Checking regex v1.10.3
[INFO] [stderr]     Checking fastrand v2.0.1
[INFO] [stderr]     Checking base32 v0.4.0
[INFO] [stderr]     Checking hex_fmt v0.3.0
[INFO] [stderr]     Checking constant_time_eq v0.2.6
[INFO] [stderr]     Checking xdg v2.5.2
[INFO] [stderr]     Checking bimap v0.6.3
[INFO] [stderr]     Checking overload v0.1.1
[INFO] [stderr]     Checking openssl-probe v0.1.5
[INFO] [stderr]     Checking utf-8 v0.7.6
[INFO] [stderr]     Checking ryu v1.0.16
[INFO] [stderr]     Checking rustls-native-certs v0.6.3
[INFO] [stderr]     Checking app_dirs2 v2.5.5
[INFO] [stderr]     Checking nu-ansi-term v0.46.0
[INFO] [stderr]     Checking tempfile v3.10.0
[INFO] [stderr]     Checking fancy-regex v0.11.0
[INFO] [stderr]     Checking sanitize-filename v0.4.0
[INFO] [stderr]     Checking dirs-sys v0.3.7
[INFO] [stderr]     Checking filetime v0.2.23
[INFO] [stderr]    Compiling sos-net v0.7.0 (/opt/rustwide/workdir)
[INFO] [stderr]     Checking sharded-slab v0.1.7
[INFO] [stderr]     Checking tracing-log v0.2.0
[INFO] [stderr]     Checking regex-automata v0.1.10
[INFO] [stderr]     Checking thread_local v1.1.7
[INFO] [stderr]     Checking bs58 v0.4.0
[INFO] [stderr]     Checking aliasable v0.1.3
[INFO] [stderr]     Checking dirs v4.0.0
[INFO] [stderr]     Checking file-guard v0.1.0
[INFO] [stderr]    Compiling derivative v1.0.4
[INFO] [stderr]     Checking matchers v0.1.0
[INFO] [stderr]    Compiling data-encoding-macro-internal v0.1.12
[INFO] [stderr]    Compiling asn1-rs-derive v0.4.0
[INFO] [stderr]    Compiling asn1-rs-impl v0.1.0
[INFO] [stderr]    Compiling impl-trait-for-tuples v0.2.2
[INFO] [stderr]    Compiling thiserror-impl-no-std v2.0.2
[INFO] [stderr]    Compiling logos-derive v0.12.1
[INFO] [stderr]    Compiling darling_macro v0.14.4
[INFO] [stderr]    Compiling darling_macro v0.12.4
[INFO] [stderr]    Compiling zeroize_derive v1.4.2
[INFO] [stderr]    Compiling serde_derive v1.0.196
[INFO] [stderr]    Compiling thiserror-impl v1.0.56
[INFO] [stderr]    Compiling futures-macro v0.3.30
[INFO] [stderr]    Compiling displaydoc v0.2.4
[INFO] [stderr]    Compiling tracing-attributes v0.1.27
[INFO] [stderr]    Compiling tokio-macros v2.2.0
[INFO] [stderr]    Compiling curve25519-dalek-derive v0.1.1
[INFO] [stderr]    Compiling pin-project-internal v1.1.4
[INFO] [stderr]     Checking data-encoding-macro v0.1.14
[INFO] [stderr]     Checking multibase v0.9.1
[INFO] [stderr]     Checking sct v0.7.1
[INFO] [stderr]     Checking tokio v1.36.0
[INFO] [stderr]     Checking rustls-webpki v0.101.7
[INFO] [stderr]    Compiling tinystr v0.7.5
[INFO] [stderr]    Compiling libp2p-swarm-derive v0.33.0
[INFO] [stderr]     Checking unic-langid-impl v0.9.4
[INFO] [stderr]    Compiling rust-embed-impl v6.8.1
[INFO] [stderr]     Checking zeroize v1.7.0
[INFO] [stderr]     Checking der v0.7.8
[INFO] [stderr]     Checking unic-langid v0.9.4
[INFO] [stderr]    Compiling darling_macro v0.20.5
[INFO] [stderr]     Checking tracing v0.1.40
[INFO] [stderr]     Checking fluent-langneg v0.13.0
[INFO] [stderr]     Checking intl_pluralrules v7.0.2
[INFO] [stderr]     Checking intl-memoizer v0.5.1
[INFO] [stderr]     Checking netlink-packet-utils v0.5.2
[INFO] [stderr]     Checking spki v0.7.3
[INFO] [stderr]     Checking futures-util v0.3.30
[INFO] [stderr]    Compiling fluent-syntax v0.11.0
[INFO] [stderr]     Checking netlink-packet-core v0.4.2
[INFO] [stderr]     Checking pkcs8 v0.10.2
[INFO] [stderr]     Checking inout v0.1.3
[INFO] [stderr]     Checking crypto-bigint v0.5.5
[INFO] [stderr]     Checking universal-hash v0.5.1
[INFO] [stderr]     Checking aead v0.5.2
[INFO] [stderr]     Checking sec1 v0.7.3
[INFO] [stderr]     Checking cipher v0.4.4
[INFO] [stderr]     Checking netlink-packet-route v0.12.0
[INFO] [stderr]     Checking poly1305 v0.8.0
[INFO] [stderr]     Checking polyval v0.6.1
[INFO] [stderr]    Compiling darling v0.14.4
[INFO] [stderr]    Compiling darling v0.12.4
[INFO] [stderr]    Compiling derive_builder_core v0.12.0
[INFO] [stderr]    Compiling derive_builder_core v0.10.2
[INFO] [stderr]     Checking fluent-bundle v0.15.2
[INFO] [stderr]     Checking hmac v0.12.1
[INFO] [stderr]     Checking signature v2.2.0
[INFO] [stderr]     Checking pin-project v1.1.4
[INFO] [stderr]     Checking chacha20 v0.9.1
[INFO] [stderr]     Checking ed25519 v2.2.3
[INFO] [stderr]     Checking hkdf v0.12.4
[INFO] [stderr]     Checking ghash v0.5.0
[INFO] [stderr]     Checking chacha20poly1305 v0.10.1
[INFO] [stderr]     Checking aes v0.8.3
[INFO] [stderr]     Checking ctr v0.9.2
[INFO] [stderr]     Checking blake2 v0.10.6
[INFO] [stderr]     Checking rfc6979 v0.4.0
[INFO] [stderr]    Compiling darling v0.20.5
[INFO] [stderr]     Checking sha1 v0.10.6
[INFO] [stderr]     Checking digest v0.9.0
[INFO] [stderr]    Compiling rust-embed v6.8.1
[INFO] [stderr]    Compiling enum-as-inner v0.6.0
[INFO] [stderr]     Checking curve25519-dalek v3.2.0
[INFO] [stdout] error[E0658]: use of unstable library feature 'stdsimd'
[INFO] [stdout]   --> /opt/rustwide/cargo-home/registry/src/index.crates.io-6f17d22bba15001f/curve25519-dalek-4.1.2/src/backend/vector/ifma/field.rs:26:5
[INFO] [stdout]    |
[INFO] [stdout] 26 |     _mm256_madd52lo_epu64(z.into(), x.into(), y.into()).into()
[INFO] [stdout]    |     ^^^^^^^^^^^^^^^^^^^^^
[INFO] [stdout]    |
[INFO] [stdout]    = note: see issue #48556 <https://github.com/rust-lang/rust/issues/48556> for more information
[INFO] [stdout]    = help: add `#![feature(stdsimd)]` to the crate attributes to enable
[INFO] [stdout]    = note: this compiler was built on 2024-02-04; consider upgrading it if it is out of date
[INFO] [stdout] 
[INFO] [stdout] 
[INFO] [stdout] error[E0658]: use of unstable library feature 'stdsimd'
[INFO] [stdout]   --> /opt/rustwide/cargo-home/registry/src/index.crates.io-6f17d22bba15001f/curve25519-dalek-4.1.2/src/backend/vector/ifma/field.rs:25:9
[INFO] [stdout]    |
[INFO] [stdout] 25 |     use core::arch::x86_64::_mm256_madd52lo_epu64;
[INFO] [stdout]    |         ^^^^^^^^^^^^^^^^^^^^^^^^^^^^^^^^^^^^^^^^^
[INFO] [stdout]    |
[INFO] [stdout]    = note: see issue #48556 <https://github.com/rust-lang/rust/issues/48556> for more information
[INFO] [stdout]    = help: add `#![feature(stdsimd)]` to the crate attributes to enable
[INFO] [stdout]    = note: this compiler was built on 2024-02-04; consider upgrading it if it is out of date
[INFO] [stdout] 
[INFO] [stdout] 
[INFO] [stdout] error[E0658]: use of unstable library feature 'stdsimd'
[INFO] [stdout]   --> /opt/rustwide/cargo-home/registry/src/index.crates.io-6f17d22bba15001f/curve25519-dalek-4.1.2/src/backend/vector/ifma/field.rs:34:5
[INFO] [stdout]    |
[INFO] [stdout] 34 |     _mm256_madd52hi_epu64(z.into(), x.into(), y.into()).into()
[INFO] [stdout]    |     ^^^^^^^^^^^^^^^^^^^^^
[INFO] [stdout]    |
[INFO] [stdout]    = note: see issue #48556 <https://github.com/rust-lang/rust/issues/48556> for more information
[INFO] [stdout]    = help: add `#![feature(stdsimd)]` to the crate attributes to enable
[INFO] [stdout]    = note: this compiler was built on 2024-02-04; consider upgrading it if it is out of date
[INFO] [stdout] 
[INFO] [stdout] 
[INFO] [stdout] error[E0658]: use of unstable library feature 'stdsimd'
[INFO] [stdout]   --> /opt/rustwide/cargo-home/registry/src/index.crates.io-6f17d22bba15001f/curve25519-dalek-4.1.2/src/backend/vector/ifma/field.rs:33:9
[INFO] [stdout]    |
[INFO] [stdout] 33 |     use core::arch::x86_64::_mm256_madd52hi_epu64;
[INFO] [stdout]    |         ^^^^^^^^^^^^^^^^^^^^^^^^^^^^^^^^^^^^^^^^^
[INFO] [stdout]    |
[INFO] [stdout]    = note: see issue #48556 <https://github.com/rust-lang/rust/issues/48556> for more information
[INFO] [stdout]    = help: add `#![feature(stdsimd)]` to the crate attributes to enable
[INFO] [stdout]    = note: this compiler was built on 2024-02-04; consider upgrading it if it is out of date
[INFO] [stdout] 
[INFO] [stdout] 
[INFO] [stdout] error[E0635]: unknown feature `stdarch_x86_avx512`
[INFO] [stdout]   --> /opt/rustwide/cargo-home/registry/src/index.crates.io-6f17d22bba15001f/curve25519-dalek-4.1.2/src/lib.rs:19:13
[INFO] [stdout]    |
[INFO] [stdout] 19 |     feature(stdarch_x86_avx512)
[INFO] [stdout]    |             ^^^^^^^^^^^^^^^^^^
[INFO] [stdout] 
[INFO] [stdout] 
[INFO] [stderr]     Checking fluent v0.16.0
[INFO] [stderr]     Checking salsa20 v0.10.2
[INFO] [stderr]     Checking pbkdf2 v0.11.0
[INFO] [stderr]     Checking quinn-udp v0.4.1
[INFO] [stderr]    Compiling prometheus-client-derive-encode v0.4.2
[INFO] [stderr]     Checking scrypt v0.10.0
[INFO] [stderr]     Checking aes-gcm v0.10.3
[INFO] [stderr]    Compiling serde_with_macros v3.6.0
[INFO] [stderr]     Checking sha3 v0.10.8
[INFO] [stderr]     Checking typed-generational-arena v0.2.5
[INFO] [stderr]    Compiling derive_builder_macro v0.10.2
[INFO] [stderr]     Checking logos v0.12.1
[INFO] [stderr]     Checking thiserror-no-std v2.0.2
[INFO] [stderr]     Checking probly-search v2.0.0-alpha-2
[INFO] [stderr]     Checking argon2 v0.5.3
[INFO] [stdout] error: aborting due to 5 previous errors
[INFO] [stdout] 
[INFO] [stdout] 
[INFO] [stdout] Some errors have detailed explanations: E0635, E0658.
[INFO] [stdout] 
[INFO] [stdout] For more information about an error, try `rustc --explain E0635`.
[INFO] [stdout] 
[INFO] [stderr] error: could not compile `curve25519-dalek` (lib) due to 6 previous errors
[INFO] [stderr] warning: build failed, waiting for other jobs to finish...
[INFO] running `Command { std: "docker" "inspect" "9d5a699f8541529cb7c930e70d8c415a43118d9714f07a967f2edfd209e01a8e", kill_on_drop: false }`
[INFO] running `Command { std: "docker" "rm" "-f" "9d5a699f8541529cb7c930e70d8c415a43118d9714f07a967f2edfd209e01a8e", kill_on_drop: false }`
[INFO] [stdout] 9d5a699f8541529cb7c930e70d8c415a43118d9714f07a967f2edfd209e01a8e
