[INFO] fetching crate sn_peers_acquisition 0.1.11...
[INFO] checking sn_peers_acquisition-0.1.11 against nightly-2024-02-05 for check-cfg-2
[INFO] extracting crate sn_peers_acquisition 0.1.11 into /workspace/builds/worker-0-tc1/source
[INFO] validating manifest of crates.io crate sn_peers_acquisition 0.1.11 on toolchain nightly-2024-02-05
[INFO] running `Command { std: CARGO_HOME="/workspace/cargo-home" RUSTUP_HOME="/workspace/rustup-home" "/workspace/cargo-home/bin/cargo" "+nightly-2024-02-05" "metadata" "--manifest-path" "Cargo.toml" "--no-deps", kill_on_drop: false }`
[INFO] started tweaking crates.io crate sn_peers_acquisition 0.1.11
[INFO] finished tweaking crates.io crate sn_peers_acquisition 0.1.11
[INFO] tweaked toml for crates.io crate sn_peers_acquisition 0.1.11 written to /workspace/builds/worker-0-tc1/source/Cargo.toml
[INFO] running `Command { std: CARGO_HOME="/workspace/cargo-home" RUSTUP_HOME="/workspace/rustup-home" "/workspace/cargo-home/bin/cargo" "+nightly-2024-02-05" "generate-lockfile" "--manifest-path" "Cargo.toml", kill_on_drop: false }`
[INFO] [stderr]     Updating crates.io index
[INFO] running `Command { std: CARGO_HOME="/workspace/cargo-home" RUSTUP_HOME="/workspace/rustup-home" "/workspace/cargo-home/bin/cargo" "+nightly-2024-02-05" "fetch" "--manifest-path" "Cargo.toml", kill_on_drop: false }`
[INFO] [stderr]  Downloading crates ...
[INFO] [stderr]   Downloaded libp2p v0.53.2
[INFO] [stderr]   Downloaded multibase v0.9.1
[INFO] [stderr]   Downloaded data-encoding-macro v0.1.14
[INFO] [stderr]   Downloaded rw-stream-sink v0.4.0
[INFO] [stderr]   Downloaded data-encoding-macro-internal v0.1.12
[INFO] [stderr]   Downloaded multiaddr v0.18.1
[INFO] [stderr]   Downloaded zeroize v1.7.0
[INFO] [stderr]   Downloaded pkcs8 v0.10.2
[INFO] [stderr]   Downloaded core2 v0.4.0
[INFO] [stderr]   Downloaded data-encoding v2.5.0
[INFO] [stderr]   Downloaded libp2p-identity v0.2.8
[INFO] [stderr]   Downloaded quick-protobuf v0.8.1
[INFO] [stderr]   Downloaded platforms v3.3.0
[INFO] [stderr]   Downloaded curve25519-dalek v4.1.2
[INFO] [stderr]   Downloaded clap_builder v4.4.18
[INFO] [stderr]   Downloaded anstyle-wincon v3.0.2
[INFO] [stderr]   Downloaded unsigned-varint v0.7.2
[INFO] [stderr]   Downloaded unsigned-varint v0.8.0
[INFO] [stderr]   Downloaded color-spantrace v0.2.1
[INFO] [stderr]   Downloaded owo-colors v3.5.0
[INFO] [stderr]   Downloaded anstyle-query v1.0.2
[INFO] [stderr]   Downloaded anstyle-parse v0.2.3
[INFO] [stderr]   Downloaded tracing-error v0.2.0
[INFO] [stderr]   Downloaded indenter v0.3.3
[INFO] [stderr]   Downloaded libp2p-allow-block-list v0.3.0
[INFO] [stderr]   Downloaded spki v0.7.3
[INFO] [stderr]   Downloaded libp2p-connection-limits v0.3.1
[INFO] [stderr]   Downloaded eyre v0.6.12
[INFO] [stderr]   Downloaded libp2p-core v0.41.2
[INFO] [stderr]   Downloaded anstream v0.6.11
[INFO] [stderr]   Downloaded clap v4.4.18
[INFO] [stderr]   Downloaded color-eyre v0.6.2
[INFO] [stderr]   Downloaded base64ct v1.6.0
[INFO] [stderr]   Downloaded const-oid v0.9.6
[INFO] [stderr]   Downloaded der v0.7.8
[INFO] [stderr]   Downloaded signature v2.2.0
[INFO] [stderr]   Downloaded multistream-select v0.13.0
[INFO] [stderr]   Downloaded anstyle v1.0.6
[INFO] [stderr]   Downloaded void v1.0.2
[INFO] [stderr]   Downloaded libp2p-swarm v0.44.1
[INFO] [stderr]   Downloaded bs58 v0.5.0
[INFO] [stderr]   Downloaded curve25519-dalek-derive v0.1.1
[INFO] [stderr]   Downloaded fiat-crypto v0.2.6
[INFO] [stderr]   Downloaded ed25519 v2.2.3
[INFO] [stderr]   Downloaded ed25519-dalek v2.1.1
[INFO] [stderr]   Downloaded multihash v0.19.1
[INFO] running `Command { std: "docker" "create" "-v" "/var/lib/crater-agent-workspace/builds/worker-0-tc1/target:/opt/rustwide/target:rw,Z" "-v" "/var/lib/crater-agent-workspace/builds/worker-0-tc1/source:/opt/rustwide/workdir:ro,Z" "-v" "/var/lib/crater-agent-workspace/cargo-home:/opt/rustwide/cargo-home:ro,Z" "-v" "/var/lib/crater-agent-workspace/rustup-home:/opt/rustwide/rustup-home:ro,Z" "-e" "SOURCE_DIR=/opt/rustwide/workdir" "-e" "CARGO_TARGET_DIR=/opt/rustwide/target" "-e" "CARGO_HOME=/opt/rustwide/cargo-home" "-e" "RUSTUP_HOME=/opt/rustwide/rustup-home" "-w" "/opt/rustwide/workdir" "-m" "1610612736" "--user" "0:0" "--network" "none" "ghcr.io/rust-lang/crates-build-env/linux@sha256:2788e3201cd34a07e3172128adcd8b3090168a8e3bcc40d7c032b9dda1df7d1c" "/opt/rustwide/cargo-home/bin/cargo" "+nightly-2024-02-05" "metadata" "--no-deps" "--format-version=1", kill_on_drop: false }`
[INFO] [stdout] bb661a4b4fbbc43a2bf20b3b56c73a91988f1f8f74963732f0484b82c83eb6d1
[INFO] running `Command { std: "docker" "start" "-a" "bb661a4b4fbbc43a2bf20b3b56c73a91988f1f8f74963732f0484b82c83eb6d1", kill_on_drop: false }`
[INFO] running `Command { std: "docker" "inspect" "bb661a4b4fbbc43a2bf20b3b56c73a91988f1f8f74963732f0484b82c83eb6d1", kill_on_drop: false }`
[INFO] running `Command { std: "docker" "rm" "-f" "bb661a4b4fbbc43a2bf20b3b56c73a91988f1f8f74963732f0484b82c83eb6d1", kill_on_drop: false }`
[INFO] [stdout] bb661a4b4fbbc43a2bf20b3b56c73a91988f1f8f74963732f0484b82c83eb6d1
[INFO] running `Command { std: "docker" "create" "-v" "/var/lib/crater-agent-workspace/builds/worker-0-tc1/target:/opt/rustwide/target:rw,Z" "-v" "/var/lib/crater-agent-workspace/builds/worker-0-tc1/source:/opt/rustwide/workdir:ro,Z" "-v" "/var/lib/crater-agent-workspace/cargo-home:/opt/rustwide/cargo-home:ro,Z" "-v" "/var/lib/crater-agent-workspace/rustup-home:/opt/rustwide/rustup-home:ro,Z" "-e" "SOURCE_DIR=/opt/rustwide/workdir" "-e" "CARGO_TARGET_DIR=/opt/rustwide/target" "-e" "CARGO_INCREMENTAL=0" "-e" "RUST_BACKTRACE=full" "-e" "RUSTFLAGS=--cap-lints=forbid" "-e" "RUSTDOCFLAGS=--cap-lints=forbid" "-e" "CARGO_HOME=/opt/rustwide/cargo-home" "-e" "RUSTUP_HOME=/opt/rustwide/rustup-home" "-w" "/opt/rustwide/workdir" "-m" "1610612736" "--user" "0:0" "--network" "none" "ghcr.io/rust-lang/crates-build-env/linux@sha256:2788e3201cd34a07e3172128adcd8b3090168a8e3bcc40d7c032b9dda1df7d1c" "/opt/rustwide/cargo-home/bin/cargo" "+nightly-2024-02-05" "check" "--frozen" "--all" "--all-targets" "--message-format=json", kill_on_drop: false }`
[INFO] [stdout] e7719ee00be686bc7ea4b9c00ce2ba663d78273cb32aecb51070ec0b1d144e4a
[INFO] running `Command { std: "docker" "start" "-a" "e7719ee00be686bc7ea4b9c00ce2ba663d78273cb32aecb51070ec0b1d144e4a", kill_on_drop: false }`
[INFO] [stderr]    Compiling proc-macro2 v1.0.78
[INFO] [stderr]    Compiling libc v0.2.153
[INFO] [stderr]    Compiling typenum v1.17.0
[INFO] [stderr]    Compiling version_check v0.9.4
[INFO] [stderr]     Checking memchr v2.7.1
[INFO] [stderr]     Checking once_cell v1.19.0
[INFO] [stderr]    Compiling semver v1.0.21
[INFO] [stderr]     Checking subtle v2.5.0
[INFO] [stderr]     Checking futures-sink v0.3.30
[INFO] [stderr]    Compiling syn v1.0.109
[INFO] [stderr]     Checking futures-core v0.3.30
[INFO] [stderr]    Compiling platforms v3.3.0
[INFO] [stderr]     Checking futures-task v0.3.30
[INFO] [stderr]     Checking tinyvec_macros v0.1.1
[INFO] [stderr]     Checking cpufeatures v0.2.12
[INFO] [stderr]     Checking futures-io v0.3.30
[INFO] [stderr]     Checking zeroize v1.7.0
[INFO] [stderr]     Checking tinyvec v1.6.0
[INFO] [stderr]     Checking signature v2.2.0
[INFO] [stderr]    Compiling thiserror v1.0.56
[INFO] [stderr]     Checking futures-channel v0.3.30
[INFO] [stderr]     Checking unsigned-varint v0.7.2
[INFO] [stderr]     Checking tracing-core v0.1.32
[INFO] [stderr]    Compiling data-encoding v2.5.0
[INFO] [stderr]     Checking ed25519 v2.2.3
[INFO] [stderr]     Checking byteorder v1.5.0
[INFO] [stderr]    Compiling serde v1.0.196
[INFO] [stderr]     Checking percent-encoding v2.3.1
[INFO] [stderr]     Checking smallvec v1.13.1
[INFO] [stderr]    Compiling generic-array v0.14.7
[INFO] [stderr]     Checking unicode-bidi v0.3.15
[INFO] [stderr]     Checking form_urlencoded v1.2.1
[INFO] [stderr]     Checking quick-protobuf v0.8.1
[INFO] [stderr]     Checking static_assertions v1.1.0
[INFO] [stderr]     Checking core2 v0.4.0
[INFO] [stderr]     Checking base-x v0.2.11
[INFO] [stderr]     Checking bs58 v0.5.0
[INFO] [stderr]     Checking arrayref v0.3.7
[INFO] [stderr]     Checking bytes v1.5.0
[INFO] [stderr]    Compiling rustc_version v0.4.0
[INFO] [stderr]     Checking log v0.4.20
[INFO] [stderr]     Checking instant v0.1.12
[INFO] [stderr]     Checking multihash v0.19.1
[INFO] [stderr]     Checking void v1.0.2
[INFO] [stderr]     Checking futures-timer v3.0.2
[INFO] [stderr]     Checking fnv v1.0.7
[INFO] [stderr]    Compiling quote v1.0.35
[INFO] [stderr]     Checking either v1.9.0
[INFO] [stderr]     Checking unsigned-varint v0.8.0
[INFO] [stderr]     Checking thread_local v1.1.7
[INFO] [stderr]     Checking unicode-normalization v0.1.22
[INFO] [stderr]     Checking anstyle-parse v0.2.3
[INFO] [stderr]     Checking adler v1.0.2
[INFO] [stderr]     Checking anstyle-query v1.0.2
[INFO] [stderr]     Checking anstyle v1.0.6
[INFO] [stderr]    Compiling eyre v0.6.12
[INFO] [stderr]     Checking gimli v0.28.1
[INFO] [stderr]    Compiling syn v2.0.48
[INFO] [stderr]     Checking tracing-subscriber v0.3.18
[INFO] [stderr]     Checking miniz_oxide v0.7.2
[INFO] [stderr]    Compiling curve25519-dalek v4.1.2
[INFO] [stderr]     Checking anstream v0.6.11
[INFO] [stderr]     Checking object v0.32.2
[INFO] [stderr]     Checking owo-colors v3.5.0
[INFO] [stderr]     Checking getrandom v0.2.12
[INFO] [stderr]     Checking num_cpus v1.16.0
[INFO] [stderr]     Checking parking_lot_core v0.9.9
[INFO] [stderr]     Checking rustc-demangle v0.1.23
[INFO] [stderr]     Checking rand_core v0.6.4
[INFO] [stderr]     Checking idna v0.5.0
[INFO] [stderr]     Checking indenter v0.3.3
[INFO] [stderr]     Checking clap_builder v4.4.18
[INFO] [stderr]     Checking rand_chacha v0.3.1
[INFO] [stderr]     Checking parking_lot v0.12.1
[INFO] [stderr]    Compiling cc v1.0.83
[INFO] [stderr]     Checking rand v0.8.5
[INFO] [stderr]     Checking url v2.5.0
[INFO] [stderr]    Compiling data-encoding-macro-internal v0.1.12
[INFO] [stderr]     Checking block-buffer v0.10.4
[INFO] [stderr]     Checking crypto-common v0.1.6
[INFO] [stderr]     Checking digest v0.10.7
[INFO] [stderr]    Compiling backtrace v0.3.69
[INFO] [stderr]     Checking data-encoding-macro v0.1.14
[INFO] [stderr]     Checking hmac v0.12.1
[INFO] [stderr]     Checking sha2 v0.10.8
[INFO] [stderr]     Checking multibase v0.9.1
[INFO] [stderr]     Checking hkdf v0.12.4
[INFO] [stderr]     Checking addr2line v0.21.0
[INFO] [stderr]    Compiling tracing-attributes v0.1.27
[INFO] [stderr]    Compiling futures-macro v0.3.30
[INFO] [stderr]    Compiling curve25519-dalek-derive v0.1.1
[INFO] [stderr]    Compiling thiserror-impl v1.0.56
[INFO] [stderr]    Compiling pin-project-internal v1.1.4
[INFO] [stderr]    Compiling clap_derive v4.4.7
[INFO] [stderr]     Checking futures-util v0.3.30
[INFO] [stdout] error[E0658]: use of unstable library feature 'stdsimd'
[INFO] [stdout]   --> /opt/rustwide/cargo-home/registry/src/index.crates.io-6f17d22bba15001f/curve25519-dalek-4.1.2/src/backend/vector/ifma/field.rs:26:5
[INFO] [stdout]    |
[INFO] [stdout] 26 |     _mm256_madd52lo_epu64(z.into(), x.into(), y.into()).into()
[INFO] [stdout]    |     ^^^^^^^^^^^^^^^^^^^^^
[INFO] [stdout]    |
[INFO] [stdout]    = note: see issue #48556 <https://github.com/rust-lang/rust/issues/48556> for more information
[INFO] [stdout]    = help: add `#![feature(stdsimd)]` to the crate attributes to enable
[INFO] [stdout]    = note: this compiler was built on 2024-02-04; consider upgrading it if it is out of date
[INFO] [stdout] 
[INFO] [stdout] 
[INFO] [stdout] error[E0658]: use of unstable library feature 'stdsimd'
[INFO] [stdout]   --> /opt/rustwide/cargo-home/registry/src/index.crates.io-6f17d22bba15001f/curve25519-dalek-4.1.2/src/backend/vector/ifma/field.rs:25:9
[INFO] [stdout]    |
[INFO] [stdout] 25 |     use core::arch::x86_64::_mm256_madd52lo_epu64;
[INFO] [stdout]    |         ^^^^^^^^^^^^^^^^^^^^^^^^^^^^^^^^^^^^^^^^^
[INFO] [stdout]    |
[INFO] [stdout]    = note: see issue #48556 <https://github.com/rust-lang/rust/issues/48556> for more information
[INFO] [stdout]    = help: add `#![feature(stdsimd)]` to the crate attributes to enable
[INFO] [stdout]    = note: this compiler was built on 2024-02-04; consider upgrading it if it is out of date
[INFO] [stdout] 
[INFO] [stdout] 
[INFO] [stdout] error[E0658]: use of unstable library feature 'stdsimd'
[INFO] [stdout]   --> /opt/rustwide/cargo-home/registry/src/index.crates.io-6f17d22bba15001f/curve25519-dalek-4.1.2/src/backend/vector/ifma/field.rs:34:5
[INFO] [stdout]    |
[INFO] [stdout] 34 |     _mm256_madd52hi_epu64(z.into(), x.into(), y.into()).into()
[INFO] [stdout]    |     ^^^^^^^^^^^^^^^^^^^^^
[INFO] [stdout]    |
[INFO] [stdout]    = note: see issue #48556 <https://github.com/rust-lang/rust/issues/48556> for more information
[INFO] [stdout]    = help: add `#![feature(stdsimd)]` to the crate attributes to enable
[INFO] [stdout]    = note: this compiler was built on 2024-02-04; consider upgrading it if it is out of date
[INFO] [stdout] 
[INFO] [stdout] 
[INFO] [stdout] error[E0658]: use of unstable library feature 'stdsimd'
[INFO] [stdout]   --> /opt/rustwide/cargo-home/registry/src/index.crates.io-6f17d22bba15001f/curve25519-dalek-4.1.2/src/backend/vector/ifma/field.rs:33:9
[INFO] [stdout]    |
[INFO] [stdout] 33 |     use core::arch::x86_64::_mm256_madd52hi_epu64;
[INFO] [stdout]    |         ^^^^^^^^^^^^^^^^^^^^^^^^^^^^^^^^^^^^^^^^^
[INFO] [stdout]    |
[INFO] [stdout]    = note: see issue #48556 <https://github.com/rust-lang/rust/issues/48556> for more information
[INFO] [stdout]    = help: add `#![feature(stdsimd)]` to the crate attributes to enable
[INFO] [stdout]    = note: this compiler was built on 2024-02-04; consider upgrading it if it is out of date
[INFO] [stdout] 
[INFO] [stdout] 
[INFO] [stdout] error[E0635]: unknown feature `stdarch_x86_avx512`
[INFO] [stdout]   --> /opt/rustwide/cargo-home/registry/src/index.crates.io-6f17d22bba15001f/curve25519-dalek-4.1.2/src/lib.rs:19:13
[INFO] [stdout]    |
[INFO] [stdout] 19 |     feature(stdarch_x86_avx512)
[INFO] [stdout]    |             ^^^^^^^^^^^^^^^^^^
[INFO] [stdout] 
[INFO] [stdout] 
[INFO] [stderr]     Checking pin-project v1.1.4
[INFO] [stderr]     Checking tracing v0.1.40
[INFO] [stderr]     Checking tracing-error v0.2.0
[INFO] [stderr]     Checking color-spantrace v0.2.1
[INFO] [stdout] error: aborting due to 5 previous errors
[INFO] [stdout] 
[INFO] [stdout] 
[INFO] [stdout] Some errors have detailed explanations: E0635, E0658.
[INFO] [stdout] 
[INFO] [stdout] For more information about an error, try `rustc --explain E0635`.
[INFO] [stdout] 
[INFO] [stderr] error: could not compile `curve25519-dalek` (lib) due to 6 previous errors
[INFO] [stderr] warning: build failed, waiting for other jobs to finish...
[INFO] running `Command { std: "docker" "inspect" "e7719ee00be686bc7ea4b9c00ce2ba663d78273cb32aecb51070ec0b1d144e4a", kill_on_drop: false }`
[INFO] running `Command { std: "docker" "rm" "-f" "e7719ee00be686bc7ea4b9c00ce2ba663d78273cb32aecb51070ec0b1d144e4a", kill_on_drop: false }`
[INFO] [stdout] e7719ee00be686bc7ea4b9c00ce2ba663d78273cb32aecb51070ec0b1d144e4a
[INFO] checking sn_peers_acquisition-0.1.11 against nightly-2024-02-05+rustflags=-Dunexpected_cfgs+cargoflags=-Zcheck-cfg for check-cfg-2
[INFO] extracting crate sn_peers_acquisition 0.1.11 into /workspace/builds/worker-0-tc2/source
[INFO] validating manifest of crates.io crate sn_peers_acquisition 0.1.11 on toolchain nightly-2024-02-05
[INFO] running `Command { std: CARGO_HOME="/workspace/cargo-home" RUSTUP_HOME="/workspace/rustup-home" "/workspace/cargo-home/bin/cargo" "+nightly-2024-02-05" "metadata" "--manifest-path" "Cargo.toml" "--no-deps", kill_on_drop: false }`
[INFO] started tweaking crates.io crate sn_peers_acquisition 0.1.11
[INFO] finished tweaking crates.io crate sn_peers_acquisition 0.1.11
[INFO] tweaked toml for crates.io crate sn_peers_acquisition 0.1.11 written to /workspace/builds/worker-0-tc2/source/Cargo.toml
[INFO] running `Command { std: CARGO_HOME="/workspace/cargo-home" RUSTUP_HOME="/workspace/rustup-home" "/workspace/cargo-home/bin/cargo" "+nightly-2024-02-05" "generate-lockfile" "--manifest-path" "Cargo.toml", kill_on_drop: false }`
[INFO] [stderr]     Updating crates.io index
[INFO] running `Command { std: CARGO_HOME="/workspace/cargo-home" RUSTUP_HOME="/workspace/rustup-home" "/workspace/cargo-home/bin/cargo" "+nightly-2024-02-05" "fetch" "--manifest-path" "Cargo.toml", kill_on_drop: false }`
[INFO] running `Command { std: "docker" "create" "-v" "/var/lib/crater-agent-workspace/builds/worker-0-tc2/target:/opt/rustwide/target:rw,Z" "-v" "/var/lib/crater-agent-workspace/builds/worker-0-tc2/source:/opt/rustwide/workdir:ro,Z" "-v" "/var/lib/crater-agent-workspace/cargo-home:/opt/rustwide/cargo-home:ro,Z" "-v" "/var/lib/crater-agent-workspace/rustup-home:/opt/rustwide/rustup-home:ro,Z" "-e" "SOURCE_DIR=/opt/rustwide/workdir" "-e" "CARGO_TARGET_DIR=/opt/rustwide/target" "-e" "CARGO_HOME=/opt/rustwide/cargo-home" "-e" "RUSTUP_HOME=/opt/rustwide/rustup-home" "-w" "/opt/rustwide/workdir" "-m" "1610612736" "--user" "0:0" "--network" "none" "ghcr.io/rust-lang/crates-build-env/linux@sha256:2788e3201cd34a07e3172128adcd8b3090168a8e3bcc40d7c032b9dda1df7d1c" "/opt/rustwide/cargo-home/bin/cargo" "+nightly-2024-02-05" "metadata" "--no-deps" "--format-version=1", kill_on_drop: false }`
[INFO] [stdout] 68151aba59106e50f33a1b1115edccd479b7e32ac4caf23cd8a2f1f77e25c201
[INFO] running `Command { std: "docker" "start" "-a" "68151aba59106e50f33a1b1115edccd479b7e32ac4caf23cd8a2f1f77e25c201", kill_on_drop: false }`
[INFO] running `Command { std: "docker" "inspect" "68151aba59106e50f33a1b1115edccd479b7e32ac4caf23cd8a2f1f77e25c201", kill_on_drop: false }`
[INFO] running `Command { std: "docker" "rm" "-f" "68151aba59106e50f33a1b1115edccd479b7e32ac4caf23cd8a2f1f77e25c201", kill_on_drop: false }`
[INFO] [stdout] 68151aba59106e50f33a1b1115edccd479b7e32ac4caf23cd8a2f1f77e25c201
[INFO] running `Command { std: "docker" "create" "-v" "/var/lib/crater-agent-workspace/builds/worker-0-tc2/target:/opt/rustwide/target:rw,Z" "-v" "/var/lib/crater-agent-workspace/builds/worker-0-tc2/source:/opt/rustwide/workdir:ro,Z" "-v" "/var/lib/crater-agent-workspace/cargo-home:/opt/rustwide/cargo-home:ro,Z" "-v" "/var/lib/crater-agent-workspace/rustup-home:/opt/rustwide/rustup-home:ro,Z" "-e" "SOURCE_DIR=/opt/rustwide/workdir" "-e" "CARGO_TARGET_DIR=/opt/rustwide/target" "-e" "CARGO_INCREMENTAL=0" "-e" "RUST_BACKTRACE=full" "-e" "RUSTFLAGS=--cap-lints=forbid -Dunexpected_cfgs" "-e" "RUSTDOCFLAGS=--cap-lints=forbid" "-e" "CARGO_HOME=/opt/rustwide/cargo-home" "-e" "RUSTUP_HOME=/opt/rustwide/rustup-home" "-w" "/opt/rustwide/workdir" "-m" "1610612736" "--user" "0:0" "--network" "none" "ghcr.io/rust-lang/crates-build-env/linux@sha256:2788e3201cd34a07e3172128adcd8b3090168a8e3bcc40d7c032b9dda1df7d1c" "/opt/rustwide/cargo-home/bin/cargo" "+nightly-2024-02-05" "check" "--frozen" "--all" "--all-targets" "--message-format=json" "-Zcheck-cfg", kill_on_drop: false }`
[INFO] [stdout] 946629d5e80871e980fc1bda8dcabbce20eca085a1d84f13ea748d40f95ed9fb
[INFO] running `Command { std: "docker" "start" "-a" "946629d5e80871e980fc1bda8dcabbce20eca085a1d84f13ea748d40f95ed9fb", kill_on_drop: false }`
[INFO] [stderr]    Compiling proc-macro2 v1.0.78
[INFO] [stderr]    Compiling libc v0.2.153
[INFO] [stderr]    Compiling version_check v0.9.4
[INFO] [stderr]    Compiling typenum v1.17.0
[INFO] [stderr]     Checking memchr v2.7.1
[INFO] [stderr]     Checking once_cell v1.19.0
[INFO] [stderr]    Compiling semver v1.0.21
[INFO] [stderr]     Checking subtle v2.5.0
[INFO] [stderr]     Checking futures-sink v0.3.30
[INFO] [stderr]    Compiling platforms v3.3.0
[INFO] [stderr]    Compiling syn v1.0.109
[INFO] [stderr]     Checking futures-core v0.3.30
[INFO] [stderr]     Checking tinyvec_macros v0.1.1
[INFO] [stderr]     Checking futures-task v0.3.30
[INFO] [stderr]     Checking cpufeatures v0.2.12
[INFO] [stderr]     Checking futures-io v0.3.30
[INFO] [stderr]    Compiling data-encoding v2.5.0
[INFO] [stderr]     Checking tinyvec v1.6.0
[INFO] [stderr]    Compiling thiserror v1.0.56
[INFO] [stderr]     Checking signature v2.2.0
[INFO] [stderr]     Checking unsigned-varint v0.7.2
[INFO] [stderr]     Checking futures-channel v0.3.30
[INFO] [stderr]     Checking tracing-core v0.1.32
[INFO] [stderr]     Checking zeroize v1.7.0
[INFO] [stderr]     Checking ed25519 v2.2.3
[INFO] [stderr]    Compiling serde v1.0.196
[INFO] [stderr]     Checking byteorder v1.5.0
[INFO] [stderr]     Checking smallvec v1.13.1
[INFO] [stderr]     Checking percent-encoding v2.3.1
[INFO] [stderr]    Compiling generic-array v0.14.7
[INFO] [stderr]     Checking unicode-bidi v0.3.15
[INFO] [stderr]     Checking bs58 v0.5.0
[INFO] [stderr]     Checking form_urlencoded v1.2.1
[INFO] [stderr]     Checking core2 v0.4.0
[INFO] [stderr]     Checking quick-protobuf v0.8.1
[INFO] [stderr]     Checking static_assertions v1.1.0
[INFO] [stderr]     Checking base-x v0.2.11
[INFO] [stderr]     Checking log v0.4.20
[INFO] [stderr]     Checking multihash v0.19.1
[INFO] [stderr]    Compiling rustc_version v0.4.0
[INFO] [stderr]     Checking arrayref v0.3.7
[INFO] [stderr]     Checking bytes v1.5.0
[INFO] [stderr]     Checking instant v0.1.12
[INFO] [stderr]     Checking either v1.9.0
[INFO] [stderr]     Checking fnv v1.0.7
[INFO] [stderr]     Checking unsigned-varint v0.8.0
[INFO] [stderr]     Checking void v1.0.2
[INFO] [stderr]     Checking futures-timer v3.0.2
[INFO] [stderr]     Checking thread_local v1.1.7
[INFO] [stderr]     Checking anstyle-parse v0.2.3
[INFO] [stderr]    Compiling quote v1.0.35
[INFO] [stderr]    Compiling eyre v0.6.12
[INFO] [stderr]     Checking adler v1.0.2
[INFO] [stderr]     Checking anstyle v1.0.6
[INFO] [stderr]     Checking unicode-normalization v0.1.22
[INFO] [stderr]     Checking gimli v0.28.1
[INFO] [stderr]     Checking tracing-subscriber v0.3.18
[INFO] [stderr]     Checking anstyle-query v1.0.2
[INFO] [stderr]    Compiling syn v2.0.48
[INFO] [stderr]     Checking anstream v0.6.11
[INFO] [stderr]    Compiling curve25519-dalek v4.1.2
[INFO] [stderr]     Checking miniz_oxide v0.7.2
[INFO] [stderr]     Checking object v0.32.2
[INFO] [stderr]     Checking getrandom v0.2.12
[INFO] [stderr]     Checking num_cpus v1.16.0
[INFO] [stderr]     Checking parking_lot_core v0.9.9
[INFO] [stderr]     Checking indenter v0.3.3
[INFO] [stderr]     Checking owo-colors v3.5.0
[INFO] [stderr]     Checking rustc-demangle v0.1.23
[INFO] [stderr]     Checking idna v0.5.0
[INFO] [stderr]     Checking clap_builder v4.4.18
[INFO] [stderr]     Checking rand_core v0.6.4
[INFO] [stderr]     Checking parking_lot v0.12.1
[INFO] [stderr]     Checking rand_chacha v0.3.1
[INFO] [stderr]     Checking url v2.5.0
[INFO] [stderr]     Checking rand v0.8.5
[INFO] [stderr]    Compiling cc v1.0.83
[INFO] [stderr]    Compiling data-encoding-macro-internal v0.1.12
[INFO] [stderr]     Checking crypto-common v0.1.6
[INFO] [stderr]     Checking block-buffer v0.10.4
[INFO] [stderr]     Checking digest v0.10.7
[INFO] [stderr]     Checking data-encoding-macro v0.1.14
[INFO] [stderr]     Checking multibase v0.9.1
[INFO] [stderr]     Checking hmac v0.12.1
[INFO] [stderr]     Checking sha2 v0.10.8
[INFO] [stderr]     Checking hkdf v0.12.4
[INFO] [stderr]    Compiling backtrace v0.3.69
[INFO] [stderr]     Checking addr2line v0.21.0
[INFO] [stderr]    Compiling tracing-attributes v0.1.27
[INFO] [stderr]    Compiling futures-macro v0.3.30
[INFO] [stderr]    Compiling curve25519-dalek-derive v0.1.1
[INFO] [stderr]    Compiling pin-project-internal v1.1.4
[INFO] [stderr]    Compiling thiserror-impl v1.0.56
[INFO] [stderr]    Compiling clap_derive v4.4.7
[INFO] [stderr]     Checking futures-util v0.3.30
[INFO] [stdout] error[E0658]: use of unstable library feature 'stdsimd'
[INFO] [stdout]   --> /opt/rustwide/cargo-home/registry/src/index.crates.io-6f17d22bba15001f/curve25519-dalek-4.1.2/src/backend/vector/ifma/field.rs:26:5
[INFO] [stdout]    |
[INFO] [stdout] 26 |     _mm256_madd52lo_epu64(z.into(), x.into(), y.into()).into()
[INFO] [stdout]    |     ^^^^^^^^^^^^^^^^^^^^^
[INFO] [stdout]    |
[INFO] [stdout]    = note: see issue #48556 <https://github.com/rust-lang/rust/issues/48556> for more information
[INFO] [stdout]    = help: add `#![feature(stdsimd)]` to the crate attributes to enable
[INFO] [stdout]    = note: this compiler was built on 2024-02-04; consider upgrading it if it is out of date
[INFO] [stdout] 
[INFO] [stdout] 
[INFO] [stdout] error[E0658]: use of unstable library feature 'stdsimd'
[INFO] [stdout]   --> /opt/rustwide/cargo-home/registry/src/index.crates.io-6f17d22bba15001f/curve25519-dalek-4.1.2/src/backend/vector/ifma/field.rs:25:9
[INFO] [stdout]    |
[INFO] [stdout] 25 |     use core::arch::x86_64::_mm256_madd52lo_epu64;
[INFO] [stdout]    |         ^^^^^^^^^^^^^^^^^^^^^^^^^^^^^^^^^^^^^^^^^
[INFO] [stdout]    |
[INFO] [stdout]    = note: see issue #48556 <https://github.com/rust-lang/rust/issues/48556> for more information
[INFO] [stdout]    = help: add `#![feature(stdsimd)]` to the crate attributes to enable
[INFO] [stdout]    = note: this compiler was built on 2024-02-04; consider upgrading it if it is out of date
[INFO] [stdout] 
[INFO] [stdout] 
[INFO] [stdout] error[E0658]: use of unstable library feature 'stdsimd'
[INFO] [stdout]   --> /opt/rustwide/cargo-home/registry/src/index.crates.io-6f17d22bba15001f/curve25519-dalek-4.1.2/src/backend/vector/ifma/field.rs:34:5
[INFO] [stdout]    |
[INFO] [stdout] 34 |     _mm256_madd52hi_epu64(z.into(), x.into(), y.into()).into()
[INFO] [stdout]    |     ^^^^^^^^^^^^^^^^^^^^^
[INFO] [stdout]    |
[INFO] [stdout]    = note: see issue #48556 <https://github.com/rust-lang/rust/issues/48556> for more information
[INFO] [stdout]    = help: add `#![feature(stdsimd)]` to the crate attributes to enable
[INFO] [stdout]    = note: this compiler was built on 2024-02-04; consider upgrading it if it is out of date
[INFO] [stdout] 
[INFO] [stdout] 
[INFO] [stdout] error[E0658]: use of unstable library feature 'stdsimd'
[INFO] [stdout]   --> /opt/rustwide/cargo-home/registry/src/index.crates.io-6f17d22bba15001f/curve25519-dalek-4.1.2/src/backend/vector/ifma/field.rs:33:9
[INFO] [stdout]    |
[INFO] [stdout] 33 |     use core::arch::x86_64::_mm256_madd52hi_epu64;
[INFO] [stdout]    |         ^^^^^^^^^^^^^^^^^^^^^^^^^^^^^^^^^^^^^^^^^
[INFO] [stdout]    |
[INFO] [stdout]    = note: see issue #48556 <https://github.com/rust-lang/rust/issues/48556> for more information
[INFO] [stdout]    = help: add `#![feature(stdsimd)]` to the crate attributes to enable
[INFO] [stdout]    = note: this compiler was built on 2024-02-04; consider upgrading it if it is out of date
[INFO] [stdout] 
[INFO] [stdout] 
[INFO] [stdout] error[E0635]: unknown feature `stdarch_x86_avx512`
[INFO] [stdout]   --> /opt/rustwide/cargo-home/registry/src/index.crates.io-6f17d22bba15001f/curve25519-dalek-4.1.2/src/lib.rs:19:13
[INFO] [stdout]    |
[INFO] [stdout] 19 |     feature(stdarch_x86_avx512)
[INFO] [stdout]    |             ^^^^^^^^^^^^^^^^^^
[INFO] [stdout] 
[INFO] [stdout] 
[INFO] [stderr]     Checking tracing v0.1.40
[INFO] [stderr]     Checking pin-project v1.1.4
[INFO] [stderr]     Checking tracing-error v0.2.0
[INFO] [stdout] error: aborting due to 5 previous errors
[INFO] [stdout] 
[INFO] [stdout] 
[INFO] [stdout] Some errors have detailed explanations: E0635, E0658.
[INFO] [stdout] 
[INFO] [stdout] For more information about an error, try `rustc --explain E0635`.
[INFO] [stdout] 
[INFO] [stderr] error: could not compile `curve25519-dalek` (lib) due to 6 previous errors
[INFO] [stderr] warning: build failed, waiting for other jobs to finish...
[INFO] running `Command { std: "docker" "inspect" "946629d5e80871e980fc1bda8dcabbce20eca085a1d84f13ea748d40f95ed9fb", kill_on_drop: false }`
[INFO] running `Command { std: "docker" "rm" "-f" "946629d5e80871e980fc1bda8dcabbce20eca085a1d84f13ea748d40f95ed9fb", kill_on_drop: false }`
[INFO] [stdout] 946629d5e80871e980fc1bda8dcabbce20eca085a1d84f13ea748d40f95ed9fb
