[INFO] fetching crate rusty_paserk 0.3.0...
[INFO] checking rusty_paserk-0.3.0 against nightly-2024-02-05 for check-cfg-2
[INFO] extracting crate rusty_paserk 0.3.0 into /workspace/builds/worker-2-tc1/source
[INFO] validating manifest of crates.io crate rusty_paserk 0.3.0 on toolchain nightly-2024-02-05
[INFO] running `Command { std: CARGO_HOME="/workspace/cargo-home" RUSTUP_HOME="/workspace/rustup-home" "/workspace/cargo-home/bin/cargo" "+nightly-2024-02-05" "metadata" "--manifest-path" "Cargo.toml" "--no-deps", kill_on_drop: false }`
[INFO] started tweaking crates.io crate rusty_paserk 0.3.0
[INFO] removed 0 missing tests
[INFO] finished tweaking crates.io crate rusty_paserk 0.3.0
[INFO] tweaked toml for crates.io crate rusty_paserk 0.3.0 written to /workspace/builds/worker-2-tc1/source/Cargo.toml
[INFO] running `Command { std: CARGO_HOME="/workspace/cargo-home" RUSTUP_HOME="/workspace/rustup-home" "/workspace/cargo-home/bin/cargo" "+nightly-2024-02-05" "generate-lockfile" "--manifest-path" "Cargo.toml", kill_on_drop: false }`
[INFO] [stderr]     Blocking waiting for file lock on package cache
[INFO] [stderr]     Updating crates.io index
[INFO] running `Command { std: CARGO_HOME="/workspace/cargo-home" RUSTUP_HOME="/workspace/rustup-home" "/workspace/cargo-home/bin/cargo" "+nightly-2024-02-05" "fetch" "--manifest-path" "Cargo.toml", kill_on_drop: false }`
[INFO] [stderr]     Blocking waiting for file lock on package cache
[INFO] [stderr]  Downloading crates ...
[INFO] [stderr]   Downloaded sec1 v0.3.0
[INFO] [stderr]   Downloaded argon2 v0.5.3
[INFO] [stderr]   Downloaded crypto-bigint v0.4.9
[INFO] [stderr]   Downloaded ff v0.12.1
[INFO] [stderr]   Downloaded signature v2.2.0
[INFO] [stderr]   Downloaded rfc6979 v0.3.1
[INFO] [stderr]   Downloaded derive_arbitrary v1.3.2
[INFO] [stderr]   Downloaded ctr v0.9.2
[INFO] [stderr]   Downloaded blake2 v0.9.2
[INFO] [stderr]   Downloaded libtest-mimic v0.6.1
[INFO] [stderr]   Downloaded ed25519-dalek v2.1.1
[INFO] [stderr]   Downloaded p384 v0.13.0
[INFO] [stderr]   Downloaded curve25519-dalek v4.1.2
[INFO] [stderr]   Downloaded p384 v0.11.2
[INFO] [stderr]   Downloaded rusty_paseto v0.6.1
[INFO] [stderr]   Downloaded elliptic-curve v0.13.8
[INFO] [stderr]   Downloaded elliptic-curve v0.12.3
[INFO] [stderr]   Downloaded ecdsa v0.16.9
[INFO] [stderr]   Downloaded password-hash v0.5.0
[INFO] [stderr]   Downloaded ecdsa v0.14.8
[INFO] [stderr]   Downloaded iso8601 v0.4.2
[INFO] [stderr]   Downloaded threadpool v1.8.1
[INFO] [stderr]   Downloaded ctr v0.8.0
[INFO] [stderr]   Downloaded rfc6979 v0.4.0
[INFO] [stderr]   Downloaded group v0.12.1
[INFO] [stderr]   Downloaded primeorder v0.13.6
[INFO] [stderr]   Downloaded pbkdf2 v0.12.2
[INFO] [stderr]   Downloaded ed25519 v2.2.3
[INFO] [stderr]   Downloaded base16ct v0.1.1
[INFO] running `Command { std: "docker" "create" "-v" "/var/lib/crater-agent-workspace/builds/worker-2-tc1/target:/opt/rustwide/target:rw,Z" "-v" "/var/lib/crater-agent-workspace/builds/worker-2-tc1/source:/opt/rustwide/workdir:ro,Z" "-v" "/var/lib/crater-agent-workspace/cargo-home:/opt/rustwide/cargo-home:ro,Z" "-v" "/var/lib/crater-agent-workspace/rustup-home:/opt/rustwide/rustup-home:ro,Z" "-e" "SOURCE_DIR=/opt/rustwide/workdir" "-e" "CARGO_TARGET_DIR=/opt/rustwide/target" "-e" "CARGO_HOME=/opt/rustwide/cargo-home" "-e" "RUSTUP_HOME=/opt/rustwide/rustup-home" "-w" "/opt/rustwide/workdir" "-m" "1610612736" "--user" "0:0" "--network" "none" "ghcr.io/rust-lang/crates-build-env/linux@sha256:2788e3201cd34a07e3172128adcd8b3090168a8e3bcc40d7c032b9dda1df7d1c" "/opt/rustwide/cargo-home/bin/cargo" "+nightly-2024-02-05" "metadata" "--no-deps" "--format-version=1", kill_on_drop: false }`
[INFO] [stdout] 4e8e081e79172b570ab29effa2a5321bbccffa84713a44085a008e04e1335848
[INFO] running `Command { std: "docker" "start" "-a" "4e8e081e79172b570ab29effa2a5321bbccffa84713a44085a008e04e1335848", kill_on_drop: false }`
[INFO] running `Command { std: "docker" "inspect" "4e8e081e79172b570ab29effa2a5321bbccffa84713a44085a008e04e1335848", kill_on_drop: false }`
[INFO] running `Command { std: "docker" "rm" "-f" "4e8e081e79172b570ab29effa2a5321bbccffa84713a44085a008e04e1335848", kill_on_drop: false }`
[INFO] [stdout] 4e8e081e79172b570ab29effa2a5321bbccffa84713a44085a008e04e1335848
[INFO] running `Command { std: "docker" "create" "-v" "/var/lib/crater-agent-workspace/builds/worker-2-tc1/target:/opt/rustwide/target:rw,Z" "-v" "/var/lib/crater-agent-workspace/builds/worker-2-tc1/source:/opt/rustwide/workdir:ro,Z" "-v" "/var/lib/crater-agent-workspace/cargo-home:/opt/rustwide/cargo-home:ro,Z" "-v" "/var/lib/crater-agent-workspace/rustup-home:/opt/rustwide/rustup-home:ro,Z" "-e" "SOURCE_DIR=/opt/rustwide/workdir" "-e" "CARGO_TARGET_DIR=/opt/rustwide/target" "-e" "CARGO_INCREMENTAL=0" "-e" "RUST_BACKTRACE=full" "-e" "RUSTFLAGS=--cap-lints=forbid" "-e" "RUSTDOCFLAGS=--cap-lints=forbid" "-e" "CARGO_HOME=/opt/rustwide/cargo-home" "-e" "RUSTUP_HOME=/opt/rustwide/rustup-home" "-w" "/opt/rustwide/workdir" "-m" "1610612736" "--user" "0:0" "--network" "none" "ghcr.io/rust-lang/crates-build-env/linux@sha256:2788e3201cd34a07e3172128adcd8b3090168a8e3bcc40d7c032b9dda1df7d1c" "/opt/rustwide/cargo-home/bin/cargo" "+nightly-2024-02-05" "check" "--frozen" "--all" "--all-targets" "--message-format=json", kill_on_drop: false }`
[INFO] [stdout] 94dd94a323ca1f51f69a28264dba3118735942fdf7e09736dbc4d74d1498c1c4
[INFO] running `Command { std: "docker" "start" "-a" "94dd94a323ca1f51f69a28264dba3118735942fdf7e09736dbc4d74d1498c1c4", kill_on_drop: false }`
[INFO] [stderr]    Compiling proc-macro2 v1.0.78
[INFO] [stderr]    Compiling unicode-ident v1.0.12
[INFO] [stderr]    Compiling typenum v1.17.0
[INFO] [stderr]    Compiling version_check v0.9.4
[INFO] [stderr]     Checking subtle v2.5.0
[INFO] [stderr]     Checking cfg-if v1.0.0
[INFO] [stderr]    Compiling libc v0.2.153
[INFO] [stderr]     Checking const-oid v0.9.6
[INFO] [stderr]     Checking base64ct v1.6.0
[INFO] [stderr]     Checking cpufeatures v0.2.12
[INFO] [stderr]    Compiling radium v0.7.0
[INFO] [stderr]     Checking tap v1.0.1
[INFO] [stderr]    Compiling semver v1.0.21
[INFO] [stderr]     Checking funty v2.0.0
[INFO] [stderr]    Compiling platforms v3.3.0
[INFO] [stderr]     Checking base16ct v0.1.1
[INFO] [stderr]     Checking base16ct v0.2.0
[INFO] [stderr]     Checking wyz v0.5.1
[INFO] [stderr]     Checking utf8parse v0.2.1
[INFO] [stderr]    Compiling thiserror v1.0.56
[INFO] [stderr]     Checking colorchoice v1.0.0
[INFO] [stderr]     Checking anstyle-parse v0.2.3
[INFO] [stderr]     Checking anstyle-query v1.0.2
[INFO] [stderr]     Checking memchr v2.7.1
[INFO] [stderr]     Checking opaque-debug v0.3.0
[INFO] [stderr]     Checking powerfmt v0.2.0
[INFO] [stderr]     Checking minimal-lexical v0.2.1
[INFO] [stderr]     Checking itoa v1.0.10
[INFO] [stderr]     Checking anstyle v1.0.6
[INFO] [stderr]     Checking pem-rfc7468 v0.6.0
[INFO] [stderr]     Checking pem-rfc7468 v0.7.0
[INFO] [stderr]     Checking deranged v0.3.11
[INFO] [stderr]     Checking anstream v0.6.11
[INFO] [stderr]     Checking ppv-lite86 v0.2.17
[INFO] [stderr]     Checking time-core v0.1.2
[INFO] [stderr]    Compiling heck v0.4.1
[INFO] [stderr]     Checking spin v0.9.8
[INFO] [stderr]     Checking clap_lex v0.6.0
[INFO] [stderr]     Checking num-conv v0.1.0
[INFO] [stderr]    Compiling serde v1.0.196
[INFO] [stderr]     Checking strsim v0.10.0
[INFO] [stderr]     Checking bitvec v1.0.1
[INFO] [stderr]    Compiling rustc_version v0.4.0
[INFO] [stderr]     Checking nom v7.1.3
[INFO] [stderr]     Checking untrusted v0.9.0
[INFO] [stderr]     Checking base64 v0.13.1
[INFO] [stderr]     Checking clap_builder v4.4.18
[INFO] [stderr]     Checking hex v0.4.3
[INFO] [stderr]    Compiling serde_json v1.0.113
[INFO] [stderr]     Checking termcolor v1.4.1
[INFO] [stderr]    Compiling quote v1.0.35
[INFO] [stderr]    Compiling generic-array v0.14.7
[INFO] [stderr]     Checking ryu v1.0.16
[INFO] [stderr]    Compiling syn v2.0.48
[INFO] [stderr]     Checking time v0.3.34
[INFO] [stderr]     Checking getrandom v0.2.12
[INFO] [stderr]     Checking num_cpus v1.16.0
[INFO] [stderr]    Compiling cc v1.0.83
[INFO] [stderr]    Compiling curve25519-dalek v4.1.2
[INFO] [stderr]     Checking threadpool v1.8.1
[INFO] [stderr]     Checking rand_core v0.6.4
[INFO] [stderr]     Checking ff v0.12.1
[INFO] [stderr]     Checking group v0.12.1
[INFO] [stderr]     Checking rand_chacha v0.3.1
[INFO] [stderr]     Checking password-hash v0.5.0
[INFO] [stderr]     Checking rand v0.8.5
[INFO] [stderr]     Checking iso8601 v0.4.2
[INFO] [stderr]     Checking ff v0.13.0
[INFO] [stderr]     Checking group v0.13.0
[INFO] [stderr]    Compiling ring v0.17.7
[INFO] [stderr]    Compiling zeroize_derive v1.4.2
[INFO] [stderr]    Compiling curve25519-dalek-derive v0.1.1
[INFO] [stderr]    Compiling thiserror-impl v1.0.56
[INFO] [stderr]    Compiling clap_derive v4.4.7
[INFO] [stderr]    Compiling serde_derive v1.0.196
[INFO] [stderr]     Checking zeroize v1.7.0
[INFO] [stderr]     Checking der v0.7.8
[INFO] [stderr]     Checking der v0.6.1
[INFO] [stderr]     Checking crypto-common v0.1.6
[INFO] [stderr]     Checking block-buffer v0.10.4
[INFO] [stderr]     Checking crypto-bigint v0.4.9
[INFO] [stderr]     Checking digest v0.10.7
[INFO] [stderr]     Checking hmac v0.12.1
[INFO] [stderr]     Checking hkdf v0.12.4
[INFO] [stderr]     Checking signature v2.2.0
[INFO] [stderr]     Checking sha2 v0.10.8
[INFO] [stderr]     Checking spki v0.6.0
[INFO] [stderr]     Checking inout v0.1.3
[INFO] [stderr]     Checking crypto-bigint v0.5.5
[INFO] [stderr]     Checking cipher v0.3.0
[INFO] [stderr]     Checking signature v1.6.4
[INFO] [stderr]     Checking spki v0.7.3
[INFO] [stderr]     Checking cipher v0.4.4
[INFO] [stderr]     Checking pkcs8 v0.9.0
[INFO] [stderr]     Checking rfc6979 v0.3.1
[INFO] [stderr]     Checking ed25519 v2.2.3
[INFO] [stderr]     Checking ctr v0.8.0
[INFO] [stderr]     Checking pkcs8 v0.10.2
[INFO] [stderr]     Checking sec1 v0.3.0
[INFO] [stderr]     Checking rfc6979 v0.4.0
[INFO] [stderr]     Checking crypto-mac v0.8.0
[INFO] [stderr]     Checking digest v0.9.0
[INFO] [stderr]     Checking sec1 v0.7.3
[INFO] [stderr]     Checking chacha20 v0.8.2
[INFO] [stderr]     Checking blake2 v0.10.6
[INFO] [stderr]     Checking aes v0.7.5
[INFO] [stderr]     Checking elliptic-curve v0.12.3
[INFO] [stderr]     Checking ctr v0.9.2
[INFO] [stderr]     Checking blake2 v0.9.2
[INFO] [stderr]     Checking aes v0.8.3
[INFO] [stderr]     Checking chacha20 v0.9.1
[INFO] [stdout] error[E0658]: use of unstable library feature 'stdsimd'
[INFO] [stdout]   --> /opt/rustwide/cargo-home/registry/src/index.crates.io-6f17d22bba15001f/curve25519-dalek-4.1.2/src/backend/vector/ifma/field.rs:26:5
[INFO] [stdout]    |
[INFO] [stdout] 26 |     _mm256_madd52lo_epu64(z.into(), x.into(), y.into()).into()
[INFO] [stdout]    |     ^^^^^^^^^^^^^^^^^^^^^
[INFO] [stdout]    |
[INFO] [stdout]    = note: see issue #48556 <https://github.com/rust-lang/rust/issues/48556> for more information
[INFO] [stdout]    = help: add `#![feature(stdsimd)]` to the crate attributes to enable
[INFO] [stdout]    = note: this compiler was built on 2024-02-04; consider upgrading it if it is out of date
[INFO] [stdout] 
[INFO] [stdout] 
[INFO] [stdout] error[E0658]: use of unstable library feature 'stdsimd'
[INFO] [stdout]   --> /opt/rustwide/cargo-home/registry/src/index.crates.io-6f17d22bba15001f/curve25519-dalek-4.1.2/src/backend/vector/ifma/field.rs:25:9
[INFO] [stdout]    |
[INFO] [stdout] 25 |     use core::arch::x86_64::_mm256_madd52lo_epu64;
[INFO] [stdout]    |         ^^^^^^^^^^^^^^^^^^^^^^^^^^^^^^^^^^^^^^^^^
[INFO] [stdout]    |
[INFO] [stdout]    = note: see issue #48556 <https://github.com/rust-lang/rust/issues/48556> for more information
[INFO] [stdout]    = help: add `#![feature(stdsimd)]` to the crate attributes to enable
[INFO] [stdout]    = note: this compiler was built on 2024-02-04; consider upgrading it if it is out of date
[INFO] [stdout] 
[INFO] [stdout] 
[INFO] [stdout] error[E0658]: use of unstable library feature 'stdsimd'
[INFO] [stdout]   --> /opt/rustwide/cargo-home/registry/src/index.crates.io-6f17d22bba15001f/curve25519-dalek-4.1.2/src/backend/vector/ifma/field.rs:34:5
[INFO] [stdout]    |
[INFO] [stdout] 34 |     _mm256_madd52hi_epu64(z.into(), x.into(), y.into()).into()
[INFO] [stdout]    |     ^^^^^^^^^^^^^^^^^^^^^
[INFO] [stdout]    |
[INFO] [stdout]    = note: see issue #48556 <https://github.com/rust-lang/rust/issues/48556> for more information
[INFO] [stdout]    = help: add `#![feature(stdsimd)]` to the crate attributes to enable
[INFO] [stdout]    = note: this compiler was built on 2024-02-04; consider upgrading it if it is out of date
[INFO] [stdout] 
[INFO] [stdout] 
[INFO] [stdout] error[E0658]: use of unstable library feature 'stdsimd'
[INFO] [stdout]   --> /opt/rustwide/cargo-home/registry/src/index.crates.io-6f17d22bba15001f/curve25519-dalek-4.1.2/src/backend/vector/ifma/field.rs:33:9
[INFO] [stdout]    |
[INFO] [stdout] 33 |     use core::arch::x86_64::_mm256_madd52hi_epu64;
[INFO] [stdout]    |         ^^^^^^^^^^^^^^^^^^^^^^^^^^^^^^^^^^^^^^^^^
[INFO] [stdout]    |
[INFO] [stdout]    = note: see issue #48556 <https://github.com/rust-lang/rust/issues/48556> for more information
[INFO] [stdout]    = help: add `#![feature(stdsimd)]` to the crate attributes to enable
[INFO] [stdout]    = note: this compiler was built on 2024-02-04; consider upgrading it if it is out of date
[INFO] [stdout] 
[INFO] [stdout] 
[INFO] [stdout] error[E0635]: unknown feature `stdarch_x86_avx512`
[INFO] [stdout]   --> /opt/rustwide/cargo-home/registry/src/index.crates.io-6f17d22bba15001f/curve25519-dalek-4.1.2/src/lib.rs:19:13
[INFO] [stdout]    |
[INFO] [stdout] 19 |     feature(stdarch_x86_avx512)
[INFO] [stdout]    |             ^^^^^^^^^^^^^^^^^^
[INFO] [stdout] 
[INFO] [stdout] 
[INFO] [stderr]     Checking argon2 v0.5.3
[INFO] [stderr]     Checking pbkdf2 v0.12.2
[INFO] [stderr]     Checking ecdsa v0.14.8
[INFO] [stdout] error: aborting due to 5 previous errors
[INFO] [stdout] 
[INFO] [stdout] 
[INFO] [stdout] Some errors have detailed explanations: E0635, E0658.
[INFO] [stdout] 
[INFO] [stdout] For more information about an error, try `rustc --explain E0635`.
[INFO] [stdout] 
[INFO] [stderr]     Checking p384 v0.11.2
[INFO] [stderr] error: could not compile `curve25519-dalek` (lib) due to 6 previous errors
[INFO] [stderr] warning: build failed, waiting for other jobs to finish...
[INFO] running `Command { std: "docker" "inspect" "94dd94a323ca1f51f69a28264dba3118735942fdf7e09736dbc4d74d1498c1c4", kill_on_drop: false }`
[INFO] running `Command { std: "docker" "rm" "-f" "94dd94a323ca1f51f69a28264dba3118735942fdf7e09736dbc4d74d1498c1c4", kill_on_drop: false }`
[INFO] [stdout] 94dd94a323ca1f51f69a28264dba3118735942fdf7e09736dbc4d74d1498c1c4
