[INFO] fetching crate libp2p-websocket 0.43.0...
[INFO] checking libp2p-websocket-0.43.0 against nightly-2024-02-05 for check-cfg-2
[INFO] extracting crate libp2p-websocket 0.43.0 into /workspace/builds/worker-6-tc1/source
[INFO] validating manifest of crates.io crate libp2p-websocket 0.43.0 on toolchain nightly-2024-02-05
[INFO] running `Command { std: CARGO_HOME="/workspace/cargo-home" RUSTUP_HOME="/workspace/rustup-home" "/workspace/cargo-home/bin/cargo" "+nightly-2024-02-05" "metadata" "--manifest-path" "Cargo.toml" "--no-deps", kill_on_drop: false }`
[INFO] started tweaking crates.io crate libp2p-websocket 0.43.0
[INFO] finished tweaking crates.io crate libp2p-websocket 0.43.0
[INFO] tweaked toml for crates.io crate libp2p-websocket 0.43.0 written to /workspace/builds/worker-6-tc1/source/Cargo.toml
[INFO] running `Command { std: CARGO_HOME="/workspace/cargo-home" RUSTUP_HOME="/workspace/rustup-home" "/workspace/cargo-home/bin/cargo" "+nightly-2024-02-05" "generate-lockfile" "--manifest-path" "Cargo.toml", kill_on_drop: false }`
[INFO] [stderr]     Blocking waiting for file lock on package cache
[INFO] [stderr]     Updating crates.io index
[INFO] running `Command { std: CARGO_HOME="/workspace/cargo-home" RUSTUP_HOME="/workspace/rustup-home" "/workspace/cargo-home/bin/cargo" "+nightly-2024-02-05" "fetch" "--manifest-path" "Cargo.toml", kill_on_drop: false }`
[INFO] [stderr]     Blocking waiting for file lock on package cache
[INFO] [stderr]     Blocking waiting for file lock on package cache
[INFO] [stderr]  Downloading crates ...
[INFO] [stderr]   Downloaded enum-as-inner v0.6.0
[INFO] [stderr]   Downloaded resolv-conf v0.7.0
[INFO] [stderr]   Downloaded block-buffer v0.9.0
[INFO] [stderr]   Downloaded match_cfg v0.1.0
[INFO] [stderr]   Downloaded soketto v0.7.1
[INFO] [stderr]   Downloaded libp2p-dns v0.41.1
[INFO] [stderr]   Downloaded digest v0.9.0
[INFO] [stderr]   Downloaded sha-1 v0.9.8
[INFO] [stderr]   Downloaded hickory-resolver v0.24.0
[INFO] [stderr]   Downloaded async-std-resolver v0.24.0
[INFO] [stderr]   Downloaded hostname v0.3.1
[INFO] [stderr]   Downloaded hickory-proto v0.24.0
[INFO] [stderr]   Downloaded lru-cache v0.1.2
[INFO] [stderr]   Downloaded ipconfig v0.3.2
[INFO] running `Command { std: "docker" "create" "-v" "/var/lib/crater-agent-workspace/builds/worker-6-tc1/target:/opt/rustwide/target:rw,Z" "-v" "/var/lib/crater-agent-workspace/builds/worker-6-tc1/source:/opt/rustwide/workdir:ro,Z" "-v" "/var/lib/crater-agent-workspace/cargo-home:/opt/rustwide/cargo-home:ro,Z" "-v" "/var/lib/crater-agent-workspace/rustup-home:/opt/rustwide/rustup-home:ro,Z" "-e" "SOURCE_DIR=/opt/rustwide/workdir" "-e" "CARGO_TARGET_DIR=/opt/rustwide/target" "-e" "CARGO_HOME=/opt/rustwide/cargo-home" "-e" "RUSTUP_HOME=/opt/rustwide/rustup-home" "-w" "/opt/rustwide/workdir" "-m" "1610612736" "--user" "0:0" "--network" "none" "ghcr.io/rust-lang/crates-build-env/linux@sha256:2788e3201cd34a07e3172128adcd8b3090168a8e3bcc40d7c032b9dda1df7d1c" "/opt/rustwide/cargo-home/bin/cargo" "+nightly-2024-02-05" "metadata" "--no-deps" "--format-version=1", kill_on_drop: false }`
[INFO] [stdout] 1bda2277da1c7fe174ef37cdb1a38bb78872a1c26609445c16bc1dfe76548908
[INFO] running `Command { std: "docker" "start" "-a" "1bda2277da1c7fe174ef37cdb1a38bb78872a1c26609445c16bc1dfe76548908", kill_on_drop: false }`
[INFO] running `Command { std: "docker" "inspect" "1bda2277da1c7fe174ef37cdb1a38bb78872a1c26609445c16bc1dfe76548908", kill_on_drop: false }`
[INFO] running `Command { std: "docker" "rm" "-f" "1bda2277da1c7fe174ef37cdb1a38bb78872a1c26609445c16bc1dfe76548908", kill_on_drop: false }`
[INFO] [stdout] 1bda2277da1c7fe174ef37cdb1a38bb78872a1c26609445c16bc1dfe76548908
[INFO] running `Command { std: "docker" "create" "-v" "/var/lib/crater-agent-workspace/builds/worker-6-tc1/target:/opt/rustwide/target:rw,Z" "-v" "/var/lib/crater-agent-workspace/builds/worker-6-tc1/source:/opt/rustwide/workdir:ro,Z" "-v" "/var/lib/crater-agent-workspace/cargo-home:/opt/rustwide/cargo-home:ro,Z" "-v" "/var/lib/crater-agent-workspace/rustup-home:/opt/rustwide/rustup-home:ro,Z" "-e" "SOURCE_DIR=/opt/rustwide/workdir" "-e" "CARGO_TARGET_DIR=/opt/rustwide/target" "-e" "CARGO_INCREMENTAL=0" "-e" "RUST_BACKTRACE=full" "-e" "RUSTFLAGS=--cap-lints=forbid" "-e" "RUSTDOCFLAGS=--cap-lints=forbid" "-e" "CARGO_HOME=/opt/rustwide/cargo-home" "-e" "RUSTUP_HOME=/opt/rustwide/rustup-home" "-w" "/opt/rustwide/workdir" "-m" "1610612736" "--user" "0:0" "--network" "none" "ghcr.io/rust-lang/crates-build-env/linux@sha256:2788e3201cd34a07e3172128adcd8b3090168a8e3bcc40d7c032b9dda1df7d1c" "/opt/rustwide/cargo-home/bin/cargo" "+nightly-2024-02-05" "check" "--frozen" "--all" "--all-targets" "--message-format=json", kill_on_drop: false }`
[INFO] [stdout] cdb0a7c20b4f5c3c827651a4b1c4e16d3c699b5dcbdf3e3ec80ac9827a7d5717
[INFO] running `Command { std: "docker" "start" "-a" "cdb0a7c20b4f5c3c827651a4b1c4e16d3c699b5dcbdf3e3ec80ac9827a7d5717", kill_on_drop: false }`
[INFO] [stderr]     Checking futures-core v0.3.30
[INFO] [stderr]     Checking futures-io v0.3.30
[INFO] [stderr]    Compiling crossbeam-utils v0.8.19
[INFO] [stderr]     Checking parking v2.2.0
[INFO] [stderr]    Compiling syn v2.0.48
[INFO] [stderr]     Checking getrandom v0.2.12
[INFO] [stderr]     Checking value-bag v1.7.0
[INFO] [stderr]     Checking futures-sink v0.3.30
[INFO] [stderr]     Checking futures-task v0.3.30
[INFO] [stderr]     Checking fastrand v2.0.1
[INFO] [stderr]     Checking num_cpus v1.16.0
[INFO] [stderr]     Checking futures-channel v0.3.30
[INFO] [stderr]    Compiling io-lifetimes v1.0.11
[INFO] [stderr]     Checking rand_core v0.6.4
[INFO] [stderr]    Compiling rustix v0.38.31
[INFO] [stderr]     Checking futures-lite v2.2.0
[INFO] [stderr]     Checking log v0.4.20
[INFO] [stderr]    Compiling polling v2.8.0
[INFO] [stderr]    Compiling rustix v0.37.27
[INFO] [stderr]     Checking event-listener v2.5.3
[INFO] [stderr]     Checking bitflags v2.4.2
[INFO] [stderr]     Checking subtle v2.5.0
[INFO] [stderr]     Checking linux-raw-sys v0.4.13
[INFO] [stderr]     Checking concurrent-queue v2.4.0
[INFO] [stderr]     Checking rand_chacha v0.3.1
[INFO] [stderr]     Checking digest v0.10.7
[INFO] [stderr]     Checking event-listener v4.0.3
[INFO] [stderr]    Compiling async-io v1.13.0
[INFO] [stderr]     Checking linux-raw-sys v0.3.8
[INFO] [stderr]     Checking fastrand v1.9.0
[INFO] [stderr]     Checking waker-fn v1.1.1
[INFO] [stderr]     Checking rand v0.8.5
[INFO] [stderr]     Checking event-listener-strategy v0.4.0
[INFO] [stderr]     Checking futures-lite v1.13.0
[INFO] [stderr]     Checking async-lock v2.8.0
[INFO] [stderr]     Checking async-lock v3.3.0
[INFO] [stderr]     Checking socket2 v0.4.10
[INFO] [stderr]    Compiling platforms v3.3.0
[INFO] [stderr]     Checking data-encoding v2.5.0
[INFO] [stderr]    Compiling paste v1.0.14
[INFO] [stderr]    Compiling curve25519-dalek v4.1.2
[INFO] [stderr]     Checking atomic-waker v1.1.2
[INFO] [stderr]     Checking async-task v4.7.0
[INFO] [stderr]    Compiling anyhow v1.0.79
[INFO] [stderr]     Checking piper v0.2.1
[INFO] [stderr]     Checking async-channel v2.1.1
[INFO] [stderr]    Compiling ring v0.17.7
[INFO] [stderr]     Checking zeroize v1.7.0
[INFO] [stderr]     Checking signature v2.2.0
[INFO] [stderr]     Checking unsigned-varint v0.7.2
[INFO] [stderr]     Checking async-executor v1.8.0
[INFO] [stderr]     Checking ed25519 v2.2.3
[INFO] [stderr]     Checking sha2 v0.10.8
[INFO] [stderr]     Checking hmac v0.12.1
[INFO] [stderr]     Checking core2 v0.4.0
[INFO] [stderr]     Checking multihash v0.19.1
[INFO] [stderr]     Checking hkdf v0.12.4
[INFO] [stderr]     Checking quick-protobuf v0.8.1
[INFO] [stderr]     Checking bs58 v0.5.0
[INFO] [stderr]     Checking ipnet v2.9.0
[INFO] [stderr]    Compiling async-trait v0.1.77
[INFO] [stderr]     Checking base-x v0.2.11
[INFO] [stderr]     Checking signal-hook-registry v1.4.1
[INFO] [stderr]     Checking match_cfg v0.1.0
[INFO] [stderr]     Checking hostname v0.3.1
[INFO] [stderr]     Checking tokio v1.36.0
[INFO] [stderr]    Compiling data-encoding-macro-internal v0.1.12
[INFO] [stderr]     Checking idna v0.4.0
[INFO] [stderr]     Checking event-listener v3.1.0
[INFO] [stderr]    Compiling rustls v0.21.10
[INFO] [stderr]     Checking futures-timer v3.0.2
[INFO] [stderr]     Checking powerfmt v0.2.0
[INFO] [stderr]    Compiling httparse v1.8.0
[INFO] [stderr]     Checking unsigned-varint v0.8.0
[INFO] [stderr]     Checking void v1.0.2
[INFO] [stderr]     Checking linked-hash-map v0.5.6
[INFO] [stderr]     Checking resolv-conf v0.7.0
[INFO] [stderr]     Checking lru-cache v0.1.2
[INFO] [stderr]     Checking deranged v0.3.11
[INFO] [stderr]     Checking data-encoding-macro v0.1.14
[INFO] [stderr]    Compiling async-attributes v1.1.2
[INFO] [stderr]     Checking multibase v0.9.1
[INFO] [stderr]     Checking async-channel v1.9.0
[INFO] [stderr]     Checking kv-log-macro v1.0.7
[INFO] [stderr]     Checking nix v0.24.3
[INFO] [stderr]    Compiling ring v0.16.20
[INFO] [stderr]     Checking block-buffer v0.9.0
[INFO] [stderr]     Checking digest v0.9.0
[INFO] [stderr]     Checking socket2 v0.5.5
[INFO] [stderr]     Checking num-conv v0.1.0
[INFO] [stderr]     Checking opaque-debug v0.3.0
[INFO] [stderr]     Checking time-core v0.1.2
[INFO] [stderr]     Checking sha-1 v0.9.8
[INFO] [stderr]     Checking time v0.3.34
[INFO] [stderr]     Checking base64 v0.13.1
[INFO] [stderr]     Checking base64 v0.21.7
[INFO] [stderr]     Checking spin v0.5.2
[INFO] [stderr]     Checking untrusted v0.7.1
[INFO] [stderr]     Checking pem v3.0.3
[INFO] [stderr]     Checking webpki-roots v0.25.4
[INFO] [stderr]     Checking yasna v0.5.2
[INFO] [stderr]    Compiling tracing-attributes v0.1.27
[INFO] [stderr]    Compiling futures-macro v0.3.30
[INFO] [stderr]    Compiling thiserror-impl v1.0.56
[INFO] [stderr]    Compiling curve25519-dalek-derive v0.1.1
[INFO] [stderr]    Compiling pin-project-internal v1.1.4
[INFO] [stderr]    Compiling enum-as-inner v0.6.0
[INFO] [stderr]     Checking sct v0.7.1
[INFO] [stderr]     Checking rustls-webpki v0.101.7
[INFO] [stderr]     Checking futures-util v0.3.30
[INFO] [stdout] error[E0658]: use of unstable library feature 'stdsimd'
[INFO] [stdout]   --> /opt/rustwide/cargo-home/registry/src/index.crates.io-6f17d22bba15001f/curve25519-dalek-4.1.2/src/backend/vector/ifma/field.rs:26:5
[INFO] [stdout]    |
[INFO] [stdout] 26 |     _mm256_madd52lo_epu64(z.into(), x.into(), y.into()).into()
[INFO] [stdout]    |     ^^^^^^^^^^^^^^^^^^^^^
[INFO] [stdout]    |
[INFO] [stdout]    = note: see issue #48556 <https://github.com/rust-lang/rust/issues/48556> for more information
[INFO] [stdout]    = help: add `#![feature(stdsimd)]` to the crate attributes to enable
[INFO] [stdout]    = note: this compiler was built on 2024-02-04; consider upgrading it if it is out of date
[INFO] [stdout] 
[INFO] [stdout] 
[INFO] [stdout] error[E0658]: use of unstable library feature 'stdsimd'
[INFO] [stdout]   --> /opt/rustwide/cargo-home/registry/src/index.crates.io-6f17d22bba15001f/curve25519-dalek-4.1.2/src/backend/vector/ifma/field.rs:25:9
[INFO] [stdout]    |
[INFO] [stdout] 25 |     use core::arch::x86_64::_mm256_madd52lo_epu64;
[INFO] [stdout]    |         ^^^^^^^^^^^^^^^^^^^^^^^^^^^^^^^^^^^^^^^^^
[INFO] [stdout]    |
[INFO] [stdout]    = note: see issue #48556 <https://github.com/rust-lang/rust/issues/48556> for more information
[INFO] [stdout]    = help: add `#![feature(stdsimd)]` to the crate attributes to enable
[INFO] [stdout]    = note: this compiler was built on 2024-02-04; consider upgrading it if it is out of date
[INFO] [stdout] 
[INFO] [stdout] 
[INFO] [stdout] error[E0658]: use of unstable library feature 'stdsimd'
[INFO] [stdout]   --> /opt/rustwide/cargo-home/registry/src/index.crates.io-6f17d22bba15001f/curve25519-dalek-4.1.2/src/backend/vector/ifma/field.rs:34:5
[INFO] [stdout]    |
[INFO] [stdout] 34 |     _mm256_madd52hi_epu64(z.into(), x.into(), y.into()).into()
[INFO] [stdout]    |     ^^^^^^^^^^^^^^^^^^^^^
[INFO] [stdout]    |
[INFO] [stdout]    = note: see issue #48556 <https://github.com/rust-lang/rust/issues/48556> for more information
[INFO] [stdout]    = help: add `#![feature(stdsimd)]` to the crate attributes to enable
[INFO] [stdout]    = note: this compiler was built on 2024-02-04; consider upgrading it if it is out of date
[INFO] [stdout] 
[INFO] [stdout] 
[INFO] [stdout] error[E0658]: use of unstable library feature 'stdsimd'
[INFO] [stdout]   --> /opt/rustwide/cargo-home/registry/src/index.crates.io-6f17d22bba15001f/curve25519-dalek-4.1.2/src/backend/vector/ifma/field.rs:33:9
[INFO] [stdout]    |
[INFO] [stdout] 33 |     use core::arch::x86_64::_mm256_madd52hi_epu64;
[INFO] [stdout]    |         ^^^^^^^^^^^^^^^^^^^^^^^^^^^^^^^^^^^^^^^^^
[INFO] [stdout]    |
[INFO] [stdout]    = note: see issue #48556 <https://github.com/rust-lang/rust/issues/48556> for more information
[INFO] [stdout]    = help: add `#![feature(stdsimd)]` to the crate attributes to enable
[INFO] [stdout]    = note: this compiler was built on 2024-02-04; consider upgrading it if it is out of date
[INFO] [stdout] 
[INFO] [stdout] 
[INFO] [stdout] error[E0635]: unknown feature `stdarch_x86_avx512`
[INFO] [stdout]   --> /opt/rustwide/cargo-home/registry/src/index.crates.io-6f17d22bba15001f/curve25519-dalek-4.1.2/src/lib.rs:19:13
[INFO] [stdout]    |
[INFO] [stdout] 19 |     feature(stdarch_x86_avx512)
[INFO] [stdout]    |             ^^^^^^^^^^^^^^^^^^
[INFO] [stdout] 
[INFO] [stdout] 
[INFO] [stderr]     Checking thiserror v1.0.56
[INFO] [stderr]     Checking pin-project v1.1.4
[INFO] [stderr]     Checking netlink-packet-utils v0.5.2
[INFO] [stdout] error: aborting due to 5 previous errors
[INFO] [stdout] 
[INFO] [stdout] 
[INFO] [stdout] Some errors have detailed explanations: E0635, E0658.
[INFO] [stdout] 
[INFO] [stdout] For more information about an error, try `rustc --explain E0635`.
[INFO] [stdout] 
[INFO] [stderr] error: could not compile `curve25519-dalek` (lib) due to 6 previous errors
[INFO] [stderr] warning: build failed, waiting for other jobs to finish...
[INFO] running `Command { std: "docker" "inspect" "cdb0a7c20b4f5c3c827651a4b1c4e16d3c699b5dcbdf3e3ec80ac9827a7d5717", kill_on_drop: false }`
[INFO] running `Command { std: "docker" "rm" "-f" "cdb0a7c20b4f5c3c827651a4b1c4e16d3c699b5dcbdf3e3ec80ac9827a7d5717", kill_on_drop: false }`
[INFO] [stdout] cdb0a7c20b4f5c3c827651a4b1c4e16d3c699b5dcbdf3e3ec80ac9827a7d5717
