[INFO] fetching crate libp2p-webrtc 0.7.0-alpha...
[INFO] checking libp2p-webrtc-0.7.0-alpha against nightly-2024-02-05 for check-cfg-2
[INFO] extracting crate libp2p-webrtc 0.7.0-alpha into /workspace/builds/worker-2-tc1/source
[INFO] validating manifest of crates.io crate libp2p-webrtc 0.7.0-alpha on toolchain nightly-2024-02-05
[INFO] running `Command { std: CARGO_HOME="/workspace/cargo-home" RUSTUP_HOME="/workspace/rustup-home" "/workspace/cargo-home/bin/cargo" "+nightly-2024-02-05" "metadata" "--manifest-path" "Cargo.toml" "--no-deps", kill_on_drop: false }`
[INFO] started tweaking crates.io crate libp2p-webrtc 0.7.0-alpha
[INFO] removed 0 missing tests
[INFO] finished tweaking crates.io crate libp2p-webrtc 0.7.0-alpha
[INFO] tweaked toml for crates.io crate libp2p-webrtc 0.7.0-alpha written to /workspace/builds/worker-2-tc1/source/Cargo.toml
[INFO] running `Command { std: CARGO_HOME="/workspace/cargo-home" RUSTUP_HOME="/workspace/rustup-home" "/workspace/cargo-home/bin/cargo" "+nightly-2024-02-05" "generate-lockfile" "--manifest-path" "Cargo.toml", kill_on_drop: false }`
[INFO] [stderr]     Updating crates.io index
[INFO] running `Command { std: CARGO_HOME="/workspace/cargo-home" RUSTUP_HOME="/workspace/rustup-home" "/workspace/cargo-home/bin/cargo" "+nightly-2024-02-05" "fetch" "--manifest-path" "Cargo.toml", kill_on_drop: false }`
[INFO] [stderr]  Downloading crates ...
[INFO] [stderr]   Downloaded memoffset v0.7.1
[INFO] [stderr]   Downloaded yasna v0.5.2
[INFO] [stderr]   Downloaded opaque-debug v0.3.0
[INFO] [stderr]   Downloaded quick-protobuf-codec v0.2.0
[INFO] [stderr]   Downloaded const-oid v0.9.6
[INFO] [stderr]   Downloaded asn1-rs-derive v0.4.0
[INFO] [stderr]   Downloaded rw-stream-sink v0.4.0
[INFO] [stderr]   Downloaded libp2p-core v0.40.1
[INFO] [stderr]   Downloaded system-configuration-sys v0.5.0
[INFO] [stderr]   Downloaded asn1-rs-impl v0.1.0
[INFO] [stderr]   Downloaded substring v1.4.5
[INFO] [stderr]   Downloaded rfc6979 v0.4.0
[INFO] [stderr]   Downloaded void v1.0.2
[INFO] [stderr]   Downloaded futures-timer v3.0.2
[INFO] [stderr]   Downloaded libp2p-webrtc-utils v0.1.0
[INFO] [stderr]   Downloaded ecdsa v0.16.9
[INFO] [stderr]   Downloaded tinytemplate v1.2.1
[INFO] [stderr]   Downloaded overload v0.1.1
[INFO] [stderr]   Downloaded tracing-subscriber v0.3.18
[INFO] [stderr]   Downloaded snow v0.9.6
[INFO] [stderr]   Downloaded elliptic-curve v0.13.8
[INFO] [stderr]   Downloaded ccm v0.5.0
[INFO] [stderr]   Downloaded asn1-rs v0.5.2
[INFO] [stderr]   Downloaded ed25519-dalek v2.1.1
[INFO] [stderr]   Downloaded x509-parser v0.15.1
[INFO] [stderr]   Downloaded ring v0.16.20
[INFO] [stderr]   Downloaded ring v0.17.7
[INFO] [stderr]   Downloaded rtp v0.9.0
[INFO] [stderr]   Downloaded webrtc v0.9.0
[INFO] [stderr]   Downloaded rustls v0.21.10
[INFO] [stderr]   Downloaded windows v0.51.1
[INFO] [stderr]   Downloaded webrtc-sctp v0.9.0
[INFO] [stderr]   Downloaded rustls-webpki v0.101.7
[INFO] [stderr]   Downloaded aes v0.8.3
[INFO] [stderr]   Downloaded der v0.7.8
[INFO] [stderr]   Downloaded curve25519-dalek v4.1.2
[INFO] [stderr]   Downloaded webrtc-ice v0.10.0
[INFO] [stderr]   Downloaded stun v0.5.0
[INFO] [stderr]   Downloaded fiat-crypto v0.2.6
[INFO] [stderr]   Downloaded turn v0.7.0
[INFO] [stderr]   Downloaded nix v0.26.4
[INFO] [stderr]   Downloaded webrtc-util v0.8.0
[INFO] [stderr]   Downloaded hkdf v0.12.4
[INFO] [stderr]   Downloaded netlink-packet-route v0.12.0
[INFO] [stderr]   Downloaded webrtc-dtls v0.8.0
[INFO] [stderr]   Downloaded rtcp v0.10.0
[INFO] [stderr]   Downloaded aes-gcm v0.10.3
[INFO] [stderr]   Downloaded p384 v0.13.0
[INFO] [stderr]   Downloaded crypto-bigint v0.5.5
[INFO] [stderr]   Downloaded webrtc-srtp v0.11.0
[INFO] [stderr]   Downloaded der-parser v8.2.0
[INFO] [stderr]   Downloaded rcgen v0.11.3
[INFO] [stderr]   Downloaded arc-swap v1.6.0
[INFO] [stderr]   Downloaded valuable v0.1.0
[INFO] [stderr]   Downloaded chacha20poly1305 v0.10.1
[INFO] [stderr]   Downloaded futures v0.3.30
[INFO] [stderr]   Downloaded x25519-dalek v2.0.1
[INFO] [stderr]   Downloaded libp2p-core v0.41.2
[INFO] [stderr]   Downloaded hmac v0.12.1
[INFO] [stderr]   Downloaded uuid v1.7.0
[INFO] [stderr]   Downloaded poly1305 v0.8.0
[INFO] [stderr]   Downloaded windows-core v0.51.1
[INFO] [stderr]   Downloaded base64ct v1.6.0
[INFO] [stderr]   Downloaded p256 v0.13.2
[INFO] [stderr]   Downloaded webrtc-media v0.7.0
[INFO] [stderr]   Downloaded signature v2.2.0
[INFO] [stderr]   Downloaded pem v3.0.3
[INFO] [stderr]   Downloaded chacha20 v0.9.1
[INFO] [stderr]   Downloaded aead v0.5.2
[INFO] [stderr]   Downloaded webrtc-data v0.8.0
[INFO] [stderr]   Downloaded sdp v0.6.0
[INFO] [stderr]   Downloaded polyval v0.6.1
[INFO] [stderr]   Downloaded subtle v2.5.0
[INFO] [stderr]   Downloaded sct v0.7.1
[INFO] [stderr]   Downloaded rtnetlink v0.10.1
[INFO] [stderr]   Downloaded displaydoc v0.2.4
[INFO] [stderr]   Downloaded webrtc-mdns v0.6.0
[INFO] [stderr]   Downloaded md-5 v0.10.6
[INFO] [stderr]   Downloaded multihash v0.19.1
[INFO] [stderr]   Downloaded core-foundation v0.9.4
[INFO] [stderr]   Downloaded netlink-sys v0.8.5
[INFO] [stderr]   Downloaded pkcs8 v0.10.2
[INFO] [stderr]   Downloaded smol_str v0.2.1
[INFO] [stderr]   Downloaded multistream-select v0.13.0
[INFO] [stderr]   Downloaded tracing-log v0.2.0
[INFO] [stderr]   Downloaded rusticata-macros v4.1.0
[INFO] [stderr]   Downloaded crc-catalog v2.4.0
[INFO] [stderr]   Downloaded cbc v0.1.2
[INFO] [stderr]   Downloaded zeroize_derive v1.4.2
[INFO] [stderr]   Downloaded spin v0.5.2
[INFO] [stderr]   Downloaded primeorder v0.13.6
[INFO] [stderr]   Downloaded bs58 v0.5.0
[INFO] [stderr]   Downloaded if-addrs v0.10.2
[INFO] [stderr]   Downloaded group v0.13.0
[INFO] [stderr]   Downloaded ed25519 v2.2.3
[INFO] [stderr]   Downloaded netlink-proto v0.10.0
[INFO] [stderr]   Downloaded ff v0.13.0
[INFO] [stderr]   Downloaded base16ct v0.2.0
[INFO] [stderr]   Downloaded pem-rfc7468 v0.7.0
[INFO] [stderr]   Downloaded ghash v0.5.0
[INFO] [stderr]   Downloaded libp2p-noise v0.43.2
[INFO] [stderr]   Downloaded nu-ansi-term v0.46.0
[INFO] [stderr]   Downloaded interceptor v0.10.0
[INFO] [stderr]   Downloaded hex v0.4.3
[INFO] [stderr]   Downloaded netlink-packet-utils v0.5.2
[INFO] [stderr]   Downloaded netlink-packet-core v0.4.2
[INFO] [stderr]   Downloaded platforms v3.3.0
[INFO] [stderr]   Downloaded futures-macro v0.3.30
[INFO] [stderr]   Downloaded system-configuration v0.5.1
[INFO] [stderr]   Downloaded untrusted v0.7.1
[INFO] [stderr]   Downloaded multiaddr v0.18.1
[INFO] [stderr]   Downloaded curve25519-dalek-derive v0.1.1
[INFO] [stderr]   Downloaded block-padding v0.3.3
[INFO] [stderr]   Downloaded universal-hash v0.5.1
[INFO] [stderr]   Downloaded oid-registry v0.6.1
[INFO] [stderr]   Downloaded libp2p-identity v0.2.8
[INFO] [stderr]   Downloaded ctr v0.9.2
[INFO] [stderr]   Downloaded crc v3.0.1
[INFO] [stderr]   Downloaded libp2p-noise v0.44.0
[INFO] [stderr]   Downloaded untrusted v0.9.0
[INFO] [stderr]   Downloaded asynchronous-codec v0.6.2
[INFO] [stderr]   Downloaded waitgroup v0.1.2
[INFO] [stderr]   Downloaded sec1 v0.7.3
[INFO] [stderr]   Downloaded sha1 v0.10.6
[INFO] [stderr]   Downloaded asynchronous-codec v0.7.0
[INFO] [stderr]   Downloaded if-watch v3.2.0
[INFO] [stderr]   Downloaded futures-executor v0.3.30
[INFO] [stderr]   Downloaded spki v0.7.3
[INFO] [stderr]   Downloaded sharded-slab v0.1.7
[INFO] [stderr]   Downloaded blake2 v0.10.6
[INFO] [stderr]   Downloaded unsigned-varint v0.8.0
[INFO] running `Command { std: "docker" "create" "-v" "/var/lib/crater-agent-workspace/builds/worker-2-tc1/target:/opt/rustwide/target:rw,Z" "-v" "/var/lib/crater-agent-workspace/builds/worker-2-tc1/source:/opt/rustwide/workdir:ro,Z" "-v" "/var/lib/crater-agent-workspace/cargo-home:/opt/rustwide/cargo-home:ro,Z" "-v" "/var/lib/crater-agent-workspace/rustup-home:/opt/rustwide/rustup-home:ro,Z" "-e" "SOURCE_DIR=/opt/rustwide/workdir" "-e" "CARGO_TARGET_DIR=/opt/rustwide/target" "-e" "CARGO_HOME=/opt/rustwide/cargo-home" "-e" "RUSTUP_HOME=/opt/rustwide/rustup-home" "-w" "/opt/rustwide/workdir" "-m" "1610612736" "--user" "0:0" "--network" "none" "ghcr.io/rust-lang/crates-build-env/linux@sha256:2788e3201cd34a07e3172128adcd8b3090168a8e3bcc40d7c032b9dda1df7d1c" "/opt/rustwide/cargo-home/bin/cargo" "+nightly-2024-02-05" "metadata" "--no-deps" "--format-version=1", kill_on_drop: false }`
[INFO] [stdout] 1f88330e964b647d442e76c93b35de0e7279cd7407b693dba56a4738fdc1257e
[INFO] running `Command { std: "docker" "start" "-a" "1f88330e964b647d442e76c93b35de0e7279cd7407b693dba56a4738fdc1257e", kill_on_drop: false }`
[INFO] running `Command { std: "docker" "inspect" "1f88330e964b647d442e76c93b35de0e7279cd7407b693dba56a4738fdc1257e", kill_on_drop: false }`
[INFO] running `Command { std: "docker" "rm" "-f" "1f88330e964b647d442e76c93b35de0e7279cd7407b693dba56a4738fdc1257e", kill_on_drop: false }`
[INFO] [stdout] 1f88330e964b647d442e76c93b35de0e7279cd7407b693dba56a4738fdc1257e
[INFO] running `Command { std: "docker" "create" "-v" "/var/lib/crater-agent-workspace/builds/worker-2-tc1/target:/opt/rustwide/target:rw,Z" "-v" "/var/lib/crater-agent-workspace/builds/worker-2-tc1/source:/opt/rustwide/workdir:ro,Z" "-v" "/var/lib/crater-agent-workspace/cargo-home:/opt/rustwide/cargo-home:ro,Z" "-v" "/var/lib/crater-agent-workspace/rustup-home:/opt/rustwide/rustup-home:ro,Z" "-e" "SOURCE_DIR=/opt/rustwide/workdir" "-e" "CARGO_TARGET_DIR=/opt/rustwide/target" "-e" "CARGO_INCREMENTAL=0" "-e" "RUST_BACKTRACE=full" "-e" "RUSTFLAGS=--cap-lints=forbid" "-e" "RUSTDOCFLAGS=--cap-lints=forbid" "-e" "CARGO_HOME=/opt/rustwide/cargo-home" "-e" "RUSTUP_HOME=/opt/rustwide/rustup-home" "-w" "/opt/rustwide/workdir" "-m" "1610612736" "--user" "0:0" "--network" "none" "ghcr.io/rust-lang/crates-build-env/linux@sha256:2788e3201cd34a07e3172128adcd8b3090168a8e3bcc40d7c032b9dda1df7d1c" "/opt/rustwide/cargo-home/bin/cargo" "+nightly-2024-02-05" "check" "--frozen" "--all" "--all-targets" "--message-format=json", kill_on_drop: false }`
[INFO] [stdout] d136117010fad2d1efb1c27ec619adb92f3ca33ddb2cf35048e4a540fabdd5e8
[INFO] running `Command { std: "docker" "start" "-a" "d136117010fad2d1efb1c27ec619adb92f3ca33ddb2cf35048e4a540fabdd5e8", kill_on_drop: false }`
[INFO] [stderr]    Compiling libc v0.2.153
[INFO] [stderr]     Checking futures-core v0.3.30
[INFO] [stderr]    Compiling version_check v0.9.4
[INFO] [stderr]    Compiling typenum v1.17.0
[INFO] [stderr]     Checking futures-task v0.3.30
[INFO] [stderr]     Checking futures-io v0.3.30
[INFO] [stderr]     Checking bytes v1.5.0
[INFO] [stderr]    Compiling semver v1.0.21
[INFO] [stderr]    Compiling thiserror v1.0.56
[INFO] [stderr]     Checking subtle v2.5.0
[INFO] [stderr]     Checking log v0.4.20
[INFO] [stderr]     Checking byteorder v1.5.0
[INFO] [stderr]    Compiling syn v2.0.48
[INFO] [stderr]     Checking smallvec v1.13.1
[INFO] [stderr]    Compiling lock_api v0.4.11
[INFO] [stderr]    Compiling parking_lot_core v0.9.9
[INFO] [stderr]     Checking futures-channel v0.3.30
[INFO] [stderr]     Checking scopeguard v1.2.0
[INFO] [stderr]    Compiling platforms v3.3.0
[INFO] [stderr]    Compiling syn v1.0.109
[INFO] [stderr]     Checking cpufeatures v0.2.12
[INFO] [stderr]     Checking tinyvec_macros v0.1.1
[INFO] [stderr]     Checking tracing-core v0.1.32
[INFO] [stderr]     Checking signature v2.2.0
[INFO] [stderr]     Checking tinyvec v1.6.0
[INFO] [stderr]    Compiling data-encoding v2.5.0
[INFO] [stderr]    Compiling generic-array v0.14.7
[INFO] [stderr]     Checking unicode-bidi v0.3.15
[INFO] [stderr]     Checking form_urlencoded v1.2.1
[INFO] [stderr]     Checking ed25519 v2.2.3
[INFO] [stderr]     Checking quick-protobuf v0.8.1
[INFO] [stderr]     Checking core2 v0.4.0
[INFO] [stderr]    Compiling anyhow v1.0.79
[INFO] [stderr]     Checking base-x v0.2.11
[INFO] [stderr]     Checking bs58 v0.5.0
[INFO] [stderr]    Compiling rustc_version v0.4.0
[INFO] [stderr]     Checking arrayref v0.3.7
[INFO] [stderr]    Compiling memoffset v0.7.1
[INFO] [stderr]     Checking instant v0.1.12
[INFO] [stderr]     Checking either v1.9.0
[INFO] [stderr]     Checking untrusted v0.9.0
[INFO] [stderr]     Checking futures-timer v3.0.2
[INFO] [stderr]     Checking void v1.0.2
[INFO] [stderr]     Checking spin v0.9.8
[INFO] [stderr]     Checking aho-corasick v1.1.2
[INFO] [stderr]     Checking lazy_static v1.4.0
[INFO] [stderr]     Checking regex-syntax v0.8.2
[INFO] [stderr]     Checking deranged v0.3.11
[INFO] [stderr]     Checking untrusted v0.7.1
[INFO] [stderr]     Checking spin v0.5.2
[INFO] [stderr]     Checking ipnet v2.9.0
[INFO] [stderr]     Checking unsigned-varint v0.8.0
[INFO] [stderr]     Checking crc-catalog v2.4.0
[INFO] [stderr]    Compiling curve25519-dalek v4.1.2
[INFO] [stderr]    Compiling snow v0.9.6
[INFO] [stderr]     Checking regex-syntax v0.6.29
[INFO] [stderr]     Checking crc v3.0.1
[INFO] [stderr]     Checking pem v3.0.3
[INFO] [stderr]     Checking overload v0.1.1
[INFO] [stderr]     Checking hex v0.4.3
[INFO] [stderr]     Checking unicode-normalization v0.1.22
[INFO] [stderr]     Checking nu-ansi-term v0.46.0
[INFO] [stderr]     Checking sharded-slab v0.1.7
[INFO] [stderr]    Compiling cc v1.0.83
[INFO] [stderr]     Checking tracing-log v0.2.0
[INFO] [stderr]     Checking thread_local v1.1.7
[INFO] [stderr]    Compiling data-encoding-macro-internal v0.1.12
[INFO] [stderr]     Checking idna v0.5.0
[INFO] [stderr]     Checking time v0.3.34
[INFO] [stderr]     Checking url v2.5.0
[INFO] [stderr]     Checking getrandom v0.2.12
[INFO] [stderr]     Checking num_cpus v1.16.0
[INFO] [stderr]     Checking mio v0.8.10
[INFO] [stderr]     Checking signal-hook-registry v1.4.1
[INFO] [stderr]     Checking socket2 v0.5.5
[INFO] [stderr]     Checking netlink-sys v0.8.5
[INFO] [stderr]     Checking nix v0.24.3
[INFO] [stderr]     Checking data-encoding-macro v0.1.14
[INFO] [stderr]     Checking multibase v0.9.1
[INFO] [stderr]     Checking regex-automata v0.4.5
[INFO] [stderr]    Compiling ring v0.17.7
[INFO] [stderr]     Checking rand_core v0.6.4
[INFO] [stderr]    Compiling ring v0.16.20
[INFO] [stderr]    Compiling webrtc-util v0.8.0
[INFO] [stderr]     Checking nix v0.26.4
[INFO] [stderr]     Checking parking_lot v0.12.1
[INFO] [stderr]     Checking rand_chacha v0.3.1
[INFO] [stderr]     Checking block-buffer v0.10.4
[INFO] [stderr]     Checking crypto-common v0.1.6
[INFO] [stderr]     Checking digest v0.10.7
[INFO] [stderr]     Checking yasna v0.5.2
[INFO] [stderr]     Checking rand v0.8.5
[INFO] [stderr]     Checking hmac v0.12.1
[INFO] [stderr]     Checking sha2 v0.10.8
[INFO] [stderr]     Checking md-5 v0.10.6
[INFO] [stderr]     Checking hkdf v0.12.4
[INFO] [stderr]     Checking regex-automata v0.1.10
[INFO] [stderr]     Checking matchers v0.1.0
[INFO] [stderr]     Checking regex v1.10.3
[INFO] [stderr]     Checking env_logger v0.8.4
[INFO] [stderr]     Checking quickcheck v1.0.3
[INFO] [stderr]    Compiling futures-macro v0.3.30
[INFO] [stderr]    Compiling thiserror-impl v1.0.56
[INFO] [stderr]    Compiling zeroize_derive v1.4.2
[INFO] [stderr]    Compiling curve25519-dalek-derive v0.1.1
[INFO] [stderr]    Compiling tracing-attributes v0.1.27
[INFO] [stderr]    Compiling serde_derive v1.0.196
[INFO] [stderr]    Compiling pin-project-internal v1.1.4
[INFO] [stderr]    Compiling tokio-macros v2.2.0
[INFO] [stderr]    Compiling async-trait v0.1.77
[INFO] [stderr]     Checking rcgen v0.11.3
[INFO] [stderr]     Checking tokio v1.36.0
[INFO] [stderr]     Checking zeroize v1.7.0
[INFO] [stderr]     Checking futures-util v0.3.30
[INFO] [stdout] error[E0658]: use of unstable library feature 'stdsimd'
[INFO] [stdout]   --> /opt/rustwide/cargo-home/registry/src/index.crates.io-6f17d22bba15001f/curve25519-dalek-4.1.2/src/backend/vector/ifma/field.rs:26:5
[INFO] [stdout]    |
[INFO] [stdout] 26 |     _mm256_madd52lo_epu64(z.into(), x.into(), y.into()).into()
[INFO] [stdout]    |     ^^^^^^^^^^^^^^^^^^^^^
[INFO] [stdout]    |
[INFO] [stdout]    = note: see issue #48556 <https://github.com/rust-lang/rust/issues/48556> for more information
[INFO] [stdout]    = help: add `#![feature(stdsimd)]` to the crate attributes to enable
[INFO] [stdout]    = note: this compiler was built on 2024-02-04; consider upgrading it if it is out of date
[INFO] [stdout] 
[INFO] [stdout] 
[INFO] [stdout] error[E0658]: use of unstable library feature 'stdsimd'
[INFO] [stdout]   --> /opt/rustwide/cargo-home/registry/src/index.crates.io-6f17d22bba15001f/curve25519-dalek-4.1.2/src/backend/vector/ifma/field.rs:25:9
[INFO] [stdout]    |
[INFO] [stdout] 25 |     use core::arch::x86_64::_mm256_madd52lo_epu64;
[INFO] [stdout]    |         ^^^^^^^^^^^^^^^^^^^^^^^^^^^^^^^^^^^^^^^^^
[INFO] [stdout]    |
[INFO] [stdout]    = note: see issue #48556 <https://github.com/rust-lang/rust/issues/48556> for more information
[INFO] [stdout]    = help: add `#![feature(stdsimd)]` to the crate attributes to enable
[INFO] [stdout]    = note: this compiler was built on 2024-02-04; consider upgrading it if it is out of date
[INFO] [stdout] 
[INFO] [stdout] 
[INFO] [stdout] error[E0658]: use of unstable library feature 'stdsimd'
[INFO] [stdout]   --> /opt/rustwide/cargo-home/registry/src/index.crates.io-6f17d22bba15001f/curve25519-dalek-4.1.2/src/backend/vector/ifma/field.rs:34:5
[INFO] [stdout]    |
[INFO] [stdout] 34 |     _mm256_madd52hi_epu64(z.into(), x.into(), y.into()).into()
[INFO] [stdout]    |     ^^^^^^^^^^^^^^^^^^^^^
[INFO] [stdout]    |
[INFO] [stdout]    = note: see issue #48556 <https://github.com/rust-lang/rust/issues/48556> for more information
[INFO] [stdout]    = help: add `#![feature(stdsimd)]` to the crate attributes to enable
[INFO] [stdout]    = note: this compiler was built on 2024-02-04; consider upgrading it if it is out of date
[INFO] [stdout] 
[INFO] [stdout] 
[INFO] [stdout] error[E0658]: use of unstable library feature 'stdsimd'
[INFO] [stdout]   --> /opt/rustwide/cargo-home/registry/src/index.crates.io-6f17d22bba15001f/curve25519-dalek-4.1.2/src/backend/vector/ifma/field.rs:33:9
[INFO] [stdout]    |
[INFO] [stdout] 33 |     use core::arch::x86_64::_mm256_madd52hi_epu64;
[INFO] [stdout]    |         ^^^^^^^^^^^^^^^^^^^^^^^^^^^^^^^^^^^^^^^^^
[INFO] [stdout]    |
[INFO] [stdout]    = note: see issue #48556 <https://github.com/rust-lang/rust/issues/48556> for more information
[INFO] [stdout]    = help: add `#![feature(stdsimd)]` to the crate attributes to enable
[INFO] [stdout]    = note: this compiler was built on 2024-02-04; consider upgrading it if it is out of date
[INFO] [stdout] 
[INFO] [stdout] 
[INFO] [stdout] error[E0635]: unknown feature `stdarch_x86_avx512`
[INFO] [stdout]   --> /opt/rustwide/cargo-home/registry/src/index.crates.io-6f17d22bba15001f/curve25519-dalek-4.1.2/src/lib.rs:19:13
[INFO] [stdout]    |
[INFO] [stdout] 19 |     feature(stdarch_x86_avx512)
[INFO] [stdout]    |             ^^^^^^^^^^^^^^^^^^
[INFO] [stdout] 
[INFO] [stdout] 
[INFO] [stderr]     Checking netlink-packet-utils v0.5.2
[INFO] [stderr]     Checking pin-project v1.1.4
[INFO] [stderr]     Checking tracing v0.1.40
[INFO] [stderr]     Checking netlink-packet-core v0.4.2
[INFO] [stderr]     Checking tracing-subscriber v0.3.18
[INFO] [stderr]     Checking netlink-packet-route v0.12.0
[INFO] [stdout] error: aborting due to 5 previous errors
[INFO] [stdout] 
[INFO] [stdout] 
[INFO] [stdout] Some errors have detailed explanations: E0635, E0658.
[INFO] [stdout] 
[INFO] [stdout] For more information about an error, try `rustc --explain E0635`.
[INFO] [stdout] 
[INFO] [stderr] error: could not compile `curve25519-dalek` (lib) due to 6 previous errors
[INFO] [stderr] warning: build failed, waiting for other jobs to finish...
[INFO] running `Command { std: "docker" "inspect" "d136117010fad2d1efb1c27ec619adb92f3ca33ddb2cf35048e4a540fabdd5e8", kill_on_drop: false }`
[INFO] running `Command { std: "docker" "rm" "-f" "d136117010fad2d1efb1c27ec619adb92f3ca33ddb2cf35048e4a540fabdd5e8", kill_on_drop: false }`
[INFO] [stdout] d136117010fad2d1efb1c27ec619adb92f3ca33ddb2cf35048e4a540fabdd5e8
