[INFO] fetching crate libp2p-fetch 0.1.0...
[INFO] checking libp2p-fetch-0.1.0 against nightly-2024-02-05 for check-cfg-2
[INFO] extracting crate libp2p-fetch 0.1.0 into /workspace/builds/worker-7-tc1/source
[INFO] validating manifest of crates.io crate libp2p-fetch 0.1.0 on toolchain nightly-2024-02-05
[INFO] running `Command { std: CARGO_HOME="/workspace/cargo-home" RUSTUP_HOME="/workspace/rustup-home" "/workspace/cargo-home/bin/cargo" "+nightly-2024-02-05" "metadata" "--manifest-path" "Cargo.toml" "--no-deps", kill_on_drop: false }`
[INFO] started tweaking crates.io crate libp2p-fetch 0.1.0
[INFO] finished tweaking crates.io crate libp2p-fetch 0.1.0
[INFO] tweaked toml for crates.io crate libp2p-fetch 0.1.0 written to /workspace/builds/worker-7-tc1/source/Cargo.toml
[INFO] running `Command { std: CARGO_HOME="/workspace/cargo-home" RUSTUP_HOME="/workspace/rustup-home" "/workspace/cargo-home/bin/cargo" "+nightly-2024-02-05" "generate-lockfile" "--manifest-path" "Cargo.toml", kill_on_drop: false }`
[INFO] [stderr]     Updating crates.io index
[INFO] running `Command { std: CARGO_HOME="/workspace/cargo-home" RUSTUP_HOME="/workspace/rustup-home" "/workspace/cargo-home/bin/cargo" "+nightly-2024-02-05" "fetch" "--manifest-path" "Cargo.toml", kill_on_drop: false }`
[INFO] [stderr]  Downloading crates ...
[INFO] [stderr]   Downloaded ed25519-dalek v2.1.1
[INFO] [stderr]   Downloaded rw-stream-sink v0.3.0
[INFO] [stderr]   Downloaded multihash-derive v0.8.1
[INFO] [stderr]   Downloaded bs58 v0.4.0
[INFO] [stderr]   Downloaded data-encoding-macro-internal v0.1.12
[INFO] [stderr]   Downloaded data-encoding-macro v0.1.14
[INFO] [stderr]   Downloaded libp2p-allow-block-list v0.1.1
[INFO] [stderr]   Downloaded multiaddr v0.17.1
[INFO] [stderr]   Downloaded libp2p-connection-limits v0.1.0
[INFO] [stderr]   Downloaded multistream-select v0.12.1
[INFO] [stderr]   Downloaded libp2p-identity v0.1.3
[INFO] [stderr]   Downloaded unsigned-varint v0.7.2
[INFO] [stderr]   Downloaded libp2p-swarm v0.42.2
[INFO] [stderr]   Downloaded libp2p v0.51.4
[INFO] [stderr]   Downloaded futures-timer v3.0.2
[INFO] [stderr]   Downloaded libp2p-core v0.39.2
[INFO] [stderr]   Downloaded quick-protobuf v0.8.1
[INFO] [stderr]   Downloaded ed25519 v2.2.3
[INFO] [stderr]   Downloaded proc-macro-crate v1.1.3
[INFO] [stderr]   Downloaded multibase v0.9.1
[INFO] [stderr]   Downloaded multihash v0.17.0
[INFO] running `Command { std: "docker" "create" "-v" "/var/lib/crater-agent-workspace/builds/worker-7-tc1/target:/opt/rustwide/target:rw,Z" "-v" "/var/lib/crater-agent-workspace/builds/worker-7-tc1/source:/opt/rustwide/workdir:ro,Z" "-v" "/var/lib/crater-agent-workspace/cargo-home:/opt/rustwide/cargo-home:ro,Z" "-v" "/var/lib/crater-agent-workspace/rustup-home:/opt/rustwide/rustup-home:ro,Z" "-e" "SOURCE_DIR=/opt/rustwide/workdir" "-e" "CARGO_TARGET_DIR=/opt/rustwide/target" "-e" "CARGO_HOME=/opt/rustwide/cargo-home" "-e" "RUSTUP_HOME=/opt/rustwide/rustup-home" "-w" "/opt/rustwide/workdir" "-m" "1610612736" "--user" "0:0" "--network" "none" "ghcr.io/rust-lang/crates-build-env/linux@sha256:2788e3201cd34a07e3172128adcd8b3090168a8e3bcc40d7c032b9dda1df7d1c" "/opt/rustwide/cargo-home/bin/cargo" "+nightly-2024-02-05" "metadata" "--no-deps" "--format-version=1", kill_on_drop: false }`
[INFO] [stdout] 81058451b5f44726e2b99abde337dbf99bc7d9eed7cb1fb2a5d82b8cb6390884
[INFO] running `Command { std: "docker" "start" "-a" "81058451b5f44726e2b99abde337dbf99bc7d9eed7cb1fb2a5d82b8cb6390884", kill_on_drop: false }`
[INFO] running `Command { std: "docker" "inspect" "81058451b5f44726e2b99abde337dbf99bc7d9eed7cb1fb2a5d82b8cb6390884", kill_on_drop: false }`
[INFO] running `Command { std: "docker" "rm" "-f" "81058451b5f44726e2b99abde337dbf99bc7d9eed7cb1fb2a5d82b8cb6390884", kill_on_drop: false }`
[INFO] [stdout] 81058451b5f44726e2b99abde337dbf99bc7d9eed7cb1fb2a5d82b8cb6390884
[INFO] running `Command { std: "docker" "create" "-v" "/var/lib/crater-agent-workspace/builds/worker-7-tc1/target:/opt/rustwide/target:rw,Z" "-v" "/var/lib/crater-agent-workspace/builds/worker-7-tc1/source:/opt/rustwide/workdir:ro,Z" "-v" "/var/lib/crater-agent-workspace/cargo-home:/opt/rustwide/cargo-home:ro,Z" "-v" "/var/lib/crater-agent-workspace/rustup-home:/opt/rustwide/rustup-home:ro,Z" "-e" "SOURCE_DIR=/opt/rustwide/workdir" "-e" "CARGO_TARGET_DIR=/opt/rustwide/target" "-e" "CARGO_INCREMENTAL=0" "-e" "RUST_BACKTRACE=full" "-e" "RUSTFLAGS=--cap-lints=forbid" "-e" "RUSTDOCFLAGS=--cap-lints=forbid" "-e" "CARGO_HOME=/opt/rustwide/cargo-home" "-e" "RUSTUP_HOME=/opt/rustwide/rustup-home" "-w" "/opt/rustwide/workdir" "-m" "1610612736" "--user" "0:0" "--network" "none" "ghcr.io/rust-lang/crates-build-env/linux@sha256:2788e3201cd34a07e3172128adcd8b3090168a8e3bcc40d7c032b9dda1df7d1c" "/opt/rustwide/cargo-home/bin/cargo" "+nightly-2024-02-05" "check" "--frozen" "--all" "--all-targets" "--message-format=json", kill_on_drop: false }`
[INFO] [stdout] 86d66ee655534bab0c47ba08e50d1d28c6ab3644912ff0a9e15e5daafbfc65a5
[INFO] running `Command { std: "docker" "start" "-a" "86d66ee655534bab0c47ba08e50d1d28c6ab3644912ff0a9e15e5daafbfc65a5", kill_on_drop: false }`
[INFO] [stderr]    Compiling proc-macro2 v1.0.78
[INFO] [stderr]    Compiling generic-array v0.14.7
[INFO] [stderr]    Compiling proc-macro-error-attr v1.0.4
[INFO] [stderr]    Compiling serde v1.0.196
[INFO] [stderr]    Compiling proc-macro-error v1.0.4
[INFO] [stderr]     Checking futures-core v0.3.30
[INFO] [stderr]    Compiling data-encoding v2.5.0
[INFO] [stderr]     Checking futures-io v0.3.30
[INFO] [stderr]     Checking futures-channel v0.3.30
[INFO] [stderr]    Compiling curve25519-dalek v4.1.2
[INFO] [stderr]     Checking unsigned-varint v0.7.2
[INFO] [stderr]     Checking core2 v0.4.0
[INFO] [stderr]     Checking subtle v2.5.0
[INFO] [stderr]     Checking base-x v0.2.11
[INFO] [stderr]     Checking log v0.4.20
[INFO] [stderr]     Checking signature v2.2.0
[INFO] [stderr]    Compiling parking_lot_core v0.9.9
[INFO] [stderr]    Compiling lock_api v0.4.11
[INFO] [stderr]     Checking url v2.5.0
[INFO] [stderr]     Checking ed25519 v2.2.3
[INFO] [stderr]     Checking scopeguard v1.2.0
[INFO] [stderr]     Checking rand v0.8.5
[INFO] [stderr]     Checking quick-protobuf v0.8.1
[INFO] [stderr]     Checking bs58 v0.4.0
[INFO] [stderr]    Compiling quote v1.0.35
[INFO] [stderr]     Checking crypto-common v0.1.6
[INFO] [stderr]     Checking block-buffer v0.10.4
[INFO] [stderr]     Checking parking_lot v0.12.1
[INFO] [stderr]     Checking instant v0.1.12
[INFO] [stderr]     Checking digest v0.10.7
[INFO] [stderr]     Checking either v1.9.0
[INFO] [stderr]    Compiling syn v2.0.48
[INFO] [stderr]    Compiling syn v1.0.109
[INFO] [stderr]     Checking futures-timer v3.0.2
[INFO] [stderr]     Checking void v1.0.2
[INFO] [stderr]     Checking sha2 v0.10.8
[INFO] [stderr]    Compiling toml v0.5.11
[INFO] [stderr]    Compiling synstructure v0.12.6
[INFO] [stderr]    Compiling data-encoding-macro-internal v0.1.12
[INFO] [stderr]    Compiling thiserror-impl v1.0.56
[INFO] [stderr]    Compiling futures-macro v0.3.30
[INFO] [stderr]    Compiling pin-project-internal v1.1.4
[INFO] [stderr]    Compiling curve25519-dalek-derive v0.1.1
[INFO] [stderr]     Checking data-encoding-macro v0.1.14
[INFO] [stderr]     Checking multibase v0.9.1
[INFO] [stderr]     Checking futures-util v0.3.30
[INFO] [stdout] error[E0658]: use of unstable library feature 'stdsimd'
[INFO] [stdout]   --> /opt/rustwide/cargo-home/registry/src/index.crates.io-6f17d22bba15001f/curve25519-dalek-4.1.2/src/backend/vector/ifma/field.rs:26:5
[INFO] [stdout]    |
[INFO] [stdout] 26 |     _mm256_madd52lo_epu64(z.into(), x.into(), y.into()).into()
[INFO] [stdout]    |     ^^^^^^^^^^^^^^^^^^^^^
[INFO] [stdout]    |
[INFO] [stdout]    = note: see issue #48556 <https://github.com/rust-lang/rust/issues/48556> for more information
[INFO] [stdout]    = help: add `#![feature(stdsimd)]` to the crate attributes to enable
[INFO] [stdout]    = note: this compiler was built on 2024-02-04; consider upgrading it if it is out of date
[INFO] [stdout] 
[INFO] [stdout] 
[INFO] [stdout] error[E0658]: use of unstable library feature 'stdsimd'
[INFO] [stdout]   --> /opt/rustwide/cargo-home/registry/src/index.crates.io-6f17d22bba15001f/curve25519-dalek-4.1.2/src/backend/vector/ifma/field.rs:25:9
[INFO] [stdout]    |
[INFO] [stdout] 25 |     use core::arch::x86_64::_mm256_madd52lo_epu64;
[INFO] [stdout]    |         ^^^^^^^^^^^^^^^^^^^^^^^^^^^^^^^^^^^^^^^^^
[INFO] [stdout]    |
[INFO] [stdout]    = note: see issue #48556 <https://github.com/rust-lang/rust/issues/48556> for more information
[INFO] [stdout]    = help: add `#![feature(stdsimd)]` to the crate attributes to enable
[INFO] [stdout]    = note: this compiler was built on 2024-02-04; consider upgrading it if it is out of date
[INFO] [stdout] 
[INFO] [stdout] 
[INFO] [stdout] error[E0658]: use of unstable library feature 'stdsimd'
[INFO] [stdout]   --> /opt/rustwide/cargo-home/registry/src/index.crates.io-6f17d22bba15001f/curve25519-dalek-4.1.2/src/backend/vector/ifma/field.rs:34:5
[INFO] [stdout]    |
[INFO] [stdout] 34 |     _mm256_madd52hi_epu64(z.into(), x.into(), y.into()).into()
[INFO] [stdout]    |     ^^^^^^^^^^^^^^^^^^^^^
[INFO] [stdout]    |
[INFO] [stdout]    = note: see issue #48556 <https://github.com/rust-lang/rust/issues/48556> for more information
[INFO] [stdout]    = help: add `#![feature(stdsimd)]` to the crate attributes to enable
[INFO] [stdout]    = note: this compiler was built on 2024-02-04; consider upgrading it if it is out of date
[INFO] [stdout] 
[INFO] [stdout] 
[INFO] [stdout] error[E0658]: use of unstable library feature 'stdsimd'
[INFO] [stdout]   --> /opt/rustwide/cargo-home/registry/src/index.crates.io-6f17d22bba15001f/curve25519-dalek-4.1.2/src/backend/vector/ifma/field.rs:33:9
[INFO] [stdout]    |
[INFO] [stdout] 33 |     use core::arch::x86_64::_mm256_madd52hi_epu64;
[INFO] [stdout]    |         ^^^^^^^^^^^^^^^^^^^^^^^^^^^^^^^^^^^^^^^^^
[INFO] [stdout]    |
[INFO] [stdout]    = note: see issue #48556 <https://github.com/rust-lang/rust/issues/48556> for more information
[INFO] [stdout]    = help: add `#![feature(stdsimd)]` to the crate attributes to enable
[INFO] [stdout]    = note: this compiler was built on 2024-02-04; consider upgrading it if it is out of date
[INFO] [stdout] 
[INFO] [stdout] 
[INFO] [stdout] error[E0635]: unknown feature `stdarch_x86_avx512`
[INFO] [stdout]   --> /opt/rustwide/cargo-home/registry/src/index.crates.io-6f17d22bba15001f/curve25519-dalek-4.1.2/src/lib.rs:19:13
[INFO] [stdout]    |
[INFO] [stdout] 19 |     feature(stdarch_x86_avx512)
[INFO] [stdout]    |             ^^^^^^^^^^^^^^^^^^
[INFO] [stdout] 
[INFO] [stdout] 
[INFO] [stderr]     Checking pin-project v1.1.4
[INFO] [stderr]    Compiling thiserror v1.0.56
[INFO] [stderr]    Compiling proc-macro-crate v1.1.3
[INFO] [stdout] error: aborting due to 5 previous errors
[INFO] [stdout] 
[INFO] [stdout] 
[INFO] [stdout] Some errors have detailed explanations: E0635, E0658.
[INFO] [stdout] 
[INFO] [stdout] For more information about an error, try `rustc --explain E0635`.
[INFO] [stdout] 
[INFO] [stderr] error: could not compile `curve25519-dalek` (lib) due to 6 previous errors
[INFO] [stderr] warning: build failed, waiting for other jobs to finish...
[INFO] running `Command { std: "docker" "inspect" "86d66ee655534bab0c47ba08e50d1d28c6ab3644912ff0a9e15e5daafbfc65a5", kill_on_drop: false }`
[INFO] running `Command { std: "docker" "rm" "-f" "86d66ee655534bab0c47ba08e50d1d28c6ab3644912ff0a9e15e5daafbfc65a5", kill_on_drop: false }`
[INFO] [stdout] 86d66ee655534bab0c47ba08e50d1d28c6ab3644912ff0a9e15e5daafbfc65a5
[INFO] checking libp2p-fetch-0.1.0 against nightly-2024-02-05+rustflags=-Dunexpected_cfgs+cargoflags=-Zcheck-cfg for check-cfg-2
[INFO] extracting crate libp2p-fetch 0.1.0 into /workspace/builds/worker-7-tc2/source
[INFO] validating manifest of crates.io crate libp2p-fetch 0.1.0 on toolchain nightly-2024-02-05
[INFO] running `Command { std: CARGO_HOME="/workspace/cargo-home" RUSTUP_HOME="/workspace/rustup-home" "/workspace/cargo-home/bin/cargo" "+nightly-2024-02-05" "metadata" "--manifest-path" "Cargo.toml" "--no-deps", kill_on_drop: false }`
[INFO] started tweaking crates.io crate libp2p-fetch 0.1.0
[INFO] finished tweaking crates.io crate libp2p-fetch 0.1.0
[INFO] tweaked toml for crates.io crate libp2p-fetch 0.1.0 written to /workspace/builds/worker-7-tc2/source/Cargo.toml
[INFO] running `Command { std: CARGO_HOME="/workspace/cargo-home" RUSTUP_HOME="/workspace/rustup-home" "/workspace/cargo-home/bin/cargo" "+nightly-2024-02-05" "generate-lockfile" "--manifest-path" "Cargo.toml", kill_on_drop: false }`
[INFO] [stderr]     Updating crates.io index
[INFO] running `Command { std: CARGO_HOME="/workspace/cargo-home" RUSTUP_HOME="/workspace/rustup-home" "/workspace/cargo-home/bin/cargo" "+nightly-2024-02-05" "fetch" "--manifest-path" "Cargo.toml", kill_on_drop: false }`
[INFO] running `Command { std: "docker" "create" "-v" "/var/lib/crater-agent-workspace/builds/worker-7-tc2/target:/opt/rustwide/target:rw,Z" "-v" "/var/lib/crater-agent-workspace/builds/worker-7-tc2/source:/opt/rustwide/workdir:ro,Z" "-v" "/var/lib/crater-agent-workspace/cargo-home:/opt/rustwide/cargo-home:ro,Z" "-v" "/var/lib/crater-agent-workspace/rustup-home:/opt/rustwide/rustup-home:ro,Z" "-e" "SOURCE_DIR=/opt/rustwide/workdir" "-e" "CARGO_TARGET_DIR=/opt/rustwide/target" "-e" "CARGO_HOME=/opt/rustwide/cargo-home" "-e" "RUSTUP_HOME=/opt/rustwide/rustup-home" "-w" "/opt/rustwide/workdir" "-m" "1610612736" "--user" "0:0" "--network" "none" "ghcr.io/rust-lang/crates-build-env/linux@sha256:2788e3201cd34a07e3172128adcd8b3090168a8e3bcc40d7c032b9dda1df7d1c" "/opt/rustwide/cargo-home/bin/cargo" "+nightly-2024-02-05" "metadata" "--no-deps" "--format-version=1", kill_on_drop: false }`
[INFO] [stdout] 31c133c8f86d7df8dc6dbc3ef8cf44d70bff17ec97de7aea704474427bceb6a3
[INFO] running `Command { std: "docker" "start" "-a" "31c133c8f86d7df8dc6dbc3ef8cf44d70bff17ec97de7aea704474427bceb6a3", kill_on_drop: false }`
[INFO] running `Command { std: "docker" "inspect" "31c133c8f86d7df8dc6dbc3ef8cf44d70bff17ec97de7aea704474427bceb6a3", kill_on_drop: false }`
[INFO] running `Command { std: "docker" "rm" "-f" "31c133c8f86d7df8dc6dbc3ef8cf44d70bff17ec97de7aea704474427bceb6a3", kill_on_drop: false }`
[INFO] [stdout] 31c133c8f86d7df8dc6dbc3ef8cf44d70bff17ec97de7aea704474427bceb6a3
[INFO] running `Command { std: "docker" "create" "-v" "/var/lib/crater-agent-workspace/builds/worker-7-tc2/target:/opt/rustwide/target:rw,Z" "-v" "/var/lib/crater-agent-workspace/builds/worker-7-tc2/source:/opt/rustwide/workdir:ro,Z" "-v" "/var/lib/crater-agent-workspace/cargo-home:/opt/rustwide/cargo-home:ro,Z" "-v" "/var/lib/crater-agent-workspace/rustup-home:/opt/rustwide/rustup-home:ro,Z" "-e" "SOURCE_DIR=/opt/rustwide/workdir" "-e" "CARGO_TARGET_DIR=/opt/rustwide/target" "-e" "CARGO_INCREMENTAL=0" "-e" "RUST_BACKTRACE=full" "-e" "RUSTFLAGS=--cap-lints=forbid -Dunexpected_cfgs" "-e" "RUSTDOCFLAGS=--cap-lints=forbid" "-e" "CARGO_HOME=/opt/rustwide/cargo-home" "-e" "RUSTUP_HOME=/opt/rustwide/rustup-home" "-w" "/opt/rustwide/workdir" "-m" "1610612736" "--user" "0:0" "--network" "none" "ghcr.io/rust-lang/crates-build-env/linux@sha256:2788e3201cd34a07e3172128adcd8b3090168a8e3bcc40d7c032b9dda1df7d1c" "/opt/rustwide/cargo-home/bin/cargo" "+nightly-2024-02-05" "check" "--frozen" "--all" "--all-targets" "--message-format=json" "-Zcheck-cfg", kill_on_drop: false }`
[INFO] [stdout] 81dbc1764f278289f9321594fb70287f6d2623303596127e05b8bf7295a84c52
[INFO] running `Command { std: "docker" "start" "-a" "81dbc1764f278289f9321594fb70287f6d2623303596127e05b8bf7295a84c52", kill_on_drop: false }`
[INFO] [stderr]    Compiling proc-macro2 v1.0.78
[INFO] [stderr]    Compiling generic-array v0.14.7
[INFO] [stderr]    Compiling proc-macro-error-attr v1.0.4
[INFO] [stderr]    Compiling serde v1.0.196
[INFO] [stderr]    Compiling proc-macro-error v1.0.4
[INFO] [stderr]     Checking futures-core v0.3.30
[INFO] [stderr]     Checking futures-io v0.3.30
[INFO] [stderr]    Compiling data-encoding v2.5.0
[INFO] [stderr]    Compiling curve25519-dalek v4.1.2
[INFO] [stderr]     Checking futures-channel v0.3.30
[INFO] [stderr]     Checking unsigned-varint v0.7.2
[INFO] [stderr]     Checking core2 v0.4.0
[INFO] [stderr]     Checking signature v2.2.0
[INFO] [stderr]     Checking log v0.4.20
[INFO] [stderr]     Checking subtle v2.5.0
[INFO] [stderr]     Checking base-x v0.2.11
[INFO] [stderr]    Compiling parking_lot_core v0.9.9
[INFO] [stderr]     Checking ed25519 v2.2.3
[INFO] [stderr]    Compiling lock_api v0.4.11
[INFO] [stderr]     Checking url v2.5.0
[INFO] [stderr]     Checking scopeguard v1.2.0
[INFO] [stderr]     Checking rand v0.8.5
[INFO] [stderr]     Checking block-buffer v0.10.4
[INFO] [stderr]     Checking crypto-common v0.1.6
[INFO] [stderr]     Checking digest v0.10.7
[INFO] [stderr]     Checking quick-protobuf v0.8.1
[INFO] [stderr]     Checking bs58 v0.4.0
[INFO] [stderr]    Compiling quote v1.0.35
[INFO] [stderr]     Checking parking_lot v0.12.1
[INFO] [stderr]     Checking instant v0.1.12
[INFO] [stderr]     Checking futures-timer v3.0.2
[INFO] [stderr]     Checking sha2 v0.10.8
[INFO] [stderr]     Checking void v1.0.2
[INFO] [stderr]    Compiling syn v2.0.48
[INFO] [stderr]    Compiling syn v1.0.109
[INFO] [stderr]     Checking either v1.9.0
[INFO] [stderr]    Compiling toml v0.5.11
[INFO] [stderr]    Compiling synstructure v0.12.6
[INFO] [stderr]    Compiling data-encoding-macro-internal v0.1.12
[INFO] [stderr]     Checking data-encoding-macro v0.1.14
[INFO] [stderr]     Checking multibase v0.9.1
[INFO] [stderr]    Compiling thiserror-impl v1.0.56
[INFO] [stderr]    Compiling futures-macro v0.3.30
[INFO] [stderr]    Compiling pin-project-internal v1.1.4
[INFO] [stderr]    Compiling curve25519-dalek-derive v0.1.1
[INFO] [stderr]     Checking futures-util v0.3.30
[INFO] [stderr]    Compiling thiserror v1.0.56
[INFO] [stdout] error[E0658]: use of unstable library feature 'stdsimd'
[INFO] [stdout]   --> /opt/rustwide/cargo-home/registry/src/index.crates.io-6f17d22bba15001f/curve25519-dalek-4.1.2/src/backend/vector/ifma/field.rs:26:5
[INFO] [stdout]    |
[INFO] [stdout] 26 |     _mm256_madd52lo_epu64(z.into(), x.into(), y.into()).into()
[INFO] [stdout]    |     ^^^^^^^^^^^^^^^^^^^^^
[INFO] [stdout]    |
[INFO] [stdout]    = note: see issue #48556 <https://github.com/rust-lang/rust/issues/48556> for more information
[INFO] [stdout]    = help: add `#![feature(stdsimd)]` to the crate attributes to enable
[INFO] [stdout]    = note: this compiler was built on 2024-02-04; consider upgrading it if it is out of date
[INFO] [stdout] 
[INFO] [stdout] 
[INFO] [stdout] error[E0658]: use of unstable library feature 'stdsimd'
[INFO] [stdout]   --> /opt/rustwide/cargo-home/registry/src/index.crates.io-6f17d22bba15001f/curve25519-dalek-4.1.2/src/backend/vector/ifma/field.rs:25:9
[INFO] [stdout]    |
[INFO] [stdout] 25 |     use core::arch::x86_64::_mm256_madd52lo_epu64;
[INFO] [stdout]    |         ^^^^^^^^^^^^^^^^^^^^^^^^^^^^^^^^^^^^^^^^^
[INFO] [stdout]    |
[INFO] [stdout]    = note: see issue #48556 <https://github.com/rust-lang/rust/issues/48556> for more information
[INFO] [stdout]    = help: add `#![feature(stdsimd)]` to the crate attributes to enable
[INFO] [stdout]    = note: this compiler was built on 2024-02-04; consider upgrading it if it is out of date
[INFO] [stdout] 
[INFO] [stdout] 
[INFO] [stdout] error[E0658]: use of unstable library feature 'stdsimd'
[INFO] [stdout]   --> /opt/rustwide/cargo-home/registry/src/index.crates.io-6f17d22bba15001f/curve25519-dalek-4.1.2/src/backend/vector/ifma/field.rs:34:5
[INFO] [stdout]    |
[INFO] [stdout] 34 |     _mm256_madd52hi_epu64(z.into(), x.into(), y.into()).into()
[INFO] [stdout]    |     ^^^^^^^^^^^^^^^^^^^^^
[INFO] [stdout]    |
[INFO] [stdout]    = note: see issue #48556 <https://github.com/rust-lang/rust/issues/48556> for more information
[INFO] [stdout]    = help: add `#![feature(stdsimd)]` to the crate attributes to enable
[INFO] [stdout]    = note: this compiler was built on 2024-02-04; consider upgrading it if it is out of date
[INFO] [stdout] 
[INFO] [stdout] 
[INFO] [stdout] error[E0658]: use of unstable library feature 'stdsimd'
[INFO] [stdout]   --> /opt/rustwide/cargo-home/registry/src/index.crates.io-6f17d22bba15001f/curve25519-dalek-4.1.2/src/backend/vector/ifma/field.rs:33:9
[INFO] [stdout]    |
[INFO] [stdout] 33 |     use core::arch::x86_64::_mm256_madd52hi_epu64;
[INFO] [stdout]    |         ^^^^^^^^^^^^^^^^^^^^^^^^^^^^^^^^^^^^^^^^^
[INFO] [stdout]    |
[INFO] [stdout]    = note: see issue #48556 <https://github.com/rust-lang/rust/issues/48556> for more information
[INFO] [stdout]    = help: add `#![feature(stdsimd)]` to the crate attributes to enable
[INFO] [stdout]    = note: this compiler was built on 2024-02-04; consider upgrading it if it is out of date
[INFO] [stdout] 
[INFO] [stdout] 
[INFO] [stdout] error[E0635]: unknown feature `stdarch_x86_avx512`
[INFO] [stdout]   --> /opt/rustwide/cargo-home/registry/src/index.crates.io-6f17d22bba15001f/curve25519-dalek-4.1.2/src/lib.rs:19:13
[INFO] [stdout]    |
[INFO] [stdout] 19 |     feature(stdarch_x86_avx512)
[INFO] [stdout]    |             ^^^^^^^^^^^^^^^^^^
[INFO] [stdout] 
[INFO] [stdout] 
[INFO] [stderr]    Compiling proc-macro-crate v1.1.3
[INFO] [stderr]     Checking pin-project v1.1.4
[INFO] [stderr]    Compiling multihash-derive v0.8.1
[INFO] [stdout] error: aborting due to 5 previous errors
[INFO] [stdout] 
[INFO] [stdout] 
[INFO] [stdout] Some errors have detailed explanations: E0635, E0658.
[INFO] [stdout] 
[INFO] [stdout] For more information about an error, try `rustc --explain E0635`.
[INFO] [stdout] 
[INFO] [stderr] error: could not compile `curve25519-dalek` (lib) due to 6 previous errors
[INFO] [stderr] warning: build failed, waiting for other jobs to finish...
[INFO] running `Command { std: "docker" "inspect" "81dbc1764f278289f9321594fb70287f6d2623303596127e05b8bf7295a84c52", kill_on_drop: false }`
[INFO] running `Command { std: "docker" "rm" "-f" "81dbc1764f278289f9321594fb70287f6d2623303596127e05b8bf7295a84c52", kill_on_drop: false }`
[INFO] [stdout] 81dbc1764f278289f9321594fb70287f6d2623303596127e05b8bf7295a84c52
