[INFO] fetching crate gennaro-dkg 0.8.0...
[INFO] checking gennaro-dkg-0.8.0 against nightly-2024-02-05 for check-cfg-2
[INFO] extracting crate gennaro-dkg 0.8.0 into /workspace/builds/worker-7-tc1/source
[INFO] validating manifest of crates.io crate gennaro-dkg 0.8.0 on toolchain nightly-2024-02-05
[INFO] running `Command { std: CARGO_HOME="/workspace/cargo-home" RUSTUP_HOME="/workspace/rustup-home" "/workspace/cargo-home/bin/cargo" "+nightly-2024-02-05" "metadata" "--manifest-path" "Cargo.toml" "--no-deps", kill_on_drop: false }`
[INFO] started tweaking crates.io crate gennaro-dkg 0.8.0
[INFO] finished tweaking crates.io crate gennaro-dkg 0.8.0
[INFO] tweaked toml for crates.io crate gennaro-dkg 0.8.0 written to /workspace/builds/worker-7-tc1/source/Cargo.toml
[INFO] running `Command { std: CARGO_HOME="/workspace/cargo-home" RUSTUP_HOME="/workspace/rustup-home" "/workspace/cargo-home/bin/cargo" "+nightly-2024-02-05" "generate-lockfile" "--manifest-path" "Cargo.toml", kill_on_drop: false }`
[INFO] [stderr]     Updating crates.io index
[INFO] running `Command { std: CARGO_HOME="/workspace/cargo-home" RUSTUP_HOME="/workspace/rustup-home" "/workspace/cargo-home/bin/cargo" "+nightly-2024-02-05" "fetch" "--manifest-path" "Cargo.toml", kill_on_drop: false }`
[INFO] [stderr]  Downloading crates ...
[INFO] [stderr]   Downloaded thiserror-no-std v2.0.2
[INFO] [stderr]   Downloaded core2 v0.4.0
[INFO] [stderr]   Downloaded universal-hash v0.5.1
[INFO] [stderr]   Downloaded string-error v0.1.0
[INFO] [stderr]   Downloaded chacha20 v0.9.1
[INFO] [stderr]   Downloaded vsss-rs v3.3.4
[INFO] [stderr]   Downloaded universal-hash v0.4.0
[INFO] [stderr]   Downloaded postcard-cobs v0.1.5-pre
[INFO] [stderr]   Downloaded serde_bare v0.5.0
[INFO] [stderr]   Downloaded aead v0.4.3
[INFO] [stderr]   Downloaded wyz v0.5.1
[INFO] [stderr]   Downloaded merlin v3.0.0
[INFO] [stderr]   Downloaded zeroize_derive v1.4.2
[INFO] [stderr]   Downloaded xsalsa20poly1305 v0.7.1
[INFO] [stderr]   Downloaded keccak v0.1.5
[INFO] [stderr]   Downloaded pem-rfc7468 v0.7.0
[INFO] [stderr]   Downloaded chacha20 v0.7.1
[INFO] [stderr]   Downloaded chacha20poly1305 v0.8.0
[INFO] [stderr]   Downloaded p256 v0.13.2
[INFO] [stderr]   Downloaded hkdf v0.12.4
[INFO] [stderr]   Downloaded curve25519-dalek v3.2.0
[INFO] [stderr]   Downloaded fiat-crypto v0.2.6
[INFO] [stderr]   Downloaded bls12_381_plus v0.8.13
[INFO] [stderr]   Downloaded bitvec v1.0.1
[INFO] [stderr]   Downloaded curve25519-dalek v4.1.2
[INFO] [stderr]   Downloaded x25519-dalek v1.1.1
[INFO] [stderr]   Downloaded postcard v0.7.3
[INFO] [stderr]   Downloaded half v1.8.2
[INFO] [stderr]   Downloaded poly1305 v0.8.0
[INFO] [stderr]   Downloaded chacha20poly1305 v0.10.1
[INFO] [stderr]   Downloaded serde_cbor v0.11.2
[INFO] [stderr]   Downloaded primeorder v0.13.6
[INFO] [stderr]   Downloaded platforms v3.3.0
[INFO] [stderr]   Downloaded thiserror-impl-no-std v2.0.2
[INFO] [stderr]   Downloaded pkcs8 v0.10.2
[INFO] [stderr]   Downloaded hex v0.4.3
[INFO] [stderr]   Downloaded poly1305 v0.7.2
[INFO] [stderr]   Downloaded digest v0.9.0
[INFO] [stderr]   Downloaded crypto_box v0.6.0
[INFO] [stderr]   Downloaded spki v0.7.3
[INFO] [stderr]   Downloaded curve25519-dalek-derive v0.1.1
[INFO] [stderr]   Downloaded radium v0.7.0
[INFO] [stderr]   Downloaded cipher v0.3.0
[INFO] [stderr]   Downloaded spin v0.9.8
[INFO] [stderr]   Downloaded cipher v0.4.4
[INFO] [stderr]   Downloaded salsa20 v0.8.0
[INFO] [stderr]   Downloaded arrayref v0.3.7
[INFO] [stderr]   Downloaded pairing v0.23.0
[INFO] [stderr]   Downloaded cpufeatures v0.1.5
[INFO] [stderr]   Downloaded tap v1.0.1
[INFO] [stderr]   Downloaded inout v0.1.3
[INFO] [stderr]   Downloaded opaque-debug v0.3.0
[INFO] [stderr]   Downloaded funty v2.0.0
[INFO] [stderr]   Downloaded aead v0.5.2
[INFO] [stderr]   Downloaded soteria-rs v0.3.1
[INFO] [stderr]   Downloaded uint-zigzag v0.2.1
[INFO] [stderr]   Downloaded serde-encrypt-core v0.7.0
[INFO] [stderr]   Downloaded serde-encrypt v0.7.0
[INFO] running `Command { std: "docker" "create" "-v" "/var/lib/crater-agent-workspace/builds/worker-7-tc1/target:/opt/rustwide/target:rw,Z" "-v" "/var/lib/crater-agent-workspace/builds/worker-7-tc1/source:/opt/rustwide/workdir:ro,Z" "-v" "/var/lib/crater-agent-workspace/cargo-home:/opt/rustwide/cargo-home:ro,Z" "-v" "/var/lib/crater-agent-workspace/rustup-home:/opt/rustwide/rustup-home:ro,Z" "-e" "SOURCE_DIR=/opt/rustwide/workdir" "-e" "CARGO_TARGET_DIR=/opt/rustwide/target" "-e" "CARGO_HOME=/opt/rustwide/cargo-home" "-e" "RUSTUP_HOME=/opt/rustwide/rustup-home" "-w" "/opt/rustwide/workdir" "-m" "1610612736" "--user" "0:0" "--network" "none" "ghcr.io/rust-lang/crates-build-env/linux@sha256:2788e3201cd34a07e3172128adcd8b3090168a8e3bcc40d7c032b9dda1df7d1c" "/opt/rustwide/cargo-home/bin/cargo" "+nightly-2024-02-05" "metadata" "--no-deps" "--format-version=1", kill_on_drop: false }`
[INFO] [stdout] 3792941f95f711cc4cfb0c6e5ccc69947b3aaf816d333c9a5dda5e4a55c4d088
[INFO] running `Command { std: "docker" "start" "-a" "3792941f95f711cc4cfb0c6e5ccc69947b3aaf816d333c9a5dda5e4a55c4d088", kill_on_drop: false }`
[INFO] running `Command { std: "docker" "inspect" "3792941f95f711cc4cfb0c6e5ccc69947b3aaf816d333c9a5dda5e4a55c4d088", kill_on_drop: false }`
[INFO] running `Command { std: "docker" "rm" "-f" "3792941f95f711cc4cfb0c6e5ccc69947b3aaf816d333c9a5dda5e4a55c4d088", kill_on_drop: false }`
[INFO] [stdout] 3792941f95f711cc4cfb0c6e5ccc69947b3aaf816d333c9a5dda5e4a55c4d088
[INFO] running `Command { std: "docker" "create" "-v" "/var/lib/crater-agent-workspace/builds/worker-7-tc1/target:/opt/rustwide/target:rw,Z" "-v" "/var/lib/crater-agent-workspace/builds/worker-7-tc1/source:/opt/rustwide/workdir:ro,Z" "-v" "/var/lib/crater-agent-workspace/cargo-home:/opt/rustwide/cargo-home:ro,Z" "-v" "/var/lib/crater-agent-workspace/rustup-home:/opt/rustwide/rustup-home:ro,Z" "-e" "SOURCE_DIR=/opt/rustwide/workdir" "-e" "CARGO_TARGET_DIR=/opt/rustwide/target" "-e" "CARGO_INCREMENTAL=0" "-e" "RUST_BACKTRACE=full" "-e" "RUSTFLAGS=--cap-lints=forbid" "-e" "RUSTDOCFLAGS=--cap-lints=forbid" "-e" "CARGO_HOME=/opt/rustwide/cargo-home" "-e" "RUSTUP_HOME=/opt/rustwide/rustup-home" "-w" "/opt/rustwide/workdir" "-m" "1610612736" "--user" "0:0" "--network" "none" "ghcr.io/rust-lang/crates-build-env/linux@sha256:2788e3201cd34a07e3172128adcd8b3090168a8e3bcc40d7c032b9dda1df7d1c" "/opt/rustwide/cargo-home/bin/cargo" "+nightly-2024-02-05" "check" "--frozen" "--all" "--all-targets" "--message-format=json", kill_on_drop: false }`
[INFO] [stdout] 4e3a2775ef9026a3ff6e8c62b82c40cb06c0ad80e12cf4d90469026c8134ccb2
[INFO] running `Command { std: "docker" "start" "-a" "4e3a2775ef9026a3ff6e8c62b82c40cb06c0ad80e12cf4d90469026c8134ccb2", kill_on_drop: false }`
[INFO] [stderr]    Compiling libc v0.2.153
[INFO] [stderr]     Checking subtle v2.5.0
[INFO] [stderr]     Checking const-oid v0.9.6
[INFO] [stderr]    Compiling generic-array v0.14.7
[INFO] [stderr]    Compiling typenum v1.17.0
[INFO] [stderr]     Checking cpufeatures v0.2.12
[INFO] [stderr]    Compiling radium v0.7.0
[INFO] [stderr]    Compiling syn v2.0.48
[INFO] [stderr]     Checking tap v1.0.1
[INFO] [stderr]     Checking funty v2.0.0
[INFO] [stderr]     Checking wyz v0.5.1
[INFO] [stderr]     Checking base64ct v1.6.0
[INFO] [stderr]    Compiling serde v1.0.196
[INFO] [stderr]     Checking opaque-debug v0.3.0
[INFO] [stderr]     Checking base16ct v0.2.0
[INFO] [stderr]     Checking pem-rfc7468 v0.7.0
[INFO] [stderr]    Compiling semver v1.0.21
[INFO] [stderr]     Checking byteorder v1.5.0
[INFO] [stderr]    Compiling syn v1.0.109
[INFO] [stderr]     Checking rand_core v0.5.1
[INFO] [stderr]     Checking bitvec v1.0.1
[INFO] [stderr]    Compiling platforms v3.3.0
[INFO] [stderr]     Checking cpufeatures v0.1.5
[INFO] [stderr]     Checking hex v0.4.3
[INFO] [stderr]     Checking keccak v0.1.5
[INFO] [stderr]    Compiling rustc_version v0.4.0
[INFO] [stderr]     Checking memchr v2.7.1
[INFO] [stderr]    Compiling anyhow v1.0.79
[INFO] [stderr]    Compiling thiserror v1.0.56
[INFO] [stderr]     Checking getrandom v0.2.12
[INFO] [stderr]     Checking rand_core v0.6.4
[INFO] [stderr]    Compiling curve25519-dalek v4.1.2
[INFO] [stderr]     Checking rand_chacha v0.3.1
[INFO] [stderr]     Checking half v1.8.2
[INFO] [stderr]     Checking postcard-cobs v0.1.5-pre
[INFO] [stderr]     Checking string-error v0.1.0
[INFO] [stderr]     Checking core2 v0.4.0
[INFO] [stderr]     Checking rand v0.8.5
[INFO] [stderr]     Checking uint-zigzag v0.2.1
[INFO] [stderr]     Checking spin v0.9.8
[INFO] [stderr]     Checking arrayref v0.3.7
[INFO] [stderr]     Checking data-encoding v2.5.0
[INFO] [stderr]     Checking maplit v1.0.2
[INFO] [stderr]     Checking ff v0.13.0
[INFO] [stderr]     Checking group v0.13.0
[INFO] [stderr]    Compiling thiserror-impl-no-std v2.0.2
[INFO] [stderr]     Checking pairing v0.23.0
[INFO] [stderr]     Checking thiserror-no-std v2.0.2
[INFO] [stderr]    Compiling zeroize_derive v1.4.2
[INFO] [stderr]    Compiling serde_derive v1.0.196
[INFO] [stderr]    Compiling curve25519-dalek-derive v0.1.1
[INFO] [stderr]    Compiling thiserror-impl v1.0.56
[INFO] [stderr]     Checking zeroize v1.7.0
[INFO] [stderr]     Checking der v0.7.8
[INFO] [stderr]     Checking merlin v3.0.0
[INFO] [stderr]     Checking crypto-common v0.1.6
[INFO] [stderr]     Checking block-buffer v0.10.4
[INFO] [stderr]     Checking crypto-bigint v0.5.5
[INFO] [stderr]     Checking cipher v0.3.0
[INFO] [stderr]     Checking universal-hash v0.4.0
[INFO] [stderr]     Checking digest v0.9.0
[INFO] [stderr]     Checking inout v0.1.3
[INFO] [stderr]     Checking aead v0.4.3
[INFO] [stderr]     Checking poly1305 v0.7.2
[INFO] [stderr]     Checking digest v0.10.7
[INFO] [stderr]     Checking chacha20 v0.7.1
[INFO] [stderr]     Checking cipher v0.4.4
[INFO] [stderr]     Checking salsa20 v0.8.0
[INFO] [stderr]     Checking universal-hash v0.5.1
[INFO] [stderr]     Checking hmac v0.12.1
[INFO] [stderr]     Checking curve25519-dalek v3.2.0
[INFO] [stderr]     Checking xsalsa20poly1305 v0.7.1
[INFO] [stderr]     Checking chacha20 v0.9.1
[INFO] [stderr]     Checking poly1305 v0.8.0
[INFO] [stderr]     Checking hkdf v0.12.4
[INFO] [stderr]     Checking rfc6979 v0.4.0
[INFO] [stderr]     Checking spki v0.7.3
[INFO] [stderr]     Checking chacha20poly1305 v0.8.0
[INFO] [stderr]     Checking signature v2.2.0
[INFO] [stderr]     Checking aead v0.5.2
[INFO] [stderr]     Checking sha2 v0.10.8
[INFO] [stderr]     Checking pkcs8 v0.10.2
[INFO] [stderr]     Checking chacha20poly1305 v0.10.1
[INFO] [stderr]     Checking sec1 v0.7.3
[INFO] [stderr]     Checking x25519-dalek v1.1.1
[INFO] [stdout] error[E0658]: use of unstable library feature 'stdsimd'
[INFO] [stdout]   --> /opt/rustwide/cargo-home/registry/src/index.crates.io-6f17d22bba15001f/curve25519-dalek-4.1.2/src/backend/vector/ifma/field.rs:26:5
[INFO] [stdout]    |
[INFO] [stdout] 26 |     _mm256_madd52lo_epu64(z.into(), x.into(), y.into()).into()
[INFO] [stdout]    |     ^^^^^^^^^^^^^^^^^^^^^
[INFO] [stdout]    |
[INFO] [stdout]    = note: see issue #48556 <https://github.com/rust-lang/rust/issues/48556> for more information
[INFO] [stdout]    = help: add `#![feature(stdsimd)]` to the crate attributes to enable
[INFO] [stdout]    = note: this compiler was built on 2024-02-04; consider upgrading it if it is out of date
[INFO] [stdout] 
[INFO] [stdout] 
[INFO] [stdout] error[E0658]: use of unstable library feature 'stdsimd'
[INFO] [stdout]   --> /opt/rustwide/cargo-home/registry/src/index.crates.io-6f17d22bba15001f/curve25519-dalek-4.1.2/src/backend/vector/ifma/field.rs:25:9
[INFO] [stdout]    |
[INFO] [stdout] 25 |     use core::arch::x86_64::_mm256_madd52lo_epu64;
[INFO] [stdout]    |         ^^^^^^^^^^^^^^^^^^^^^^^^^^^^^^^^^^^^^^^^^
[INFO] [stdout]    |
[INFO] [stdout]    = note: see issue #48556 <https://github.com/rust-lang/rust/issues/48556> for more information
[INFO] [stdout]    = help: add `#![feature(stdsimd)]` to the crate attributes to enable
[INFO] [stdout]    = note: this compiler was built on 2024-02-04; consider upgrading it if it is out of date
[INFO] [stdout] 
[INFO] [stdout] 
[INFO] [stdout] error[E0658]: use of unstable library feature 'stdsimd'
[INFO] [stdout]   --> /opt/rustwide/cargo-home/registry/src/index.crates.io-6f17d22bba15001f/curve25519-dalek-4.1.2/src/backend/vector/ifma/field.rs:34:5
[INFO] [stdout]    |
[INFO] [stdout] 34 |     _mm256_madd52hi_epu64(z.into(), x.into(), y.into()).into()
[INFO] [stdout]    |     ^^^^^^^^^^^^^^^^^^^^^
[INFO] [stdout]    |
[INFO] [stdout]    = note: see issue #48556 <https://github.com/rust-lang/rust/issues/48556> for more information
[INFO] [stdout]    = help: add `#![feature(stdsimd)]` to the crate attributes to enable
[INFO] [stdout]    = note: this compiler was built on 2024-02-04; consider upgrading it if it is out of date
[INFO] [stdout] 
[INFO] [stdout] 
[INFO] [stdout] error[E0658]: use of unstable library feature 'stdsimd'
[INFO] [stdout]   --> /opt/rustwide/cargo-home/registry/src/index.crates.io-6f17d22bba15001f/curve25519-dalek-4.1.2/src/backend/vector/ifma/field.rs:33:9
[INFO] [stdout]    |
[INFO] [stdout] 33 |     use core::arch::x86_64::_mm256_madd52hi_epu64;
[INFO] [stdout]    |         ^^^^^^^^^^^^^^^^^^^^^^^^^^^^^^^^^^^^^^^^^
[INFO] [stdout]    |
[INFO] [stdout]    = note: see issue #48556 <https://github.com/rust-lang/rust/issues/48556> for more information
[INFO] [stdout]    = help: add `#![feature(stdsimd)]` to the crate attributes to enable
[INFO] [stdout]    = note: this compiler was built on 2024-02-04; consider upgrading it if it is out of date
[INFO] [stdout] 
[INFO] [stdout] 
[INFO] [stdout] error[E0635]: unknown feature `stdarch_x86_avx512`
[INFO] [stdout]   --> /opt/rustwide/cargo-home/registry/src/index.crates.io-6f17d22bba15001f/curve25519-dalek-4.1.2/src/lib.rs:19:13
[INFO] [stdout]    |
[INFO] [stdout] 19 |     feature(stdarch_x86_avx512)
[INFO] [stdout]    |             ^^^^^^^^^^^^^^^^^^
[INFO] [stdout] 
[INFO] [stdout] 
[INFO] [stderr]     Checking crypto_box v0.6.0
[INFO] [stderr]     Checking serde-encrypt-core v0.7.0
[INFO] [stdout] error: aborting due to 5 previous errors
[INFO] [stdout] 
[INFO] [stdout] 
[INFO] [stdout] Some errors have detailed explanations: E0635, E0658.
[INFO] [stdout] 
[INFO] [stdout] For more information about an error, try `rustc --explain E0635`.
[INFO] [stdout] 
[INFO] [stderr] error: could not compile `curve25519-dalek` (lib) due to 6 previous errors
[INFO] [stderr] warning: build failed, waiting for other jobs to finish...
[INFO] running `Command { std: "docker" "inspect" "4e3a2775ef9026a3ff6e8c62b82c40cb06c0ad80e12cf4d90469026c8134ccb2", kill_on_drop: false }`
[INFO] running `Command { std: "docker" "rm" "-f" "4e3a2775ef9026a3ff6e8c62b82c40cb06c0ad80e12cf4d90469026c8134ccb2", kill_on_drop: false }`
[INFO] [stdout] 4e3a2775ef9026a3ff6e8c62b82c40cb06c0ad80e12cf4d90469026c8134ccb2
