[INFO] fetching crate aries-askar 0.3.0...
[INFO] checking aries-askar-0.3.0 against nightly-2024-02-05 for check-cfg-2
[INFO] extracting crate aries-askar 0.3.0 into /workspace/builds/worker-6-tc1/source
[INFO] validating manifest of crates.io crate aries-askar 0.3.0 on toolchain nightly-2024-02-05
[INFO] running `Command { std: CARGO_HOME="/workspace/cargo-home" RUSTUP_HOME="/workspace/rustup-home" "/workspace/cargo-home/bin/cargo" "+nightly-2024-02-05" "metadata" "--manifest-path" "Cargo.toml" "--no-deps", kill_on_drop: false }`
[INFO] started tweaking crates.io crate aries-askar 0.3.0
[INFO] finished tweaking crates.io crate aries-askar 0.3.0
[INFO] tweaked toml for crates.io crate aries-askar 0.3.0 written to /workspace/builds/worker-6-tc1/source/Cargo.toml
[INFO] running `Command { std: CARGO_HOME="/workspace/cargo-home" RUSTUP_HOME="/workspace/rustup-home" "/workspace/cargo-home/bin/cargo" "+nightly-2024-02-05" "generate-lockfile" "--manifest-path" "Cargo.toml", kill_on_drop: false }`
[INFO] [stderr]     Updating crates.io index
[INFO] running `Command { std: CARGO_HOME="/workspace/cargo-home" RUSTUP_HOME="/workspace/rustup-home" "/workspace/cargo-home/bin/cargo" "+nightly-2024-02-05" "fetch" "--manifest-path" "Cargo.toml", kill_on_drop: false }`
[INFO] [stderr]  Downloading crates ...
[INFO] [stderr]   Downloaded crc v3.0.1
[INFO] [stderr]   Downloaded sqlx-macros v0.7.3
[INFO] [stderr]   Downloaded itertools v0.12.1
[INFO] [stderr]   Downloaded sqlformat v0.2.3
[INFO] [stderr]   Downloaded md-5 v0.10.6
[INFO] [stderr]   Downloaded atoi v2.0.0
[INFO] [stderr]   Downloaded curve25519-dalek-derive v0.1.1
[INFO] [stderr]   Downloaded sqlx-sqlite v0.7.3
[INFO] [stderr]   Downloaded fiat-crypto v0.2.6
[INFO] [stderr]   Downloaded libsqlite3-sys v0.27.0
[INFO] [stderr]   Downloaded platforms v3.3.0
[INFO] [stderr]   Downloaded curve25519-dalek v4.1.2
[INFO] [stderr]   Downloaded x25519-dalek v2.0.1
[INFO] [stderr]   Downloaded bs58 v0.5.0
[INFO] [stderr]   Downloaded nix v0.27.1
[INFO] [stderr]   Downloaded askar-crypto v0.3.1
[INFO] [stderr]   Downloaded askar-storage v0.1.1
[INFO] [stderr]   Downloaded sqlx-core v0.7.3
[INFO] [stderr]   Downloaded allocator-api2 v0.2.16
[INFO] [stderr]   Downloaded bls12_381 v0.8.0
[INFO] [stderr]   Downloaded ed25519-dalek v2.1.1
[INFO] [stderr]   Downloaded k256 v0.13.3
[INFO] [stderr]   Downloaded p256 v0.13.2
[INFO] [stderr]   Downloaded pkcs1 v0.7.5
[INFO] [stderr]   Downloaded rsa v0.9.6
[INFO] [stderr]   Downloaded sqlx-mysql v0.7.3
[INFO] [stderr]   Downloaded futures-intrusive v0.5.0
[INFO] [stderr]   Downloaded sqlx-postgres v0.7.3
[INFO] [stderr]   Downloaded sqlx v0.7.3
[INFO] [stderr]   Downloaded finl_unicode v1.2.0
[INFO] [stderr]   Downloaded unicode_categories v0.1.1
[INFO] [stderr]   Downloaded p384 v0.13.0
[INFO] [stderr]   Downloaded rmp v0.8.12
[INFO] [stderr]   Downloaded rmp-serde v1.1.2
[INFO] [stderr]   Downloaded sqlx-macros-core v0.7.3
[INFO] [stderr]   Downloaded pem-rfc7468 v0.7.0
[INFO] [stderr]   Downloaded argon2 v0.5.3
[INFO] [stderr]   Downloaded primeorder v0.13.6
[INFO] [stderr]   Downloaded atomic-write-file v0.1.2
[INFO] [stderr]   Downloaded hashlink v0.8.4
[INFO] [stderr]   Downloaded ffi-support v0.4.4
[INFO] [stderr]   Downloaded serde-json-core v0.5.1
[INFO] [stderr]   Downloaded urlencoding v2.1.3
[INFO] [stderr]   Downloaded block-modes v0.9.1
[INFO] [stderr]   Downloaded crypto_secretbox v0.1.1
[INFO] [stderr]   Downloaded crypto_box v0.9.1
[INFO] [stderr]   Downloaded ed25519 v2.2.3
[INFO] [stderr]   Downloaded etcetera v0.8.0
[INFO] [stderr]   Downloaded dotenvy v0.15.7
[INFO] [stderr]   Downloaded stringprep v0.1.4
[INFO] [stderr]   Downloaded crc-catalog v2.4.0
[INFO] [stderr]   Downloaded env_logger v0.10.2
[INFO] running `Command { std: "docker" "create" "-v" "/var/lib/crater-agent-workspace/builds/worker-6-tc1/target:/opt/rustwide/target:rw,Z" "-v" "/var/lib/crater-agent-workspace/builds/worker-6-tc1/source:/opt/rustwide/workdir:ro,Z" "-v" "/var/lib/crater-agent-workspace/cargo-home:/opt/rustwide/cargo-home:ro,Z" "-v" "/var/lib/crater-agent-workspace/rustup-home:/opt/rustwide/rustup-home:ro,Z" "-e" "SOURCE_DIR=/opt/rustwide/workdir" "-e" "CARGO_TARGET_DIR=/opt/rustwide/target" "-e" "CARGO_HOME=/opt/rustwide/cargo-home" "-e" "RUSTUP_HOME=/opt/rustwide/rustup-home" "-w" "/opt/rustwide/workdir" "-m" "1610612736" "--user" "0:0" "--network" "none" "ghcr.io/rust-lang/crates-build-env/linux@sha256:2788e3201cd34a07e3172128adcd8b3090168a8e3bcc40d7c032b9dda1df7d1c" "/opt/rustwide/cargo-home/bin/cargo" "+nightly-2024-02-05" "metadata" "--no-deps" "--format-version=1", kill_on_drop: false }`
[INFO] [stdout] d684ec1da09599ff5c31c3b09d4b79782bd202eedeadd35c7ebff631b3f838ed
[INFO] running `Command { std: "docker" "start" "-a" "d684ec1da09599ff5c31c3b09d4b79782bd202eedeadd35c7ebff631b3f838ed", kill_on_drop: false }`
[INFO] running `Command { std: "docker" "inspect" "d684ec1da09599ff5c31c3b09d4b79782bd202eedeadd35c7ebff631b3f838ed", kill_on_drop: false }`
[INFO] running `Command { std: "docker" "rm" "-f" "d684ec1da09599ff5c31c3b09d4b79782bd202eedeadd35c7ebff631b3f838ed", kill_on_drop: false }`
[INFO] [stdout] d684ec1da09599ff5c31c3b09d4b79782bd202eedeadd35c7ebff631b3f838ed
[INFO] running `Command { std: "docker" "create" "-v" "/var/lib/crater-agent-workspace/builds/worker-6-tc1/target:/opt/rustwide/target:rw,Z" "-v" "/var/lib/crater-agent-workspace/builds/worker-6-tc1/source:/opt/rustwide/workdir:ro,Z" "-v" "/var/lib/crater-agent-workspace/cargo-home:/opt/rustwide/cargo-home:ro,Z" "-v" "/var/lib/crater-agent-workspace/rustup-home:/opt/rustwide/rustup-home:ro,Z" "-e" "SOURCE_DIR=/opt/rustwide/workdir" "-e" "CARGO_TARGET_DIR=/opt/rustwide/target" "-e" "CARGO_INCREMENTAL=0" "-e" "RUST_BACKTRACE=full" "-e" "RUSTFLAGS=--cap-lints=forbid" "-e" "RUSTDOCFLAGS=--cap-lints=forbid" "-e" "CARGO_HOME=/opt/rustwide/cargo-home" "-e" "RUSTUP_HOME=/opt/rustwide/rustup-home" "-w" "/opt/rustwide/workdir" "-m" "1610612736" "--user" "0:0" "--network" "none" "ghcr.io/rust-lang/crates-build-env/linux@sha256:2788e3201cd34a07e3172128adcd8b3090168a8e3bcc40d7c032b9dda1df7d1c" "/opt/rustwide/cargo-home/bin/cargo" "+nightly-2024-02-05" "check" "--frozen" "--all" "--all-targets" "--message-format=json", kill_on_drop: false }`
[INFO] [stdout] fed6c77a1665dbe532737179125b3ab419955111f8ca7338bdca6a6e8f635dfb
[INFO] running `Command { std: "docker" "start" "-a" "fed6c77a1665dbe532737179125b3ab419955111f8ca7338bdca6a6e8f635dfb", kill_on_drop: false }`
[INFO] [stderr]    Compiling libc v0.2.153
[INFO] [stderr]     Checking subtle v2.5.0
[INFO] [stderr]     Checking const-oid v0.9.6
[INFO] [stderr]    Compiling cfg-if v1.0.0
[INFO] [stderr]    Compiling crossbeam-utils v0.8.19
[INFO] [stderr]    Compiling scopeguard v1.2.0
[INFO] [stderr]    Compiling generic-array v0.14.7
[INFO] [stderr]    Compiling serde v1.0.196
[INFO] [stderr]    Compiling ahash v0.8.7
[INFO] [stderr]    Compiling num-traits v0.2.18
[INFO] [stderr]    Compiling syn v2.0.48
[INFO] [stderr]    Compiling typenum v1.17.0
[INFO] [stderr]     Checking pin-project-lite v0.2.13
[INFO] [stderr]    Compiling paste v1.0.14
[INFO] [stderr]    Compiling rustls v0.21.10
[INFO] [stderr]    Compiling futures-core v0.3.30
[INFO] [stderr]    Compiling serde_json v1.0.113
[INFO] [stderr]    Compiling lock_api v0.4.11
[INFO] [stderr]    Compiling tinyvec_macros v0.1.1
[INFO] [stderr]    Compiling tinyvec v1.6.0
[INFO] [stderr]    Compiling untrusted v0.9.0
[INFO] [stderr]    Compiling semver v1.0.21
[INFO] [stderr]    Compiling zerocopy v0.7.32
[INFO] [stderr]    Compiling futures-sink v0.3.30
[INFO] [stderr]     Checking ff v0.13.0
[INFO] [stderr]    Compiling unicode-bidi v0.3.15
[INFO] [stderr]    Compiling spin v0.9.8
[INFO] [stderr]    Compiling pkg-config v0.3.29
[INFO] [stderr]    Compiling smallvec v1.13.1
[INFO] [stderr]    Compiling allocator-api2 v0.2.16
[INFO] [stderr]    Compiling vcpkg v0.2.15
[INFO] [stderr]     Checking group v0.13.0
[INFO] [stderr]    Compiling slab v0.4.9
[INFO] [stderr]    Compiling pin-utils v0.1.0
[INFO] [stderr]    Compiling bytes v1.5.0
[INFO] [stderr]    Compiling bitflags v2.4.2
[INFO] [stderr]    Compiling minimal-lexical v0.2.1
[INFO] [stderr]    Compiling cpufeatures v0.2.12
[INFO] [stderr]     Checking base16ct v0.2.0
[INFO] [stderr]     Checking opaque-debug v0.3.0
[INFO] [stderr]    Compiling futures-io v0.3.30
[INFO] [stderr]    Compiling futures-task v0.3.30
[INFO] [stderr]    Compiling percent-encoding v2.3.1
[INFO] [stderr]    Compiling rustc_version v0.4.0
[INFO] [stderr]    Compiling futures-util v0.3.30
[INFO] [stderr]    Compiling form_urlencoded v1.2.1
[INFO] [stderr]    Compiling unicode-normalization v0.1.22
[INFO] [stderr]    Compiling tracing-core v0.1.32
[INFO] [stderr]    Compiling platforms v3.3.0
[INFO] [stderr]    Compiling nom v7.1.3
[INFO] [stderr]    Compiling iana-time-zone v0.1.60
[INFO] [stderr]    Compiling base64 v0.21.7
[INFO] [stderr]    Compiling unicode_categories v0.1.1
[INFO] [stderr]    Compiling block-buffer v0.10.4
[INFO] [stderr]    Compiling crypto-common v0.1.6
[INFO] [stderr]    Compiling idna v0.5.0
[INFO] [stderr]    Compiling ryu v1.0.16
[INFO] [stderr]    Compiling crc-catalog v2.4.0
[INFO] [stderr]    Compiling log v0.4.20
[INFO] [stderr]    Compiling itoa v1.0.10
[INFO] [stderr]    Compiling digest v0.10.7
[INFO] [stderr]    Compiling ppv-lite86 v0.2.17
[INFO] [stderr]    Compiling equivalent v1.0.1
[INFO] [stderr]    Compiling crc v3.0.1
[INFO] [stderr]    Compiling rustls-pemfile v1.0.4
[INFO] [stderr]     Checking hashbrown v0.14.3
[INFO] [stderr]    Compiling cc v1.0.83
[INFO] [stderr]    Compiling getrandom v0.2.12
[INFO] [stderr]    Compiling socket2 v0.5.5
[INFO] [stderr]    Compiling parking_lot_core v0.9.9
[INFO] [stderr]    Compiling mio v0.8.10
[INFO] [stderr]    Compiling rand_core v0.6.4
[INFO] [stderr]    Compiling sha2 v0.10.8
[INFO] [stderr]    Compiling parking_lot v0.12.1
[INFO] [stderr]    Compiling atoi v2.0.0
[INFO] [stderr]    Compiling chrono v0.4.33
[INFO] [stderr]    Compiling url v2.5.0
[INFO] [stderr]    Compiling rand_chacha v0.3.1
[INFO] [stderr]    Compiling crossbeam-queue v0.3.11
[INFO] [stderr]    Compiling curve25519-dalek v4.1.2
[INFO] [stderr]    Compiling tokio v1.36.0
[INFO] [stderr]    Compiling futures-intrusive v0.5.0
[INFO] [stderr]    Compiling futures-channel v0.3.30
[INFO] [stderr]     Checking num_cpus v1.16.0
[INFO] [stderr]    Compiling rustix v0.38.31
[INFO] [stderr]    Compiling byteorder v1.5.0
[INFO] [stderr]    Compiling hex v0.4.3
[INFO] [stderr]    Compiling event-listener v2.5.3
[INFO] [stderr]    Compiling dotenvy v0.15.7
[INFO] [stderr]    Compiling webpki-roots v0.25.4
[INFO] [stderr]    Compiling rand v0.8.5
[INFO] [stderr]    Compiling hmac v0.12.1
[INFO] [stderr]    Compiling syn v1.0.109
[INFO] [stderr]    Compiling finl_unicode v1.2.0
[INFO] [stderr]    Compiling indexmap v2.2.2
[INFO] [stderr]    Compiling hashlink v0.8.4
[INFO] [stderr]    Compiling ring v0.17.7
[INFO] [stderr]    Compiling libsqlite3-sys v0.27.0
[INFO] [stderr]    Compiling linux-raw-sys v0.4.13
[INFO] [stderr]    Compiling stringprep v0.1.4
[INFO] [stderr]    Compiling hkdf v0.12.4
[INFO] [stderr]    Compiling md-5 v0.10.6
[INFO] [stderr]    Compiling futures-executor v0.3.30
[INFO] [stderr]    Compiling sha1 v0.10.6
[INFO] [stderr]    Compiling nix v0.27.1
[INFO] [stderr]    Compiling flume v0.11.0
[INFO] [stderr]    Compiling home v0.5.9
[INFO] [stderr]     Checking parking v2.2.0
[INFO] [stderr]    Compiling unicode-segmentation v1.11.0
[INFO] [stderr]    Compiling urlencoding v2.1.3
[INFO] [stderr]    Compiling whoami v1.4.1
[INFO] [stderr]    Compiling fastrand v2.0.1
[INFO] [stderr]     Checking concurrent-queue v2.4.0
[INFO] [stderr]    Compiling heck v0.4.1
[INFO] [stderr]     Checking base64ct v1.6.0
[INFO] [stderr]     Checking event-listener v4.0.3
[INFO] [stderr]     Checking password-hash v0.5.0
[INFO] [stderr]     Checking regex-syntax v0.8.2
[INFO] [stderr]     Checking event-listener-strategy v0.4.0
[INFO] [stderr]     Checking rmp v0.8.12
[INFO] [stderr]     Checking block-modes v0.9.1
[INFO] [stderr]    Compiling atomic-write-file v0.1.2
[INFO] [stderr]     Checking half v1.8.2
[INFO] [stderr]     Checking async-lock v3.3.0
[INFO] [stderr]     Checking futures-lite v2.2.0
[INFO] [stderr]     Checking uuid v1.7.0
[INFO] [stderr]     Checking bs58 v0.5.0
[INFO] [stderr]     Checking arc-swap v1.6.0
[INFO] [stderr]     Checking humantime v2.1.0
[INFO] [stderr]     Checking ffi-support v0.4.4
[INFO] [stderr]    Compiling tempfile v3.10.0
[INFO] [stderr]    Compiling tokio-stream v0.1.14
[INFO] [stderr]     Checking regex-automata v0.4.5
[INFO] [stderr]     Checking is-terminal v0.4.10
[INFO] [stderr]    Compiling zeroize_derive v1.4.2
[INFO] [stderr]    Compiling serde_derive v1.0.196
[INFO] [stderr]    Compiling thiserror-impl v1.0.56
[INFO] [stderr]    Compiling tracing-attributes v0.1.27
[INFO] [stderr]    Compiling curve25519-dalek-derive v0.1.1
[INFO] [stderr]    Compiling async-stream-impl v0.3.5
[INFO] [stderr]     Checking async-stream v0.3.5
[INFO] [stderr]     Checking zeroize v1.7.0
[INFO] [stderr]     Checking der v0.7.8
[INFO] [stderr]     Checking bls12_381 v0.8.0
[INFO] [stderr]    Compiling thiserror v1.0.56
[INFO] [stderr]    Compiling tracing v0.1.40
[INFO] [stderr]     Checking block-padding v0.3.3
[INFO] [stderr]     Checking crypto-bigint v0.5.5
[INFO] [stderr]     Checking inout v0.1.3
[INFO] [stderr]     Checking universal-hash v0.5.1
[INFO] [stderr]     Checking aead v0.5.2
[INFO] [stderr]     Checking poly1305 v0.8.0
[INFO] [stderr]     Checking polyval v0.6.1
[INFO] [stderr]     Checking signature v2.2.0
[INFO] [stderr]     Checking sec1 v0.7.3
[INFO] [stderr]     Checking cipher v0.4.4
[INFO] [stderr]    Compiling rustls-webpki v0.101.7
[INFO] [stderr]    Compiling sct v0.7.1
[INFO] [stderr]     Checking rfc6979 v0.4.0
[INFO] [stderr]     Checking ed25519 v2.2.3
[INFO] [stderr]     Checking ghash v0.5.0
[INFO] [stderr]     Checking blake2 v0.10.6
[INFO] [stderr]     Checking salsa20 v0.10.2
[INFO] [stderr]     Checking chacha20 v0.9.1
[INFO] [stderr]     Checking aes v0.8.3
[INFO] [stderr]     Checking ctr v0.9.2
[INFO] [stderr]     Checking cbc v0.1.2
[INFO] [stderr]     Checking crypto_secretbox v0.1.1
[INFO] [stdout] error[E0658]: use of unstable library feature 'stdsimd'
[INFO] [stdout]   --> /opt/rustwide/cargo-home/registry/src/index.crates.io-6f17d22bba15001f/curve25519-dalek-4.1.2/src/backend/vector/ifma/field.rs:26:5
[INFO] [stdout]    |
[INFO] [stdout] 26 |     _mm256_madd52lo_epu64(z.into(), x.into(), y.into()).into()
[INFO] [stdout]    |     ^^^^^^^^^^^^^^^^^^^^^
[INFO] [stdout]    |
[INFO] [stdout]    = note: see issue #48556 <https://github.com/rust-lang/rust/issues/48556> for more information
[INFO] [stdout]    = help: add `#![feature(stdsimd)]` to the crate attributes to enable
[INFO] [stdout]    = note: this compiler was built on 2024-02-04; consider upgrading it if it is out of date
[INFO] [stdout] 
[INFO] [stdout] 
[INFO] [stdout] error[E0658]: use of unstable library feature 'stdsimd'
[INFO] [stdout]   --> /opt/rustwide/cargo-home/registry/src/index.crates.io-6f17d22bba15001f/curve25519-dalek-4.1.2/src/backend/vector/ifma/field.rs:25:9
[INFO] [stdout]    |
[INFO] [stdout] 25 |     use core::arch::x86_64::_mm256_madd52lo_epu64;
[INFO] [stdout]    |         ^^^^^^^^^^^^^^^^^^^^^^^^^^^^^^^^^^^^^^^^^
[INFO] [stdout]    |
[INFO] [stdout]    = note: see issue #48556 <https://github.com/rust-lang/rust/issues/48556> for more information
[INFO] [stdout]    = help: add `#![feature(stdsimd)]` to the crate attributes to enable
[INFO] [stdout]    = note: this compiler was built on 2024-02-04; consider upgrading it if it is out of date
[INFO] [stdout] 
[INFO] [stdout] 
[INFO] [stdout] error[E0658]: use of unstable library feature 'stdsimd'
[INFO] [stdout]   --> /opt/rustwide/cargo-home/registry/src/index.crates.io-6f17d22bba15001f/curve25519-dalek-4.1.2/src/backend/vector/ifma/field.rs:34:5
[INFO] [stdout]    |
[INFO] [stdout] 34 |     _mm256_madd52hi_epu64(z.into(), x.into(), y.into()).into()
[INFO] [stdout]    |     ^^^^^^^^^^^^^^^^^^^^^
[INFO] [stdout]    |
[INFO] [stdout]    = note: see issue #48556 <https://github.com/rust-lang/rust/issues/48556> for more information
[INFO] [stdout]    = help: add `#![feature(stdsimd)]` to the crate attributes to enable
[INFO] [stdout]    = note: this compiler was built on 2024-02-04; consider upgrading it if it is out of date
[INFO] [stdout] 
[INFO] [stdout] 
[INFO] [stdout] error[E0658]: use of unstable library feature 'stdsimd'
[INFO] [stdout]   --> /opt/rustwide/cargo-home/registry/src/index.crates.io-6f17d22bba15001f/curve25519-dalek-4.1.2/src/backend/vector/ifma/field.rs:33:9
[INFO] [stdout]    |
[INFO] [stdout] 33 |     use core::arch::x86_64::_mm256_madd52hi_epu64;
[INFO] [stdout]    |         ^^^^^^^^^^^^^^^^^^^^^^^^^^^^^^^^^^^^^^^^^
[INFO] [stdout]    |
[INFO] [stdout]    = note: see issue #48556 <https://github.com/rust-lang/rust/issues/48556> for more information
[INFO] [stdout]    = help: add `#![feature(stdsimd)]` to the crate attributes to enable
[INFO] [stdout]    = note: this compiler was built on 2024-02-04; consider upgrading it if it is out of date
[INFO] [stdout] 
[INFO] [stdout] 
[INFO] [stdout] error[E0635]: unknown feature `stdarch_x86_avx512`
[INFO] [stdout]   --> /opt/rustwide/cargo-home/registry/src/index.crates.io-6f17d22bba15001f/curve25519-dalek-4.1.2/src/lib.rs:19:13
[INFO] [stdout]    |
[INFO] [stdout] 19 |     feature(stdarch_x86_avx512)
[INFO] [stdout]    |             ^^^^^^^^^^^^^^^^^^
[INFO] [stdout] 
[INFO] [stdout] 
[INFO] [stderr]     Checking argon2 v0.5.3
[INFO] [stderr]     Checking chacha20poly1305 v0.10.1
[INFO] [stdout] error: aborting due to 5 previous errors
[INFO] [stdout] 
[INFO] [stdout] 
[INFO] [stdout] Some errors have detailed explanations: E0635, E0658.
[INFO] [stdout] 
[INFO] [stdout] For more information about an error, try `rustc --explain E0635`.
[INFO] [stdout] 
[INFO] [stderr] error: could not compile `curve25519-dalek` (lib) due to 6 previous errors
[INFO] [stderr] warning: build failed, waiting for other jobs to finish...
[INFO] running `Command { std: "docker" "inspect" "fed6c77a1665dbe532737179125b3ab419955111f8ca7338bdca6a6e8f635dfb", kill_on_drop: false }`
[INFO] running `Command { std: "docker" "rm" "-f" "fed6c77a1665dbe532737179125b3ab419955111f8ca7338bdca6a6e8f635dfb", kill_on_drop: false }`
[INFO] [stdout] fed6c77a1665dbe532737179125b3ab419955111f8ca7338bdca6a6e8f635dfb
[INFO] checking aries-askar-0.3.0 against nightly-2024-02-05+rustflags=-Dunexpected_cfgs+cargoflags=-Zcheck-cfg for check-cfg-2
[INFO] extracting crate aries-askar 0.3.0 into /workspace/builds/worker-6-tc2/source
[INFO] validating manifest of crates.io crate aries-askar 0.3.0 on toolchain nightly-2024-02-05
[INFO] running `Command { std: CARGO_HOME="/workspace/cargo-home" RUSTUP_HOME="/workspace/rustup-home" "/workspace/cargo-home/bin/cargo" "+nightly-2024-02-05" "metadata" "--manifest-path" "Cargo.toml" "--no-deps", kill_on_drop: false }`
[INFO] started tweaking crates.io crate aries-askar 0.3.0
[INFO] finished tweaking crates.io crate aries-askar 0.3.0
[INFO] tweaked toml for crates.io crate aries-askar 0.3.0 written to /workspace/builds/worker-6-tc2/source/Cargo.toml
[INFO] running `Command { std: CARGO_HOME="/workspace/cargo-home" RUSTUP_HOME="/workspace/rustup-home" "/workspace/cargo-home/bin/cargo" "+nightly-2024-02-05" "generate-lockfile" "--manifest-path" "Cargo.toml", kill_on_drop: false }`
[INFO] [stderr]     Blocking waiting for file lock on package cache
[INFO] [stderr]     Updating crates.io index
[INFO] running `Command { std: CARGO_HOME="/workspace/cargo-home" RUSTUP_HOME="/workspace/rustup-home" "/workspace/cargo-home/bin/cargo" "+nightly-2024-02-05" "fetch" "--manifest-path" "Cargo.toml", kill_on_drop: false }`
[INFO] running `Command { std: "docker" "create" "-v" "/var/lib/crater-agent-workspace/builds/worker-6-tc2/target:/opt/rustwide/target:rw,Z" "-v" "/var/lib/crater-agent-workspace/builds/worker-6-tc2/source:/opt/rustwide/workdir:ro,Z" "-v" "/var/lib/crater-agent-workspace/cargo-home:/opt/rustwide/cargo-home:ro,Z" "-v" "/var/lib/crater-agent-workspace/rustup-home:/opt/rustwide/rustup-home:ro,Z" "-e" "SOURCE_DIR=/opt/rustwide/workdir" "-e" "CARGO_TARGET_DIR=/opt/rustwide/target" "-e" "CARGO_HOME=/opt/rustwide/cargo-home" "-e" "RUSTUP_HOME=/opt/rustwide/rustup-home" "-w" "/opt/rustwide/workdir" "-m" "1610612736" "--user" "0:0" "--network" "none" "ghcr.io/rust-lang/crates-build-env/linux@sha256:2788e3201cd34a07e3172128adcd8b3090168a8e3bcc40d7c032b9dda1df7d1c" "/opt/rustwide/cargo-home/bin/cargo" "+nightly-2024-02-05" "metadata" "--no-deps" "--format-version=1", kill_on_drop: false }`
[INFO] [stdout] adefd691231e9f2b1faf7809a13ae1ca618417b0cb1d5e16af368fa29b3797f1
[INFO] running `Command { std: "docker" "start" "-a" "adefd691231e9f2b1faf7809a13ae1ca618417b0cb1d5e16af368fa29b3797f1", kill_on_drop: false }`
[INFO] running `Command { std: "docker" "inspect" "adefd691231e9f2b1faf7809a13ae1ca618417b0cb1d5e16af368fa29b3797f1", kill_on_drop: false }`
[INFO] running `Command { std: "docker" "rm" "-f" "adefd691231e9f2b1faf7809a13ae1ca618417b0cb1d5e16af368fa29b3797f1", kill_on_drop: false }`
[INFO] [stdout] adefd691231e9f2b1faf7809a13ae1ca618417b0cb1d5e16af368fa29b3797f1
[INFO] running `Command { std: "docker" "create" "-v" "/var/lib/crater-agent-workspace/builds/worker-6-tc2/target:/opt/rustwide/target:rw,Z" "-v" "/var/lib/crater-agent-workspace/builds/worker-6-tc2/source:/opt/rustwide/workdir:ro,Z" "-v" "/var/lib/crater-agent-workspace/cargo-home:/opt/rustwide/cargo-home:ro,Z" "-v" "/var/lib/crater-agent-workspace/rustup-home:/opt/rustwide/rustup-home:ro,Z" "-e" "SOURCE_DIR=/opt/rustwide/workdir" "-e" "CARGO_TARGET_DIR=/opt/rustwide/target" "-e" "CARGO_INCREMENTAL=0" "-e" "RUST_BACKTRACE=full" "-e" "RUSTFLAGS=--cap-lints=forbid -Dunexpected_cfgs" "-e" "RUSTDOCFLAGS=--cap-lints=forbid" "-e" "CARGO_HOME=/opt/rustwide/cargo-home" "-e" "RUSTUP_HOME=/opt/rustwide/rustup-home" "-w" "/opt/rustwide/workdir" "-m" "1610612736" "--user" "0:0" "--network" "none" "ghcr.io/rust-lang/crates-build-env/linux@sha256:2788e3201cd34a07e3172128adcd8b3090168a8e3bcc40d7c032b9dda1df7d1c" "/opt/rustwide/cargo-home/bin/cargo" "+nightly-2024-02-05" "check" "--frozen" "--all" "--all-targets" "--message-format=json" "-Zcheck-cfg", kill_on_drop: false }`
[INFO] [stdout] 49be8161cec440ca1c8e1550ddb1f005a99a7c853a414a9e3210ed9396b5fdea
[INFO] running `Command { std: "docker" "start" "-a" "49be8161cec440ca1c8e1550ddb1f005a99a7c853a414a9e3210ed9396b5fdea", kill_on_drop: false }`
[INFO] [stderr]    Compiling libc v0.2.153
[INFO] [stderr]     Checking subtle v2.5.0
[INFO] [stderr]     Checking const-oid v0.9.6
[INFO] [stderr]    Compiling cfg-if v1.0.0
[INFO] [stderr]    Compiling crossbeam-utils v0.8.19
[INFO] [stderr]    Compiling scopeguard v1.2.0
[INFO] [stderr]    Compiling generic-array v0.14.7
[INFO] [stderr]    Compiling serde v1.0.196
[INFO] [stderr]    Compiling ahash v0.8.7
[INFO] [stderr]    Compiling num-traits v0.2.18
[INFO] [stderr]    Compiling typenum v1.17.0
[INFO] [stderr]    Compiling syn v2.0.48
[INFO] [stderr]     Checking pin-project-lite v0.2.13
[INFO] [stderr]    Compiling paste v1.0.14
[INFO] [stderr]    Compiling rustls v0.21.10
[INFO] [stderr]     Checking futures-core v0.3.30
[INFO] [stderr]    Compiling lock_api v0.4.11
[INFO] [stderr]    Compiling serde_json v1.0.113
[INFO] [stderr]    Compiling tinyvec_macros v0.1.1
[INFO] [stderr]    Compiling semver v1.0.21
[INFO] [stderr]    Compiling zerocopy v0.7.32
[INFO] [stderr]    Compiling tinyvec v1.6.0
[INFO] [stderr]    Compiling untrusted v0.9.0
[INFO] [stderr]    Compiling futures-sink v0.3.30
[INFO] [stderr]    Compiling spin v0.9.8
[INFO] [stderr]     Checking ff v0.13.0
[INFO] [stderr]    Compiling smallvec v1.13.1
[INFO] [stderr]    Compiling allocator-api2 v0.2.16
[INFO] [stderr]    Compiling unicode-bidi v0.3.15
[INFO] [stderr]    Compiling pkg-config v0.3.29
[INFO] [stderr]    Compiling vcpkg v0.2.15
[INFO] [stderr]     Checking group v0.13.0
[INFO] [stderr]    Compiling slab v0.4.9
[INFO] [stderr]    Compiling cpufeatures v0.2.12
[INFO] [stderr]    Compiling bitflags v2.4.2
[INFO] [stderr]    Compiling pin-utils v0.1.0
[INFO] [stderr]    Compiling minimal-lexical v0.2.1
[INFO] [stderr]    Compiling futures-io v0.3.30
[INFO] [stderr]    Compiling percent-encoding v2.3.1
[INFO] [stderr]    Compiling futures-task v0.3.30
[INFO] [stderr]     Checking opaque-debug v0.3.0
[INFO] [stderr]    Compiling bytes v1.5.0
[INFO] [stderr]     Checking base16ct v0.2.0
[INFO] [stderr]    Compiling nom v7.1.3
[INFO] [stderr]    Compiling futures-util v0.3.30
[INFO] [stderr]    Compiling form_urlencoded v1.2.1
[INFO] [stderr]     Checking unicode-normalization v0.1.22
[INFO] [stderr]    Compiling rustc_version v0.4.0
[INFO] [stderr]    Compiling tracing-core v0.1.32
[INFO] [stderr]    Compiling ryu v1.0.16
[INFO] [stderr]    Compiling unicode_categories v0.1.1
[INFO] [stderr]    Compiling itoa v1.0.10
[INFO] [stderr]    Compiling block-buffer v0.10.4
[INFO] [stderr]    Compiling crypto-common v0.1.6
[INFO] [stderr]    Compiling ppv-lite86 v0.2.17
[INFO] [stderr]    Compiling base64 v0.21.7
[INFO] [stderr]    Compiling digest v0.10.7
[INFO] [stderr]    Compiling platforms v3.3.0
[INFO] [stderr]    Compiling crc-catalog v2.4.0
[INFO] [stderr]    Compiling iana-time-zone v0.1.60
[INFO] [stderr]    Compiling equivalent v1.0.1
[INFO] [stderr]    Compiling log v0.4.20
[INFO] [stderr]    Compiling crc v3.0.1
[INFO] [stderr]    Compiling idna v0.5.0
[INFO] [stderr]    Compiling chrono v0.4.33
[INFO] [stderr]     Checking hashbrown v0.14.3
[INFO] [stderr]    Compiling curve25519-dalek v4.1.2
[INFO] [stderr]    Compiling sha2 v0.10.8
[INFO] [stderr]    Compiling cc v1.0.83
[INFO] [stderr]    Compiling getrandom v0.2.12
[INFO] [stderr]    Compiling socket2 v0.5.5
[INFO] [stderr]    Compiling mio v0.8.10
[INFO] [stderr]    Compiling parking_lot_core v0.9.9
[INFO] [stderr]    Compiling rand_core v0.6.4
[INFO] [stderr]    Compiling rustls-pemfile v1.0.4
[INFO] [stderr]    Compiling parking_lot v0.12.1
[INFO] [stderr]    Compiling rand_chacha v0.3.1
[INFO] [stderr]    Compiling tokio v1.36.0
[INFO] [stderr]    Compiling crossbeam-queue v0.3.11
[INFO] [stderr]    Compiling futures-intrusive v0.5.0
[INFO] [stderr]    Compiling atoi v2.0.0
[INFO] [stderr]    Compiling url v2.5.0
[INFO] [stderr]    Compiling futures-channel v0.3.30
[INFO] [stderr]     Checking num_cpus v1.16.0
[INFO] [stderr]    Compiling event-listener v2.5.3
[INFO] [stderr]    Compiling dotenvy v0.15.7
[INFO] [stderr]    Compiling webpki-roots v0.25.4
[INFO] [stderr]    Compiling rustix v0.38.31
[INFO] [stderr]    Compiling hex v0.4.3
[INFO] [stderr]    Compiling byteorder v1.5.0
[INFO] [stderr]    Compiling rand v0.8.5
[INFO] [stderr]    Compiling hmac v0.12.1
[INFO] [stderr]    Compiling hashlink v0.8.4
[INFO] [stderr]    Compiling indexmap v2.2.2
[INFO] [stderr]    Compiling finl_unicode v1.2.0
[INFO] [stderr]    Compiling ring v0.17.7
[INFO] [stderr]    Compiling libsqlite3-sys v0.27.0
[INFO] [stderr]    Compiling syn v1.0.109
[INFO] [stderr]    Compiling linux-raw-sys v0.4.13
[INFO] [stderr]    Compiling stringprep v0.1.4
[INFO] [stderr]    Compiling hkdf v0.12.4
[INFO] [stderr]    Compiling futures-executor v0.3.30
[INFO] [stderr]    Compiling nix v0.27.1
[INFO] [stderr]    Compiling sha1 v0.10.6
[INFO] [stderr]    Compiling md-5 v0.10.6
[INFO] [stderr]    Compiling flume v0.11.0
[INFO] [stderr]     Checking parking v2.2.0
[INFO] [stderr]    Compiling fastrand v2.0.1
[INFO] [stderr]    Compiling home v0.5.9
[INFO] [stderr]    Compiling whoami v1.4.1
[INFO] [stderr]    Compiling unicode-segmentation v1.11.0
[INFO] [stderr]    Compiling urlencoding v2.1.3
[INFO] [stderr]     Checking concurrent-queue v2.4.0
[INFO] [stderr]     Checking base64ct v1.6.0
[INFO] [stderr]     Checking event-listener v4.0.3
[INFO] [stderr]     Checking password-hash v0.5.0
[INFO] [stderr]    Compiling heck v0.4.1
[INFO] [stderr]     Checking regex-syntax v0.8.2
[INFO] [stderr]     Checking event-listener-strategy v0.4.0
[INFO] [stderr]     Checking rmp v0.8.12
[INFO] [stderr]     Checking half v1.8.2
[INFO] [stderr]     Checking block-modes v0.9.1
[INFO] [stderr]    Compiling atomic-write-file v0.1.2
[INFO] [stderr]     Checking futures-lite v2.2.0
[INFO] [stderr]     Checking async-lock v3.3.0
[INFO] [stderr]     Checking uuid v1.7.0
[INFO] [stderr]     Checking humantime v2.1.0
[INFO] [stderr]     Checking arc-swap v1.6.0
[INFO] [stderr]     Checking bs58 v0.5.0
[INFO] [stderr]     Checking ffi-support v0.4.4
[INFO] [stderr]    Compiling tempfile v3.10.0
[INFO] [stderr]    Compiling zeroize_derive v1.4.2
[INFO] [stderr]    Compiling serde_derive v1.0.196
[INFO] [stderr]    Compiling tracing-attributes v0.1.27
[INFO] [stderr]    Compiling thiserror-impl v1.0.56
[INFO] [stderr]    Compiling curve25519-dalek-derive v0.1.1
[INFO] [stderr]    Compiling async-stream-impl v0.3.5
[INFO] [stderr]    Compiling tokio-stream v0.1.14
[INFO] [stderr]     Checking is-terminal v0.4.10
[INFO] [stderr]     Checking regex-automata v0.4.5
[INFO] [stderr]     Checking async-stream v0.3.5
[INFO] [stderr]     Checking zeroize v1.7.0
[INFO] [stderr]     Checking der v0.7.8
[INFO] [stderr]     Checking bls12_381 v0.8.0
[INFO] [stderr]    Compiling thiserror v1.0.56
[INFO] [stderr]    Compiling tracing v0.1.40
[INFO] [stderr]     Checking block-padding v0.3.3
[INFO] [stderr]     Checking crypto-bigint v0.5.5
[INFO] [stderr]     Checking sct v0.7.1
[INFO] [stderr]     Checking rustls-webpki v0.101.7
[INFO] [stderr]     Checking universal-hash v0.5.1
[INFO] [stderr]     Checking aead v0.5.2
[INFO] [stderr]     Checking inout v0.1.3
[INFO] [stderr]     Checking poly1305 v0.8.0
[INFO] [stderr]     Checking polyval v0.6.1
[INFO] [stderr]     Checking cipher v0.4.4
[INFO] [stderr]     Checking sec1 v0.7.3
[INFO] [stderr]     Checking signature v2.2.0
[INFO] [stderr]     Checking ghash v0.5.0
[INFO] [stderr]     Checking rfc6979 v0.4.0
[INFO] [stderr]     Checking ed25519 v2.2.3
[INFO] [stderr]     Checking salsa20 v0.10.2
[INFO] [stderr]     Checking aes v0.8.3
[INFO] [stderr]     Checking chacha20 v0.9.1
[INFO] [stderr]     Checking ctr v0.9.2
[INFO] [stderr]     Checking blake2 v0.10.6
[INFO] [stderr]     Checking cbc v0.1.2
[INFO] [stderr]     Checking regex v1.10.3
[INFO] [stderr]     Checking crypto_secretbox v0.1.1
[INFO] [stdout] error[E0658]: use of unstable library feature 'stdsimd'
[INFO] [stdout]   --> /opt/rustwide/cargo-home/registry/src/index.crates.io-6f17d22bba15001f/curve25519-dalek-4.1.2/src/backend/vector/ifma/field.rs:26:5
[INFO] [stdout]    |
[INFO] [stdout] 26 |     _mm256_madd52lo_epu64(z.into(), x.into(), y.into()).into()
[INFO] [stdout]    |     ^^^^^^^^^^^^^^^^^^^^^
[INFO] [stdout]    |
[INFO] [stdout]    = note: see issue #48556 <https://github.com/rust-lang/rust/issues/48556> for more information
[INFO] [stdout]    = help: add `#![feature(stdsimd)]` to the crate attributes to enable
[INFO] [stdout]    = note: this compiler was built on 2024-02-04; consider upgrading it if it is out of date
[INFO] [stdout] 
[INFO] [stdout] 
[INFO] [stdout] error[E0658]: use of unstable library feature 'stdsimd'
[INFO] [stdout]   --> /opt/rustwide/cargo-home/registry/src/index.crates.io-6f17d22bba15001f/curve25519-dalek-4.1.2/src/backend/vector/ifma/field.rs:25:9
[INFO] [stdout]    |
[INFO] [stdout] 25 |     use core::arch::x86_64::_mm256_madd52lo_epu64;
[INFO] [stdout]    |         ^^^^^^^^^^^^^^^^^^^^^^^^^^^^^^^^^^^^^^^^^
[INFO] [stdout]    |
[INFO] [stdout]    = note: see issue #48556 <https://github.com/rust-lang/rust/issues/48556> for more information
[INFO] [stdout]    = help: add `#![feature(stdsimd)]` to the crate attributes to enable
[INFO] [stdout]    = note: this compiler was built on 2024-02-04; consider upgrading it if it is out of date
[INFO] [stdout] 
[INFO] [stdout] 
[INFO] [stdout] error[E0658]: use of unstable library feature 'stdsimd'
[INFO] [stdout]   --> /opt/rustwide/cargo-home/registry/src/index.crates.io-6f17d22bba15001f/curve25519-dalek-4.1.2/src/backend/vector/ifma/field.rs:34:5
[INFO] [stdout]    |
[INFO] [stdout] 34 |     _mm256_madd52hi_epu64(z.into(), x.into(), y.into()).into()
[INFO] [stdout]    |     ^^^^^^^^^^^^^^^^^^^^^
[INFO] [stdout]    |
[INFO] [stdout]    = note: see issue #48556 <https://github.com/rust-lang/rust/issues/48556> for more information
[INFO] [stdout]    = help: add `#![feature(stdsimd)]` to the crate attributes to enable
[INFO] [stdout]    = note: this compiler was built on 2024-02-04; consider upgrading it if it is out of date
[INFO] [stdout] 
[INFO] [stdout] 
[INFO] [stdout] error[E0658]: use of unstable library feature 'stdsimd'
[INFO] [stdout]   --> /opt/rustwide/cargo-home/registry/src/index.crates.io-6f17d22bba15001f/curve25519-dalek-4.1.2/src/backend/vector/ifma/field.rs:33:9
[INFO] [stdout]    |
[INFO] [stdout] 33 |     use core::arch::x86_64::_mm256_madd52hi_epu64;
[INFO] [stdout]    |         ^^^^^^^^^^^^^^^^^^^^^^^^^^^^^^^^^^^^^^^^^
[INFO] [stdout]    |
[INFO] [stdout]    = note: see issue #48556 <https://github.com/rust-lang/rust/issues/48556> for more information
[INFO] [stdout]    = help: add `#![feature(stdsimd)]` to the crate attributes to enable
[INFO] [stdout]    = note: this compiler was built on 2024-02-04; consider upgrading it if it is out of date
[INFO] [stdout] 
[INFO] [stdout] 
[INFO] [stdout] error[E0635]: unknown feature `stdarch_x86_avx512`
[INFO] [stdout]   --> /opt/rustwide/cargo-home/registry/src/index.crates.io-6f17d22bba15001f/curve25519-dalek-4.1.2/src/lib.rs:19:13
[INFO] [stdout]    |
[INFO] [stdout] 19 |     feature(stdarch_x86_avx512)
[INFO] [stdout]    |             ^^^^^^^^^^^^^^^^^^
[INFO] [stdout] 
[INFO] [stdout] 
[INFO] [stderr]     Checking chacha20poly1305 v0.10.1
[INFO] [stderr]     Checking argon2 v0.5.3
[INFO] [stdout] error: aborting due to 5 previous errors
[INFO] [stdout] 
[INFO] [stdout] 
[INFO] [stdout] Some errors have detailed explanations: E0635, E0658.
[INFO] [stdout] 
[INFO] [stdout] For more information about an error, try `rustc --explain E0635`.
[INFO] [stdout] 
[INFO] [stderr] error: could not compile `curve25519-dalek` (lib) due to 6 previous errors
[INFO] [stderr] warning: build failed, waiting for other jobs to finish...
[INFO] running `Command { std: "docker" "inspect" "49be8161cec440ca1c8e1550ddb1f005a99a7c853a414a9e3210ed9396b5fdea", kill_on_drop: false }`
[INFO] running `Command { std: "docker" "rm" "-f" "49be8161cec440ca1c8e1550ddb1f005a99a7c853a414a9e3210ed9396b5fdea", kill_on_drop: false }`
[INFO] [stdout] 49be8161cec440ca1c8e1550ddb1f005a99a7c853a414a9e3210ed9396b5fdea
