[INFO] cloning repository https://github.com/anchpop/yap
[INFO] running `Command { std: "git" "-c" "credential.helper=" "-c" "credential.helper=/workspace/cargo-home/bin/git-credential-null" "clone" "--bare" "https://github.com/anchpop/yap" "/workspace/cache/git-repos/https%3A%2F%2Fgithub.com%2Fanchpop%2Fyap", kill_on_drop: false }`
[INFO] [stderr] Cloning into bare repository '/workspace/cache/git-repos/https%3A%2F%2Fgithub.com%2Fanchpop%2Fyap'...
[INFO] running `Command { std: "git" "rev-parse" "HEAD", kill_on_drop: false }`
[INFO] [stdout] 8d7a4108fe0fe8632996aae3507b465b5bb0f6ae
[INFO] documenting anchpop/yap against 1.98.0-beta.4 for beta-rustdoc-1.98-4
[INFO] running `Command { std: "git" "clone" "/workspace/cache/git-repos/https%3A%2F%2Fgithub.com%2Fanchpop%2Fyap" "/workspace/builds/worker-7-tc2/source", kill_on_drop: false }`
[INFO] [stderr] Cloning into '/workspace/builds/worker-7-tc2/source'...
[INFO] [stderr] done.
[INFO] [stderr] Updating files:  24% (2065/8361)
Updating files:  25% (2091/8361)
Updating files:  26% (2174/8361)
Updating files:  27% (2258/8361)
Updating files:  28% (2342/8361)
Updating files:  29% (2425/8361)
Updating files:  30% (2509/8361)
Updating files:  31% (2592/8361)
Updating files:  32% (2676/8361)
Updating files:  33% (2760/8361)
Updating files:  34% (2843/8361)
Updating files:  35% (2927/8361)
Updating files:  36% (3010/8361)
Updating files:  37% (3094/8361)
Updating files:  38% (3178/8361)
Updating files:  39% (3261/8361)
Updating files:  40% (3345/8361)
Updating files:  41% (3429/8361)
Updating files:  42% (3512/8361)
Updating files:  43% (3596/8361)
Updating files:  44% (3679/8361)
Updating files:  45% (3763/8361)
Updating files:  46% (3847/8361)
Updating files:  47% (3930/8361)
Updating files:  48% (4014/8361)
Updating files:  49% (4097/8361)
Updating files:  50% (4181/8361)
Updating files:  51% (4265/8361)
Updating files:  52% (4348/8361)
Updating files:  53% (4432/8361)
Updating files:  54% (4515/8361)
Updating files:  55% (4599/8361)
Updating files:  56% (4683/8361)
Updating files:  57% (4766/8361)
Updating files:  58% (4850/8361)
Updating files:  59% (4933/8361)
Updating files:  60% (5017/8361)
Updating files:  61% (5101/8361)
Updating files:  62% (5184/8361)
Updating files:  63% (5268/8361)
Updating files:  64% (5352/8361)
Updating files:  65% (5435/8361)
Updating files:  66% (5519/8361)
Updating files:  67% (5602/8361)
Updating files:  68% (5686/8361)
Updating files:  68% (5697/8361)
Updating files:  69% (5770/8361)
Updating files:  70% (5853/8361)
Updating files:  71% (5937/8361)
Updating files:  72% (6020/8361)
Updating files:  73% (6104/8361)
Updating files:  74% (6188/8361)
Updating files:  75% (6271/8361)
Updating files:  76% (6355/8361)
Updating files:  77% (6438/8361)
Updating files:  78% (6522/8361)
Updating files:  79% (6606/8361)
Updating files:  80% (6689/8361)
Updating files:  81% (6773/8361)
Updating files:  82% (6857/8361)
Updating files:  83% (6940/8361)
Updating files:  84% (7024/8361)
Updating files:  85% (7107/8361)
Updating files:  86% (7191/8361)
Updating files:  87% (7275/8361)
Updating files:  88% (7358/8361)
Updating files:  89% (7442/8361)
Updating files:  90% (7525/8361)
Updating files:  91% (7609/8361)
Updating files:  91% (7639/8361)
Updating files:  92% (7693/8361)
Updating files:  93% (7776/8361)
Updating files:  94% (7860/8361)
Updating files:  95% (7943/8361)
Updating files:  95% (7946/8361)
Updating files:  95% (7985/8361)
Updating files:  96% (8027/8361)
Updating files:  96% (8050/8361)
Updating files:  97% (8111/8361)
Updating files:  98% (8194/8361)
Updating files:  99% (8278/8361)
Updating files: 100% (8361/8361)
Updating files: 100% (8361/8361), done.
[INFO] removed /workspace/builds/worker-7-tc2/source/.cargo/config.toml
[INFO] removed /workspace/builds/worker-7-tc2/source/rust-toolchain.toml
[INFO] started tweaking git repo https://github.com/anchpop/yap
[INFO] finished tweaking git repo https://github.com/anchpop/yap
[INFO] tweaked toml for git repo https://github.com/anchpop/yap written to /workspace/builds/worker-7-tc2/source/Cargo.toml
[INFO] validating manifest of git repo https://github.com/anchpop/yap on toolchain 1.98.0-beta.4
[INFO] running `Command { std: CARGO_HOME="/workspace/cargo-home" RUSTUP_HOME="/workspace/rustup-home" "/workspace/cargo-home/bin/cargo" "+1.98.0-beta.4" "metadata" "--manifest-path" "Cargo.toml" "--no-deps", kill_on_drop: false }`
[INFO] crate git repo https://github.com/anchpop/yap already has a lockfile, it will not be regenerated
[INFO] running `Command { std: CARGO_HOME="/workspace/cargo-home" RUSTUP_HOME="/workspace/rustup-home" "/workspace/cargo-home/bin/cargo" "+1.98.0-beta.4" "fetch" "--manifest-path" "Cargo.toml", kill_on_drop: false }`
[INFO] [stderr]     Blocking waiting for file lock on package cache
[ERROR] error running command: no output for 300 seconds
[INFO] documenting anchpop/yap against 1.98.0-beta.4 for beta-rustdoc-1.98-4
[INFO] running `Command { std: "git" "clone" "/workspace/cache/git-repos/https%3A%2F%2Fgithub.com%2Fanchpop%2Fyap" "/workspace/builds/worker-7-tc2/source", kill_on_drop: false }`
[INFO] [stderr] Cloning into '/workspace/builds/worker-7-tc2/source'...
[INFO] [stderr] done.
[INFO] [stderr] Updating files:  27% (2326/8361)
Updating files:  28% (2342/8361)
Updating files:  29% (2425/8361)
Updating files:  30% (2509/8361)
Updating files:  31% (2592/8361)
Updating files:  32% (2676/8361)
Updating files:  33% (2760/8361)
Updating files:  34% (2843/8361)
Updating files:  35% (2927/8361)
Updating files:  36% (3010/8361)
Updating files:  37% (3094/8361)
Updating files:  38% (3178/8361)
Updating files:  39% (3261/8361)
Updating files:  40% (3345/8361)
Updating files:  41% (3429/8361)
Updating files:  42% (3512/8361)
Updating files:  43% (3596/8361)
Updating files:  44% (3679/8361)
Updating files:  45% (3763/8361)
Updating files:  46% (3847/8361)
Updating files:  47% (3930/8361)
Updating files:  48% (4014/8361)
Updating files:  49% (4097/8361)
Updating files:  50% (4181/8361)
Updating files:  51% (4265/8361)
Updating files:  52% (4348/8361)
Updating files:  53% (4432/8361)
Updating files:  54% (4515/8361)
Updating files:  55% (4599/8361)
Updating files:  56% (4683/8361)
Updating files:  57% (4766/8361)
Updating files:  58% (4850/8361)
Updating files:  59% (4933/8361)
Updating files:  60% (5017/8361)
Updating files:  61% (5101/8361)
Updating files:  62% (5184/8361)
Updating files:  63% (5268/8361)
Updating files:  64% (5352/8361)
Updating files:  65% (5435/8361)
Updating files:  66% (5519/8361)
Updating files:  67% (5602/8361)
Updating files:  68% (5686/8361)
Updating files:  69% (5770/8361)
Updating files:  70% (5853/8361)
Updating files:  71% (5937/8361)
Updating files:  72% (6020/8361)
Updating files:  73% (6104/8361)
Updating files:  74% (6188/8361)
Updating files:  75% (6271/8361)
Updating files:  76% (6355/8361)
Updating files:  77% (6438/8361)
Updating files:  78% (6522/8361)
Updating files:  79% (6606/8361)
Updating files:  80% (6689/8361)
Updating files:  81% (6773/8361)
Updating files:  81% (6810/8361)
Updating files:  82% (6857/8361)
Updating files:  83% (6940/8361)
Updating files:  84% (7024/8361)
Updating files:  85% (7107/8361)
Updating files:  86% (7191/8361)
Updating files:  87% (7275/8361)
Updating files:  88% (7358/8361)
Updating files:  89% (7442/8361)
Updating files:  90% (7525/8361)
Updating files:  91% (7609/8361)
Updating files:  91% (7655/8361)
Updating files:  92% (7693/8361)
Updating files:  93% (7776/8361)
Updating files:  94% (7860/8361)
Updating files:  95% (7943/8361)
Updating files:  95% (7972/8361)
Updating files:  95% (8025/8361)
Updating files:  96% (8027/8361)
Updating files:  97% (8111/8361)
Updating files:  98% (8194/8361)
Updating files:  99% (8278/8361)
Updating files: 100% (8361/8361)
Updating files: 100% (8361/8361), done.
[INFO] removed /workspace/builds/worker-7-tc2/source/.cargo/config.toml
[INFO] removed /workspace/builds/worker-7-tc2/source/rust-toolchain.toml
[INFO] started tweaking git repo https://github.com/anchpop/yap
[INFO] finished tweaking git repo https://github.com/anchpop/yap
[INFO] tweaked toml for git repo https://github.com/anchpop/yap written to /workspace/builds/worker-7-tc2/source/Cargo.toml
[INFO] validating manifest of git repo https://github.com/anchpop/yap on toolchain 1.98.0-beta.4
[INFO] running `Command { std: CARGO_HOME="/workspace/cargo-home" RUSTUP_HOME="/workspace/rustup-home" "/workspace/cargo-home/bin/cargo" "+1.98.0-beta.4" "metadata" "--manifest-path" "Cargo.toml" "--no-deps", kill_on_drop: false }`
[INFO] crate git repo https://github.com/anchpop/yap already has a lockfile, it will not be regenerated
[INFO] running `Command { std: CARGO_HOME="/workspace/cargo-home" RUSTUP_HOME="/workspace/rustup-home" "/workspace/cargo-home/bin/cargo" "+1.98.0-beta.4" "fetch" "--manifest-path" "Cargo.toml", kill_on_drop: false }`
[INFO] [stderr]     Blocking waiting for file lock on package cache
[ERROR] error running command: no output for 300 seconds
[INFO] documenting anchpop/yap against 1.98.0-beta.4 for beta-rustdoc-1.98-4
[INFO] running `Command { std: "git" "clone" "/workspace/cache/git-repos/https%3A%2F%2Fgithub.com%2Fanchpop%2Fyap" "/workspace/builds/worker-7-tc2/source", kill_on_drop: false }`
[INFO] [stderr] Cloning into '/workspace/builds/worker-7-tc2/source'...
[INFO] [stderr] done.
[INFO] [stderr] Updating files:  28% (2359/8361)
Updating files:  29% (2425/8361)
Updating files:  30% (2509/8361)
Updating files:  31% (2592/8361)
Updating files:  32% (2676/8361)
Updating files:  33% (2760/8361)
Updating files:  34% (2843/8361)
Updating files:  35% (2927/8361)
Updating files:  36% (3010/8361)
Updating files:  37% (3094/8361)
Updating files:  38% (3178/8361)
Updating files:  39% (3261/8361)
Updating files:  40% (3345/8361)
Updating files:  41% (3429/8361)
Updating files:  42% (3512/8361)
Updating files:  43% (3596/8361)
Updating files:  44% (3679/8361)
Updating files:  45% (3763/8361)
Updating files:  46% (3847/8361)
Updating files:  47% (3930/8361)
Updating files:  48% (4014/8361)
Updating files:  49% (4097/8361)
Updating files:  50% (4181/8361)
Updating files:  51% (4265/8361)
Updating files:  52% (4348/8361)
Updating files:  53% (4432/8361)
Updating files:  54% (4515/8361)
Updating files:  55% (4599/8361)
Updating files:  56% (4683/8361)
Updating files:  57% (4766/8361)
Updating files:  58% (4850/8361)
Updating files:  59% (4933/8361)
Updating files:  60% (5017/8361)
Updating files:  61% (5101/8361)
Updating files:  62% (5184/8361)
Updating files:  63% (5268/8361)
Updating files:  64% (5352/8361)
Updating files:  65% (5435/8361)
Updating files:  66% (5519/8361)
Updating files:  67% (5602/8361)
Updating files:  68% (5686/8361)
Updating files:  69% (5770/8361)
Updating files:  70% (5853/8361)
Updating files:  71% (5937/8361)
Updating files:  72% (6020/8361)
Updating files:  73% (6104/8361)
Updating files:  74% (6188/8361)
Updating files:  75% (6271/8361)
Updating files:  76% (6355/8361)
Updating files:  77% (6438/8361)
Updating files:  78% (6522/8361)
Updating files:  79% (6606/8361)
Updating files:  80% (6689/8361)
Updating files:  80% (6770/8361)
Updating files:  81% (6773/8361)
Updating files:  82% (6857/8361)
Updating files:  83% (6940/8361)
Updating files:  84% (7024/8361)
Updating files:  85% (7107/8361)
Updating files:  86% (7191/8361)
Updating files:  87% (7275/8361)
Updating files:  88% (7358/8361)
Updating files:  89% (7442/8361)
Updating files:  90% (7525/8361)
Updating files:  91% (7609/8361)
Updating files:  91% (7655/8361)
Updating files:  92% (7693/8361)
Updating files:  93% (7776/8361)
Updating files:  94% (7860/8361)
Updating files:  95% (7943/8361)
Updating files:  95% (7967/8361)
Updating files:  95% (8025/8361)
Updating files:  96% (8027/8361)
Updating files:  97% (8111/8361)
Updating files:  98% (8194/8361)
Updating files:  99% (8278/8361)
Updating files: 100% (8361/8361)
Updating files: 100% (8361/8361), done.
[INFO] removed /workspace/builds/worker-7-tc2/source/.cargo/config.toml
[INFO] removed /workspace/builds/worker-7-tc2/source/rust-toolchain.toml
[INFO] started tweaking git repo https://github.com/anchpop/yap
[INFO] finished tweaking git repo https://github.com/anchpop/yap
[INFO] tweaked toml for git repo https://github.com/anchpop/yap written to /workspace/builds/worker-7-tc2/source/Cargo.toml
[INFO] validating manifest of git repo https://github.com/anchpop/yap on toolchain 1.98.0-beta.4
[INFO] running `Command { std: CARGO_HOME="/workspace/cargo-home" RUSTUP_HOME="/workspace/rustup-home" "/workspace/cargo-home/bin/cargo" "+1.98.0-beta.4" "metadata" "--manifest-path" "Cargo.toml" "--no-deps", kill_on_drop: false }`
[INFO] crate git repo https://github.com/anchpop/yap already has a lockfile, it will not be regenerated
[INFO] running `Command { std: CARGO_HOME="/workspace/cargo-home" RUSTUP_HOME="/workspace/rustup-home" "/workspace/cargo-home/bin/cargo" "+1.98.0-beta.4" "fetch" "--manifest-path" "Cargo.toml", kill_on_drop: false }`
[INFO] [stderr]     Blocking waiting for file lock on package cache
[INFO] [stderr]     Blocking waiting for file lock on package cache
[ERROR] error running command: no output for 300 seconds
[INFO] documenting anchpop/yap against 1.98.0-beta.4 for beta-rustdoc-1.98-4
[INFO] running `Command { std: "git" "clone" "/workspace/cache/git-repos/https%3A%2F%2Fgithub.com%2Fanchpop%2Fyap" "/workspace/builds/worker-7-tc2/source", kill_on_drop: false }`
[INFO] [stderr] Cloning into '/workspace/builds/worker-7-tc2/source'...
[INFO] [stderr] done.
[INFO] [stderr] Updating files:  27% (2326/8361)
Updating files:  28% (2342/8361)
Updating files:  29% (2425/8361)
Updating files:  30% (2509/8361)
Updating files:  31% (2592/8361)
Updating files:  32% (2676/8361)
Updating files:  33% (2760/8361)
Updating files:  34% (2843/8361)
Updating files:  35% (2927/8361)
Updating files:  36% (3010/8361)
Updating files:  37% (3094/8361)
Updating files:  38% (3178/8361)
Updating files:  39% (3261/8361)
Updating files:  40% (3345/8361)
Updating files:  41% (3429/8361)
Updating files:  42% (3512/8361)
Updating files:  43% (3596/8361)
Updating files:  44% (3679/8361)
Updating files:  45% (3763/8361)
Updating files:  46% (3847/8361)
Updating files:  47% (3930/8361)
Updating files:  48% (4014/8361)
Updating files:  49% (4097/8361)
Updating files:  50% (4181/8361)
Updating files:  51% (4265/8361)
Updating files:  52% (4348/8361)
Updating files:  53% (4432/8361)
Updating files:  54% (4515/8361)
Updating files:  55% (4599/8361)
Updating files:  56% (4683/8361)
Updating files:  57% (4766/8361)
Updating files:  58% (4850/8361)
Updating files:  59% (4933/8361)
Updating files:  60% (5017/8361)
Updating files:  61% (5101/8361)
Updating files:  62% (5184/8361)
Updating files:  63% (5268/8361)
Updating files:  64% (5352/8361)
Updating files:  65% (5435/8361)
Updating files:  66% (5519/8361)
Updating files:  67% (5602/8361)
Updating files:  68% (5686/8361)
Updating files:  69% (5770/8361)
Updating files:  70% (5853/8361)
Updating files:  71% (5937/8361)
Updating files:  72% (6020/8361)
Updating files:  73% (6104/8361)
Updating files:  74% (6188/8361)
Updating files:  75% (6271/8361)
Updating files:  76% (6355/8361)
Updating files:  77% (6438/8361)
Updating files:  78% (6522/8361)
Updating files:  79% (6606/8361)
Updating files:  80% (6689/8361)
Updating files:  81% (6773/8361)
Updating files:  82% (6857/8361)
Updating files:  82% (6860/8361)
Updating files:  83% (6940/8361)
Updating files:  84% (7024/8361)
Updating files:  85% (7107/8361)
Updating files:  86% (7191/8361)
Updating files:  87% (7275/8361)
Updating files:  88% (7358/8361)
Updating files:  89% (7442/8361)
Updating files:  90% (7525/8361)
Updating files:  91% (7609/8361)
Updating files:  91% (7655/8361)
Updating files:  92% (7693/8361)
Updating files:  93% (7776/8361)
Updating files:  94% (7860/8361)
Updating files:  95% (7943/8361)
Updating files:  95% (7972/8361)
Updating files:  95% (8025/8361)
Updating files:  96% (8027/8361)
Updating files:  97% (8111/8361)
Updating files:  98% (8194/8361)
Updating files:  99% (8278/8361)
Updating files: 100% (8361/8361)
Updating files: 100% (8361/8361), done.
[INFO] removed /workspace/builds/worker-7-tc2/source/.cargo/config.toml
[INFO] removed /workspace/builds/worker-7-tc2/source/rust-toolchain.toml
[INFO] started tweaking git repo https://github.com/anchpop/yap
[INFO] finished tweaking git repo https://github.com/anchpop/yap
[INFO] tweaked toml for git repo https://github.com/anchpop/yap written to /workspace/builds/worker-7-tc2/source/Cargo.toml
[INFO] validating manifest of git repo https://github.com/anchpop/yap on toolchain 1.98.0-beta.4
[INFO] running `Command { std: CARGO_HOME="/workspace/cargo-home" RUSTUP_HOME="/workspace/rustup-home" "/workspace/cargo-home/bin/cargo" "+1.98.0-beta.4" "metadata" "--manifest-path" "Cargo.toml" "--no-deps", kill_on_drop: false }`
[INFO] crate git repo https://github.com/anchpop/yap already has a lockfile, it will not be regenerated
[INFO] running `Command { std: CARGO_HOME="/workspace/cargo-home" RUSTUP_HOME="/workspace/rustup-home" "/workspace/cargo-home/bin/cargo" "+1.98.0-beta.4" "fetch" "--manifest-path" "Cargo.toml", kill_on_drop: false }`
[INFO] [stderr]  Downloading crates ...
[INFO] [stderr]   Downloaded xxhash-rust v0.8.15
[INFO] [stderr]   Downloaded wasm-bindgen-shared v0.2.122
[INFO] [stderr]   Downloaded weblocks v0.2.0
[INFO] [stderr]   Downloaded wasm-bindgen v0.2.122
[INFO] [stderr]   Downloaded prettyplease v0.2.37
[INFO] [stderr]   Downloaded heck v0.5.0
[INFO] [stderr]   Downloaded futures-sink v0.3.32
[INFO] [stderr]   Downloaded dirs-sys v0.4.1
[INFO] [stderr]   Downloaded cfg-if v1.0.4
[INFO] [stderr]   Downloaded wit-bindgen-core v0.51.0
[INFO] [stderr]   Downloaded equivalent v1.0.2
[INFO] [stderr]   Downloaded rustls-platform-verifier-android v0.1.1
[INFO] [stderr]   Downloaded option-ext v0.2.0
[INFO] [stderr]   Downloaded winapi-util v0.1.10
[INFO] [stderr]   Downloaded same-file v1.0.6
[INFO] [stderr]   Downloaded scopeguard v1.2.0
[INFO] [stderr]   Downloaded windows-targets v0.48.5
[INFO] [stderr]   Downloaded futures-core v0.3.32
[INFO] [stderr]   Downloaded wasm-bindgen-futures v0.4.72
[INFO] [stderr]   Downloaded libredox v0.1.9
[INFO] [stderr]   Downloaded futures-io v0.3.32
[INFO] [stderr]   Downloaded windows-link v0.2.0
[INFO] [stderr]   Downloaded futures-macro v0.3.32
[INFO] [stderr]   Downloaded iana-time-zone-haiku v0.1.2
[INFO] [stderr]   Downloaded wasm-logger v0.2.0
[INFO] [stderr]   Downloaded redox_users v0.4.6
[INFO] [stderr]   Downloaded foldhash v0.1.5
[INFO] [stderr]   Downloaded serde_derive_internals v0.29.1
[INFO] [stderr]   Downloaded rustc_version v0.4.1
[INFO] [stderr]   Downloaded core-foundation v0.10.1
[INFO] [stderr]   Downloaded rustls-native-certs v0.8.3
[INFO] [stderr]   Downloaded dirs v5.0.1
[INFO] [stderr]   Downloaded windows-targets v0.52.6
[INFO] [stderr]   Downloaded walkdir v2.5.0
[INFO] [stderr]   Downloaded tinyvec_macros v0.1.1
[INFO] [stderr]   Downloaded want v0.3.1
[INFO] [stderr]   Downloaded atomic-waker v1.1.2
[INFO] [stderr]   Downloaded wasm-bindgen-macro v0.2.122
[INFO] [stderr]   Downloaded futures-task v0.3.32
[INFO] [stderr]   Downloaded itoa v1.0.15
[INFO] [stderr]   Downloaded windows-result v0.3.4
[INFO] [stderr]   Downloaded rustversion v1.0.22
[INFO] [stderr]   Downloaded pin-project-lite v0.2.16
[INFO] [stderr]   Downloaded tsify v0.5.6
[INFO] [stderr]   Downloaded tsify-macros v0.5.5
[INFO] [stderr]   Downloaded serde-wasm-bindgen v0.6.5
[INFO] [stderr]   Downloaded quote v1.0.45
[INFO] [stderr]   Downloaded simdutf8 v0.1.5
[INFO] [stderr]   Downloaded try-lock v0.2.5
[INFO] [stderr]   Downloaded slab v0.4.11
[INFO] [stderr]   Downloaded futures-channel v0.3.32
[INFO] [stderr]   Downloaded version_check v0.9.5
[INFO] [stderr]   Downloaded zmij v1.0.21
[INFO] [stderr]   Downloaded opfs v0.2.0
[INFO] [stderr]   Downloaded tokio-macros v2.7.0
[INFO] [stderr]   Downloaded signal-hook-registry v1.4.6
[INFO] [stderr]   Downloaded redox_syscall v0.5.17
[INFO] [stderr]   Downloaded futures-executor v0.3.32
[INFO] [stderr]   Downloaded thiserror-impl v1.0.69
[INFO] [stderr]   Downloaded bitmaps v2.1.0
[INFO] [stderr]   Downloaded rand_xoshiro v0.6.0
[INFO] [stderr]   Downloaded rand_core v0.6.4
[INFO] [stderr]   Downloaded ref-cast v1.0.24
[INFO] [stderr]   Downloaded num-iter v0.1.45
[INFO] [stderr]   Downloaded hyper-tls v0.6.0
[INFO] [stderr]   Downloaded once_cell v1.21.4
[INFO] [stderr]   Downloaded thiserror-impl v2.0.18
[INFO] [stderr]   Downloaded lock_api v0.4.13
[INFO] [stderr]   Downloaded autocfg v1.5.0
[INFO] [stderr]   Downloaded thiserror v1.0.69
[INFO] [stderr]   Downloaded jni-sys v0.4.1
[INFO] [stderr]   Downloaded rustc-hash v2.1.1
[INFO] [stderr]   Downloaded lru-slab v0.1.2
[INFO] [stderr]   Downloaded system-configuration-sys v0.6.0
[INFO] [stderr]   Downloaded simple_asn1 v0.6.3
[INFO] [stderr]   Downloaded fastrand v2.3.0
[INFO] [stderr]   Downloaded wasm-bindgen-test-macro v0.3.72
[INFO] [stderr]   Downloaded ref-cast-impl v1.0.24
[INFO] [stderr]   Downloaded num-conv v0.2.2
[INFO] [stderr]   Downloaded primeorder v0.13.6
[INFO] [stderr]   Downloaded aead v0.5.2
[INFO] [stderr]   Downloaded safemem v0.2.0
[INFO] [stderr]   Downloaded serde_core v1.0.228
[INFO] [stderr]   Downloaded smallvec v1.15.1
[INFO] [stderr]   Downloaded sized-chunks v0.6.5
[INFO] [stderr]   Downloaded openssl-probe v0.2.1
[INFO] [stderr]   Downloaded android_system_properties v0.1.5
[INFO] [stderr]   Downloaded dyn-clone v1.0.20
[INFO] [stderr]   Downloaded bitflags v2.9.3
[INFO] [stderr]   Downloaded parking_lot v0.12.4
[INFO] [stderr]   Downloaded windows-registry v0.5.3
[INFO] [stderr]   Downloaded wasm-bindgen-test-shared v0.2.122
[INFO] [stderr]   Downloaded unicode-ident v1.0.18
[INFO] [stderr]   Downloaded thiserror v2.0.18
[INFO] [stderr]   Downloaded getrandom v0.2.16
[INFO] [stderr]   Downloaded anyhow v1.0.102
[INFO] [stderr]   Downloaded windows-interface v0.59.1
[INFO] [stderr]   Downloaded ecdsa v0.16.9
[INFO] [stderr]   Downloaded proc-macro2 v1.0.106
[INFO] [stderr]   Downloaded serde_derive v1.0.228
[INFO] [stderr]   Downloaded socket2 v0.6.4
[INFO] [stderr]   Downloaded parking_lot_core v0.9.11
[INFO] [stderr]   Downloaded openssl-macros v0.1.1
[INFO] [stderr]   Downloaded jni-sys-macros v0.4.1
[INFO] [stderr]   Downloaded cfg_aliases v0.2.1
[INFO] [stderr]   Downloaded core-foundation v0.9.4
[INFO] [stderr]   Downloaded httpdate v1.0.3
[INFO] [stderr]   Downloaded cast v0.3.0
[INFO] [stderr]   Downloaded pkcs1 v0.7.5
[INFO] [stderr]   Downloaded env_logger v0.11.10
[INFO] [stderr]   Downloaded chacha20 v0.9.1
[INFO] [stderr]   Downloaded vobsub v0.2.3
[INFO] [stderr]   Downloaded allocator-api2 v0.2.21
[INFO] [stderr]   Downloaded futures v0.3.32
[INFO] [stderr]   Downloaded windows-strings v0.4.2
[INFO] [stderr]   Downloaded wasi v0.11.1+wasi-snapshot-preview1
[INFO] [stderr]   Downloaded bytes v1.10.1
[INFO] [stderr]   Downloaded log v0.4.31
[INFO] [stderr]   Downloaded typenum v1.18.0
[INFO] [stderr]   Downloaded windows-implement v0.60.0
[INFO] [stderr]   Downloaded subparse v0.7.0
[INFO] [stderr]   Downloaded num-rational v0.1.43
[INFO] [stderr]   Downloaded console v0.16.3
[INFO] [stderr]   Downloaded simd-adler32 v0.3.7
[INFO] [stderr]   Downloaded cpubits v0.1.1
[INFO] [stderr]   Downloaded new_debug_unreachable v1.0.6
[INFO] [stderr]   Downloaded wasm-bindgen-macro-support v0.2.122
[INFO] [stderr]   Downloaded bumpalo v3.19.0
[INFO] [stderr]   Downloaded js-sys v0.3.99
[INFO] [stderr]   Downloaded memchr v2.7.5
[INFO] [stderr]   Downloaded serde v1.0.228
[INFO] [stderr]   Downloaded slotmap v1.1.1
[INFO] [stderr]   Downloaded indexmap v2.11.0
[INFO] [stderr]   Downloaded im v15.1.0
[INFO] [stderr]   Downloaded reqwest v0.13.4
[INFO] [stderr]   Downloaded schannel v0.1.29
[INFO] [stderr]   Downloaded quinn-udp v0.5.13
[INFO] [stderr]   Downloaded rand_core v0.9.3
[INFO] [stderr]   Downloaded rand_chacha v0.9.0
[INFO] [stderr]   Downloaded ppv-lite86 v0.2.21
[INFO] [stderr]   Downloaded mime v0.3.17
[INFO] [stderr]   Downloaded system-configuration v0.6.1
[INFO] [stderr]   Downloaded ipnet v2.11.0
[INFO] [stderr]   Downloaded http-body-util v0.1.3
[INFO] [stderr]   Downloaded oorandom v11.1.5
[INFO] [stderr]   Downloaded nu-ansi-term v0.50.3
[INFO] [stderr]   Downloaded tynm v0.1.10
[INFO] [stderr]   Downloaded addr2line v0.24.2
[INFO] [stderr]   Downloaded bzip2 v0.6.0
[INFO] [stderr]   Downloaded servo_arc v0.4.3
[INFO] [stderr]   Downloaded security-framework-sys v2.17.0
[INFO] [stderr]   Downloaded schemars_derive v1.0.4
[INFO] [stderr]   Downloaded mio v1.2.1
[INFO] [stderr]   Downloaded cast v0.2.7
[INFO] [stderr]   Downloaded indicatif v0.18.4
[INFO] [stderr]   Downloaded hashbrown v0.15.5
[INFO] [stderr]   Downloaded wit-bindgen v0.57.1
[INFO] [stderr]   Downloaded windows-core v0.61.2
[INFO] [stderr]   Downloaded num-integer v0.1.46
[INFO] [stderr]   Downloaded ed25519 v2.2.3
[INFO] [stderr]   Downloaded backtrace v0.3.75
[INFO] [stderr]   Downloaded block-buffer v0.12.0
[INFO] [stderr]   Downloaded inout v0.2.2
[INFO] [stderr]   Downloaded selectors v0.38.0
[INFO] [stderr]   Downloaded getopts v0.2.24
[INFO] [stderr]   Downloaded ego-tree v0.11.0
[INFO] [stderr]   Downloaded rsqlite-vfs v0.1.1
[INFO] [stderr]   Downloaded paste v1.0.15
[INFO] [stderr]   Downloaded serde_json v1.0.150
[INFO] [stderr]   Downloaded httparse v1.10.1
[INFO] [stderr]   Downloaded hyper-rustls v0.27.7
[INFO] [stderr]   Downloaded iana-time-zone v0.1.63
[INFO] [stderr]   Downloaded minicov v0.3.8
[INFO] [stderr]   Downloaded async-trait v0.1.89
[INFO] [stderr]   Downloaded winreg v0.50.0
[INFO] [stderr]   Downloaded castaway v0.2.4
[INFO] [stderr]   Downloaded markdown-tables v0.1.0
[INFO] [stderr]   Downloaded serde_plain v1.0.2
[INFO] [stderr]   Downloaded utf8-width v0.1.7
[INFO] [stderr]   Downloaded futures-util v0.3.32
[INFO] [stderr]   Downloaded core-foundation-sys v0.8.7
[INFO] [stderr]   Downloaded monostate v0.1.18
[INFO] [stderr]   Downloaded darling_macro v0.20.11
[INFO] [stderr]   Downloaded static_assertions v1.1.0
[INFO] [stderr]   Downloaded html-escape v0.2.13
[INFO] [stderr]   Downloaded opus v0.3.1
[INFO] [stderr]   Downloaded ogg v0.9.2
[INFO] [stderr]   Downloaded rand_core v0.10.1
[INFO] [stderr]   Downloaded ryu v1.0.20
[INFO] [stderr]   Downloaded cmov v0.5.4
[INFO] [stderr]   Downloaded cipher v0.5.2
[INFO] [stderr]   Downloaded markup5ever v0.39.0
[INFO] [stderr]   Downloaded daachorse v1.0.1
[INFO] [stderr]   Downloaded stable_deref_trait v1.2.0
[INFO] [stderr]   Downloaded form_urlencoded v1.2.2
[INFO] [stderr]   Downloaded tower-service v0.3.3
[INFO] [stderr]   Downloaded rustls-platform-verifier v0.7.0
[INFO] [stderr]   Downloaded socket2 v0.5.10
[INFO] [stderr]   Downloaded tinyvec v1.10.0
[INFO] [stderr]   Downloaded num-traits v0.2.19
[INFO] [stderr]   Downloaded wasm-bindgen-test v0.3.72
[INFO] [stderr]   Downloaded wasip2 v1.0.3+wasi-0.2.9
[INFO] [stderr]   Downloaded quinn v0.11.8
[INFO] [stderr]   Downloaded ppmd-rust v1.4.0
[INFO] [stderr]   Downloaded jni-macros v0.22.4
[INFO] [stderr]   Downloaded base64 v0.22.1
[INFO] [stderr]   Downloaded litemap v0.8.0
[INFO] [stderr]   Downloaded pkg-config v0.3.32
[INFO] [stderr]   Downloaded shlex v1.3.0
[INFO] [stderr]   Downloaded jobserver v0.1.34
[INFO] [stderr]   Downloaded wasm-metadata v0.244.0
[INFO] [stderr]   Downloaded leb128fmt v0.1.0
[INFO] [stderr]   Downloaded r-efi v6.0.0
[INFO] [stderr]   Downloaded security-framework v3.6.0
[INFO] [stderr]   Downloaded openssl-sys v0.9.116
[INFO] [stderr]   Downloaded zerocopy-derive v0.8.26
[INFO] [stderr]   Downloaded schemars v1.0.4
[INFO] [stderr]   Downloaded rend v0.5.2
[INFO] [stderr]   Downloaded der v0.7.10
[INFO] [stderr]   Downloaded jiff-static v0.2.28
[INFO] [stderr]   Downloaded hyper-util v0.1.16
[INFO] [stderr]   Downloaded structmeta v0.3.0
[INFO] [stderr]   Downloaded structmeta-derive v0.3.0
[INFO] [stderr]   Downloaded tower-layer v0.3.3
[INFO] [stderr]   Downloaded hyper-rustls v0.24.2
[INFO] [stderr]   Downloaded compact_str v0.9.0
[INFO] [stderr]   Downloaded webpki-root-certs v1.0.7
[INFO] [stderr]   Downloaded rand v0.9.2
[INFO] [stderr]   Downloaded parse-display-derive v0.11.0
[INFO] [stderr]   Downloaded tinytemplate v1.2.1
[INFO] [stderr]   Downloaded generic-array v0.14.7
[INFO] [stderr]   Downloaded cc v1.2.34
[INFO] [stderr]   Downloaded wasm-encoder v0.244.0
[INFO] [stderr]   Downloaded jni v0.22.4
[INFO] [stderr]   Downloaded combine v4.6.7
[INFO] [stderr]   Downloaded hyper v1.7.0
[INFO] [stderr]   Downloaded h2 v0.4.12
[INFO] [stderr]   Downloaded libm v0.2.16
[INFO] [stderr]   Downloaded unicode-normalization v0.1.25
[INFO] [stderr]   Downloaded nom v7.1.3
[INFO] [stderr]   Downloaded reqwest v0.11.27
[INFO] [stderr]   Downloaded sec1 v0.7.3
[INFO] [stderr]   Downloaded utf8-ranges v1.0.5
[INFO] [stderr]   Downloaded thread_local v0.3.6
[INFO] [stderr]   Downloaded lazy_static v0.2.11
[INFO] [stderr]   Downloaded num-traits v0.1.43
[INFO] [stderr]   Downloaded wasmparser v0.244.0
[INFO] [stderr]   Downloaded hkdf v0.12.4
[INFO] [stderr]   Downloaded portable-atomic v1.13.1
[INFO] [stderr]   Downloaded ucd-util v0.1.10
[INFO] [stderr]   Downloaded log v0.3.9
[INFO] [stderr]   Downloaded enum_primitive v0.1.1
[INFO] [stderr]   Downloaded error-chain v0.10.0
[INFO] [stderr]   Downloaded bit-set v0.8.0
[INFO] [stderr]   Downloaded html2text v0.17.1
[INFO] [stderr]   Downloaded sha1 v0.10.6
[INFO] [stderr]   Downloaded icu_provider v2.0.0
[INFO] [stderr]   Downloaded icu_normalizer_data v2.0.0
[INFO] [stderr]   Downloaded zeroize_derive v1.4.2
[INFO] [stderr]   Downloaded subtle v2.6.1
[INFO] [stderr]   Downloaded untrusted v0.9.0
[INFO] [stderr]   Downloaded web-time v1.1.0
[INFO] [stderr]   Downloaded aho-corasick v0.6.10
[INFO] [stderr]   Downloaded byteorder v1.5.0
[INFO] [stderr]   Downloaded rusqlite v0.40.0
[INFO] [stderr]   Downloaded bit-vec v0.8.0
[INFO] [stderr]   Downloaded reqwest v0.12.23
[INFO] [stderr]   Downloaded syn v2.0.117
[INFO] [stderr]   Downloaded tower-http v0.6.11
[INFO] [stderr]   Downloaded rustls-pki-types v1.12.0
[INFO] [stderr]   Downloaded openssl v0.10.80
[INFO] [stderr]   Downloaded simd_cesu8 v1.1.1
[INFO] [stderr]   Downloaded quinn-proto v0.11.12
[INFO] [stderr]   Downloaded zerocopy v0.8.26
[INFO] [stderr]   Downloaded chrono v0.4.44
[INFO] [stderr]   Downloaded webpki-roots v0.25.4
[INFO] [stderr]   Downloaded base64 v0.21.7
[INFO] [stderr]   Downloaded h2 v0.3.27
[INFO] [stderr]   Downloaded aho-corasick v1.1.3
[INFO] [stderr]   Downloaded criterion v0.8.2
[INFO] [stderr]   Downloaded ciborium-io v0.2.2
[INFO] [stderr]   Downloaded alloca v0.4.0
[INFO] [stderr]   Downloaded nom v2.1.0
[INFO] [stderr]   Downloaded image v0.13.0
[INFO] [stderr]   Downloaded gimli v0.31.1
[INFO] [stderr]   Downloaded windows_aarch64_gnullvm v0.48.5
[INFO] [stderr]   Downloaded icu_locale_core v2.0.0
[INFO] [stderr]   Downloaded icu_normalizer v2.0.0
[INFO] [stderr]   Downloaded rustls-webpki v0.103.4
[INFO] [stderr]   Downloaded aws-lc-rs v1.17.0
[INFO] [stderr]   Downloaded windows-link v0.1.3
[INFO] [stderr]   Downloaded ahash v0.8.12
[INFO] [stderr]   Downloaded crossbeam-utils v0.8.21
[INFO] [stderr]   Downloaded uuid v1.23.2
[INFO] [stderr]   Downloaded munge_macro v0.4.6
[INFO] [stderr]   Downloaded ordered-float v5.3.0
[INFO] [stderr]   Downloaded parse-display v0.11.0
[INFO] [stderr]   Downloaded crossbeam-epoch v0.9.18
[INFO] [stderr]   Downloaded plotters-svg v0.3.7
[INFO] [stderr]   Downloaded plotters-backend v0.3.7
[INFO] [stderr]   Downloaded anes v0.1.6
[INFO] [stderr]   Downloaded sha2 v0.10.9
[INFO] [stderr]   Downloaded digest v0.10.7
[INFO] [stderr]   Downloaded spin v0.9.8
[INFO] [stderr]   Downloaded pem v3.0.5
[INFO] [stderr]   Downloaded regex-syntax v0.5.6
[INFO] [stderr]   Downloaded windows_x86_64_gnullvm v0.52.6
[INFO] [stderr]   Downloaded windows_aarch64_gnullvm v0.52.6
[INFO] [stderr]   Downloaded windows_x86_64_gnullvm v0.48.5
[INFO] [stderr]   Downloaded icu_collections v2.0.0
[INFO] [stderr]   Downloaded tower v0.5.2
[INFO] [stderr]   Downloaded tracing v0.1.41
[INFO] [stderr]   Downloaded getrandom v0.4.2
[INFO] [stderr]   Downloaded hashbrown v0.14.5
[INFO] [stderr]   Downloaded elliptic-curve v0.13.8
[INFO] [stderr]   Downloaded env_filter v1.0.1
[INFO] [stderr]   Downloaded universal-hash v0.5.1
[INFO] [stderr]   Downloaded opaque-debug v0.3.1
[INFO] [stderr]   Downloaded inout v0.1.4
[INFO] [stderr]   Downloaded serde_path_to_error v0.1.17
[INFO] [stderr]   Downloaded precomputed-hash v0.1.1
[INFO] [stderr]   Downloaded web-sys v0.3.99
[INFO] [stderr]   Downloaded yoke v0.8.0
[INFO] [stderr]   Downloaded yoke-derive v0.8.0
[INFO] [stderr]   Downloaded displaydoc v0.2.5
[INFO] [stderr]   Downloaded potential_utf v0.1.2
[INFO] [stderr]   Downloaded tinystr v0.8.1
[INFO] [stderr]   Downloaded hyper v0.14.32
[INFO] [stderr]   Downloaded portable-atomic-util v0.2.4
[INFO] [stderr]   Downloaded poly1305 v0.8.0
[INFO] [stderr]   Downloaded cipher v0.4.4
[INFO] [stderr]   Downloaded matchit v0.8.4
[INFO] [stderr]   Downloaded axum-core v0.5.6
[INFO] [stderr]   Downloaded windows_i686_gnullvm v0.52.6
[INFO] [stderr]   Downloaded writeable v0.6.1
[INFO] [stderr]   Downloaded nohash-hasher v0.2.0
[INFO] [stderr]   Downloaded block-buffer v0.10.4
[INFO] [stderr]   Downloaded cpufeatures v0.2.17
[INFO] [stderr]   Downloaded libbz2-rs-sys v0.2.2
[INFO] [stderr]   Downloaded crossbeam-deque v0.8.6
[INFO] [stderr]   Downloaded chacha20poly1305 v0.10.1
[INFO] [stderr]   Downloaded regex v1.12.4
[INFO] [stderr]   Downloaded axum-extra v0.12.6
[INFO] [stderr]   Downloaded headers v0.4.1
[INFO] [stderr]   Downloaded zerotrie v0.2.2
[INFO] [stderr]   Downloaded url v2.5.7
[INFO] [stderr]   Downloaded itertools v0.8.2
[INFO] [stderr]   Downloaded quanta v0.12.6
[INFO] [stderr]   Downloaded rayon-core v1.13.0
[INFO] [stderr]   Downloaded icu_properties_data v2.0.1
[INFO] [stderr]   Downloaded wasip3 v0.4.0+wasi-0.3.0-rc-2026-01-06
[INFO] [stderr]   Downloaded plotters v0.3.7
[INFO] [stderr]   Downloaded tokio-stream v0.1.18
[INFO] [stderr]   Downloaded sse-stream v0.2.4
[INFO] [stderr]   Downloaded rmcp-macros v2.2.0
[INFO] [stderr]   Downloaded darling v0.23.0
[INFO] [stderr]   Downloaded darling_macro v0.23.0
[INFO] [stderr]   Downloaded ident_case v1.0.1
[INFO] [stderr]   Downloaded chacha20 v0.10.0
[INFO] [stderr]   Downloaded failure v0.1.8
[INFO] [stderr]   Downloaded failure_derive v0.1.8
[INFO] [stderr]   Downloaded darling_core v0.23.0
[INFO] [stderr]   Downloaded rand v0.10.1
[INFO] [stderr]   Downloaded p384 v0.13.1
[INFO] [stderr]   Downloaded typed-path v0.12.3
[INFO] [stderr]   Downloaded derive_builder_macro v0.20.2
[INFO] [stderr]   Downloaded raw-cpuid v11.6.0
[INFO] [stderr]   Downloaded axum v0.8.9
[INFO] [stderr]   Downloaded regex v0.2.11
[INFO] [stderr]   Downloaded const-oid v0.10.2
[INFO] [stderr]   Downloaded pbkdf2 v0.13.0
[INFO] [stderr]   Downloaded constant_time_eq v0.4.2
[INFO] [stderr]   Downloaded glob v0.3.3
[INFO] [stderr]   Downloaded zune-core v0.5.1
[INFO] [stderr]   Downloaded byteorder-lite v0.1.0
[INFO] [stderr]   Downloaded bytemuck v1.25.0
[INFO] [stderr]   Downloaded scraper v0.27.0
[INFO] [stderr]   Downloaded tendril v0.5.0
[INFO] [stderr]   Downloaded utf-8 v0.7.6
[INFO] [stderr]   Downloaded phf_codegen v0.13.1
[INFO] [stderr]   Downloaded derive_builder v0.20.2
[INFO] [stderr]   Downloaded derive_builder_core v0.20.2
[INFO] [stderr]   Downloaded nonzero_ext v0.3.0
[INFO] [stderr]   Downloaded zerofrom-derive v0.1.6
[INFO] [stderr]   Downloaded synstructure v0.13.2
[INFO] [stderr]   Downloaded rayon v1.12.0
[INFO] [stderr]   Downloaded aes v0.9.1
[INFO] [stderr]   Downloaded zune-jpeg v0.5.12
[INFO] [stderr]   Downloaded moxcms v0.8.1
[INFO] [stderr]   Downloaded zstd-safe v7.2.4
[INFO] [stderr]   Downloaded getrandom v0.3.3
[INFO] [stderr]   Downloaded alloc-stdlib v0.2.2
[INFO] [stderr]   Downloaded tokio-rustls v0.26.2
[INFO] [stderr]   Downloaded zeroize v1.8.2
[INFO] [stderr]   Downloaded cmake v0.1.54
[INFO] [stderr]   Downloaded native-tls v0.2.18
[INFO] [stderr]   Downloaded semver v1.0.27
[INFO] [stderr]   Downloaded strsim v0.11.1
[INFO] [stderr]   Downloaded anstyle v1.0.14
[INFO] [stderr]   Downloaded image v0.25.10
[INFO] [stderr]   Downloaded async-compression v0.4.28
[INFO] [stderr]   Downloaded fs_extra v1.3.0
[INFO] [stderr]   Downloaded windows_aarch64_msvc v0.53.0
[INFO] [stderr]   Downloaded windows_aarch64_gnullvm v0.53.0
[INFO] [stderr]   Downloaded regex-syntax v0.8.11
[INFO] [stderr]   Downloaded clap_lex v1.1.0
[INFO] [stderr]   Downloaded utf8parse v0.2.2
[INFO] [stderr]   Downloaded is_terminal_polyfill v1.70.1
[INFO] [stderr]   Downloaded anstyle-wincon v3.0.10
[INFO] [stderr]   Downloaded crypto-common v0.2.2
[INFO] [stderr]   Downloaded percent-encoding v2.3.2
[INFO] [stderr]   Downloaded wasi v0.14.2+wasi-0.2.4
[INFO] [stderr]   Downloaded alloc-no-stdlib v2.0.4
[INFO] [stderr]   Downloaded dunce v1.0.5
[INFO] [stderr]   Downloaded tokio-native-tls v0.3.1
[INFO] [stderr]   Downloaded tempfile v3.27.0
[INFO] [stderr]   Downloaded errno v0.3.13
[INFO] [stderr]   Downloaded windows_i686_gnu v0.53.0
[INFO] [stderr]   Downloaded encoding_rs v0.8.35
[INFO] [stderr]   Downloaded ordered-float v3.9.2
[INFO] [stderr]   Downloaded nonmax v0.5.5
[INFO] [stderr]   Downloaded page_size v0.6.0
[INFO] [stderr]   Downloaded criterion-plot v0.8.2
[INFO] [stderr]   Downloaded anstream v1.0.0
[INFO] [stderr]   Downloaded colorchoice v1.0.4
[INFO] [stderr]   Downloaded once_cell_polyfill v1.70.1
[INFO] [stderr]   Downloaded anstyle-query v1.1.4
[INFO] [stderr]   Downloaded anstyle-parse v1.0.0
[INFO] [stderr]   Downloaded ciborium v0.2.2
[INFO] [stderr]   Downloaded ciborium-ll v0.2.2
[INFO] [stderr]   Downloaded half v2.7.1
[INFO] [stderr]   Downloaded crunchy v0.2.4
[INFO] [stderr]   Downloaded rustc-demangle v0.1.26
[INFO] [stderr]   Downloaded ctutils v0.4.2
[INFO] [stderr]   Downloaded hybrid-array v0.4.10
[INFO] [stderr]   Downloaded hmac v0.13.0
[INFO] [stderr]   Downloaded deflate64 v0.1.12
[INFO] [stderr]   Downloaded phf_shared v0.13.1
[INFO] [stderr]   Downloaded siphasher v1.0.1
[INFO] [stderr]   Downloaded phf_generator v0.13.1
[INFO] [stderr]   Downloaded phf v0.13.1
[INFO] [stderr]   Downloaded phf_macros v0.13.1
[INFO] [stderr]   Downloaded cssparser v0.37.0
[INFO] [stderr]   Downloaded dtoa-short v0.3.5
[INFO] [stderr]   Downloaded dtoa v1.0.10
[INFO] [stderr]   Downloaded cssparser-macros v0.7.0
[INFO] [stderr]   Downloaded web_atoms v0.2.4
[INFO] [stderr]   Downloaded string_cache_codegen v0.6.1
[INFO] [stderr]   Downloaded windows_aarch64_msvc v0.48.5
[INFO] [stderr]   Downloaded tracing-core v0.1.34
[INFO] [stderr]   Downloaded tracing-attributes v0.1.31
[INFO] [stderr]   Downloaded brotli-decompressor v5.0.0
[INFO] [stderr]   Downloaded rustls v0.23.31
[INFO] [stderr]   Downloaded wit-bindgen v0.51.0
[INFO] [stderr]   Downloaded clap v4.6.1
[INFO] [stderr]   Downloaded clap_derive v4.6.1
[INFO] [stderr]   Downloaded const-oid v0.9.6
[INFO] [stderr]   Downloaded sha2 v0.11.0
[INFO] [stderr]   Downloaded derive_more v2.1.1
[INFO] [stderr]   Downloaded derive_more-impl v2.1.1
[INFO] [stderr]   Downloaded html5ever v0.39.0
[INFO] [stderr]   Downloaded libc v0.2.186
[INFO] [stderr]   Downloaded windows_x86_64_msvc v0.48.5
[INFO] [stderr]   Downloaded windows_x86_64_gnu v0.48.5
[INFO] [stderr]   Downloaded ptr_meta_derive v0.3.0
[INFO] [stderr]   Downloaded itertools v0.13.0
[INFO] [stderr]   Downloaded base16ct v0.2.0
[INFO] [stderr]   Downloaded object v0.36.7
[INFO] [stderr]   Downloaded windows_x86_64_msvc v0.52.6
[INFO] [stderr]   Downloaded windows_i686_gnu v0.52.6
[INFO] [stderr]   Downloaded windows_aarch64_msvc v0.52.6
[INFO] [stderr]   Downloaded windows_i686_gnu v0.48.5
[INFO] [stderr]   Downloaded http-body v1.0.1
[INFO] [stderr]   Downloaded rustix v1.1.4
[INFO] [stderr]   Downloaded hyper-tls v0.5.0
[INFO] [stderr]   Downloaded lru v0.12.5
[INFO] [stderr]   Downloaded rancor v0.1.0
[INFO] [stderr]   Downloaded ptr_meta v0.3.0
[INFO] [stderr]   Downloaded munge v0.4.6
[INFO] [stderr]   Downloaded webp v0.3.1
[INFO] [stderr]   Downloaded pxfm v0.1.28
[INFO] [stderr]   Downloaded windows_x86_64_gnu v0.52.6
[INFO] [stderr]   Downloaded brotli v8.0.2
[INFO] [stderr]   Downloaded wit-bindgen-rust-macro v0.51.0
[INFO] [stderr]   Downloaded dotenvy v0.15.7
[INFO] [stderr]   Downloaded bytecheck v0.8.1
[INFO] [stderr]   Downloaded console_error_panic_hook v0.1.7
[INFO] [stderr]   Downloaded rmcp v2.2.0
[INFO] [stderr]   Downloaded cpufeatures v0.3.0
[INFO] [stderr]   Downloaded time-core v0.1.8
[INFO] [stderr]   Downloaded combine v2.5.2
[INFO] [stderr]   Downloaded ascii v0.7.1
[INFO] [stderr]   Downloaded minimp3 v0.6.1
[INFO] [stderr]   Downloaded headers-core v0.3.0
[INFO] [stderr]   Downloaded windows_i686_msvc v0.48.5
[INFO] [stderr]   Downloaded idna_adapter v1.2.1
[INFO] [stderr]   Downloaded sync_wrapper v1.0.2
[INFO] [stderr]   Downloaded wit-bindgen-rt v0.39.0
[INFO] [stderr]   Downloaded compression-codecs v0.4.28
[INFO] [stderr]   Downloaded windows-sys v0.52.0
[INFO] [stderr]   Downloaded unicode-xid v0.2.6
[INFO] [stderr]   Downloaded id-arena v2.3.0
[INFO] [stderr]   Downloaded windows-sys v0.59.0
[INFO] [stderr]   Downloaded wasm-streams v0.4.2
[INFO] [stderr]   Downloaded sct v0.7.1
[INFO] [stderr]   Downloaded system-configuration v0.5.1
[INFO] [stderr]   Downloaded system-configuration-sys v0.5.0
[INFO] [stderr]   Downloaded mime_guess v2.0.5
[INFO] [stderr]   Downloaded unicase v2.8.1
[INFO] [stderr]   Downloaded http-body v0.4.6
[INFO] [stderr]   Downloaded either v1.15.0
[INFO] [stderr]   Downloaded dashmap v6.2.1
[INFO] [stderr]   Downloaded bytecheck_derive v0.8.1
[INFO] [stderr]   Downloaded foldhash v0.2.0
[INFO] [stderr]   Downloaded clap_builder v4.6.0
[INFO] [stderr]   Downloaded pastey v0.2.3
[INFO] [stderr]   Downloaded time-macros v0.2.27
[INFO] [stderr]   Downloaded powerfmt v0.2.0
[INFO] [stderr]   Downloaded deranged v0.5.8
[INFO] [stderr]   Downloaded synstructure v0.12.6
[INFO] [stderr]   Downloaded sha1 v0.11.0
[INFO] [stderr]   Downloaded string_cache v0.9.0
[INFO] [stderr]   Downloaded darling v0.20.11
[INFO] [stderr]   Downloaded data-encoding v2.11.0
[INFO] [stderr]   Downloaded tokio v1.52.3
[INFO] [stderr]   Downloaded utf8_iter v1.0.4
[INFO] [stderr]   Downloaded libz-rs-sys v0.5.1
[INFO] [stderr]   Downloaded wit-parser v0.244.0
[INFO] [stderr]   Downloaded tokio-rustls v0.24.1
[INFO] [stderr]   Downloaded rustls v0.21.12
[INFO] [stderr]   Downloaded rustls-webpki v0.101.7
[INFO] [stderr]   Downloaded num-bigint v0.4.6
[INFO] [stderr]   Downloaded pin-project v1.1.10
[INFO] [stderr]   Downloaded quoted_printable v0.5.2
[INFO] [stderr]   Downloaded windows_i686_msvc v0.52.6
[INFO] [stderr]   Downloaded http v0.2.12
[INFO] [stderr]   Downloaded minimp3-sys v0.6.0
[INFO] [stderr]   Downloaded gcp_auth v0.12.6
[INFO] [stderr]   Downloaded jsonwebtoken v10.4.0
[INFO] [stderr]   Downloaded group v0.13.0
[INFO] [stderr]   Downloaded base64 v0.13.1
[INFO] [stderr]   Downloaded tracing-futures v0.2.5
[INFO] [stderr]   Downloaded mailparse v0.16.1
[INFO] [stderr]   Downloaded hashbrown v0.16.1
[INFO] [stderr]   Downloaded pin-project-internal v1.1.10
[INFO] [stderr]   Downloaded maybe-async v0.2.10
[INFO] [stderr]   Downloaded charset v0.1.5
[INFO] [stderr]   Downloaded tokio-util v0.7.16
[INFO] [stderr]   Downloaded http v1.3.1
[INFO] [stderr]   Downloaded r-efi v5.3.0
[INFO] [stderr]   Downloaded itertools v0.14.0
[INFO] [stderr]   Downloaded regex-automata v0.4.14
[INFO] [stderr]   Downloaded lzma-rust2 v0.16.4
[INFO] [stderr]   Downloaded hashlink v0.11.0
[INFO] [stderr]   Downloaded fallible-streaming-iterator v0.1.9
[INFO] [stderr]   Downloaded mach2 v0.4.3
[INFO] [stderr]   Downloaded resend-rs v0.25.1
[INFO] [stderr]   Downloaded spinning_top v0.3.0
[INFO] [stderr]   Downloaded futures-timer v3.0.3
[INFO] [stderr]   Downloaded ecow v0.2.6
[INFO] [stderr]   Downloaded postgrest v1.6.0
[INFO] [stderr]   Downloaded icu_properties v2.0.1
[INFO] [stderr]   Downloaded zerovec v0.11.4
[INFO] [stderr]   Downloaded zstd v0.13.3
[INFO] [stderr]   Downloaded fallible-iterator v0.3.0
[INFO] [stderr]   Downloaded governor v0.10.4
[INFO] [stderr]   Downloaded flate2 v1.1.2
[INFO] [stderr]   Downloaded miniz_oxide v0.8.9
[INFO] [stderr]   Downloaded windows-targets v0.53.3
[INFO] [stderr]   Downloaded wit-bindgen-rust v0.51.0
[INFO] [stderr]   Downloaded wit-component v0.244.0
[INFO] [stderr]   Downloaded rustls-pemfile v1.0.4
[INFO] [stderr]   Downloaded adler2 v2.0.1
[INFO] [stderr]   Downloaded tokenizers v0.23.1
[INFO] [stderr]   Downloaded hound v3.5.1
[INFO] [stderr]   Downloaded signature v2.2.0
[INFO] [stderr]   Downloaded rand v0.8.6
[INFO] [stderr]   Downloaded ff v0.13.1
[INFO] [stderr]   Downloaded libwebp-sys v0.9.6
[INFO] [stderr]   Downloaded idna v1.1.0
[INFO] [stderr]   Downloaded sync_wrapper v0.1.2
[INFO] [stderr]   Downloaded zstd-sys v2.0.15+zstd.1.5.7
[INFO] [stderr]   Downloaded zlib-rs v0.5.1
[INFO] [stderr]   Downloaded p256 v0.13.2
[INFO] [stderr]   Downloaded slice-ring-buffer v0.3.4
[INFO] [stderr]   Downloaded spki v0.7.3
[INFO] [stderr]   Downloaded lazy_static v1.5.0
[INFO] [stderr]   Downloaded unit-prefix v0.5.2
[INFO] [stderr]   Downloaded audiopus_sys v0.2.2
[INFO] [stderr]   Downloaded crypto-bigint v0.5.5
[INFO] [stderr]   Downloaded time v0.3.47
[INFO] [stderr]   Downloaded syn v1.0.109
[INFO] [stderr]   Downloaded digest v0.11.3
[INFO] [stderr]   Downloaded esaxx-rs v0.1.10
[INFO] [stderr]   Downloaded fancy-regex v0.17.0
[INFO] [stderr]   Downloaded ed25519-dalek v2.2.0
[INFO] [stderr]   Downloaded darling_core v0.20.11
[INFO] [stderr]   Downloaded dary_heap v0.3.8
[INFO] [stderr]   Downloaded crc32fast v1.5.0
[INFO] [stderr]   Downloaded rand_chacha v0.10.0
[INFO] [stderr]   Downloaded encode_unicode v1.0.0
[INFO] [stderr]   Downloaded zopfli v0.8.3
[INFO] [stderr]   Downloaded unicode-general-category v1.1.0
[INFO] [stderr]   Downloaded compression-core v0.4.28
[INFO] [stderr]   Downloaded rsa v0.9.10
[INFO] [stderr]   Downloaded curve25519-dalek-derive v0.1.1
[INFO] [stderr]   Downloaded macro_rules_attribute-proc_macro v0.2.2
[INFO] [stderr]   Downloaded zip v8.6.0
[INFO] [stderr]   Downloaded base64ct v1.8.3
[INFO] [stderr]   Downloaded pkcs8 v0.10.2
[INFO] [stderr]   Downloaded unicode-width v0.2.1
[INFO] [stderr]   Downloaded curve25519-dalek v4.1.3
[INFO] [stderr]   Downloaded pem-rfc7468 v0.7.0
[INFO] [stderr]   Downloaded rfc6979 v0.4.0
[INFO] [stderr]   Downloaded fiat-crypto v0.2.9
[INFO] [stderr]   Downloaded windows-sys v0.60.2
[INFO] [stderr]   Downloaded jiff v0.2.28
[INFO] [stderr]   Downloaded zerovec-derive v0.11.1
[INFO] [stderr]   Downloaded rayon-cond v0.4.0
[INFO] [stderr]   Downloaded monostate-impl v0.1.18
[INFO] [stderr]   Downloaded macro_rules_attribute v0.2.2
[INFO] [stderr]   Downloaded zerofrom v0.1.6
[INFO] [stderr]   Downloaded windows_x86_64_gnullvm v0.53.0
[INFO] [stderr]   Downloaded unicode-segmentation v1.12.0
[INFO] [stderr]   Downloaded num-bigint-dig v0.8.6
[INFO] [stderr]   Downloaded unicode-normalization-alignments v0.1.12
[INFO] [stderr]   Downloaded windows_x86_64_msvc v0.53.0
[INFO] [stderr]   Downloaded aws-lc-sys v0.41.0
[INFO] [stderr]   Downloaded windows_i686_msvc v0.53.0
[INFO] [stderr]   Downloaded windows_x86_64_gnu v0.53.0
[INFO] [stderr]   Downloaded windows_i686_gnullvm v0.53.0
[INFO] [stderr]   Downloaded spm_precompiled v0.1.4
[INFO] [stderr]   Downloaded ring v0.17.14
[INFO] [stderr]   Downloaded windows-sys v0.61.1
[INFO] [stderr]   Downloaded windows-sys v0.48.0
[INFO] [stderr]   Downloaded chardet v0.2.4
[INFO] [stderr]   Downloaded linux-raw-sys v0.12.1
[INFO] [stderr]   Downloaded sqlite-wasm-rs v0.5.5
[INFO] [stderr]   Downloaded libsqlite3-sys v0.38.0
[INFO] running `Command { std: "docker" "create" "-v" "/var/lib/crater-agent-workspace/builds/worker-7-tc2/source:/opt/rustwide/workdir:ro,Z" "-v" "/var/lib/crater-agent-workspace/builds/worker-7-tc2/target:/opt/rustwide/target:rw,Z" "-v" "/var/lib/crater-agent-workspace/cargo-home:/opt/rustwide/cargo-home:ro,Z" "-v" "/var/lib/crater-agent-workspace/rustup-home:/opt/rustwide/rustup-home:ro,Z" "-m" "1610612736" "--network" "none" "ghcr.io/rust-lang/crates-build-env/linux@sha256:3d5ced03c013a94a2f102a4510f48a6e9184255caf5fd8244f58017bde7f5210" "sleep" "infinity", kill_on_drop: false }`
[INFO] [stdout] c892720d6371ea0cb90ce953d940a1a1641e4c15419eac595082386d7880991b
[INFO] running `Command { std: "docker" "start" "c892720d6371ea0cb90ce953d940a1a1641e4c15419eac595082386d7880991b", kill_on_drop: false }`
[INFO] running `Command { std: "docker" "inspect" "c892720d6371ea0cb90ce953d940a1a1641e4c15419eac595082386d7880991b", kill_on_drop: false }`
[INFO] running `Command { std: "docker" "exec" "-e" "SOURCE_DIR=/opt/rustwide/workdir" "-e" "CARGO_HOME=/opt/rustwide/cargo-home" "-e" "RUSTUP_HOME=/opt/rustwide/rustup-home" "-e" "CARGO_TARGET_DIR=/opt/rustwide/target" "-w" "/opt/rustwide/workdir" "--user" "0:0" "c892720d6371ea0cb90ce953d940a1a1641e4c15419eac595082386d7880991b" "/opt/rustwide/cargo-home/bin/cargo" "+1.98.0-beta.4" "metadata" "--no-deps" "--format-version=1", kill_on_drop: false }`
[INFO] running `Command { std: "docker" "inspect" "c892720d6371ea0cb90ce953d940a1a1641e4c15419eac595082386d7880991b", kill_on_drop: false }`
[INFO] running `Command { std: "docker" "exec" "-e" "SOURCE_DIR=/opt/rustwide/workdir" "-e" "CARGO_HOME=/opt/rustwide/cargo-home" "-e" "RUSTUP_HOME=/opt/rustwide/rustup-home" "-e" "CARGO_TARGET_DIR=/opt/rustwide/target" "-e" "CARGO_INCREMENTAL=0" "-e" "RUST_BACKTRACE=full" "-e" "RUSTFLAGS=--cap-lints=warn" "-e" "RUSTDOCFLAGS=--cap-lints=warn" "-w" "/opt/rustwide/workdir" "--user" "0:0" "c892720d6371ea0cb90ce953d940a1a1641e4c15419eac595082386d7880991b" "/opt/rustwide/cargo-home/bin/cargo" "+1.98.0-beta.4" "doc" "--frozen" "--no-deps" "--document-private-items" "--message-format=json", kill_on_drop: false }`
[INFO] [stderr]    Compiling proc-macro2 v1.0.106
[INFO] [stderr]    Compiling quote v1.0.45
[INFO] [stderr]    Compiling unicode-ident v1.0.18
[INFO] [stderr]     Checking cfg-if v1.0.4
[INFO] [stderr]    Compiling libc v0.2.186
[INFO] [stderr]    Compiling autocfg v1.5.0
[INFO] [stderr]     Checking memchr v2.7.5
[INFO] [stderr]    Compiling shlex v1.3.0
[INFO] [stderr]     Checking smallvec v1.15.1
[INFO] [stderr]     Checking pin-project-lite v0.2.16
[INFO] [stderr]     Checking once_cell v1.21.4
[INFO] [stderr]    Compiling version_check v0.9.5
[INFO] [stderr]    Compiling serde_core v1.0.228
[INFO] [stderr]     Checking itoa v1.0.15
[INFO] [stderr]     Checking futures-core v0.3.32
[INFO] [stderr]     Checking log v0.4.31
[INFO] [stderr]    Compiling serde v1.0.228
[INFO] [stderr]    Compiling lock_api v0.4.13
[INFO] [stderr]     Checking allocator-api2 v0.2.21
[INFO] [stderr]     Checking futures-sink v0.3.32
[INFO] [stderr]    Compiling typenum v1.18.0
[INFO] [stderr]     Checking scopeguard v1.2.0
[INFO] [stderr]    Compiling parking_lot_core v0.9.11
[INFO] [stderr]     Checking slab v0.4.11
[INFO] [stderr]     Checking equivalent v1.0.2
[INFO] [stderr]     Checking futures-channel v0.3.32
[INFO] [stderr]     Checking bytes v1.10.1
[INFO] [stderr]    Compiling syn v2.0.117
[INFO] [stderr]     Checking futures-task v0.3.32
[INFO] [stderr]     Checking futures-io v0.3.32
[INFO] [stderr]     Checking foldhash v0.1.5
[INFO] [stderr]    Compiling pkg-config v0.3.32
[INFO] [stderr]     Checking getrandom v0.2.16
[INFO] [stderr]    Compiling jobserver v0.1.34
[INFO] [stderr]     Checking hashbrown v0.15.5
[INFO] [stderr]     Checking signal-hook-registry v1.4.6
[INFO] [stderr]     Checking parking_lot v0.12.4
[INFO] [stderr]     Checking mio v1.2.1
[INFO] [stderr]    Compiling cc v1.2.34
[INFO] [stderr]     Checking socket2 v0.6.4
[INFO] [stderr]     Checking subtle v2.6.1
[INFO] [stderr]    Compiling libm v0.2.16
[INFO] [stderr]    Compiling num-traits v0.2.19
[INFO] [stderr]     Checking fnv v1.0.7
[INFO] [stderr]     Checking rand_core v0.6.4
[INFO] [stderr]     Checking indexmap v2.11.0
[INFO] [stderr]    Compiling zmij v1.0.21
[INFO] [stderr]     Checking tracing-core v0.1.34
[INFO] [stderr]     Checking stable_deref_trait v1.2.0
[INFO] [stderr]    Compiling serde_json v1.0.150
[INFO] [stderr]    Compiling zerocopy v0.8.26
[INFO] [stderr]     Checking bitflags v2.9.3
[INFO] [stderr]    Compiling vcpkg v0.2.15
[INFO] [stderr]    Compiling rustversion v1.0.22
[INFO] [stderr]     Checking tower-service v0.3.3
[INFO] [stderr]    Compiling httparse v1.10.1
[INFO] [stderr]    Compiling wasm-bindgen-shared v0.2.122
[INFO] [stderr]    Compiling generic-array v0.14.7
[INFO] [stderr]     Checking try-lock v0.2.5
[INFO] [stderr]     Checking httpdate v1.0.3
[INFO] [stderr]     Checking want v0.3.1
[INFO] [stderr]     Checking http v1.3.1
[INFO] [stderr]     Checking untrusted v0.9.0
[INFO] [stderr]    Compiling ring v0.17.14
[INFO] [stderr]     Checking percent-encoding v2.3.2
[INFO] [stderr]    Compiling openssl-sys v0.9.116
[INFO] [stderr]     Checking base64 v0.22.1
[INFO] [stderr]     Checking writeable v0.6.1
[INFO] [stderr]     Checking litemap v0.8.0
[INFO] [stderr]    Compiling cmake v0.1.54
[INFO] [stderr]     Checking openssl-probe v0.2.1
[INFO] [stderr]    Compiling bumpalo v3.19.0
[INFO] [stderr]    Compiling icu_properties_data v2.0.1
[INFO] [stderr]    Compiling icu_normalizer_data v2.0.0
[INFO] [stderr]    Compiling wasm-bindgen v0.2.122
[INFO] [stderr]     Checking ryu v1.0.20
[INFO] [stderr]     Checking http-body v1.0.1
[INFO] [stderr]     Checking form_urlencoded v1.2.2
[INFO] [stderr]    Compiling zstd-sys v2.0.15+zstd.1.5.7
[INFO] [stderr]     Checking foreign-types-shared v0.1.1
[INFO] [stderr]    Compiling openssl v0.10.80
[INFO] [stderr]     Checking ipnet v2.11.0
[INFO] [stderr]    Compiling getrandom v0.3.3
[INFO] [stderr]     Checking foreign-types v0.3.2
[INFO] [stderr]    Compiling native-tls v0.2.18
[INFO] [stderr]     Checking mime v0.3.17
[INFO] [stderr]     Checking adler2 v2.0.1
[INFO] [stderr]     Checking miniz_oxide v0.8.9
[INFO] [stderr]     Checking utf8_iter v1.0.4
[INFO] [stderr]    Compiling thiserror v2.0.18
[INFO] [stderr]    Compiling zstd-safe v7.2.4
[INFO] [stderr]    Compiling dunce v1.0.5
[INFO] [stderr]    Compiling fs_extra v1.3.0
[INFO] [stderr]     Checking encoding_rs v0.8.35
[INFO] [stderr]    Compiling synstructure v0.13.2
[INFO] [stderr]    Compiling wasm-bindgen-macro-support v0.2.122
[INFO] [stderr]     Checking const-oid v0.9.6
[INFO] [stderr]    Compiling aws-lc-sys v0.41.0
[INFO] [stderr]    Compiling ahash v0.8.12
[INFO] [stderr]     Checking iana-time-zone v0.1.63
[INFO] [stderr]    Compiling crc32fast v1.5.0
[INFO] [stderr]     Checking atomic-waker v1.1.2
[INFO] [stderr]    Compiling serde_derive_internals v0.29.1
[INFO] [stderr]     Checking http-body-util v0.1.3
[INFO] [stderr]    Compiling aws-lc-rs v1.17.0
[INFO] [stderr]     Checking pin-utils v0.1.0
[INFO] [stderr]     Checking aho-corasick v1.1.3
[INFO] [stderr]     Checking alloc-no-stdlib v2.0.4
[INFO] [stderr]     Checking regex-syntax v0.8.11
[INFO] [stderr]     Checking zlib-rs v0.5.1
[INFO] [stderr]    Compiling zeroize_derive v1.4.2
[INFO] [stderr]    Compiling serde_derive v1.0.228
[INFO] [stderr]     Checking zeroize v1.8.2
[INFO] [stderr]    Compiling futures-macro v0.3.32
[INFO] [stderr]    Compiling tokio-macros v2.7.0
[INFO] [stderr]     Checking futures-util v0.3.32
[INFO] [stderr]    Compiling tracing-attributes v0.1.31
[INFO] [stderr]     Checking tokio v1.52.3
[INFO] [stderr]    Compiling zerofrom-derive v0.1.6
[INFO] [stderr]    Compiling yoke-derive v0.8.0
[INFO] [stderr]     Checking tracing v0.1.41
[INFO] [stderr]    Compiling zerovec-derive v0.11.1
[INFO] [stderr]    Compiling displaydoc v0.2.5
[INFO] [stderr]     Checking zerofrom v0.1.6
[INFO] [stderr]     Checking yoke v0.8.0
[INFO] [stderr]     Checking zerovec v0.11.4
[INFO] [stderr]     Checking zerotrie v0.2.2
[INFO] [stderr]    Compiling wasm-bindgen-macro v0.2.122
[INFO] [stderr]    Compiling openssl-macros v0.1.1
[INFO] [stderr]     Checking crypto-common v0.1.6
[INFO] [stderr]    Compiling thiserror-impl v2.0.18
[INFO] [stderr]     Checking tinystr v0.8.1
[INFO] [stderr]     Checking potential_utf v0.1.2
[INFO] [stderr]     Checking icu_locale_core v2.0.0
[INFO] [stderr]     Checking icu_collections v2.0.0
[INFO] [stderr]     Checking serde_urlencoded v0.7.1
[INFO] [stderr]     Checking chrono v0.4.44
[INFO] [stderr]     Checking js-sys v0.3.99
[INFO] [stderr]     Checking tokio-util v0.7.16
[INFO] [stderr]     Checking icu_provider v2.0.0
[INFO] [stderr]     Checking icu_normalizer v2.0.0
[INFO] [stderr]     Checking icu_properties v2.0.1
[INFO] [stderr]     Checking h2 v0.4.12
[INFO] [stderr]     Checking rustls-pki-types v1.12.0
[INFO] [stderr]     Checking regex-automata v0.4.14
[INFO] [stderr]     Checking libz-rs-sys v0.5.1
[INFO] [stderr]     Checking alloc-stdlib v0.2.2
[INFO] [stderr]     Checking sync_wrapper v1.0.2
[INFO] [stderr]     Checking tower-layer v0.3.3
[INFO] [stderr]     Checking idna_adapter v1.2.1
[INFO] [stderr]     Checking idna v1.1.0
[INFO] [stderr]     Checking foldhash v0.2.0
[INFO] [stderr]     Checking hashbrown v0.16.1
[INFO] [stderr]     Checking url v2.5.7
[INFO] [stderr]     Checking brotli-decompressor v5.0.0
[INFO] [stderr]     Checking flate2 v1.1.2
[INFO] [stderr]     Checking tokio-native-tls v0.3.1
[INFO] [stderr]     Checking hashbrown v0.14.5
[INFO] [stderr]     Checking block-buffer v0.10.4
[INFO] [stderr]    Compiling ptr_meta_derive v0.3.0
[INFO] [stderr]    Compiling rustls v0.23.31
[INFO] [stderr]    Compiling crossbeam-utils v0.8.21
[INFO] [stderr]     Checking ptr_meta v0.3.0
[INFO] [stderr]     Checking brotli v8.0.2
[INFO] [stderr]     Checking digest v0.10.7
[INFO] [stderr]     Checking tower v0.5.2
[INFO] [stderr]    Compiling ref-cast v1.0.24
[INFO] [stderr]     Checking compression-core v0.4.28
[INFO] [stderr]     Checking rancor v0.1.0
[INFO] [stderr]     Checking regex v1.12.4
[INFO] [stderr]    Compiling ref-cast-impl v1.0.24
[INFO] [stderr]    Compiling tsify-macros v0.5.5
[INFO] [stderr]     Checking hyper v1.7.0
[INFO] [stderr]    Compiling bytecheck_derive v0.8.1
[INFO] [stderr]     Checking simdutf8 v0.1.5
[INFO] [stderr]     Checking hyper-util v0.1.16
[INFO] [stderr]     Checking bytecheck v0.8.1
[INFO] [stderr]     Checking rustls-native-certs v0.8.3
[INFO] [stderr]    Compiling munge_macro v0.4.6
[INFO] [stderr]    Compiling structmeta-derive v0.3.0
[INFO] [stderr]    Compiling schemars_derive v1.0.4
[INFO] [stderr]     Checking rand_core v0.10.1
[INFO] [stderr]     Checking dyn-clone v1.0.20
[INFO] [stderr]     Checking tinyvec_macros v0.1.1
[INFO] [stderr]     Checking tinyvec v1.10.0
[INFO] [stderr]     Checking munge v0.4.6
[INFO] [stderr]    Compiling structmeta v0.3.0
[INFO] [stderr]     Checking serde-wasm-bindgen v0.6.5
[INFO] [stderr]     Checking rend v0.5.2
[INFO] [stderr]     Checking hyper-tls v0.6.0
[INFO] [stderr]     Checking tsify v0.5.6
[INFO] [stderr]    Compiling rkyv_derive v0.8.14 (https://github.com/anchpop/rkyv.git?rev=3639e126c26b6071dea12eeab8b6376196eb9f59#3639e126)
[INFO] [stderr]     Checking rustc-hash v2.1.1
[INFO] [stderr]     Checking xxhash-rust v0.8.15
[INFO] [stderr]     Checking either v1.15.0
[INFO] [stderr]     Checking schemars v1.0.4
[INFO] [stderr]    Compiling getrandom v0.4.2
[INFO] [stderr]     Checking unicode-normalization v0.1.25
[INFO] [stderr]     Checking ppv-lite86 v0.2.21
[INFO] [stderr]    Compiling siphasher v1.0.1
[INFO] [stderr]    Compiling phf_shared v0.13.1
[INFO] [stderr]    Compiling fastrand v2.3.0
[INFO] [stderr]     Checking http v0.2.12
[INFO] [stderr]    Compiling strsim v0.11.1
[INFO] [stderr]    Compiling phf_generator v0.13.1
[INFO] [stderr]     Checking cpufeatures v0.2.17
[INFO] [stderr]    Compiling ident_case v1.0.1
[INFO] [stderr]     Checking itertools v0.14.0
[INFO] [stderr]     Checking futures-executor v0.3.32
[INFO] [stderr]    Compiling rustls v0.21.12
[INFO] [stderr]    Compiling anyhow v1.0.102
[INFO] [stderr]     Checking futures v0.3.32
[INFO] [stderr]     Checking h2 v0.3.27
[INFO] [stderr]     Checking http-body v0.4.6
[INFO] [stderr]     Checking rustls-webpki v0.101.7
[INFO] [stderr]     Checking sct v0.7.1
[INFO] [stderr]     Checking socket2 v0.5.10
[INFO] [stderr]     Checking cpufeatures v0.3.0
[INFO] [stderr]    Compiling unicase v2.8.1
[INFO] [stderr]     Checking minimal-lexical v0.2.1
[INFO] [stderr]    Compiling mime_guess v2.0.5
[INFO] [stderr]     Checking nom v7.1.3
[INFO] [stderr]    Compiling parse-display-derive v0.11.0
[INFO] [stderr]     Checking hybrid-array v0.4.10
[INFO] [stderr]     Checking rkyv v0.8.14 (https://github.com/anchpop/rkyv.git?rev=3639e126c26b6071dea12eeab8b6376196eb9f59#3639e126)
[INFO] [stderr]     Checking hmac v0.12.1
[INFO] [stderr]     Checking base64ct v1.8.3
[INFO] [stderr]     Checking zstd v0.13.3
[INFO] [stderr]     Checking tokio-rustls v0.24.1
[INFO] [stderr]     Checking compression-codecs v0.4.28
[INFO] [stderr]     Checking base64 v0.21.7
[INFO] [stderr]     Checking pem-rfc7468 v0.7.0
[INFO] [stderr]    Compiling phf_codegen v0.13.1
[INFO] [stderr]     Checking async-compression v0.4.28
[INFO] [stderr]     Checking dashmap v6.2.1
[INFO] [stderr]     Checking rustls-pemfile v1.0.4
[INFO] [stderr]     Checking sync_wrapper v0.1.2
[INFO] [stderr]     Checking webpki-roots v0.25.4
[INFO] [stderr]     Checking tower-http v0.6.11
[INFO] [stderr]     Checking parse-display v0.11.0
[INFO] [stderr]     Checking der v0.7.10
[INFO] [stderr]     Checking crypto-common v0.2.2
[INFO] [stderr]     Checking rand_core v0.9.3
[INFO] [stderr]     Checking byteorder v1.5.0
[INFO] [stderr]     Checking dotenvy v0.15.7
[INFO] [stderr]     Checking utf8parse v0.2.2
[INFO] [stderr]     Checking rand_chacha v0.9.0
[INFO] [stderr]     Checking anstyle-parse v1.0.0
[INFO] [stderr]    Compiling darling_core v0.20.11
[INFO] [stderr]    Compiling phf_macros v0.13.1
[INFO] [stderr]     Checking new_debug_unreachable v1.0.6
[INFO] [stderr]     Checking anstyle-query v1.1.4
[INFO] [stderr]     Checking colorchoice v1.0.4
[INFO] [stderr]     Checking anstyle v1.0.14
[INFO] [stderr]    Compiling portable-atomic v1.13.1
[INFO] [stderr]     Checking hyper v0.14.32
[INFO] [stderr]     Checking cmov v0.5.4
[INFO] [stderr]     Checking spki v0.7.3
[INFO] [stderr]    Compiling semver v1.0.27
[INFO] [stderr]     Checking is_terminal_polyfill v1.70.1
[INFO] [stderr]     Checking anstream v1.0.0
[INFO] [stderr]     Checking ctutils v0.4.2
[INFO] [stderr]    Compiling rustc_version v0.4.1
[INFO] [stderr]     Checking pkcs8 v0.10.2
[INFO] [stderr]     Checking rand v0.9.2
[INFO] [stderr]     Checking phf v0.13.1
[INFO] [stderr]     Checking lasso v0.7.3 (https://github.com/anchpop/lasso.git?rev=babd734da2646353c0924f16882bc61888ae3ba1#babd734d)
[INFO] [stderr]     Checking tynm v0.1.10
[INFO] [stderr]     Checking block-buffer v0.12.0
[INFO] [stderr]     Checking chacha20 v0.10.0
[INFO] [stderr]     Checking sha2 v0.10.9
[INFO] [stderr]    Compiling string_cache_codegen v0.6.1
[INFO] [stderr]     Checking crossbeam-epoch v0.9.18
[INFO] [stderr]     Checking num-integer v0.1.46
[INFO] [stderr]     Checking language-utils v0.1.0 (/opt/rustwide/workdir/language-utils)
[INFO] [stderr]     Checking lru v0.12.5
[INFO] [stderr]    Compiling rayon-core v1.13.0
[INFO] [stderr]    Compiling time-core v0.1.8
[INFO] [stderr]     Checking const-oid v0.10.2
[INFO] [stderr]     Checking precomputed-hash v0.1.1
[INFO] [stderr]    Compiling num-conv v0.2.2
[INFO] [stderr]     Checking powerfmt v0.2.0
[INFO] [stderr]     Checking unicode-width v0.2.1
[INFO] [stderr]    Compiling time-macros v0.2.27
[INFO] [stderr]     Checking deranged v0.5.8
[INFO] [stderr]    Compiling audiopus_sys v0.2.2
[INFO] [stderr]     Checking digest v0.11.3
[INFO] [stderr]    Compiling web_atoms v0.2.4
[INFO] [stderr]     Checking crossbeam-deque v0.8.6
[INFO] [stderr]     Checking rand v0.10.1
[INFO] [stderr]     Checking web-sys v0.3.99
[INFO] [stderr]    Compiling minimp3-sys v0.6.0
[INFO] [stderr]    Compiling darling_macro v0.20.11
[INFO] [stderr]     Checking bitmaps v2.1.0
[INFO] [stderr]    Compiling im v15.1.0
[INFO] [stderr]     Checking hyper-tls v0.5.0
[INFO] [stderr]     Checking hyper-rustls v0.24.2
[INFO] [stderr]    Compiling darling v0.20.11
[INFO] [stderr]    Compiling paste v1.0.15
[INFO] [stderr]    Compiling derive_builder_core v0.20.2
[INFO] [stderr]     Checking reqwest v0.11.27
[INFO] [stderr]     Checking time v0.3.47
[INFO] [stderr]     Checking sized-chunks v0.6.5
[INFO] [stderr]     Checking tysm v0.19.0 (https://github.com/anchpop/tysm#137cacda)
[INFO] [stderr]     Checking string_cache v0.9.0
[INFO] [stderr]     Checking rand_xoshiro v0.6.0
[INFO] [stderr]     Checking option-ext v0.2.0
[INFO] [stderr]    Compiling esaxx-rs v0.1.10
[INFO] [stderr]     Checking utf-8 v0.7.6
[INFO] [stderr]     Checking spin v0.9.8
[INFO] [stderr]     Checking bit-vec v0.8.0
[INFO] [stderr]     Checking tendril v0.5.0
[INFO] [stderr]     Checking lazy_static v1.5.0
[INFO] [stderr]     Checking rayon v1.12.0
[INFO] [stderr]     Checking bit-set v0.8.0
[INFO] [stderr]     Checking dirs-sys v0.4.1
[INFO] [stderr]    Compiling derive_builder_macro v0.20.2
[INFO] [stderr]     Checking wasm-bindgen-futures v0.4.72
[INFO] [stderr]     Checking env_filter v1.0.1
[INFO] [stderr]    Compiling monostate-impl v0.1.18
[INFO] [stderr]     Checking castaway v0.2.4
[INFO] [stderr]     Checking slice-ring-buffer v0.3.4
[INFO] [stderr]    Compiling slotmap v1.1.1
[INFO] [stderr]     Checking jiff v0.2.28
[INFO] [stderr]    Compiling macro_rules_attribute-proc_macro v0.2.2
[INFO] [stderr]    Compiling glob v0.3.3
[INFO] [stderr]     Checking dtoa v1.0.10
[INFO] [stderr]     Checking static_assertions v1.1.0
[INFO] [stderr]     Checking base64 v0.13.1
[INFO] [stderr]     Checking unicode-segmentation v1.12.0
[INFO] [stderr]     Checking macro_rules_attribute v0.2.2
[INFO] [stderr]     Checking compact_str v0.9.0
[INFO] [stderr]     Checking minimp3 v0.6.1
[INFO] [stderr]    Compiling libwebp-sys v0.9.6
[INFO] [stderr]     Checking dtoa-short v0.3.5
[INFO] [stderr]     Checking spm_precompiled v0.1.4
[INFO] [stderr]     Checking monostate v0.1.18
[INFO] [stderr]     Checking markup5ever v0.39.0
[INFO] [stderr]     Checking derive_builder v0.20.2
[INFO] [stderr]     Checking opus v0.3.1
[INFO] [stderr]     Checking dirs v5.0.1
[INFO] [stderr]     Checking fancy-regex v0.17.0
[INFO] [stderr]     Checking console v0.16.3
[INFO] [stderr]     Checking rayon-cond v0.4.0
[INFO] [stderr]     Checking num-iter v0.1.45
[INFO] [stderr]     Checking ogg v0.9.2
[INFO] [stderr]    Compiling selectors v0.38.0
[INFO] [stderr]     Checking inout v0.2.2
[INFO] [stderr]     Checking uuid v1.23.2
[INFO] [stderr]     Checking signature v2.2.0
[INFO] [stderr]     Checking dary_heap v0.3.8
[INFO] [stderr]    Compiling pin-project-internal v1.1.10
[INFO] [stderr]    Compiling cssparser-macros v0.7.0
[INFO] [stderr]    Compiling async-trait v0.1.89
[INFO] [stderr]    Compiling derive_more-impl v2.1.1
[INFO] [stderr]    Compiling libsqlite3-sys v0.38.0
[INFO] [stderr]     Checking ff v0.13.1
[INFO] [stderr]     Checking unicode-normalization-alignments v0.1.12
[INFO] [stderr]     Checking unit-prefix v0.5.2
[INFO] [stderr]     Checking clap_lex v1.1.0
[INFO] [stderr]     Checking pxfm v0.1.28
[INFO] [stderr]     Checking daachorse v1.0.1
[INFO] [stderr]     Checking zune-core v0.5.1
[INFO] [stderr]     Checking base16ct v0.2.0
[INFO] [stderr]    Compiling rustix v1.1.4
[INFO] [stderr]     Checking hound v3.5.1
[INFO] [stderr]    Compiling heck v0.5.0
[INFO] [stderr]     Checking unicode_categories v0.1.1
[INFO] [stderr]     Checking tokenizers v0.23.1
[INFO] [stderr]     Checking clap_builder v4.6.0
[INFO] [stderr]    Compiling clap_derive v4.6.1
[INFO] [stderr]     Checking zune-jpeg v0.5.12
[INFO] [stderr]     Checking sec1 v0.7.3
[INFO] [stderr]     Checking derive_more v2.1.1
[INFO] [stderr]     Checking env_logger v0.11.10
[INFO] [stderr]     Checking pin-project v1.1.10
[INFO] [stderr]     Checking indicatif v0.18.4
[INFO] [stderr]     Checking group v0.13.0
[INFO] [stderr]     Checking cssparser v0.37.0
[INFO] [stderr]     Checking cipher v0.5.2
[INFO] [stderr]     Checking html5ever v0.39.0
[INFO] [stderr]     Checking opfs v0.2.0
[INFO] [stderr]     Checking weblocks v0.2.0
[INFO] [stderr]     Checking hmac v0.13.0
[INFO] [stderr]     Checking sha2 v0.11.0
[INFO] [stderr]     Checking moxcms v0.8.1
[INFO] [stderr]     Checking hkdf v0.12.4
[INFO] [stderr]     Checking rand_chacha v0.10.0
[INFO] [stderr]     Checking crypto-bigint v0.5.5
[INFO] [stderr]     Checking servo_arc v0.4.3
[INFO] [stderr]     Checking linux-raw-sys v0.12.1
[INFO] [stderr]     Checking byteorder-lite v0.1.0
[INFO] [stderr]     Checking cpubits v0.1.1
[INFO] [stderr]    Compiling thiserror v1.0.69
[INFO] [stderr]     Checking libbz2-rs-sys v0.2.2
[INFO] [stderr]    Compiling object v0.36.7
[INFO] [stderr]     Checking simd-adler32 v0.3.7
[INFO] [stderr]     Checking bytemuck v1.25.0
[INFO] [stderr]     Checking zopfli v0.8.3
[INFO] [stderr]     Checking bzip2 v0.6.0
[INFO] [stderr]     Checking elliptic-curve v0.13.8
[INFO] [stderr]     Checking aes v0.9.1
[INFO] [stderr]     Checking lzma-rust2 v0.16.4
[INFO] [stderr]     Checking clap v4.6.1
[INFO] [stderr]     Checking pbkdf2 v0.13.0
[INFO] [stderr]     Checking tracing-futures v0.2.5
[INFO] [stderr]     Checking espeak v0.1.0 (/opt/rustwide/workdir/libraries/espeak)
[INFO] [stderr]     Checking sha1 v0.11.0
[INFO] [stderr]     Checking getopts v0.2.24
[INFO] [stderr]     Checking reqwest v0.12.23
[INFO] [stderr]     Checking hashlink v0.11.0
[INFO] [stderr]     Checking serde_plain v1.0.2
[INFO] [stderr]    Compiling thiserror-impl v1.0.69
[INFO] [stderr]     Checking gimli v0.31.1
[INFO] [stderr]     Checking typed-path v0.12.3
[INFO] [stderr]     Checking fallible-iterator v0.3.0
[INFO] [stderr]     Checking utf8-width v0.1.7
[INFO] [stderr]     Checking fallible-streaming-iterator v0.1.9
[INFO] [stderr]     Checking ppmd-rust v1.4.0
[INFO] [stderr]     Checking deflate64 v0.1.12
[INFO] [stderr]     Checking nohash-hasher v0.2.0
[INFO] [stderr]     Checking ego-tree v0.11.0
[INFO] [stderr]     Checking constant_time_eq v0.4.2
[INFO] [stderr]     Checking nonmax v0.5.5
[INFO] [stderr]    Compiling syn v1.0.109
[INFO] [stderr]     Checking image v0.25.10
[INFO] [stderr]     Checking hex v0.4.3
[INFO] [stderr]     Checking eytzinger v1.1.2 (https://github.com/anchpop/rust-eytzinger.git?rev=ff5d86b8e5280c1f46c86fa135b0e0592cea1135#ff5d86b8)
[INFO] [stderr]     Checking tempfile v3.27.0
[INFO] [stderr]     Checking zip v8.6.0
[INFO] [stderr]     Checking scraper v0.27.0
[INFO] [stderr]     Checking osmo v0.1.0 (https://github.com/anchpop/osmo#9e5911f9)
[INFO] [stderr]     Checking rusqlite v0.40.0
[INFO] [stderr]     Checking lexide v0.1.0 (https://github.com/anchpop/lexide.git?rev=4871984482c320ef27462644759fde66aefd5a7f#48719844)
[INFO] [stderr]     Checking html-escape v0.2.13
[INFO] [stderr]     Checking addr2line v0.24.2
[INFO] [stderr]     Checking omnigram v0.1.0 (/opt/rustwide/workdir/libraries/omnigram)
[INFO] [stderr]     Checking sentence-sampler v0.1.0 (/opt/rustwide/workdir/libraries/sentence-sampler)
[INFO] [stderr]     Checking html2text v0.17.1
[INFO] [stderr]    Compiling curve25519-dalek v4.1.3
[INFO] [stderr]     Checking rfc6979 v0.4.0
[INFO] [stderr]     Checking rand_chacha v0.3.1
[INFO] [stderr]     Checking ordered-float v3.9.2
[INFO] [stderr]    Compiling num-rational v0.1.43
[INFO] [stderr]     Checking markdown-tables v0.1.0
[INFO] [stderr]    Compiling num-bigint-dig v0.8.6
[INFO] [stderr]     Checking rustc-demangle v0.1.26
[INFO] [stderr]     Checking rand v0.8.6
[INFO] [stderr]     Checking ecdsa v0.16.9
[INFO] [stderr]     Checking pav_regression v0.5.2 (https://github.com/anchpop/pav.rs.git?rev=1d44104842df02b2b66d9443df6fb540aa368d69#1d441048)
[INFO] [stderr]     Checking primeorder v0.13.6
[INFO] [stderr]     Checking eyedee v0.1.0 (/opt/rustwide/workdir/libraries/eyedee)
[INFO] [stderr]     Checking imdex_map v0.1.0 (/opt/rustwide/workdir/libraries/imdex_map)
[INFO] [stderr]     Checking wasm-logger v0.2.0
[INFO] [stderr]    Compiling cast v0.2.7
[INFO] [stderr]    Compiling darling_core v0.23.0
[INFO] [stderr]     Checking rs-fsrs v1.2.1 (https://github.com/anchpop/rs-fsrs.git?rev=79393f05a435e31255a1cbfae48ff6f94e214900#79393f05)
[INFO] [stderr]     Checking console_error_panic_hook v0.1.7
[INFO] [stderr]    Compiling curve25519-dalek-derive v0.1.1
[INFO] [stderr]     Checking ordered-float v5.3.0
[INFO] [stderr]     Checking num-traits v0.1.43
[INFO] [stderr]     Checking ucd-util v0.1.10
[INFO] [stderr]    Compiling unicode-xid v0.2.6
[INFO] [stderr]    Compiling failure_derive v0.1.8
[INFO] [stderr]    Compiling regex v0.2.11
[INFO] [stderr]     Checking regex-syntax v0.5.6
[INFO] [stderr]     Checking enum_primitive v0.1.1
[INFO] [stderr]    Compiling synstructure v0.12.6
[INFO] [stderr]     Checking ed25519 v2.2.3
[INFO] [stderr]     Checking backtrace v0.3.75
[INFO] [stderr]     Checking thread_local v0.3.6
[INFO] [stderr]     Checking num-bigint v0.4.6
[INFO] [stderr]     Checking pkcs1 v0.7.5
[INFO] [stderr]     Checking axum-core v0.5.6
[INFO] [stderr]     Checking serde_path_to_error v0.1.17
[INFO] [stderr]     Checking inout v0.1.4
[INFO] [stderr]     Checking raw-cpuid v11.6.0
[INFO] [stderr]    Compiling darling_macro v0.23.0
[INFO] [stderr]     Checking aho-corasick v0.6.10
[INFO] [stderr]     Checking matchit v0.8.4
[INFO] [stderr]     Checking utf8-ranges v1.0.5
[INFO] [stderr]    Compiling darling v0.23.0
[INFO] [stderr]     Checking simple_asn1 v0.6.3
[INFO] [stderr]     Checking cipher v0.4.4
[INFO] [stderr]     Checking rsa v0.9.10
[INFO] [stderr]     Checking axum v0.8.9
[INFO] [stderr]     Checking error-chain v0.10.0
[INFO] [stderr]     Checking ed25519-dalek v2.2.0
[INFO] [stderr]     Checking image v0.13.0
[INFO] [stderr]     Checking quanta v0.12.6
[INFO] [stderr]     Checking p384 v0.13.1
[INFO] [stderr]     Checking p256 v0.13.2
[INFO] [stderr]     Checking sha1 v0.10.6
[INFO] [stderr]     Checking universal-hash v0.5.1
[INFO] [stderr]     Checking charset v0.1.5
[INFO] [stderr]     Checking headers-core v0.3.0
[INFO] [stderr]     Checking pem v3.0.5
[INFO] [stderr]     Checking spinning_top v0.3.0
[INFO] [stderr]     Checking log v0.3.9
[INFO] [stderr]     Checking ascii v0.7.1
[INFO] [stderr]     Checking nom v2.1.0
[INFO] [stderr]     Checking data-encoding v2.11.0
[INFO] [stderr]    Compiling rmcp v2.2.0
[INFO] [stderr]     Checking safemem v0.2.0
[INFO] [stderr]     Checking opaque-debug v0.3.1
[INFO] [stderr]     Checking nonzero_ext v0.3.0
[INFO] [stderr]     Checking lazy_static v0.2.11
[INFO] [stderr]     Checking quoted_printable v0.5.2
[INFO] [stderr]     Checking web-time v1.1.0
[INFO] [stderr]    Compiling unicode-general-category v1.1.0
[INFO] [stderr]     Checking futures-timer v3.0.3
[INFO] [stderr]     Checking mailparse v0.16.1
[INFO] [stderr]     Checking governor v0.10.4
[INFO] [stderr]     Checking vobsub v0.2.3
[INFO] [stderr]     Checking poly1305 v0.8.0
[INFO] [stderr]    Compiling rmcp-macros v2.2.0
[INFO] [stderr]     Checking combine v2.5.2
[INFO] [stderr]     Checking jsonwebtoken v10.4.0
[INFO] [stderr]     Checking headers v0.4.1
[INFO] [stderr]     Checking failure v0.1.8
[INFO] [stderr]     Checking chacha20 v0.9.1
[INFO] [stderr]     Checking itertools v0.8.2
[INFO] [stderr]     Checking tokio-stream v0.1.18
[INFO] [stderr]     Checking aead v0.5.2
[INFO] [stderr]     Checking ecow v0.2.6
[INFO] [stderr]     Checking sse-stream v0.2.4
[INFO] [stderr]    Compiling maybe-async v0.2.10
[INFO] [stderr]     Checking chardet v0.2.4
[INFO] [stderr]    Compiling pastey v0.2.3
[INFO] [stderr]     Checking chacha20poly1305 v0.10.1
[INFO] [stderr]     Checking subparse v0.7.0
[INFO] [stderr]     Checking autograde-core v0.1.0 (/opt/rustwide/workdir/libraries/autograde-core)
[INFO] [stderr]     Checking postgrest v1.6.0
[INFO] [stderr]     Checking dotenv v0.15.0
[INFO] [stderr]  Documenting omnigram v0.1.0 (/opt/rustwide/workdir/libraries/omnigram)
[INFO] [stderr]  Documenting sentence-sampler v0.1.0 (/opt/rustwide/workdir/libraries/sentence-sampler)
[INFO] [stderr]  Documenting espeak v0.1.0 (/opt/rustwide/workdir/libraries/espeak)
[INFO] [stderr]     Checking axum-extra v0.12.6
[INFO] [stderr]  Documenting autograde-core v0.1.0 (/opt/rustwide/workdir/libraries/autograde-core)
[INFO] [stderr]  Documenting generate-dictionary-data v0.1.0 (/opt/rustwide/workdir/generate-dictionary-data)
[INFO] [stdout] warning: unresolved link to `train`
[INFO] [stdout]    --> libraries/omnigram/src/unigram.rs:382:16
[INFO] [stdout]     |
[INFO] [stdout] 382 |     /// Like [`train`], but with pre-computed fixed counts merged into each EM iteration.
[INFO] [stdout]     |                ^^^^^ no item named `train` in scope
[INFO] [stdout]     |
[INFO] [stdout]     = help: to escape `[` and `]` characters, add '\' before them like `\[` or `\]`
[INFO] [stdout]     = note: `#[warn(rustdoc::broken_intra_doc_links)]` on by default
[INFO] [stdout] 
[INFO] [stdout] 
[INFO] [stderr]  Documenting eyedee v0.1.0 (/opt/rustwide/workdir/libraries/eyedee)
[INFO] [stdout] warning: unresolved link to `normalize_phoneme`
[INFO] [stdout]    --> libraries/espeak/src/lib.rs:138:7
[INFO] [stdout]     |
[INFO] [stdout] 138 | /// [`normalize_phoneme`].
[INFO] [stdout]     |       ^^^^^^^^^^^^^^^^^ no item named `normalize_phoneme` in scope
[INFO] [stdout]     |
[INFO] [stdout]     = help: to escape `[` and `]` characters, add '\' before them like `\[` or `\]`
[INFO] [stdout]     = note: `#[warn(rustdoc::broken_intra_doc_links)]` on by default
[INFO] [stdout] 
[INFO] [stdout] 
[INFO] [stdout] warning: public documentation for `phonemize_phrase_ipa` links to private item `ESPEAK_TIMEOUT`
[INFO] [stdout]    --> libraries/espeak/src/lib.rs:175:55
[INFO] [stdout]     |
[INFO] [stdout] 175 | /// executor thread is blocked) and is killed after [`ESPEAK_TIMEOUT`].
[INFO] [stdout]     |                                                       ^^^^^^^^^^^^^^ this item is private
[INFO] [stdout]     |
[INFO] [stdout]     = note: this link resolves only because you passed `--document-private-items`, but will break without
[INFO] [stdout]     = note: `#[warn(rustdoc::private_intra_doc_links)]` on by default
[INFO] [stdout] 
[INFO] [stdout] 
[INFO] [stderr]  Documenting imdex_map v0.1.0 (/opt/rustwide/workdir/libraries/imdex_map)
[INFO] [stderr]  Documenting language-utils v0.1.0 (/opt/rustwide/workdir/language-utils)
[INFO] [stderr]  Documenting enumap v0.1.0 (/opt/rustwide/workdir/libraries/enumap)
[INFO] [stderr]     Checking webp v0.3.1
[INFO] [stdout] warning: unresolved link to `cs`
[INFO] [stdout]    --> language-utils/src/features.rs:183:6
[INFO] [stdout]     |
[INFO] [stdout] 183 | /// [cs] nominative matka “mother”, genitive matky, dative matce, accusative matku, vocative matko, locative matce, instrumental ma...
[INFO] [stdout]     |      ^^ no item named `cs` in scope
[INFO] [stdout]     |
[INFO] [stdout]     = help: to escape `[` and `]` characters, add '\' before them like `\[` or `\]`
[INFO] [stdout]     = note: `#[warn(rustdoc::broken_intra_doc_links)]` on by default
[INFO] [stdout] 
[INFO] [stdout] 
[INFO] [stdout] warning: unresolved link to `de`
[INFO] [stdout]    --> language-utils/src/features.rs:184:6
[INFO] [stdout]     |
[INFO] [stdout] 184 | /// [de] nominative der Mann “the man”, genitive des Mannes, dative dem Mann, accusative den Mann
[INFO] [stdout]     |      ^^ no item named `de` in scope
[INFO] [stdout]     |
[INFO] [stdout]     = help: to escape `[` and `]` characters, add '\' before them like `\[` or `\]`
[INFO] [stdout] 
[INFO] [stdout] 
[INFO] [stdout] warning: unresolved link to `en`
[INFO] [stdout]    --> language-utils/src/features.rs:185:6
[INFO] [stdout]     |
[INFO] [stdout] 185 | /// [en] nominative/direct case he, she, accusative/oblique case him, her.
[INFO] [stdout]     |      ^^ no item named `en` in scope
[INFO] [stdout]     |
[INFO] [stdout]     = help: to escape `[` and `]` characters, add '\' before them like `\[` or `\]`
[INFO] [stdout] 
[INFO] [stdout] 
[INFO] [stdout] warning: unresolved link to `cs`
[INFO] [stdout]    --> language-utils/src/features.rs:226:463
[INFO] [stdout]     |
[INFO] [stdout] 226 | ...ave nothing to do with possessing. For example, [cs] bez prezidentovy dcery “without the president’s daughter” is a prepositiona...
[INFO] [stdout]     |                                                     ^^ no item named `cs` in scope
[INFO] [stdout]     |
[INFO] [stdout]     = help: to escape `[` and `]` characters, add '\' before them like `\[` or `\]`
[INFO] [stdout] 
[INFO] [stdout] 
[INFO] [stdout] warning: unresolved link to `cs`
[INFO] [stdout]    --> language-utils/src/features.rs:230:137
[INFO] [stdout]     |
[INFO] [stdout] 230 | ...un is used as instrument to do something (as in [cs] psát perem “to write using a pen”). Many other meanings are possible, e.g. ...
[INFO] [stdout]     |                                                     ^^ no item named `cs` in scope
[INFO] [stdout]     |
[INFO] [stdout]     = help: to escape `[` and `]` characters, add '\' before them like `\[` or `\]`
[INFO] [stdout] 
[INFO] [stdout] 
[INFO] [stdout] warning: unresolved link to `en`
[INFO] [stdout]    --> language-utils/src/features.rs:375:336
[INFO] [stdout]     |
[INFO] [stdout] 375 | ...ly not directly reveal the tense. For instance, [en] I had been there is past perfect (pluperfect) tense, formed periphrasticall...
[INFO] [stdout]     |                                                     ^^ no item named `en` in scope
[INFO] [stdout]     |
[INFO] [stdout]     = help: to escape `[` and `]` characters, add '\' before them like `\[` or `\]`
[INFO] [stdout] 
[INFO] [stdout] 
[INFO] [stdout] warning: unresolved link to `de`
[INFO] [stdout]    --> language-utils/src/features.rs:525:209
[INFO] [stdout]     |
[INFO] [stdout] 525 | ...re used that only occur in the formal register ([de] Sie; [es] usted, ustedes; [hi] आप āpa).
[INFO] [stdout]     |                                                     ^^ no item named `de` in scope
[INFO] [stdout]     |
[INFO] [stdout]     = help: to escape `[` and `]` characters, add '\' before them like `\[` or `\]`
[INFO] [stdout] 
[INFO] [stdout] 
[INFO] [stdout] warning: unresolved link to `es`
[INFO] [stdout]    --> language-utils/src/features.rs:525:219
[INFO] [stdout]     |
[INFO] [stdout] 525 | ...at only occur in the formal register ([de] Sie; [es] usted, ustedes; [hi] आप āpa).
[INFO] [stdout]     |                                                     ^^ no item named `es` in scope
[INFO] [stdout]     |
[INFO] [stdout]     = help: to escape `[` and `]` characters, add '\' before them like `\[` or `\]`
[INFO] [stdout] 
[INFO] [stdout] 
[INFO] [stdout] warning: unresolved link to `hi`
[INFO] [stdout]    --> language-utils/src/features.rs:525:240
[INFO] [stdout]     |
[INFO] [stdout] 525 | ...formal register ([de] Sie; [es] usted, ustedes; [hi] आप āpa).
[INFO] [stdout]     |                                                     ^^ no item named `hi` in scope
[INFO] [stdout]     |
[INFO] [stdout]     = help: to escape `[` and `]` characters, add '\' before them like `\[` or `\]`
[INFO] [stdout] 
[INFO] [stdout] 
[INFO] [stdout] warning: this URL is not a hyperlink
[INFO] [stdout]    --> language-utils/src/features.rs:417:119
[INFO] [stdout]     |
[INFO] [stdout] 417 | ...values found in corpora. See Wikipedia (http://en.wikipedia.org/wiki/Grammatical_aspect) for a long list of other possible aspects.
[INFO] [stdout]     |                                            ^^^^^^^^^^^^^^^^^^^^^^^^^^^^^^^^^^^^^^^^^^^^^^^
[INFO] [stdout]     |
[INFO] [stdout]     = note: bare URLs are not automatically turned into clickable links
[INFO] [stdout]     = note: `#[warn(rustdoc::bare_urls)]` on by default
[INFO] [stdout] help: use an automatic link instead
[INFO] [stdout]     |
[INFO] [stdout] 417 | /// Since we proceed bottom-up, the current standard covers only a few aspect values found in corpora. See Wikipedia (<http://en.wikipedia.org/wiki/Grammatical_aspect>) for a long list of other possible aspects.
[INFO] [stdout]     |                                                                                                                       +                                               +
[INFO] [stdout] 
[INFO] [stdout] 
[INFO] [stdout] warning: unclosed HTML tag `slug`
[INFO] [stdout]     --> language-utils/src/lib.rs:3332:21
[INFO] [stdout]      |
[INFO] [stdout] 3332 |     /// (yap.town/d/<slug>/), e.g. "french-to-english".
[INFO] [stdout]      |                     ^^^^^^
[INFO] [stdout]      |
[INFO] [stdout]      = note: `#[warn(rustdoc::invalid_html_tags)]` on by default
[INFO] [stdout] 
[INFO] [stdout] 
[INFO] [stderr]     Checking rustls-webpki v0.103.4
[INFO] [stderr]     Checking tokio-rustls v0.26.2
[INFO] [stderr]     Checking rustls-platform-verifier v0.7.0
[INFO] [stderr]     Checking hyper-rustls v0.27.7
[INFO] [stderr]     Checking reqwest v0.13.4
[INFO] [stderr]     Checking gcp_auth v0.12.6
[INFO] [stderr]     Checking fetch-happen v0.4.0 (https://github.com/anchpop/fetch-happen?rev=879d0fa66bd8ae4331704c5b1d3a193427646336#879d0fa6)
[INFO] [stderr]     Checking google-tts v0.1.0 (/opt/rustwide/workdir/libraries/google-tts)
[INFO] [stderr]     Checking resend-rs v0.25.1
[INFO] [stderr]  Documenting opensubtitles-downloader v0.1.0 (/opt/rustwide/workdir/libraries/opensubtitles-downloader)
[INFO] [stderr]  Documenting google-tts v0.1.0 (/opt/rustwide/workdir/libraries/google-tts)
[INFO] [stderr]  Documenting weekly-active-users v0.1.0 (/opt/rustwide/workdir/libraries/weekly-active-users)
[INFO] [stderr]     Checking weapon v0.1.1 (/opt/rustwide/workdir/libraries/weapon)
[INFO] [stderr]  Documenting weapon v0.1.1 (/opt/rustwide/workdir/libraries/weapon)
[INFO] [stderr]     Checking generate-data v0.1.0 (/opt/rustwide/workdir/generate-data)
[INFO] [stderr]  Documenting generate-data v0.1.0 (/opt/rustwide/workdir/generate-data)
[INFO] [stderr]     Checking yap-frontend-rs v0.5.0 (/opt/rustwide/workdir/yap-frontend-rs)
[INFO] [stderr]  Documenting yap-frontend-rs v0.5.0 (/opt/rustwide/workdir/yap-frontend-rs)
[INFO] [stderr] error: could not document `opensubtitles-downloader`
[INFO] [stderr] 
[INFO] [stderr] Caused by:
[INFO] [stderr]   process didn't exit successfully: `/opt/rustwide/rustup-home/toolchains/1.98.0-beta.4-x86_64-unknown-linux-gnu/bin/rustdoc --edition=2021 --crate-type bin --crate-name opensubtitles_downloader libraries/opensubtitles-downloader/src/main.rs -o /opt/rustwide/target/doc --check-cfg 'cfg(docsrs,test)' --check-cfg 'cfg(feature, values())' --error-format=json --json=diagnostic-rendered-ansi,artifacts,future-incompat -C metadata=3047d4d578d6caad -L dependency=/opt/rustwide/target/debug/deps --extern anyhow=/opt/rustwide/target/debug/deps/libanyhow-ceca6d3198b2bf21.rmeta --extern base64=/opt/rustwide/target/debug/deps/libbase64-2d62852b309f03ed.rmeta --extern clap=/opt/rustwide/target/debug/deps/libclap-2ca9945f5bb42854.rmeta --extern dotenv=/opt/rustwide/target/debug/deps/libdotenv-65e17abf59b61d8e.rmeta --extern futures=/opt/rustwide/target/debug/deps/libfutures-8696e20be3de2b21.rmeta --extern language_utils=/opt/rustwide/target/debug/deps/liblanguage_utils-431b97414c519563.rmeta --extern regex=/opt/rustwide/target/debug/deps/libregex-92f37bd78ac314c4.rmeta --extern reqwest=/opt/rustwide/target/debug/deps/libreqwest-8a7b53865a574a8e.rmeta --extern rustc_hash=/opt/rustwide/target/debug/deps/librustc_hash-12d76f6a250ec3db.rmeta --extern schemars=/opt/rustwide/target/debug/deps/libschemars-ba5f169a357d23c9.rmeta --extern serde=/opt/rustwide/target/debug/deps/libserde-d3c016a024448a36.rmeta --extern serde_json=/opt/rustwide/target/debug/deps/libserde_json-32f058307cdc68ae.rmeta --extern subparse=/opt/rustwide/target/debug/deps/libsubparse-4ae0c45896b8e9c0.rmeta --extern tokio=/opt/rustwide/target/debug/deps/libtokio-88bb9b16d02ea449.rmeta --extern tysm=/opt/rustwide/target/debug/deps/libtysm-7b07b72a52c85fb4.rmeta --document-private-items '-Arustdoc::private-intra-doc-links' --cap-lints=warn --crate-version 0.1.0` (signal: 9, SIGKILL: kill)
[INFO] [stderr] warning: build failed, waiting for other jobs to finish...
[INFO] [stderr] error: could not document `generate-data`
[INFO] [stderr] 
[INFO] [stderr] Caused by:
[INFO] [stderr]   process didn't exit successfully: `/opt/rustwide/rustup-home/toolchains/1.98.0-beta.4-x86_64-unknown-linux-gnu/bin/rustdoc --edition=2024 --crate-type lib --crate-name generate_data generate-data/src/lib.rs -o /opt/rustwide/target/doc --check-cfg 'cfg(docsrs,test)' --check-cfg 'cfg(feature, values())' --error-format=json --json=diagnostic-rendered-ansi,artifacts,future-incompat -C metadata=2000abe72f7a32fe -L dependency=/opt/rustwide/target/debug/deps --extern anyhow=/opt/rustwide/target/debug/deps/libanyhow-ceca6d3198b2bf21.rmeta --extern base64=/opt/rustwide/target/debug/deps/libbase64-2d62852b309f03ed.rmeta --extern clap=/opt/rustwide/target/debug/deps/libclap-2ca9945f5bb42854.rmeta --extern dashmap=/opt/rustwide/target/debug/deps/libdashmap-8496b3c50cdc32da.rmeta --extern dotenvy=/opt/rustwide/target/debug/deps/libdotenvy-07cfb830a59f0171.rmeta --extern env_logger=/opt/rustwide/target/debug/deps/libenv_logger-ea46fac4f50d2f22.rmeta --extern espeak=/opt/rustwide/target/debug/deps/libespeak-49155dd52d4a8036.rmeta --extern futures=/opt/rustwide/target/debug/deps/libfutures-8696e20be3de2b21.rmeta --extern gcp_auth=/opt/rustwide/target/debug/deps/libgcp_auth-a44871f8d289a5fe.rmeta --extern google_tts=/opt/rustwide/target/debug/deps/libgoogle_tts-d2c52d78d6f8a0ce.rmeta --extern html_escape=/opt/rustwide/target/debug/deps/libhtml_escape-07466d0dd4fe668a.rmeta --extern html2text=/opt/rustwide/target/debug/deps/libhtml2text-84d1804551255e43.rmeta --extern image=/opt/rustwide/target/debug/deps/libimage-4e7e097f68e348c6.rmeta --extern indexmap=/opt/rustwide/target/debug/deps/libindexmap-c42eb9e77eb395c6.rmeta --extern indicatif=/opt/rustwide/target/debug/deps/libindicatif-a19db7a50ea8a058.rmeta --extern itertools=/opt/rustwide/target/debug/deps/libitertools-d98ddeea108b0769.rmeta --extern language_utils=/opt/rustwide/target/debug/deps/liblanguage_utils-431b97414c519563.rmeta --extern lasso=/opt/rustwide/target/debug/deps/liblasso-2f660243721c37a0.rmeta --extern lexide=/opt/rustwide/target/debug/deps/liblexide-f25e0275425180ea.rmeta --extern libc=/opt/rustwide/target/debug/deps/liblibc-c55d14744fdbe872.rmeta --extern log=/opt/rustwide/target/debug/deps/liblog-f83284873eea7f6a.rmeta --extern markdown_tables=/opt/rustwide/target/debug/deps/libmarkdown_tables-b8863a17a1a2c60e.rmeta --extern omnigram=/opt/rustwide/target/debug/deps/libomnigram-2fab7af89e126e27.rmeta --extern osmo=/opt/rustwide/target/debug/deps/libosmo-fd37dc6ba14e618d.rmeta --extern percent_encoding=/opt/rustwide/target/debug/deps/libpercent_encoding-a29f8b870bdd8cfc.rmeta --extern rand=/opt/rustwide/target/debug/deps/librand-860911ed2b6e365f.rmeta --extern rand_chacha=/opt/rustwide/target/debug/deps/librand_chacha-7755293a679ed2e2.rmeta --extern regex=/opt/rustwide/target/debug/deps/libregex-92f37bd78ac314c4.rmeta --extern reqwest=/opt/rustwide/target/debug/deps/libreqwest-8a7b53865a574a8e.rmeta --extern rkyv=/opt/rustwide/target/debug/deps/librkyv-b481f81e8f7d219e.rmeta --extern rusqlite=/opt/rustwide/target/debug/deps/librusqlite-94113d3aa0420eae.rmeta --extern rustc_hash=/opt/rustwide/target/debug/deps/librustc_hash-12d76f6a250ec3db.rmeta --extern rustls=/opt/rustwide/target/debug/deps/librustls-662a26fe618461ea.rmeta --extern schemars=/opt/rustwide/target/debug/deps/libschemars-ba5f169a357d23c9.rmeta --extern scraper=/opt/rustwide/target/debug/deps/libscraper-8d32a4f78ebd7927.rmeta --extern sentence_sampler=/opt/rustwide/target/debug/deps/libsentence_sampler-421298f19c7b18c4.rmeta --extern serde=/opt/rustwide/target/debug/deps/libserde-d3c016a024448a36.rmeta --extern serde_json=/opt/rustwide/target/debug/deps/libserde_json-32f058307cdc68ae.rmeta --extern tempfile=/opt/rustwide/target/debug/deps/libtempfile-2b8c6cfcb8033e2b.rmeta --extern tokio=/opt/rustwide/target/debug/deps/libtokio-88bb9b16d02ea449.rmeta --extern tysm=/opt/rustwide/target/debug/deps/libtysm-7b07b72a52c85fb4.rmeta --extern unicode_normalization=/opt/rustwide/target/debug/deps/libunicode_normalization-77b36551a5ea99c6.rmeta --extern webp=/opt/rustwide/target/debug/deps/libwebp-f42d65c7ea485832.rmeta --extern xxhash_rust=/opt/rustwide/target/debug/deps/libxxhash_rust-7ed34eda67ce65b4.rmeta --extern zip=/opt/rustwide/target/debug/deps/libzip-12c996ebdf9578d5.rmeta --document-private-items --cap-lints=warn --crate-version 0.1.0` (signal: 9, SIGKILL: kill)
[INFO] [stdout] warning: public documentation for `comprehensible_written_grams` links to private item `Deck::get_comprehensible_written_grams`
[INFO] [stdout]     --> yap-frontend-rs/src/lib.rs:4368:15
[INFO] [stdout]      |
[INFO] [stdout] 4368 |     /// See [`Deck::get_comprehensible_written_grams`].
[INFO] [stdout]      |               ^^^^^^^^^^^^^^^^^^^^^^^^^^^^^^^^^^^^^^ this item is private
[INFO] [stdout]      |
[INFO] [stdout]      = note: this link resolves only because you passed `--document-private-items`, but will break without
[INFO] [stdout]      = note: `#[warn(rustdoc::private_intra_doc_links)]` on by default
[INFO] [stdout] 
[INFO] [stdout] 
[INFO] running `Command { std: "docker" "inspect" "c892720d6371ea0cb90ce953d940a1a1641e4c15419eac595082386d7880991b", kill_on_drop: false }`
[INFO] running `Command { std: "docker" "rm" "-f" "c892720d6371ea0cb90ce953d940a1a1641e4c15419eac595082386d7880991b", kill_on_drop: false }`
[INFO] [stdout] c892720d6371ea0cb90ce953d940a1a1641e4c15419eac595082386d7880991b
