[INFO] cloning repository https://github.com/natanaeladit/may
[INFO] running `Command { std: "git" "-c" "credential.helper=" "-c" "credential.helper=/workspace/cargo-home/bin/git-credential-null" "clone" "--bare" "https://github.com/natanaeladit/may" "/workspace/cache/git-repos/https%3A%2F%2Fgithub.com%2Fnatanaeladit%2Fmay", kill_on_drop: false }`
[INFO] [stderr] Cloning into bare repository '/workspace/cache/git-repos/https%3A%2F%2Fgithub.com%2Fnatanaeladit%2Fmay'...
[INFO] running `Command { std: "git" "rev-parse" "HEAD", kill_on_drop: false }`
[INFO] [stdout] d629a8e0ab90b532cfcb079dafc3db9362c4cb6c
[INFO] documenting natanaeladit/may against beta-2024-12-08 for beta-rustdoc-1.84.0-4-retry
[INFO] running `Command { std: "git" "clone" "/workspace/cache/git-repos/https%3A%2F%2Fgithub.com%2Fnatanaeladit%2Fmay" "/workspace/builds/worker-7-tc2/source", kill_on_drop: false }`
[INFO] [stderr] Cloning into '/workspace/builds/worker-7-tc2/source'...
[INFO] [stderr] done.
[INFO] validating manifest of git repo https://github.com/natanaeladit/may on toolchain beta-2024-12-08
[INFO] running `Command { std: CARGO_HOME="/workspace/cargo-home" RUSTUP_HOME="/workspace/rustup-home" "/workspace/cargo-home/bin/cargo" "+beta-2024-12-08" "metadata" "--manifest-path" "Cargo.toml" "--no-deps", kill_on_drop: false }`
[INFO] started tweaking git repo https://github.com/natanaeladit/may
[INFO] finished tweaking git repo https://github.com/natanaeladit/may
[INFO] tweaked toml for git repo https://github.com/natanaeladit/may written to /workspace/builds/worker-7-tc2/source/Cargo.toml
[INFO] crate git repo https://github.com/natanaeladit/may already has a lockfile, it will not be regenerated
[INFO] running `Command { std: CARGO_HOME="/workspace/cargo-home" RUSTUP_HOME="/workspace/rustup-home" "/workspace/cargo-home/bin/cargo" "+beta-2024-12-08" "fetch" "--manifest-path" "Cargo.toml", kill_on_drop: false }`
[INFO] running `Command { std: "docker" "create" "-v" "/var/lib/crater-agent-workspace/builds/worker-7-tc2/target:/opt/rustwide/target:rw,Z" "-v" "/var/lib/crater-agent-workspace/builds/worker-7-tc2/source:/opt/rustwide/workdir:ro,Z" "-v" "/var/lib/crater-agent-workspace/cargo-home:/opt/rustwide/cargo-home:ro,Z" "-v" "/var/lib/crater-agent-workspace/rustup-home:/opt/rustwide/rustup-home:ro,Z" "-e" "SOURCE_DIR=/opt/rustwide/workdir" "-e" "CARGO_TARGET_DIR=/opt/rustwide/target" "-e" "CARGO_HOME=/opt/rustwide/cargo-home" "-e" "RUSTUP_HOME=/opt/rustwide/rustup-home" "-w" "/opt/rustwide/workdir" "-m" "1610612736" "--user" "0:0" "--network" "none" "ghcr.io/rust-lang/crates-build-env/linux@sha256:f3a9d4ad9d972b27faf3965f35b62e55ba32bbce8f20bc8fe909558a86702fde" "/opt/rustwide/cargo-home/bin/cargo" "+beta-2024-12-08" "metadata" "--no-deps" "--format-version=1", kill_on_drop: false }`
[INFO] [stdout] b74f3d026db386a8f18261a65344ab4cb4fac6cbfbf9acf96d4309d43fee5428
[INFO] running `Command { std: "docker" "start" "-a" "b74f3d026db386a8f18261a65344ab4cb4fac6cbfbf9acf96d4309d43fee5428", kill_on_drop: false }`
[INFO] running `Command { std: "docker" "inspect" "b74f3d026db386a8f18261a65344ab4cb4fac6cbfbf9acf96d4309d43fee5428", kill_on_drop: false }`
[INFO] running `Command { std: "docker" "rm" "-f" "b74f3d026db386a8f18261a65344ab4cb4fac6cbfbf9acf96d4309d43fee5428", kill_on_drop: false }`
[INFO] [stdout] b74f3d026db386a8f18261a65344ab4cb4fac6cbfbf9acf96d4309d43fee5428
[INFO] running `Command { std: "docker" "create" "-v" "/var/lib/crater-agent-workspace/builds/worker-7-tc2/target:/opt/rustwide/target:rw,Z" "-v" "/var/lib/crater-agent-workspace/builds/worker-7-tc2/source:/opt/rustwide/workdir:ro,Z" "-v" "/var/lib/crater-agent-workspace/cargo-home:/opt/rustwide/cargo-home:ro,Z" "-v" "/var/lib/crater-agent-workspace/rustup-home:/opt/rustwide/rustup-home:ro,Z" "-e" "SOURCE_DIR=/opt/rustwide/workdir" "-e" "CARGO_TARGET_DIR=/opt/rustwide/target" "-e" "CARGO_INCREMENTAL=0" "-e" "RUST_BACKTRACE=full" "-e" "RUSTFLAGS=--cap-lints=warn" "-e" "RUSTDOCFLAGS=--cap-lints=warn" "-e" "CARGO_HOME=/opt/rustwide/cargo-home" "-e" "RUSTUP_HOME=/opt/rustwide/rustup-home" "-w" "/opt/rustwide/workdir" "-m" "1610612736" "--user" "0:0" "--network" "none" "ghcr.io/rust-lang/crates-build-env/linux@sha256:f3a9d4ad9d972b27faf3965f35b62e55ba32bbce8f20bc8fe909558a86702fde" "/opt/rustwide/cargo-home/bin/cargo" "+beta-2024-12-08" "doc" "--frozen" "--no-deps" "--document-private-items" "--message-format=json", kill_on_drop: false }`
[INFO] [stdout] 873639b4ab3f8f2e3d94af082c983bb27aeb1b5f80fcb2c56dc5042a75902d3f
[INFO] running `Command { std: "docker" "start" "-a" "873639b4ab3f8f2e3d94af082c983bb27aeb1b5f80fcb2c56dc5042a75902d3f", kill_on_drop: false }`
[INFO] [stderr]    Compiling libc v0.2.155
[INFO] [stderr]    Compiling autocfg v1.3.0
[INFO] [stderr]    Compiling rustversion v1.0.17
[INFO] [stderr]     Checking smallvec v1.13.2
[INFO] [stderr]    Compiling parking_lot_core v0.9.10
[INFO] [stderr]    Compiling crossbeam-utils v0.8.19
[INFO] [stderr]    Compiling nix v0.28.0
[INFO] [stderr]     Checking bitflags v2.5.0
[INFO] [stderr]     Checking log v0.4.21
[INFO] [stderr]     Checking lazy_static v1.4.0
[INFO] [stderr]     Checking itoa v1.0.11
[INFO] [stderr]     Checking crossbeam-epoch v0.9.18
[INFO] [stderr]     Checking crossbeam-channel v0.5.12
[INFO] [stderr]     Checking crossbeam-queue v0.3.11
[INFO] [stderr]     Checking once_cell v1.19.0
[INFO] [stderr]     Checking httpdate v1.0.3
[INFO] [stderr]    Compiling lock_api v0.4.12
[INFO] [stderr]    Compiling memoffset v0.9.1
[INFO] [stderr]     Checking crossbeam-deque v0.8.5
[INFO] [stderr]     Checking bytes v1.6.0
[INFO] [stderr]     Checking crossbeam v0.8.4
[INFO] [stderr]    Compiling may_queue v0.1.22
[INFO] [stderr]    Compiling may v0.3.45
[INFO] [stderr]     Checking num_cpus v1.16.0
[INFO] [stderr]     Checking generator v0.8.1
[INFO] [stderr]     Checking socket2 v0.5.7
[INFO] [stderr]     Checking core_affinity v0.8.1
[INFO] [stderr]     Checking parking_lot v0.12.2
[INFO] [stdout] error[E0080]: evaluation of constant value failed
[INFO] [stdout]   --> /opt/rustwide/cargo-home/registry/src/index.crates.io-6f17d22bba15001f/may-0.3.45/src/sync/spsc.rs:72:15
[INFO] [stdout]    |
[INFO] [stdout] 72 | const _: () = assert!(std::mem::size_of::<Thread>() == std::mem::size_of::<usize>());
[INFO] [stdout]    |               ^^^^^^^^^^^^^^^^^^^^^^^^^^^^^^^^^^^^^^^^^^^^^^^^^^^^^^^^^^^^^^^^^^^^^^ the evaluated program panicked at 'assertion failed: std::mem::size_of::<Thread>() == std::mem::size_of::<usize>()', /opt/rustwide/cargo-home/registry/src/index.crates.io-6f17d22bba15001f/may-0.3.45/src/sync/spsc.rs:72:15
[INFO] [stdout]    |
[INFO] [stdout]    = note: this error originates in the macro `assert` (in Nightly builds, run with -Z macro-backtrace for more info)
[INFO] [stdout] 
[INFO] [stdout] 
[INFO] [stdout] error[E0512]: cannot transmute between types of different sizes, or dependently-sized types
[INFO] [stdout]   --> /opt/rustwide/cargo-home/registry/src/index.crates.io-6f17d22bba15001f/may-0.3.45/src/sync/spsc.rs:86:35
[INFO] [stdout]    |
[INFO] [stdout] 86 |         let mut handle = unsafe { std::mem::transmute(thread) };
[INFO] [stdout]    |                                   ^^^^^^^^^^^^^^^^^^^
[INFO] [stdout]    |
[INFO] [stdout]    = note: source type: `Thread` (128 bits)
[INFO] [stdout]    = note: target type: `NonZero<usize>` (64 bits)
[INFO] [stdout] 
[INFO] [stdout] 
[INFO] [stdout] error[E0512]: cannot transmute between types of different sizes, or dependently-sized types
[INFO] [stdout]    --> /opt/rustwide/cargo-home/registry/src/index.crates.io-6f17d22bba15001f/may-0.3.45/src/sync/spsc.rs:100:31
[INFO] [stdout]     |
[INFO] [stdout] 100 |         let thread = unsafe { std::mem::transmute(self.handle.get() & !1) };
[INFO] [stdout]     |                               ^^^^^^^^^^^^^^^^^^^
[INFO] [stdout]     |
[INFO] [stdout]     = note: source type: `usize` (64 bits)
[INFO] [stdout]     = note: target type: `Thread` (128 bits)
[INFO] [stdout] 
[INFO] [stdout] 
[INFO] [stdout] error[E0512]: cannot transmute between types of different sizes, or dependently-sized types
[INFO] [stdout]    --> /opt/rustwide/cargo-home/registry/src/index.crates.io-6f17d22bba15001f/may-0.3.45/src/sync/spsc.rs:123:44
[INFO] [stdout]     |
[INFO] [stdout] 123 |             let _thread: Thread = unsafe { std::mem::transmute(self.handle.get() & !1) };
[INFO] [stdout]     |                                            ^^^^^^^^^^^^^^^^^^^
[INFO] [stdout]     |
[INFO] [stdout]     = note: source type: `usize` (64 bits)
[INFO] [stdout]     = note: target type: `Thread` (128 bits)
[INFO] [stdout] 
[INFO] [stdout] 
[INFO] [stdout] Some errors have detailed explanations: E0080, E0512.
[INFO] [stdout] 
[INFO] [stdout] For more information about an error, try `rustc --explain E0080`.
[INFO] [stdout] 
[INFO] [stderr] error: could not compile `may` (lib) due to 4 previous errors
[INFO] running `Command { std: "docker" "inspect" "873639b4ab3f8f2e3d94af082c983bb27aeb1b5f80fcb2c56dc5042a75902d3f", kill_on_drop: false }`
[INFO] running `Command { std: "docker" "rm" "-f" "873639b4ab3f8f2e3d94af082c983bb27aeb1b5f80fcb2c56dc5042a75902d3f", kill_on_drop: false }`
[INFO] [stdout] 873639b4ab3f8f2e3d94af082c983bb27aeb1b5f80fcb2c56dc5042a75902d3f
