[INFO] cloning repository https://github.com/biluohc/zipcs
[INFO] running `Command { std: "git" "-c" "credential.helper=" "-c" "credential.helper=/workspace/cargo-home/bin/git-credential-null" "clone" "--bare" "https://github.com/biluohc/zipcs" "/workspace/cache/git-repos/https%3A%2F%2Fgithub.com%2Fbiluohc%2Fzipcs", kill_on_drop: false }`
[INFO] [stderr] Cloning into bare repository '/workspace/cache/git-repos/https%3A%2F%2Fgithub.com%2Fbiluohc%2Fzipcs'...
[INFO] running `Command { std: "git" "rev-parse" "HEAD", kill_on_drop: false }`
[INFO] [stdout] e86000dc1ba2deed3cdcb85e9cfcc677168f0ea9
[INFO] documenting biluohc/zipcs against beta-2024-12-08 for beta-rustdoc-1.84.0-4-retry
[INFO] running `Command { std: "git" "clone" "/workspace/cache/git-repos/https%3A%2F%2Fgithub.com%2Fbiluohc%2Fzipcs" "/workspace/builds/worker-7-tc2/source", kill_on_drop: false }`
[INFO] [stderr] Cloning into '/workspace/builds/worker-7-tc2/source'...
[INFO] [stderr] done.
[INFO] validating manifest of git repo https://github.com/biluohc/zipcs on toolchain beta-2024-12-08
[INFO] running `Command { std: CARGO_HOME="/workspace/cargo-home" RUSTUP_HOME="/workspace/rustup-home" "/workspace/cargo-home/bin/cargo" "+beta-2024-12-08" "metadata" "--manifest-path" "Cargo.toml" "--no-deps", kill_on_drop: false }`
[INFO] started tweaking git repo https://github.com/biluohc/zipcs
[INFO] finished tweaking git repo https://github.com/biluohc/zipcs
[INFO] tweaked toml for git repo https://github.com/biluohc/zipcs written to /workspace/builds/worker-7-tc2/source/Cargo.toml
[INFO] crate git repo https://github.com/biluohc/zipcs already has a lockfile, it will not be regenerated
[INFO] running `Command { std: CARGO_HOME="/workspace/cargo-home" RUSTUP_HOME="/workspace/rustup-home" "/workspace/cargo-home/bin/cargo" "+beta-2024-12-08" "fetch" "--manifest-path" "Cargo.toml", kill_on_drop: false }`
[INFO] running `Command { std: "docker" "create" "-v" "/var/lib/crater-agent-workspace/builds/worker-7-tc2/target:/opt/rustwide/target:rw,Z" "-v" "/var/lib/crater-agent-workspace/builds/worker-7-tc2/source:/opt/rustwide/workdir:ro,Z" "-v" "/var/lib/crater-agent-workspace/cargo-home:/opt/rustwide/cargo-home:ro,Z" "-v" "/var/lib/crater-agent-workspace/rustup-home:/opt/rustwide/rustup-home:ro,Z" "-e" "SOURCE_DIR=/opt/rustwide/workdir" "-e" "CARGO_TARGET_DIR=/opt/rustwide/target" "-e" "CARGO_HOME=/opt/rustwide/cargo-home" "-e" "RUSTUP_HOME=/opt/rustwide/rustup-home" "-w" "/opt/rustwide/workdir" "-m" "1610612736" "--user" "0:0" "--network" "none" "ghcr.io/rust-lang/crates-build-env/linux@sha256:f3a9d4ad9d972b27faf3965f35b62e55ba32bbce8f20bc8fe909558a86702fde" "/opt/rustwide/cargo-home/bin/cargo" "+beta-2024-12-08" "metadata" "--no-deps" "--format-version=1", kill_on_drop: false }`
[INFO] [stdout] 12d3df35fb1cb0ce0c29bf6811ac018baaa28c72afa0db029381e25255222f1a
[INFO] running `Command { std: "docker" "start" "-a" "12d3df35fb1cb0ce0c29bf6811ac018baaa28c72afa0db029381e25255222f1a", kill_on_drop: false }`
[INFO] running `Command { std: "docker" "inspect" "12d3df35fb1cb0ce0c29bf6811ac018baaa28c72afa0db029381e25255222f1a", kill_on_drop: false }`
[INFO] running `Command { std: "docker" "rm" "-f" "12d3df35fb1cb0ce0c29bf6811ac018baaa28c72afa0db029381e25255222f1a", kill_on_drop: false }`
[INFO] [stdout] 12d3df35fb1cb0ce0c29bf6811ac018baaa28c72afa0db029381e25255222f1a
[INFO] running `Command { std: "docker" "create" "-v" "/var/lib/crater-agent-workspace/builds/worker-7-tc2/target:/opt/rustwide/target:rw,Z" "-v" "/var/lib/crater-agent-workspace/builds/worker-7-tc2/source:/opt/rustwide/workdir:ro,Z" "-v" "/var/lib/crater-agent-workspace/cargo-home:/opt/rustwide/cargo-home:ro,Z" "-v" "/var/lib/crater-agent-workspace/rustup-home:/opt/rustwide/rustup-home:ro,Z" "-e" "SOURCE_DIR=/opt/rustwide/workdir" "-e" "CARGO_TARGET_DIR=/opt/rustwide/target" "-e" "CARGO_INCREMENTAL=0" "-e" "RUST_BACKTRACE=full" "-e" "RUSTFLAGS=--cap-lints=warn" "-e" "RUSTDOCFLAGS=--cap-lints=warn" "-e" "CARGO_HOME=/opt/rustwide/cargo-home" "-e" "RUSTUP_HOME=/opt/rustwide/rustup-home" "-w" "/opt/rustwide/workdir" "-m" "1610612736" "--user" "0:0" "--network" "none" "ghcr.io/rust-lang/crates-build-env/linux@sha256:f3a9d4ad9d972b27faf3965f35b62e55ba32bbce8f20bc8fe909558a86702fde" "/opt/rustwide/cargo-home/bin/cargo" "+beta-2024-12-08" "doc" "--frozen" "--no-deps" "--document-private-items" "--message-format=json", kill_on_drop: false }`
[INFO] [stdout] e35d8c85ef03cb1c25a99e7df01503be6393ad7dc4752df27d2861d6046dc821
[INFO] running `Command { std: "docker" "start" "-a" "e35d8c85ef03cb1c25a99e7df01503be6393ad7dc4752df27d2861d6046dc821", kill_on_drop: false }`
[INFO] [stderr]    Compiling libc v0.2.126
[INFO] [stderr]    Compiling log v0.4.17
[INFO] [stderr]    Compiling proc-macro2 v1.0.39
[INFO] [stderr]    Compiling memchr v2.5.0
[INFO] [stderr]    Compiling unicode-ident v1.0.0
[INFO] [stderr]    Compiling futures-core v0.3.21
[INFO] [stderr]    Compiling syn v1.0.95
[INFO] [stderr]    Compiling generic-array v0.14.5
[INFO] [stderr]     Checking slab v0.4.6
[INFO] [stderr]     Checking pin-project-lite v0.2.9
[INFO] [stderr]     Checking cfg-if v0.1.10
[INFO] [stderr]     Checking itoa v1.0.2
[INFO] [stderr]    Compiling futures-task v0.3.21
[INFO] [stderr]     Checking futures-sink v0.3.21
[INFO] [stderr]    Compiling futures-channel v0.3.21
[INFO] [stderr]     Checking bytes v0.5.6
[INFO] [stderr]    Compiling encoding_index_tests v0.1.4
[INFO] [stderr]    Compiling futures-util v0.3.21
[INFO] [stderr]     Checking once_cell v1.11.0
[INFO] [stderr]    Compiling unicase v2.6.0
[INFO] [stderr]     Checking futures-io v0.3.21
[INFO] [stderr]     Checking pin-project-lite v0.1.12
[INFO] [stderr]     Checking subtle v2.4.1
[INFO] [stderr]     Checking tracing-core v0.1.26
[INFO] [stderr]    Compiling indexmap v1.8.1
[INFO] [stderr]     Checking bytes v1.1.0
[INFO] [stderr]     Checking crypto-common v0.1.3
[INFO] [stderr]    Compiling quote v1.0.18
[INFO] [stderr]     Checking block-buffer v0.10.2
[INFO] [stderr]     Checking net2 v0.2.37
[INFO] [stderr]     Checking iovec v0.1.4
[INFO] [stderr]     Checking signal-hook-registry v1.4.0
[INFO] [stderr]    Compiling jobserver v0.1.24
[INFO] [stderr]     Checking digest v0.10.3
[INFO] [stderr]     Checking tracing v0.1.34
[INFO] [stderr]     Checking mio v0.6.23
[INFO] [stderr]    Compiling num-traits v0.2.15
[INFO] [stderr]     Checking hashbrown v0.11.2
[INFO] [stderr]    Compiling httparse v1.7.1
[INFO] [stderr]     Checking http v0.2.7
[INFO] [stderr]    Compiling cc v1.0.73
[INFO] [stderr]     Checking cpufeatures v0.2.2
[INFO] [stderr]     Checking matches v0.1.9
[INFO] [stderr]     Checking tinyvec v1.6.0
[INFO] [stderr]     Checking miniz_oxide v0.5.1
[INFO] [stderr]     Checking time v0.1.44
[INFO] [stderr]     Checking mio-uds v0.6.8
[INFO] [stderr]    Compiling num-integer v0.1.45
[INFO] [stderr]    Compiling serde v1.0.137
[INFO] [stderr]     Checking tokio v0.2.25
[INFO] [stderr]     Checking try-lock v0.2.3
[INFO] [stderr]    Compiling rayon-core v1.9.3
[INFO] [stderr]     Checking percent-encoding v2.1.0
[INFO] [stderr]    Compiling zstd-safe v4.1.6+zstd.1.5.2
[INFO] [stderr]     Checking base64 v0.12.3
[INFO] [stderr]     Checking form_urlencoded v1.0.1
[INFO] [stderr]     Checking want v0.3.0
[INFO] [stderr]     Checking unicode-normalization v0.1.19
[INFO] [stderr]    Compiling ring v0.16.20
[INFO] [stderr]    Compiling zstd-sys v1.6.3+zstd.1.5.2
[INFO] [stderr]    Compiling bzip2-sys v0.1.11+1.0.8
[INFO] [stderr]     Checking http-body v0.3.1
[INFO] [stderr]     Checking flate2 v1.0.23
[INFO] [stderr]    Compiling mime_guess v2.0.4
[INFO] [stderr]     Checking socket2 v0.3.19
[INFO] [stderr]    Compiling encoding-index-singlebyte v1.20141219.5
[INFO] [stderr]    Compiling encoding-index-tradchinese v1.20141219.5
[INFO] [stderr]    Compiling encoding-index-simpchinese v1.20141219.5
[INFO] [stderr]    Compiling encoding-index-japanese v1.20141219.5
[INFO] [stderr]    Compiling encoding-index-korean v1.20141219.5
[INFO] [stderr]     Checking tower-service v0.3.1
[INFO] [stderr]     Checking httpdate v0.3.2
[INFO] [stderr]     Checking base64ct v1.0.1
[INFO] [stderr]     Checking rand_core v0.6.3
[INFO] [stderr]     Checking unicode-bidi v0.3.8
[INFO] [stderr]     Checking itoa v0.4.8
[INFO] [stderr]    Compiling encoding_rs v0.8.31
[INFO] [stderr]    Compiling encoding v0.2.33
[INFO] [stderr]     Checking password-hash v0.3.2
[INFO] [stderr]     Checking idna v0.2.3
[INFO] [stderr]     Checking sha2 v0.10.2
[INFO] [stderr]     Checking hmac v0.12.1
[INFO] [stderr]     Checking atty v0.2.14
[INFO] [stderr]     Checking dirs v1.0.5
[INFO] [stderr]     Checking num_cpus v1.13.1
[INFO] [stderr]     Checking cipher v0.3.0
[INFO] [stderr]    Compiling rayon v1.5.3
[INFO] [stderr]    Compiling time-macros v0.2.4
[INFO] [stderr]     Checking mime v0.3.16
[INFO] [stderr]     Checking tokio-util v0.3.1
[INFO] [stderr]     Checking opaque-debug v0.3.0
[INFO] [stderr]    Compiling chardet v0.2.4
[INFO] [stderr]     Checking ryu v1.0.10
[INFO] [stderr]     Checking num_threads v0.1.6
[INFO] [stderr]     Checking lazy_static v0.2.11
[INFO] [stderr]     Checking stderr v0.8.0
[INFO] [stderr]     Checking aes v0.7.5
[INFO] [stderr]     Checking term v0.5.2
[INFO] [stderr]     Checking url v2.2.2
[INFO] [stderr]    Compiling zcs v0.3.9 (/opt/rustwide/workdir)
[INFO] [stderr]     Checking colored v2.0.0
[INFO] [stderr]     Checking pbkdf2 v0.10.1
[INFO] [stderr]     Checking chrono v0.4.19
[INFO] [stderr]     Checking async-compression v0.3.14
[INFO] [stderr]     Checking sha1 v0.10.1
[INFO] [stderr]     Checking aho-corasick v0.7.18
[INFO] [stderr]     Checking regex-syntax v0.6.26
[INFO] [stderr]     Checking ipnet v2.5.0
[INFO] [stderr]     Checking quick-error v1.2.3
[INFO] [stderr]     Checking base64 v0.13.0
[INFO] [stderr]     Checking constant_time_eq v0.1.5
[INFO] [stderr]     Checking app v0.6.5
[INFO] [stderr]    Compiling futures-macro v0.3.21
[INFO] [stderr]    Compiling pin-project-internal v1.0.10
[INFO] [stderr]     Checking time v0.3.9
[INFO] [stderr]     Checking nonblock-logger v0.1.6
[INFO] [stdout] error[E0277]: the trait bound `Box<dyn OptValueParse<'_>>: From<&mut [char]>` is not satisfied
[INFO] [stdout]    --> /opt/rustwide/cargo-home/registry/src/index.crates.io-6f17d22bba15001f/app-0.6.5/src/ovp.rs:513:23
[INFO] [stdout]     |
[INFO] [stdout] 513 |         OptValue::new(Box::from(self))
[INFO] [stdout]     |                       ^^^ the trait `From<&mut [char]>` is not implemented for `Box<dyn OptValueParse<'_>>`
[INFO] [stdout]     |
[INFO] [stdout]     = help: the following other types implement trait `From<T>`:
[INFO] [stdout]               `Box<CStr>` implements `From<&CStr>`
[INFO] [stdout]               `Box<CStr>` implements `From<&mut CStr>`
[INFO] [stdout]               `Box<CStr>` implements `From<CString>`
[INFO] [stdout]               `Box<CStr>` implements `From<Cow<'_, CStr>>`
[INFO] [stdout]               `Box<OsStr>` implements `From<&OsStr>`
[INFO] [stdout]               `Box<OsStr>` implements `From<&mut OsStr>`
[INFO] [stdout]               `Box<OsStr>` implements `From<Cow<'_, OsStr>>`
[INFO] [stdout]               `Box<OsStr>` implements `From<OsString>`
[INFO] [stdout]             and 23 others
[INFO] [stdout] 
[INFO] [stdout] 
[INFO] [stdout] error[E0277]: the trait bound `Box<dyn OptValueParse<'_>>: From<&mut [String]>` is not satisfied
[INFO] [stdout]    --> /opt/rustwide/cargo-home/registry/src/index.crates.io-6f17d22bba15001f/app-0.6.5/src/ovp.rs:562:23
[INFO] [stdout]     |
[INFO] [stdout] 562 |         OptValue::new(Box::from(self))
[INFO] [stdout]     |                       ^^^ the trait `From<&mut [String]>` is not implemented for `Box<dyn OptValueParse<'_>>`
[INFO] [stdout]     |
[INFO] [stdout]     = help: the following other types implement trait `From<T>`:
[INFO] [stdout]               `Box<CStr>` implements `From<&CStr>`
[INFO] [stdout]               `Box<CStr>` implements `From<&mut CStr>`
[INFO] [stdout]               `Box<CStr>` implements `From<CString>`
[INFO] [stdout]               `Box<CStr>` implements `From<Cow<'_, CStr>>`
[INFO] [stdout]               `Box<OsStr>` implements `From<&OsStr>`
[INFO] [stdout]               `Box<OsStr>` implements `From<&mut OsStr>`
[INFO] [stdout]               `Box<OsStr>` implements `From<Cow<'_, OsStr>>`
[INFO] [stdout]               `Box<OsStr>` implements `From<OsString>`
[INFO] [stdout]             and 23 others
[INFO] [stdout] 
[INFO] [stdout] 
[INFO] [stdout] error[E0277]: the trait bound `Box<dyn OptValueParse<'_>>: From<&mut [bool]>` is not satisfied
[INFO] [stdout]    --> /opt/rustwide/cargo-home/registry/src/index.crates.io-6f17d22bba15001f/app-0.6.5/src/ovp.rs:608:23
[INFO] [stdout]     |
[INFO] [stdout] 608 |         OptValue::new(Box::from(self))
[INFO] [stdout]     |                       ^^^ the trait `From<&mut [bool]>` is not implemented for `Box<dyn OptValueParse<'_>>`
[INFO] [stdout] ...
[INFO] [stdout] 663 | add_slice_impl! { bool usize u8 u16 u32 u64 isize i8 i16 i32 i64 f32 f64 }
[INFO] [stdout]     | -------------------------------------------------------------------------- in this macro invocation
[INFO] [stdout]     |
[INFO] [stdout]     = help: the following other types implement trait `From<T>`:
[INFO] [stdout]               `Box<CStr>` implements `From<&CStr>`
[INFO] [stdout]               `Box<CStr>` implements `From<&mut CStr>`
[INFO] [stdout]               `Box<CStr>` implements `From<CString>`
[INFO] [stdout]               `Box<CStr>` implements `From<Cow<'_, CStr>>`
[INFO] [stdout]               `Box<OsStr>` implements `From<&OsStr>`
[INFO] [stdout]               `Box<OsStr>` implements `From<&mut OsStr>`
[INFO] [stdout]               `Box<OsStr>` implements `From<Cow<'_, OsStr>>`
[INFO] [stdout]               `Box<OsStr>` implements `From<OsString>`
[INFO] [stdout]             and 23 others
[INFO] [stdout]     = note: this error originates in the macro `add_slice_impl` (in Nightly builds, run with -Z macro-backtrace for more info)
[INFO] [stdout] 
[INFO] [stdout] 
[INFO] [stdout] error[E0277]: the trait bound `Box<dyn OptValueParse<'_>>: From<&mut [usize]>` is not satisfied
[INFO] [stdout]    --> /opt/rustwide/cargo-home/registry/src/index.crates.io-6f17d22bba15001f/app-0.6.5/src/ovp.rs:608:23
[INFO] [stdout]     |
[INFO] [stdout] 608 |         OptValue::new(Box::from(self))
[INFO] [stdout]     |                       ^^^ the trait `From<&mut [usize]>` is not implemented for `Box<dyn OptValueParse<'_>>`
[INFO] [stdout] ...
[INFO] [stdout] 663 | add_slice_impl! { bool usize u8 u16 u32 u64 isize i8 i16 i32 i64 f32 f64 }
[INFO] [stdout]     | -------------------------------------------------------------------------- in this macro invocation
[INFO] [stdout]     |
[INFO] [stdout]     = help: the following other types implement trait `From<T>`:
[INFO] [stdout]               `Box<CStr>` implements `From<&CStr>`
[INFO] [stdout]               `Box<CStr>` implements `From<&mut CStr>`
[INFO] [stdout]               `Box<CStr>` implements `From<CString>`
[INFO] [stdout]               `Box<CStr>` implements `From<Cow<'_, CStr>>`
[INFO] [stdout]               `Box<OsStr>` implements `From<&OsStr>`
[INFO] [stdout]               `Box<OsStr>` implements `From<&mut OsStr>`
[INFO] [stdout]               `Box<OsStr>` implements `From<Cow<'_, OsStr>>`
[INFO] [stdout]               `Box<OsStr>` implements `From<OsString>`
[INFO] [stdout]             and 23 others
[INFO] [stdout]     = note: this error originates in the macro `add_slice_impl` (in Nightly builds, run with -Z macro-backtrace for more info)
[INFO] [stdout] 
[INFO] [stdout] 
[INFO] [stdout] error[E0277]: the trait bound `Box<dyn OptValueParse<'_>>: From<&mut [u8]>` is not satisfied
[INFO] [stdout]    --> /opt/rustwide/cargo-home/registry/src/index.crates.io-6f17d22bba15001f/app-0.6.5/src/ovp.rs:608:23
[INFO] [stdout]     |
[INFO] [stdout] 608 |         OptValue::new(Box::from(self))
[INFO] [stdout]     |                       ^^^ the trait `From<&mut [u8]>` is not implemented for `Box<dyn OptValueParse<'_>>`
[INFO] [stdout] ...
[INFO] [stdout] 663 | add_slice_impl! { bool usize u8 u16 u32 u64 isize i8 i16 i32 i64 f32 f64 }
[INFO] [stdout]     | -------------------------------------------------------------------------- in this macro invocation
[INFO] [stdout]     |
[INFO] [stdout]     = help: the following other types implement trait `From<T>`:
[INFO] [stdout]               `Box<CStr>` implements `From<&CStr>`
[INFO] [stdout]               `Box<CStr>` implements `From<&mut CStr>`
[INFO] [stdout]               `Box<CStr>` implements `From<CString>`
[INFO] [stdout]               `Box<CStr>` implements `From<Cow<'_, CStr>>`
[INFO] [stdout]               `Box<OsStr>` implements `From<&OsStr>`
[INFO] [stdout]               `Box<OsStr>` implements `From<&mut OsStr>`
[INFO] [stdout]               `Box<OsStr>` implements `From<Cow<'_, OsStr>>`
[INFO] [stdout]               `Box<OsStr>` implements `From<OsString>`
[INFO] [stdout]             and 23 others
[INFO] [stdout]     = note: this error originates in the macro `add_slice_impl` (in Nightly builds, run with -Z macro-backtrace for more info)
[INFO] [stdout] 
[INFO] [stdout] 
[INFO] [stdout] error[E0277]: the trait bound `Box<dyn OptValueParse<'_>>: From<&mut [u16]>` is not satisfied
[INFO] [stdout]    --> /opt/rustwide/cargo-home/registry/src/index.crates.io-6f17d22bba15001f/app-0.6.5/src/ovp.rs:608:23
[INFO] [stdout]     |
[INFO] [stdout] 608 |         OptValue::new(Box::from(self))
[INFO] [stdout]     |                       ^^^ the trait `From<&mut [u16]>` is not implemented for `Box<dyn OptValueParse<'_>>`
[INFO] [stdout] ...
[INFO] [stdout] 663 | add_slice_impl! { bool usize u8 u16 u32 u64 isize i8 i16 i32 i64 f32 f64 }
[INFO] [stdout]     | -------------------------------------------------------------------------- in this macro invocation
[INFO] [stdout]     |
[INFO] [stdout]     = help: the following other types implement trait `From<T>`:
[INFO] [stdout]               `Box<CStr>` implements `From<&CStr>`
[INFO] [stdout]               `Box<CStr>` implements `From<&mut CStr>`
[INFO] [stdout]               `Box<CStr>` implements `From<CString>`
[INFO] [stdout]               `Box<CStr>` implements `From<Cow<'_, CStr>>`
[INFO] [stdout]               `Box<OsStr>` implements `From<&OsStr>`
[INFO] [stdout]               `Box<OsStr>` implements `From<&mut OsStr>`
[INFO] [stdout]               `Box<OsStr>` implements `From<Cow<'_, OsStr>>`
[INFO] [stdout]               `Box<OsStr>` implements `From<OsString>`
[INFO] [stdout]             and 23 others
[INFO] [stdout]     = note: this error originates in the macro `add_slice_impl` (in Nightly builds, run with -Z macro-backtrace for more info)
[INFO] [stdout] 
[INFO] [stdout] 
[INFO] [stdout] error[E0277]: the trait bound `Box<dyn OptValueParse<'_>>: From<&mut [u32]>` is not satisfied
[INFO] [stdout]    --> /opt/rustwide/cargo-home/registry/src/index.crates.io-6f17d22bba15001f/app-0.6.5/src/ovp.rs:608:23
[INFO] [stdout]     |
[INFO] [stdout] 608 |         OptValue::new(Box::from(self))
[INFO] [stdout]     |                       ^^^ the trait `From<&mut [u32]>` is not implemented for `Box<dyn OptValueParse<'_>>`
[INFO] [stdout] ...
[INFO] [stdout] 663 | add_slice_impl! { bool usize u8 u16 u32 u64 isize i8 i16 i32 i64 f32 f64 }
[INFO] [stdout]     | -------------------------------------------------------------------------- in this macro invocation
[INFO] [stdout]     |
[INFO] [stdout]     = help: the following other types implement trait `From<T>`:
[INFO] [stdout]               `Box<CStr>` implements `From<&CStr>`
[INFO] [stdout]               `Box<CStr>` implements `From<&mut CStr>`
[INFO] [stdout]               `Box<CStr>` implements `From<CString>`
[INFO] [stdout]               `Box<CStr>` implements `From<Cow<'_, CStr>>`
[INFO] [stdout]               `Box<OsStr>` implements `From<&OsStr>`
[INFO] [stdout]               `Box<OsStr>` implements `From<&mut OsStr>`
[INFO] [stdout]               `Box<OsStr>` implements `From<Cow<'_, OsStr>>`
[INFO] [stdout]               `Box<OsStr>` implements `From<OsString>`
[INFO] [stdout]             and 23 others
[INFO] [stdout]     = note: this error originates in the macro `add_slice_impl` (in Nightly builds, run with -Z macro-backtrace for more info)
[INFO] [stdout] 
[INFO] [stdout] 
[INFO] [stdout] error[E0277]: the trait bound `Box<dyn OptValueParse<'_>>: From<&mut [u64]>` is not satisfied
[INFO] [stdout]    --> /opt/rustwide/cargo-home/registry/src/index.crates.io-6f17d22bba15001f/app-0.6.5/src/ovp.rs:608:23
[INFO] [stdout]     |
[INFO] [stdout] 608 |         OptValue::new(Box::from(self))
[INFO] [stdout]     |                       ^^^ the trait `From<&mut [u64]>` is not implemented for `Box<dyn OptValueParse<'_>>`
[INFO] [stdout] ...
[INFO] [stdout] 663 | add_slice_impl! { bool usize u8 u16 u32 u64 isize i8 i16 i32 i64 f32 f64 }
[INFO] [stdout]     | -------------------------------------------------------------------------- in this macro invocation
[INFO] [stdout]     |
[INFO] [stdout]     = help: the following other types implement trait `From<T>`:
[INFO] [stdout]               `Box<CStr>` implements `From<&CStr>`
[INFO] [stdout]               `Box<CStr>` implements `From<&mut CStr>`
[INFO] [stdout]               `Box<CStr>` implements `From<CString>`
[INFO] [stdout]               `Box<CStr>` implements `From<Cow<'_, CStr>>`
[INFO] [stdout]               `Box<OsStr>` implements `From<&OsStr>`
[INFO] [stdout]               `Box<OsStr>` implements `From<&mut OsStr>`
[INFO] [stdout]               `Box<OsStr>` implements `From<Cow<'_, OsStr>>`
[INFO] [stdout]               `Box<OsStr>` implements `From<OsString>`
[INFO] [stdout]             and 23 others
[INFO] [stdout]     = note: this error originates in the macro `add_slice_impl` (in Nightly builds, run with -Z macro-backtrace for more info)
[INFO] [stdout] 
[INFO] [stdout] 
[INFO] [stdout] error[E0277]: the trait bound `Box<dyn OptValueParse<'_>>: From<&mut [isize]>` is not satisfied
[INFO] [stdout]    --> /opt/rustwide/cargo-home/registry/src/index.crates.io-6f17d22bba15001f/app-0.6.5/src/ovp.rs:608:23
[INFO] [stdout]     |
[INFO] [stdout] 608 |         OptValue::new(Box::from(self))
[INFO] [stdout]     |                       ^^^ the trait `From<&mut [isize]>` is not implemented for `Box<dyn OptValueParse<'_>>`
[INFO] [stdout] ...
[INFO] [stdout] 663 | add_slice_impl! { bool usize u8 u16 u32 u64 isize i8 i16 i32 i64 f32 f64 }
[INFO] [stdout]     | -------------------------------------------------------------------------- in this macro invocation
[INFO] [stdout]     |
[INFO] [stdout]     = help: the following other types implement trait `From<T>`:
[INFO] [stdout]               `Box<CStr>` implements `From<&CStr>`
[INFO] [stdout]               `Box<CStr>` implements `From<&mut CStr>`
[INFO] [stdout]               `Box<CStr>` implements `From<CString>`
[INFO] [stdout]               `Box<CStr>` implements `From<Cow<'_, CStr>>`
[INFO] [stdout]               `Box<OsStr>` implements `From<&OsStr>`
[INFO] [stdout]               `Box<OsStr>` implements `From<&mut OsStr>`
[INFO] [stdout]               `Box<OsStr>` implements `From<Cow<'_, OsStr>>`
[INFO] [stdout]               `Box<OsStr>` implements `From<OsString>`
[INFO] [stdout]             and 23 others
[INFO] [stdout]     = note: this error originates in the macro `add_slice_impl` (in Nightly builds, run with -Z macro-backtrace for more info)
[INFO] [stdout] 
[INFO] [stdout] 
[INFO] [stdout] error[E0277]: the trait bound `Box<dyn OptValueParse<'_>>: From<&mut [i8]>` is not satisfied
[INFO] [stdout]    --> /opt/rustwide/cargo-home/registry/src/index.crates.io-6f17d22bba15001f/app-0.6.5/src/ovp.rs:608:23
[INFO] [stdout]     |
[INFO] [stdout] 608 |         OptValue::new(Box::from(self))
[INFO] [stdout]     |                       ^^^ the trait `From<&mut [i8]>` is not implemented for `Box<dyn OptValueParse<'_>>`
[INFO] [stdout] ...
[INFO] [stdout] 663 | add_slice_impl! { bool usize u8 u16 u32 u64 isize i8 i16 i32 i64 f32 f64 }
[INFO] [stdout]     | -------------------------------------------------------------------------- in this macro invocation
[INFO] [stdout]     |
[INFO] [stdout]     = help: the following other types implement trait `From<T>`:
[INFO] [stdout]               `Box<CStr>` implements `From<&CStr>`
[INFO] [stdout]               `Box<CStr>` implements `From<&mut CStr>`
[INFO] [stdout]               `Box<CStr>` implements `From<CString>`
[INFO] [stdout]               `Box<CStr>` implements `From<Cow<'_, CStr>>`
[INFO] [stdout]               `Box<OsStr>` implements `From<&OsStr>`
[INFO] [stdout]               `Box<OsStr>` implements `From<&mut OsStr>`
[INFO] [stdout]               `Box<OsStr>` implements `From<Cow<'_, OsStr>>`
[INFO] [stdout]               `Box<OsStr>` implements `From<OsString>`
[INFO] [stdout]             and 23 others
[INFO] [stdout]     = note: this error originates in the macro `add_slice_impl` (in Nightly builds, run with -Z macro-backtrace for more info)
[INFO] [stdout] 
[INFO] [stdout] 
[INFO] [stdout] error[E0277]: the trait bound `Box<dyn OptValueParse<'_>>: From<&mut [i16]>` is not satisfied
[INFO] [stdout]    --> /opt/rustwide/cargo-home/registry/src/index.crates.io-6f17d22bba15001f/app-0.6.5/src/ovp.rs:608:23
[INFO] [stdout]     |
[INFO] [stdout] 608 |         OptValue::new(Box::from(self))
[INFO] [stdout]     |                       ^^^ the trait `From<&mut [i16]>` is not implemented for `Box<dyn OptValueParse<'_>>`
[INFO] [stdout] ...
[INFO] [stdout] 663 | add_slice_impl! { bool usize u8 u16 u32 u64 isize i8 i16 i32 i64 f32 f64 }
[INFO] [stdout]     | -------------------------------------------------------------------------- in this macro invocation
[INFO] [stdout]     |
[INFO] [stdout]     = help: the following other types implement trait `From<T>`:
[INFO] [stdout]               `Box<CStr>` implements `From<&CStr>`
[INFO] [stdout]               `Box<CStr>` implements `From<&mut CStr>`
[INFO] [stdout]               `Box<CStr>` implements `From<CString>`
[INFO] [stdout]               `Box<CStr>` implements `From<Cow<'_, CStr>>`
[INFO] [stdout]               `Box<OsStr>` implements `From<&OsStr>`
[INFO] [stdout]               `Box<OsStr>` implements `From<&mut OsStr>`
[INFO] [stdout]               `Box<OsStr>` implements `From<Cow<'_, OsStr>>`
[INFO] [stdout]               `Box<OsStr>` implements `From<OsString>`
[INFO] [stdout]             and 23 others
[INFO] [stdout]     = note: this error originates in the macro `add_slice_impl` (in Nightly builds, run with -Z macro-backtrace for more info)
[INFO] [stdout] 
[INFO] [stdout] 
[INFO] [stdout] error[E0277]: the trait bound `Box<dyn OptValueParse<'_>>: From<&mut [i32]>` is not satisfied
[INFO] [stdout]    --> /opt/rustwide/cargo-home/registry/src/index.crates.io-6f17d22bba15001f/app-0.6.5/src/ovp.rs:608:23
[INFO] [stdout]     |
[INFO] [stdout] 608 |         OptValue::new(Box::from(self))
[INFO] [stdout]     |                       ^^^ the trait `From<&mut [i32]>` is not implemented for `Box<dyn OptValueParse<'_>>`
[INFO] [stdout] ...
[INFO] [stdout] 663 | add_slice_impl! { bool usize u8 u16 u32 u64 isize i8 i16 i32 i64 f32 f64 }
[INFO] [stdout]     | -------------------------------------------------------------------------- in this macro invocation
[INFO] [stdout]     |
[INFO] [stdout]     = help: the following other types implement trait `From<T>`:
[INFO] [stdout]               `Box<CStr>` implements `From<&CStr>`
[INFO] [stdout]               `Box<CStr>` implements `From<&mut CStr>`
[INFO] [stdout]               `Box<CStr>` implements `From<CString>`
[INFO] [stdout]               `Box<CStr>` implements `From<Cow<'_, CStr>>`
[INFO] [stdout]               `Box<OsStr>` implements `From<&OsStr>`
[INFO] [stdout]               `Box<OsStr>` implements `From<&mut OsStr>`
[INFO] [stdout]               `Box<OsStr>` implements `From<Cow<'_, OsStr>>`
[INFO] [stdout]               `Box<OsStr>` implements `From<OsString>`
[INFO] [stdout]             and 23 others
[INFO] [stdout]     = note: this error originates in the macro `add_slice_impl` (in Nightly builds, run with -Z macro-backtrace for more info)
[INFO] [stdout] 
[INFO] [stdout] 
[INFO] [stdout] error[E0277]: the trait bound `Box<dyn OptValueParse<'_>>: From<&mut [i64]>` is not satisfied
[INFO] [stdout]    --> /opt/rustwide/cargo-home/registry/src/index.crates.io-6f17d22bba15001f/app-0.6.5/src/ovp.rs:608:23
[INFO] [stdout]     |
[INFO] [stdout] 608 |         OptValue::new(Box::from(self))
[INFO] [stdout]     |                       ^^^ the trait `From<&mut [i64]>` is not implemented for `Box<dyn OptValueParse<'_>>`
[INFO] [stdout] ...
[INFO] [stdout] 663 | add_slice_impl! { bool usize u8 u16 u32 u64 isize i8 i16 i32 i64 f32 f64 }
[INFO] [stdout]     | -------------------------------------------------------------------------- in this macro invocation
[INFO] [stdout]     |
[INFO] [stdout]     = help: the following other types implement trait `From<T>`:
[INFO] [stdout]               `Box<CStr>` implements `From<&CStr>`
[INFO] [stdout]               `Box<CStr>` implements `From<&mut CStr>`
[INFO] [stdout]               `Box<CStr>` implements `From<CString>`
[INFO] [stdout]               `Box<CStr>` implements `From<Cow<'_, CStr>>`
[INFO] [stdout]               `Box<OsStr>` implements `From<&OsStr>`
[INFO] [stdout]               `Box<OsStr>` implements `From<&mut OsStr>`
[INFO] [stdout]               `Box<OsStr>` implements `From<Cow<'_, OsStr>>`
[INFO] [stdout]               `Box<OsStr>` implements `From<OsString>`
[INFO] [stdout]             and 23 others
[INFO] [stdout]     = note: this error originates in the macro `add_slice_impl` (in Nightly builds, run with -Z macro-backtrace for more info)
[INFO] [stdout] 
[INFO] [stdout] 
[INFO] [stdout] error[E0277]: the trait bound `Box<dyn OptValueParse<'_>>: From<&mut [f32]>` is not satisfied
[INFO] [stdout]    --> /opt/rustwide/cargo-home/registry/src/index.crates.io-6f17d22bba15001f/app-0.6.5/src/ovp.rs:608:23
[INFO] [stdout]     |
[INFO] [stdout] 608 |         OptValue::new(Box::from(self))
[INFO] [stdout]     |                       ^^^ the trait `From<&mut [f32]>` is not implemented for `Box<dyn OptValueParse<'_>>`
[INFO] [stdout] ...
[INFO] [stdout] 663 | add_slice_impl! { bool usize u8 u16 u32 u64 isize i8 i16 i32 i64 f32 f64 }
[INFO] [stdout]     | -------------------------------------------------------------------------- in this macro invocation
[INFO] [stdout]     |
[INFO] [stdout]     = help: the following other types implement trait `From<T>`:
[INFO] [stdout]               `Box<CStr>` implements `From<&CStr>`
[INFO] [stdout]               `Box<CStr>` implements `From<&mut CStr>`
[INFO] [stdout]               `Box<CStr>` implements `From<CString>`
[INFO] [stdout]               `Box<CStr>` implements `From<Cow<'_, CStr>>`
[INFO] [stdout]               `Box<OsStr>` implements `From<&OsStr>`
[INFO] [stdout]               `Box<OsStr>` implements `From<&mut OsStr>`
[INFO] [stdout]               `Box<OsStr>` implements `From<Cow<'_, OsStr>>`
[INFO] [stdout]               `Box<OsStr>` implements `From<OsString>`
[INFO] [stdout]             and 23 others
[INFO] [stdout]     = note: this error originates in the macro `add_slice_impl` (in Nightly builds, run with -Z macro-backtrace for more info)
[INFO] [stdout] 
[INFO] [stdout] 
[INFO] [stdout] error[E0277]: the trait bound `Box<dyn OptValueParse<'_>>: From<&mut [f64]>` is not satisfied
[INFO] [stdout]    --> /opt/rustwide/cargo-home/registry/src/index.crates.io-6f17d22bba15001f/app-0.6.5/src/ovp.rs:608:23
[INFO] [stdout]     |
[INFO] [stdout] 608 |         OptValue::new(Box::from(self))
[INFO] [stdout]     |                       ^^^ the trait `From<&mut [f64]>` is not implemented for `Box<dyn OptValueParse<'_>>`
[INFO] [stdout] ...
[INFO] [stdout] 663 | add_slice_impl! { bool usize u8 u16 u32 u64 isize i8 i16 i32 i64 f32 f64 }
[INFO] [stdout]     | -------------------------------------------------------------------------- in this macro invocation
[INFO] [stdout]     |
[INFO] [stdout]     = help: the following other types implement trait `From<T>`:
[INFO] [stdout]               `Box<CStr>` implements `From<&CStr>`
[INFO] [stdout]               `Box<CStr>` implements `From<&mut CStr>`
[INFO] [stdout]               `Box<CStr>` implements `From<CString>`
[INFO] [stdout]               `Box<CStr>` implements `From<Cow<'_, CStr>>`
[INFO] [stdout]               `Box<OsStr>` implements `From<&OsStr>`
[INFO] [stdout]               `Box<OsStr>` implements `From<&mut OsStr>`
[INFO] [stdout]               `Box<OsStr>` implements `From<Cow<'_, OsStr>>`
[INFO] [stdout]               `Box<OsStr>` implements `From<OsString>`
[INFO] [stdout]             and 23 others
[INFO] [stdout]     = note: this error originates in the macro `add_slice_impl` (in Nightly builds, run with -Z macro-backtrace for more info)
[INFO] [stdout] 
[INFO] [stdout] 
[INFO] [stdout] error[E0277]: the trait bound `Box<dyn OptValueParse<'_>>: From<&mut [IpAddr]>` is not satisfied
[INFO] [stdout]    --> /opt/rustwide/cargo-home/registry/src/index.crates.io-6f17d22bba15001f/app-0.6.5/src/ovp.rs:608:23
[INFO] [stdout]     |
[INFO] [stdout] 608 |         OptValue::new(Box::from(self))
[INFO] [stdout]     |                       ^^^ the trait `From<&mut [IpAddr]>` is not implemented for `Box<dyn OptValueParse<'_>>`
[INFO] [stdout] ...
[INFO] [stdout] 664 | add_slice_impl! { IpAddr Ipv4Addr Ipv6Addr SocketAddr SocketAddrV4 SocketAddrV6 }
[INFO] [stdout]     | --------------------------------------------------------------------------------- in this macro invocation
[INFO] [stdout]     |
[INFO] [stdout]     = help: the following other types implement trait `From<T>`:
[INFO] [stdout]               `Box<CStr>` implements `From<&CStr>`
[INFO] [stdout]               `Box<CStr>` implements `From<&mut CStr>`
[INFO] [stdout]               `Box<CStr>` implements `From<CString>`
[INFO] [stdout]               `Box<CStr>` implements `From<Cow<'_, CStr>>`
[INFO] [stdout]               `Box<OsStr>` implements `From<&OsStr>`
[INFO] [stdout]               `Box<OsStr>` implements `From<&mut OsStr>`
[INFO] [stdout]               `Box<OsStr>` implements `From<Cow<'_, OsStr>>`
[INFO] [stdout]               `Box<OsStr>` implements `From<OsString>`
[INFO] [stdout]             and 23 others
[INFO] [stdout]     = note: this error originates in the macro `add_slice_impl` (in Nightly builds, run with -Z macro-backtrace for more info)
[INFO] [stdout] 
[INFO] [stdout] 
[INFO] [stdout] error[E0277]: the trait bound `Box<dyn OptValueParse<'_>>: From<&mut [Ipv4Addr]>` is not satisfied
[INFO] [stdout]    --> /opt/rustwide/cargo-home/registry/src/index.crates.io-6f17d22bba15001f/app-0.6.5/src/ovp.rs:608:23
[INFO] [stdout]     |
[INFO] [stdout] 608 |         OptValue::new(Box::from(self))
[INFO] [stdout]     |                       ^^^ the trait `From<&mut [Ipv4Addr]>` is not implemented for `Box<dyn OptValueParse<'_>>`
[INFO] [stdout] ...
[INFO] [stdout] 664 | add_slice_impl! { IpAddr Ipv4Addr Ipv6Addr SocketAddr SocketAddrV4 SocketAddrV6 }
[INFO] [stdout]     | --------------------------------------------------------------------------------- in this macro invocation
[INFO] [stdout]     |
[INFO] [stdout]     = help: the following other types implement trait `From<T>`:
[INFO] [stdout]               `Box<CStr>` implements `From<&CStr>`
[INFO] [stdout]               `Box<CStr>` implements `From<&mut CStr>`
[INFO] [stdout]               `Box<CStr>` implements `From<CString>`
[INFO] [stdout]               `Box<CStr>` implements `From<Cow<'_, CStr>>`
[INFO] [stdout]               `Box<OsStr>` implements `From<&OsStr>`
[INFO] [stdout]               `Box<OsStr>` implements `From<&mut OsStr>`
[INFO] [stdout]               `Box<OsStr>` implements `From<Cow<'_, OsStr>>`
[INFO] [stdout]               `Box<OsStr>` implements `From<OsString>`
[INFO] [stdout]             and 23 others
[INFO] [stdout]     = note: this error originates in the macro `add_slice_impl` (in Nightly builds, run with -Z macro-backtrace for more info)
[INFO] [stdout] 
[INFO] [stdout] 
[INFO] [stdout] error[E0277]: the trait bound `Box<dyn OptValueParse<'_>>: From<&mut [Ipv6Addr]>` is not satisfied
[INFO] [stdout]    --> /opt/rustwide/cargo-home/registry/src/index.crates.io-6f17d22bba15001f/app-0.6.5/src/ovp.rs:608:23
[INFO] [stdout]     |
[INFO] [stdout] 608 |         OptValue::new(Box::from(self))
[INFO] [stdout]     |                       ^^^ the trait `From<&mut [Ipv6Addr]>` is not implemented for `Box<dyn OptValueParse<'_>>`
[INFO] [stdout] ...
[INFO] [stdout] 664 | add_slice_impl! { IpAddr Ipv4Addr Ipv6Addr SocketAddr SocketAddrV4 SocketAddrV6 }
[INFO] [stdout]     | --------------------------------------------------------------------------------- in this macro invocation
[INFO] [stdout]     |
[INFO] [stdout]     = help: the following other types implement trait `From<T>`:
[INFO] [stdout]               `Box<CStr>` implements `From<&CStr>`
[INFO] [stdout]               `Box<CStr>` implements `From<&mut CStr>`
[INFO] [stdout]               `Box<CStr>` implements `From<CString>`
[INFO] [stdout]               `Box<CStr>` implements `From<Cow<'_, CStr>>`
[INFO] [stdout]               `Box<OsStr>` implements `From<&OsStr>`
[INFO] [stdout]               `Box<OsStr>` implements `From<&mut OsStr>`
[INFO] [stdout]               `Box<OsStr>` implements `From<Cow<'_, OsStr>>`
[INFO] [stdout]               `Box<OsStr>` implements `From<OsString>`
[INFO] [stdout]             and 23 others
[INFO] [stdout]     = note: this error originates in the macro `add_slice_impl` (in Nightly builds, run with -Z macro-backtrace for more info)
[INFO] [stdout] 
[INFO] [stdout] 
[INFO] [stdout] error[E0277]: the trait bound `Box<dyn OptValueParse<'_>>: From<&mut [std::net::SocketAddr]>` is not satisfied
[INFO] [stdout]    --> /opt/rustwide/cargo-home/registry/src/index.crates.io-6f17d22bba15001f/app-0.6.5/src/ovp.rs:608:23
[INFO] [stdout]     |
[INFO] [stdout] 608 |         OptValue::new(Box::from(self))
[INFO] [stdout]     |                       ^^^ the trait `From<&mut [std::net::SocketAddr]>` is not implemented for `Box<dyn OptValueParse<'_>>`
[INFO] [stdout] ...
[INFO] [stdout] 664 | add_slice_impl! { IpAddr Ipv4Addr Ipv6Addr SocketAddr SocketAddrV4 SocketAddrV6 }
[INFO] [stdout]     | --------------------------------------------------------------------------------- in this macro invocation
[INFO] [stdout]     |
[INFO] [stdout]     = help: the following other types implement trait `From<T>`:
[INFO] [stdout]               `Box<CStr>` implements `From<&CStr>`
[INFO] [stdout]               `Box<CStr>` implements `From<&mut CStr>`
[INFO] [stdout]               `Box<CStr>` implements `From<CString>`
[INFO] [stdout]               `Box<CStr>` implements `From<Cow<'_, CStr>>`
[INFO] [stdout]               `Box<OsStr>` implements `From<&OsStr>`
[INFO] [stdout]               `Box<OsStr>` implements `From<&mut OsStr>`
[INFO] [stdout]               `Box<OsStr>` implements `From<Cow<'_, OsStr>>`
[INFO] [stdout]               `Box<OsStr>` implements `From<OsString>`
[INFO] [stdout]             and 23 others
[INFO] [stdout]     = note: this error originates in the macro `add_slice_impl` (in Nightly builds, run with -Z macro-backtrace for more info)
[INFO] [stdout] 
[INFO] [stdout] 
[INFO] [stdout] error[E0277]: the trait bound `Box<dyn OptValueParse<'_>>: From<&mut [SocketAddrV4]>` is not satisfied
[INFO] [stdout]    --> /opt/rustwide/cargo-home/registry/src/index.crates.io-6f17d22bba15001f/app-0.6.5/src/ovp.rs:608:23
[INFO] [stdout]     |
[INFO] [stdout] 608 |         OptValue::new(Box::from(self))
[INFO] [stdout]     |                       ^^^ the trait `From<&mut [SocketAddrV4]>` is not implemented for `Box<dyn OptValueParse<'_>>`
[INFO] [stdout] ...
[INFO] [stdout] 664 | add_slice_impl! { IpAddr Ipv4Addr Ipv6Addr SocketAddr SocketAddrV4 SocketAddrV6 }
[INFO] [stdout]     | --------------------------------------------------------------------------------- in this macro invocation
[INFO] [stdout]     |
[INFO] [stdout]     = help: the following other types implement trait `From<T>`:
[INFO] [stdout]               `Box<CStr>` implements `From<&CStr>`
[INFO] [stdout]               `Box<CStr>` implements `From<&mut CStr>`
[INFO] [stdout]               `Box<CStr>` implements `From<CString>`
[INFO] [stdout]               `Box<CStr>` implements `From<Cow<'_, CStr>>`
[INFO] [stdout]               `Box<OsStr>` implements `From<&OsStr>`
[INFO] [stdout]               `Box<OsStr>` implements `From<&mut OsStr>`
[INFO] [stdout]               `Box<OsStr>` implements `From<Cow<'_, OsStr>>`
[INFO] [stdout]               `Box<OsStr>` implements `From<OsString>`
[INFO] [stdout]             and 23 others
[INFO] [stdout]     = note: this error originates in the macro `add_slice_impl` (in Nightly builds, run with -Z macro-backtrace for more info)
[INFO] [stdout] 
[INFO] [stdout] 
[INFO] [stdout] error[E0277]: the trait bound `Box<dyn OptValueParse<'_>>: From<&mut [SocketAddrV6]>` is not satisfied
[INFO] [stdout]    --> /opt/rustwide/cargo-home/registry/src/index.crates.io-6f17d22bba15001f/app-0.6.5/src/ovp.rs:608:23
[INFO] [stdout]     |
[INFO] [stdout] 608 |         OptValue::new(Box::from(self))
[INFO] [stdout]     |                       ^^^ the trait `From<&mut [SocketAddrV6]>` is not implemented for `Box<dyn OptValueParse<'_>>`
[INFO] [stdout] ...
[INFO] [stdout] 664 | add_slice_impl! { IpAddr Ipv4Addr Ipv6Addr SocketAddr SocketAddrV4 SocketAddrV6 }
[INFO] [stdout]     | --------------------------------------------------------------------------------- in this macro invocation
[INFO] [stdout]     |
[INFO] [stdout]     = help: the following other types implement trait `From<T>`:
[INFO] [stdout]               `Box<CStr>` implements `From<&CStr>`
[INFO] [stdout]               `Box<CStr>` implements `From<&mut CStr>`
[INFO] [stdout]               `Box<CStr>` implements `From<CString>`
[INFO] [stdout]               `Box<CStr>` implements `From<Cow<'_, CStr>>`
[INFO] [stdout]               `Box<OsStr>` implements `From<&OsStr>`
[INFO] [stdout]               `Box<OsStr>` implements `From<&mut OsStr>`
[INFO] [stdout]               `Box<OsStr>` implements `From<Cow<'_, OsStr>>`
[INFO] [stdout]               `Box<OsStr>` implements `From<OsString>`
[INFO] [stdout]             and 23 others
[INFO] [stdout]     = note: this error originates in the macro `add_slice_impl` (in Nightly builds, run with -Z macro-backtrace for more info)
[INFO] [stdout] 
[INFO] [stdout] 
[INFO] [stdout] error[E0277]: the trait bound `Box<dyn ArgsValueParse<'_>>: From<&mut [String]>` is not satisfied
[INFO] [stdout]    --> /opt/rustwide/cargo-home/registry/src/index.crates.io-6f17d22bba15001f/app-0.6.5/src/avp.rs:266:24
[INFO] [stdout]     |
[INFO] [stdout] 266 |         ArgsValue::new(Box::from(self))
[INFO] [stdout]     |                        ^^^ the trait `From<&mut [String]>` is not implemented for `Box<dyn ArgsValueParse<'_>>`
[INFO] [stdout]     |
[INFO] [stdout]     = help: the following other types implement trait `From<T>`:
[INFO] [stdout]               `Box<CStr>` implements `From<&CStr>`
[INFO] [stdout]               `Box<CStr>` implements `From<&mut CStr>`
[INFO] [stdout]               `Box<CStr>` implements `From<CString>`
[INFO] [stdout]               `Box<CStr>` implements `From<Cow<'_, CStr>>`
[INFO] [stdout]               `Box<OsStr>` implements `From<&OsStr>`
[INFO] [stdout]               `Box<OsStr>` implements `From<&mut OsStr>`
[INFO] [stdout]               `Box<OsStr>` implements `From<Cow<'_, OsStr>>`
[INFO] [stdout]               `Box<OsStr>` implements `From<OsString>`
[INFO] [stdout]             and 23 others
[INFO] [stdout] 
[INFO] [stdout] 
[INFO] [stderr]     Checking filetime v0.2.16
[INFO] [stdout] error[E0277]: the trait bound `Box<dyn ArgsValueParse<'_>>: From<&mut [PathBuf]>` is not satisfied
[INFO] [stdout]    --> /opt/rustwide/cargo-home/registry/src/index.crates.io-6f17d22bba15001f/app-0.6.5/src/avp.rs:308:24
[INFO] [stdout]     |
[INFO] [stdout] 308 |         ArgsValue::new(Box::from(self))
[INFO] [stdout]     |                        ^^^ the trait `From<&mut [PathBuf]>` is not implemented for `Box<dyn ArgsValueParse<'_>>`
[INFO] [stdout]     |
[INFO] [stdout]     = help: the following other types implement trait `From<T>`:
[INFO] [stdout]               `Box<CStr>` implements `From<&CStr>`
[INFO] [stdout]               `Box<CStr>` implements `From<&mut CStr>`
[INFO] [stdout]               `Box<CStr>` implements `From<CString>`
[INFO] [stdout]               `Box<CStr>` implements `From<Cow<'_, CStr>>`
[INFO] [stdout]               `Box<OsStr>` implements `From<&OsStr>`
[INFO] [stdout]               `Box<OsStr>` implements `From<&mut OsStr>`
[INFO] [stdout]               `Box<OsStr>` implements `From<Cow<'_, OsStr>>`
[INFO] [stdout]               `Box<OsStr>` implements `From<OsString>`
[INFO] [stdout]             and 23 others
[INFO] [stdout] 
[INFO] [stdout] 
[INFO] [stdout] error[E0277]: the trait bound `Box<dyn ArgsValueParse<'_>>: From<&mut [char]>` is not satisfied
[INFO] [stdout]    --> /opt/rustwide/cargo-home/registry/src/index.crates.io-6f17d22bba15001f/app-0.6.5/src/avp.rs:350:24
[INFO] [stdout]     |
[INFO] [stdout] 350 |         ArgsValue::new(Box::from(self))
[INFO] [stdout]     |                        ^^^ the trait `From<&mut [char]>` is not implemented for `Box<dyn ArgsValueParse<'_>>`
[INFO] [stdout]     |
[INFO] [stdout]     = help: the following other types implement trait `From<T>`:
[INFO] [stdout]               `Box<CStr>` implements `From<&CStr>`
[INFO] [stdout]               `Box<CStr>` implements `From<&mut CStr>`
[INFO] [stdout]               `Box<CStr>` implements `From<CString>`
[INFO] [stdout]               `Box<CStr>` implements `From<Cow<'_, CStr>>`
[INFO] [stdout]               `Box<OsStr>` implements `From<&OsStr>`
[INFO] [stdout]               `Box<OsStr>` implements `From<&mut OsStr>`
[INFO] [stdout]               `Box<OsStr>` implements `From<Cow<'_, OsStr>>`
[INFO] [stdout]               `Box<OsStr>` implements `From<OsString>`
[INFO] [stdout]             and 23 others
[INFO] [stdout] 
[INFO] [stdout] 
[INFO] [stdout] error[E0277]: the trait bound `Box<dyn ArgsValueParse<'_>>: From<&mut [bool]>` is not satisfied
[INFO] [stdout]    --> /opt/rustwide/cargo-home/registry/src/index.crates.io-6f17d22bba15001f/app-0.6.5/src/avp.rs:399:24
[INFO] [stdout]     |
[INFO] [stdout] 399 |         ArgsValue::new(Box::from(self))
[INFO] [stdout]     |                        ^^^ the trait `From<&mut [bool]>` is not implemented for `Box<dyn ArgsValueParse<'_>>`
[INFO] [stdout] ...
[INFO] [stdout] 451 | add_slice_impl! { bool usize u8 u16 u32 u64 isize i8 i16 i32 i64 f32 f64 }
[INFO] [stdout]     | -------------------------------------------------------------------------- in this macro invocation
[INFO] [stdout]     |
[INFO] [stdout]     = help: the following other types implement trait `From<T>`:
[INFO] [stdout]               `Box<CStr>` implements `From<&CStr>`
[INFO] [stdout]               `Box<CStr>` implements `From<&mut CStr>`
[INFO] [stdout]               `Box<CStr>` implements `From<CString>`
[INFO] [stdout]               `Box<CStr>` implements `From<Cow<'_, CStr>>`
[INFO] [stdout]               `Box<OsStr>` implements `From<&OsStr>`
[INFO] [stdout]               `Box<OsStr>` implements `From<&mut OsStr>`
[INFO] [stdout]               `Box<OsStr>` implements `From<Cow<'_, OsStr>>`
[INFO] [stdout]               `Box<OsStr>` implements `From<OsString>`
[INFO] [stdout]             and 23 others
[INFO] [stdout]     = note: this error originates in the macro `add_slice_impl` (in Nightly builds, run with -Z macro-backtrace for more info)
[INFO] [stdout] 
[INFO] [stdout] 
[INFO] [stdout] error[E0277]: the trait bound `Box<dyn ArgsValueParse<'_>>: From<&mut [usize]>` is not satisfied
[INFO] [stdout]    --> /opt/rustwide/cargo-home/registry/src/index.crates.io-6f17d22bba15001f/app-0.6.5/src/avp.rs:399:24
[INFO] [stdout]     |
[INFO] [stdout] 399 |         ArgsValue::new(Box::from(self))
[INFO] [stdout]     |                        ^^^ the trait `From<&mut [usize]>` is not implemented for `Box<dyn ArgsValueParse<'_>>`
[INFO] [stdout] ...
[INFO] [stdout] 451 | add_slice_impl! { bool usize u8 u16 u32 u64 isize i8 i16 i32 i64 f32 f64 }
[INFO] [stdout]     | -------------------------------------------------------------------------- in this macro invocation
[INFO] [stdout]     |
[INFO] [stdout]     = help: the following other types implement trait `From<T>`:
[INFO] [stdout]               `Box<CStr>` implements `From<&CStr>`
[INFO] [stdout]               `Box<CStr>` implements `From<&mut CStr>`
[INFO] [stdout]               `Box<CStr>` implements `From<CString>`
[INFO] [stdout]               `Box<CStr>` implements `From<Cow<'_, CStr>>`
[INFO] [stdout]               `Box<OsStr>` implements `From<&OsStr>`
[INFO] [stdout]               `Box<OsStr>` implements `From<&mut OsStr>`
[INFO] [stdout]               `Box<OsStr>` implements `From<Cow<'_, OsStr>>`
[INFO] [stdout]               `Box<OsStr>` implements `From<OsString>`
[INFO] [stdout]             and 23 others
[INFO] [stdout]     = note: this error originates in the macro `add_slice_impl` (in Nightly builds, run with -Z macro-backtrace for more info)
[INFO] [stdout] 
[INFO] [stdout] 
[INFO] [stdout] error[E0277]: the trait bound `Box<dyn ArgsValueParse<'_>>: From<&mut [u8]>` is not satisfied
[INFO] [stdout]    --> /opt/rustwide/cargo-home/registry/src/index.crates.io-6f17d22bba15001f/app-0.6.5/src/avp.rs:399:24
[INFO] [stdout]     |
[INFO] [stdout] 399 |         ArgsValue::new(Box::from(self))
[INFO] [stdout]     |                        ^^^ the trait `From<&mut [u8]>` is not implemented for `Box<dyn ArgsValueParse<'_>>`
[INFO] [stdout] ...
[INFO] [stdout] 451 | add_slice_impl! { bool usize u8 u16 u32 u64 isize i8 i16 i32 i64 f32 f64 }
[INFO] [stdout]     | -------------------------------------------------------------------------- in this macro invocation
[INFO] [stdout]     |
[INFO] [stdout]     = help: the following other types implement trait `From<T>`:
[INFO] [stdout]               `Box<CStr>` implements `From<&CStr>`
[INFO] [stdout]               `Box<CStr>` implements `From<&mut CStr>`
[INFO] [stdout]               `Box<CStr>` implements `From<CString>`
[INFO] [stdout]               `Box<CStr>` implements `From<Cow<'_, CStr>>`
[INFO] [stdout]               `Box<OsStr>` implements `From<&OsStr>`
[INFO] [stdout]               `Box<OsStr>` implements `From<&mut OsStr>`
[INFO] [stdout]               `Box<OsStr>` implements `From<Cow<'_, OsStr>>`
[INFO] [stdout]               `Box<OsStr>` implements `From<OsString>`
[INFO] [stdout]             and 23 others
[INFO] [stdout]     = note: this error originates in the macro `add_slice_impl` (in Nightly builds, run with -Z macro-backtrace for more info)
[INFO] [stdout] 
[INFO] [stdout] 
[INFO] [stdout] error[E0277]: the trait bound `Box<dyn ArgsValueParse<'_>>: From<&mut [u16]>` is not satisfied
[INFO] [stdout]    --> /opt/rustwide/cargo-home/registry/src/index.crates.io-6f17d22bba15001f/app-0.6.5/src/avp.rs:399:24
[INFO] [stdout]     |
[INFO] [stdout] 399 |         ArgsValue::new(Box::from(self))
[INFO] [stdout]     |                        ^^^ the trait `From<&mut [u16]>` is not implemented for `Box<dyn ArgsValueParse<'_>>`
[INFO] [stdout] ...
[INFO] [stdout] 451 | add_slice_impl! { bool usize u8 u16 u32 u64 isize i8 i16 i32 i64 f32 f64 }
[INFO] [stdout]     | -------------------------------------------------------------------------- in this macro invocation
[INFO] [stdout]     |
[INFO] [stdout]     = help: the following other types implement trait `From<T>`:
[INFO] [stdout]               `Box<CStr>` implements `From<&CStr>`
[INFO] [stdout]               `Box<CStr>` implements `From<&mut CStr>`
[INFO] [stdout]               `Box<CStr>` implements `From<CString>`
[INFO] [stdout]               `Box<CStr>` implements `From<Cow<'_, CStr>>`
[INFO] [stdout]               `Box<OsStr>` implements `From<&OsStr>`
[INFO] [stdout]               `Box<OsStr>` implements `From<&mut OsStr>`
[INFO] [stdout]               `Box<OsStr>` implements `From<Cow<'_, OsStr>>`
[INFO] [stdout]               `Box<OsStr>` implements `From<OsString>`
[INFO] [stdout]             and 23 others
[INFO] [stdout]     = note: this error originates in the macro `add_slice_impl` (in Nightly builds, run with -Z macro-backtrace for more info)
[INFO] [stdout] 
[INFO] [stdout] 
[INFO] [stdout] error[E0277]: the trait bound `Box<dyn ArgsValueParse<'_>>: From<&mut [u32]>` is not satisfied
[INFO] [stdout]    --> /opt/rustwide/cargo-home/registry/src/index.crates.io-6f17d22bba15001f/app-0.6.5/src/avp.rs:399:24
[INFO] [stdout]     |
[INFO] [stdout] 399 |         ArgsValue::new(Box::from(self))
[INFO] [stdout]     |                        ^^^ the trait `From<&mut [u32]>` is not implemented for `Box<dyn ArgsValueParse<'_>>`
[INFO] [stdout] ...
[INFO] [stdout] 451 | add_slice_impl! { bool usize u8 u16 u32 u64 isize i8 i16 i32 i64 f32 f64 }
[INFO] [stdout]     | -------------------------------------------------------------------------- in this macro invocation
[INFO] [stdout]     |
[INFO] [stdout]     = help: the following other types implement trait `From<T>`:
[INFO] [stdout]               `Box<CStr>` implements `From<&CStr>`
[INFO] [stdout]               `Box<CStr>` implements `From<&mut CStr>`
[INFO] [stdout]               `Box<CStr>` implements `From<CString>`
[INFO] [stdout]               `Box<CStr>` implements `From<Cow<'_, CStr>>`
[INFO] [stdout]               `Box<OsStr>` implements `From<&OsStr>`
[INFO] [stdout]               `Box<OsStr>` implements `From<&mut OsStr>`
[INFO] [stdout]               `Box<OsStr>` implements `From<Cow<'_, OsStr>>`
[INFO] [stdout]               `Box<OsStr>` implements `From<OsString>`
[INFO] [stdout]             and 23 others
[INFO] [stdout]     = note: this error originates in the macro `add_slice_impl` (in Nightly builds, run with -Z macro-backtrace for more info)
[INFO] [stdout] 
[INFO] [stdout] 
[INFO] [stdout] error[E0277]: the trait bound `Box<dyn ArgsValueParse<'_>>: From<&mut [u64]>` is not satisfied
[INFO] [stdout]    --> /opt/rustwide/cargo-home/registry/src/index.crates.io-6f17d22bba15001f/app-0.6.5/src/avp.rs:399:24
[INFO] [stdout]     |
[INFO] [stdout] 399 |         ArgsValue::new(Box::from(self))
[INFO] [stdout]     |                        ^^^ the trait `From<&mut [u64]>` is not implemented for `Box<dyn ArgsValueParse<'_>>`
[INFO] [stdout] ...
[INFO] [stdout] 451 | add_slice_impl! { bool usize u8 u16 u32 u64 isize i8 i16 i32 i64 f32 f64 }
[INFO] [stdout]     | -------------------------------------------------------------------------- in this macro invocation
[INFO] [stdout]     |
[INFO] [stdout]     = help: the following other types implement trait `From<T>`:
[INFO] [stdout]               `Box<CStr>` implements `From<&CStr>`
[INFO] [stdout]               `Box<CStr>` implements `From<&mut CStr>`
[INFO] [stdout]               `Box<CStr>` implements `From<CString>`
[INFO] [stdout]               `Box<CStr>` implements `From<Cow<'_, CStr>>`
[INFO] [stdout]               `Box<OsStr>` implements `From<&OsStr>`
[INFO] [stdout]               `Box<OsStr>` implements `From<&mut OsStr>`
[INFO] [stdout]               `Box<OsStr>` implements `From<Cow<'_, OsStr>>`
[INFO] [stdout]               `Box<OsStr>` implements `From<OsString>`
[INFO] [stdout]             and 23 others
[INFO] [stdout]     = note: this error originates in the macro `add_slice_impl` (in Nightly builds, run with -Z macro-backtrace for more info)
[INFO] [stdout] 
[INFO] [stdout] 
[INFO] [stdout] error[E0277]: the trait bound `Box<dyn ArgsValueParse<'_>>: From<&mut [isize]>` is not satisfied
[INFO] [stdout]    --> /opt/rustwide/cargo-home/registry/src/index.crates.io-6f17d22bba15001f/app-0.6.5/src/avp.rs:399:24
[INFO] [stdout]     |
[INFO] [stdout] 399 |         ArgsValue::new(Box::from(self))
[INFO] [stdout]     |                        ^^^ the trait `From<&mut [isize]>` is not implemented for `Box<dyn ArgsValueParse<'_>>`
[INFO] [stdout] ...
[INFO] [stdout] 451 | add_slice_impl! { bool usize u8 u16 u32 u64 isize i8 i16 i32 i64 f32 f64 }
[INFO] [stdout]     | -------------------------------------------------------------------------- in this macro invocation
[INFO] [stdout]     |
[INFO] [stdout]     = help: the following other types implement trait `From<T>`:
[INFO] [stdout]               `Box<CStr>` implements `From<&CStr>`
[INFO] [stdout]               `Box<CStr>` implements `From<&mut CStr>`
[INFO] [stdout]               `Box<CStr>` implements `From<CString>`
[INFO] [stdout]               `Box<CStr>` implements `From<Cow<'_, CStr>>`
[INFO] [stdout]               `Box<OsStr>` implements `From<&OsStr>`
[INFO] [stdout]               `Box<OsStr>` implements `From<&mut OsStr>`
[INFO] [stdout]               `Box<OsStr>` implements `From<Cow<'_, OsStr>>`
[INFO] [stdout]               `Box<OsStr>` implements `From<OsString>`
[INFO] [stdout]             and 23 others
[INFO] [stdout]     = note: this error originates in the macro `add_slice_impl` (in Nightly builds, run with -Z macro-backtrace for more info)
[INFO] [stdout] 
[INFO] [stdout] 
[INFO] [stdout] error[E0277]: the trait bound `Box<dyn ArgsValueParse<'_>>: From<&mut [i8]>` is not satisfied
[INFO] [stdout]    --> /opt/rustwide/cargo-home/registry/src/index.crates.io-6f17d22bba15001f/app-0.6.5/src/avp.rs:399:24
[INFO] [stdout]     |
[INFO] [stdout] 399 |         ArgsValue::new(Box::from(self))
[INFO] [stdout]     |                        ^^^ the trait `From<&mut [i8]>` is not implemented for `Box<dyn ArgsValueParse<'_>>`
[INFO] [stdout] ...
[INFO] [stdout] 451 | add_slice_impl! { bool usize u8 u16 u32 u64 isize i8 i16 i32 i64 f32 f64 }
[INFO] [stdout]     | -------------------------------------------------------------------------- in this macro invocation
[INFO] [stdout]     |
[INFO] [stdout]     = help: the following other types implement trait `From<T>`:
[INFO] [stdout]               `Box<CStr>` implements `From<&CStr>`
[INFO] [stdout]               `Box<CStr>` implements `From<&mut CStr>`
[INFO] [stdout]               `Box<CStr>` implements `From<CString>`
[INFO] [stdout]               `Box<CStr>` implements `From<Cow<'_, CStr>>`
[INFO] [stdout]               `Box<OsStr>` implements `From<&OsStr>`
[INFO] [stdout]               `Box<OsStr>` implements `From<&mut OsStr>`
[INFO] [stdout]               `Box<OsStr>` implements `From<Cow<'_, OsStr>>`
[INFO] [stdout]               `Box<OsStr>` implements `From<OsString>`
[INFO] [stdout]             and 23 others
[INFO] [stdout]     = note: this error originates in the macro `add_slice_impl` (in Nightly builds, run with -Z macro-backtrace for more info)
[INFO] [stdout] 
[INFO] [stdout] 
[INFO] [stdout] error[E0277]: the trait bound `Box<dyn ArgsValueParse<'_>>: From<&mut [i16]>` is not satisfied
[INFO] [stdout]    --> /opt/rustwide/cargo-home/registry/src/index.crates.io-6f17d22bba15001f/app-0.6.5/src/avp.rs:399:24
[INFO] [stdout]     |
[INFO] [stdout] 399 |         ArgsValue::new(Box::from(self))
[INFO] [stdout]     |                        ^^^ the trait `From<&mut [i16]>` is not implemented for `Box<dyn ArgsValueParse<'_>>`
[INFO] [stdout] ...
[INFO] [stdout] 451 | add_slice_impl! { bool usize u8 u16 u32 u64 isize i8 i16 i32 i64 f32 f64 }
[INFO] [stdout]     | -------------------------------------------------------------------------- in this macro invocation
[INFO] [stdout]     |
[INFO] [stdout]     = help: the following other types implement trait `From<T>`:
[INFO] [stdout]               `Box<CStr>` implements `From<&CStr>`
[INFO] [stdout]               `Box<CStr>` implements `From<&mut CStr>`
[INFO] [stdout]               `Box<CStr>` implements `From<CString>`
[INFO] [stdout]               `Box<CStr>` implements `From<Cow<'_, CStr>>`
[INFO] [stdout]               `Box<OsStr>` implements `From<&OsStr>`
[INFO] [stdout]               `Box<OsStr>` implements `From<&mut OsStr>`
[INFO] [stdout]               `Box<OsStr>` implements `From<Cow<'_, OsStr>>`
[INFO] [stdout]               `Box<OsStr>` implements `From<OsString>`
[INFO] [stdout]             and 23 others
[INFO] [stdout]     = note: this error originates in the macro `add_slice_impl` (in Nightly builds, run with -Z macro-backtrace for more info)
[INFO] [stdout] 
[INFO] [stdout] 
[INFO] [stdout] error[E0277]: the trait bound `Box<dyn ArgsValueParse<'_>>: From<&mut [i32]>` is not satisfied
[INFO] [stdout]    --> /opt/rustwide/cargo-home/registry/src/index.crates.io-6f17d22bba15001f/app-0.6.5/src/avp.rs:399:24
[INFO] [stdout]     |
[INFO] [stdout] 399 |         ArgsValue::new(Box::from(self))
[INFO] [stdout]     |                        ^^^ the trait `From<&mut [i32]>` is not implemented for `Box<dyn ArgsValueParse<'_>>`
[INFO] [stdout] ...
[INFO] [stdout] 451 | add_slice_impl! { bool usize u8 u16 u32 u64 isize i8 i16 i32 i64 f32 f64 }
[INFO] [stdout]     | -------------------------------------------------------------------------- in this macro invocation
[INFO] [stdout]     |
[INFO] [stdout]     = help: the following other types implement trait `From<T>`:
[INFO] [stdout]               `Box<CStr>` implements `From<&CStr>`
[INFO] [stdout]               `Box<CStr>` implements `From<&mut CStr>`
[INFO] [stdout]               `Box<CStr>` implements `From<CString>`
[INFO] [stdout]               `Box<CStr>` implements `From<Cow<'_, CStr>>`
[INFO] [stdout]               `Box<OsStr>` implements `From<&OsStr>`
[INFO] [stdout]               `Box<OsStr>` implements `From<&mut OsStr>`
[INFO] [stdout]               `Box<OsStr>` implements `From<Cow<'_, OsStr>>`
[INFO] [stdout]               `Box<OsStr>` implements `From<OsString>`
[INFO] [stdout]             and 23 others
[INFO] [stdout]     = note: this error originates in the macro `add_slice_impl` (in Nightly builds, run with -Z macro-backtrace for more info)
[INFO] [stdout] 
[INFO] [stdout] 
[INFO] [stdout] error[E0277]: the trait bound `Box<dyn ArgsValueParse<'_>>: From<&mut [i64]>` is not satisfied
[INFO] [stdout]    --> /opt/rustwide/cargo-home/registry/src/index.crates.io-6f17d22bba15001f/app-0.6.5/src/avp.rs:399:24
[INFO] [stdout]     |
[INFO] [stdout] 399 |         ArgsValue::new(Box::from(self))
[INFO] [stdout]     |                        ^^^ the trait `From<&mut [i64]>` is not implemented for `Box<dyn ArgsValueParse<'_>>`
[INFO] [stdout] ...
[INFO] [stdout] 451 | add_slice_impl! { bool usize u8 u16 u32 u64 isize i8 i16 i32 i64 f32 f64 }
[INFO] [stdout]     | -------------------------------------------------------------------------- in this macro invocation
[INFO] [stdout]     |
[INFO] [stdout]     = help: the following other types implement trait `From<T>`:
[INFO] [stdout]               `Box<CStr>` implements `From<&CStr>`
[INFO] [stdout]               `Box<CStr>` implements `From<&mut CStr>`
[INFO] [stdout]               `Box<CStr>` implements `From<CString>`
[INFO] [stdout]               `Box<CStr>` implements `From<Cow<'_, CStr>>`
[INFO] [stdout]               `Box<OsStr>` implements `From<&OsStr>`
[INFO] [stdout]               `Box<OsStr>` implements `From<&mut OsStr>`
[INFO] [stdout]               `Box<OsStr>` implements `From<Cow<'_, OsStr>>`
[INFO] [stdout]               `Box<OsStr>` implements `From<OsString>`
[INFO] [stdout]             and 23 others
[INFO] [stdout]     = note: this error originates in the macro `add_slice_impl` (in Nightly builds, run with -Z macro-backtrace for more info)
[INFO] [stdout] 
[INFO] [stdout] 
[INFO] [stderr]     Checking serde_urlencoded v0.7.1
[INFO] [stdout] error[E0277]: the trait bound `Box<dyn ArgsValueParse<'_>>: From<&mut [f32]>` is not satisfied
[INFO] [stdout]    --> /opt/rustwide/cargo-home/registry/src/index.crates.io-6f17d22bba15001f/app-0.6.5/src/avp.rs:399:24
[INFO] [stdout]     |
[INFO] [stdout] 399 |         ArgsValue::new(Box::from(self))
[INFO] [stdout]     |                        ^^^ the trait `From<&mut [f32]>` is not implemented for `Box<dyn ArgsValueParse<'_>>`
[INFO] [stdout] ...
[INFO] [stdout] 451 | add_slice_impl! { bool usize u8 u16 u32 u64 isize i8 i16 i32 i64 f32 f64 }
[INFO] [stdout]     | -------------------------------------------------------------------------- in this macro invocation
[INFO] [stdout]     |
[INFO] [stdout]     = help: the following other types implement trait `From<T>`:
[INFO] [stdout]               `Box<CStr>` implements `From<&CStr>`
[INFO] [stdout]               `Box<CStr>` implements `From<&mut CStr>`
[INFO] [stdout]               `Box<CStr>` implements `From<CString>`
[INFO] [stdout]               `Box<CStr>` implements `From<Cow<'_, CStr>>`
[INFO] [stdout]               `Box<OsStr>` implements `From<&OsStr>`
[INFO] [stdout]               `Box<OsStr>` implements `From<&mut OsStr>`
[INFO] [stdout]               `Box<OsStr>` implements `From<Cow<'_, OsStr>>`
[INFO] [stdout]               `Box<OsStr>` implements `From<OsString>`
[INFO] [stdout]             and 23 others
[INFO] [stdout]     = note: this error originates in the macro `add_slice_impl` (in Nightly builds, run with -Z macro-backtrace for more info)
[INFO] [stdout] 
[INFO] [stdout] 
[INFO] [stdout] error[E0277]: the trait bound `Box<dyn ArgsValueParse<'_>>: From<&mut [f64]>` is not satisfied
[INFO] [stdout]    --> /opt/rustwide/cargo-home/registry/src/index.crates.io-6f17d22bba15001f/app-0.6.5/src/avp.rs:399:24
[INFO] [stdout]     |
[INFO] [stdout] 399 |         ArgsValue::new(Box::from(self))
[INFO] [stdout]     |                        ^^^ the trait `From<&mut [f64]>` is not implemented for `Box<dyn ArgsValueParse<'_>>`
[INFO] [stdout] ...
[INFO] [stdout] 451 | add_slice_impl! { bool usize u8 u16 u32 u64 isize i8 i16 i32 i64 f32 f64 }
[INFO] [stdout]     | -------------------------------------------------------------------------- in this macro invocation
[INFO] [stdout]     |
[INFO] [stdout]     = help: the following other types implement trait `From<T>`:
[INFO] [stdout]               `Box<CStr>` implements `From<&CStr>`
[INFO] [stdout]               `Box<CStr>` implements `From<&mut CStr>`
[INFO] [stdout]               `Box<CStr>` implements `From<CString>`
[INFO] [stdout]               `Box<CStr>` implements `From<Cow<'_, CStr>>`
[INFO] [stdout]               `Box<OsStr>` implements `From<&OsStr>`
[INFO] [stdout]               `Box<OsStr>` implements `From<&mut OsStr>`
[INFO] [stdout]               `Box<OsStr>` implements `From<Cow<'_, OsStr>>`
[INFO] [stdout]               `Box<OsStr>` implements `From<OsString>`
[INFO] [stdout]             and 23 others
[INFO] [stdout]     = note: this error originates in the macro `add_slice_impl` (in Nightly builds, run with -Z macro-backtrace for more info)
[INFO] [stdout] 
[INFO] [stdout] 
[INFO] [stdout] error[E0277]: the trait bound `Box<dyn ArgsValueParse<'_>>: From<&mut [IpAddr]>` is not satisfied
[INFO] [stdout]    --> /opt/rustwide/cargo-home/registry/src/index.crates.io-6f17d22bba15001f/app-0.6.5/src/avp.rs:399:24
[INFO] [stdout]     |
[INFO] [stdout] 399 |         ArgsValue::new(Box::from(self))
[INFO] [stdout]     |                        ^^^ the trait `From<&mut [IpAddr]>` is not implemented for `Box<dyn ArgsValueParse<'_>>`
[INFO] [stdout] ...
[INFO] [stdout] 452 | add_slice_impl! { IpAddr Ipv4Addr Ipv6Addr SocketAddr SocketAddrV4 SocketAddrV6 }
[INFO] [stdout]     | --------------------------------------------------------------------------------- in this macro invocation
[INFO] [stdout]     |
[INFO] [stdout]     = help: the following other types implement trait `From<T>`:
[INFO] [stdout]               `Box<CStr>` implements `From<&CStr>`
[INFO] [stdout]               `Box<CStr>` implements `From<&mut CStr>`
[INFO] [stdout]               `Box<CStr>` implements `From<CString>`
[INFO] [stdout]               `Box<CStr>` implements `From<Cow<'_, CStr>>`
[INFO] [stdout]               `Box<OsStr>` implements `From<&OsStr>`
[INFO] [stdout]               `Box<OsStr>` implements `From<&mut OsStr>`
[INFO] [stdout]               `Box<OsStr>` implements `From<Cow<'_, OsStr>>`
[INFO] [stdout]               `Box<OsStr>` implements `From<OsString>`
[INFO] [stdout]             and 23 others
[INFO] [stdout]     = note: this error originates in the macro `add_slice_impl` (in Nightly builds, run with -Z macro-backtrace for more info)
[INFO] [stdout] 
[INFO] [stdout] 
[INFO] [stdout] error[E0277]: the trait bound `Box<dyn ArgsValueParse<'_>>: From<&mut [Ipv4Addr]>` is not satisfied
[INFO] [stdout]    --> /opt/rustwide/cargo-home/registry/src/index.crates.io-6f17d22bba15001f/app-0.6.5/src/avp.rs:399:24
[INFO] [stdout]     |
[INFO] [stdout] 399 |         ArgsValue::new(Box::from(self))
[INFO] [stdout]     |                        ^^^ the trait `From<&mut [Ipv4Addr]>` is not implemented for `Box<dyn ArgsValueParse<'_>>`
[INFO] [stdout] ...
[INFO] [stdout] 452 | add_slice_impl! { IpAddr Ipv4Addr Ipv6Addr SocketAddr SocketAddrV4 SocketAddrV6 }
[INFO] [stdout]     | --------------------------------------------------------------------------------- in this macro invocation
[INFO] [stdout]     |
[INFO] [stdout]     = help: the following other types implement trait `From<T>`:
[INFO] [stdout]               `Box<CStr>` implements `From<&CStr>`
[INFO] [stdout]               `Box<CStr>` implements `From<&mut CStr>`
[INFO] [stdout]               `Box<CStr>` implements `From<CString>`
[INFO] [stdout]               `Box<CStr>` implements `From<Cow<'_, CStr>>`
[INFO] [stdout]               `Box<OsStr>` implements `From<&OsStr>`
[INFO] [stdout]               `Box<OsStr>` implements `From<&mut OsStr>`
[INFO] [stdout]               `Box<OsStr>` implements `From<Cow<'_, OsStr>>`
[INFO] [stdout]               `Box<OsStr>` implements `From<OsString>`
[INFO] [stdout]             and 23 others
[INFO] [stdout]     = note: this error originates in the macro `add_slice_impl` (in Nightly builds, run with -Z macro-backtrace for more info)
[INFO] [stdout] 
[INFO] [stdout] 
[INFO] [stderr]     Checking percent-encoding v1.0.1
[INFO] [stdout] error[E0277]: the trait bound `Box<dyn ArgsValueParse<'_>>: From<&mut [Ipv6Addr]>` is not satisfied
[INFO] [stdout]    --> /opt/rustwide/cargo-home/registry/src/index.crates.io-6f17d22bba15001f/app-0.6.5/src/avp.rs:399:24
[INFO] [stdout]     |
[INFO] [stdout] 399 |         ArgsValue::new(Box::from(self))
[INFO] [stdout]     |                        ^^^ the trait `From<&mut [Ipv6Addr]>` is not implemented for `Box<dyn ArgsValueParse<'_>>`
[INFO] [stdout] ...
[INFO] [stdout] 452 | add_slice_impl! { IpAddr Ipv4Addr Ipv6Addr SocketAddr SocketAddrV4 SocketAddrV6 }
[INFO] [stdout]     | --------------------------------------------------------------------------------- in this macro invocation
[INFO] [stdout]     |
[INFO] [stdout]     = help: the following other types implement trait `From<T>`:
[INFO] [stdout]               `Box<CStr>` implements `From<&CStr>`
[INFO] [stdout]               `Box<CStr>` implements `From<&mut CStr>`
[INFO] [stdout]               `Box<CStr>` implements `From<CString>`
[INFO] [stdout]               `Box<CStr>` implements `From<Cow<'_, CStr>>`
[INFO] [stdout]               `Box<OsStr>` implements `From<&OsStr>`
[INFO] [stdout]               `Box<OsStr>` implements `From<&mut OsStr>`
[INFO] [stdout]               `Box<OsStr>` implements `From<Cow<'_, OsStr>>`
[INFO] [stdout]               `Box<OsStr>` implements `From<OsString>`
[INFO] [stdout]             and 23 others
[INFO] [stdout]     = note: this error originates in the macro `add_slice_impl` (in Nightly builds, run with -Z macro-backtrace for more info)
[INFO] [stdout] 
[INFO] [stdout] 
[INFO] [stdout] error[E0277]: the trait bound `Box<dyn ArgsValueParse<'_>>: From<&mut [std::net::SocketAddr]>` is not satisfied
[INFO] [stdout]    --> /opt/rustwide/cargo-home/registry/src/index.crates.io-6f17d22bba15001f/app-0.6.5/src/avp.rs:399:24
[INFO] [stdout]     |
[INFO] [stdout] 399 |         ArgsValue::new(Box::from(self))
[INFO] [stdout]     |                        ^^^ the trait `From<&mut [std::net::SocketAddr]>` is not implemented for `Box<dyn ArgsValueParse<'_>>`
[INFO] [stdout] ...
[INFO] [stdout] 452 | add_slice_impl! { IpAddr Ipv4Addr Ipv6Addr SocketAddr SocketAddrV4 SocketAddrV6 }
[INFO] [stdout]     | --------------------------------------------------------------------------------- in this macro invocation
[INFO] [stdout]     |
[INFO] [stdout]     = help: the following other types implement trait `From<T>`:
[INFO] [stdout]               `Box<CStr>` implements `From<&CStr>`
[INFO] [stdout]               `Box<CStr>` implements `From<&mut CStr>`
[INFO] [stdout]               `Box<CStr>` implements `From<CString>`
[INFO] [stdout]               `Box<CStr>` implements `From<Cow<'_, CStr>>`
[INFO] [stdout]               `Box<OsStr>` implements `From<&OsStr>`
[INFO] [stdout]               `Box<OsStr>` implements `From<&mut OsStr>`
[INFO] [stdout]               `Box<OsStr>` implements `From<Cow<'_, OsStr>>`
[INFO] [stdout]               `Box<OsStr>` implements `From<OsString>`
[INFO] [stdout]             and 23 others
[INFO] [stdout]     = note: this error originates in the macro `add_slice_impl` (in Nightly builds, run with -Z macro-backtrace for more info)
[INFO] [stdout] 
[INFO] [stdout] 
[INFO] [stdout] error[E0277]: the trait bound `Box<dyn ArgsValueParse<'_>>: From<&mut [SocketAddrV4]>` is not satisfied
[INFO] [stdout]    --> /opt/rustwide/cargo-home/registry/src/index.crates.io-6f17d22bba15001f/app-0.6.5/src/avp.rs:399:24
[INFO] [stdout]     |
[INFO] [stdout] 399 |         ArgsValue::new(Box::from(self))
[INFO] [stdout]     |                        ^^^ the trait `From<&mut [SocketAddrV4]>` is not implemented for `Box<dyn ArgsValueParse<'_>>`
[INFO] [stdout] ...
[INFO] [stdout] 452 | add_slice_impl! { IpAddr Ipv4Addr Ipv6Addr SocketAddr SocketAddrV4 SocketAddrV6 }
[INFO] [stdout]     | --------------------------------------------------------------------------------- in this macro invocation
[INFO] [stdout]     |
[INFO] [stdout]     = help: the following other types implement trait `From<T>`:
[INFO] [stdout]               `Box<CStr>` implements `From<&CStr>`
[INFO] [stdout]               `Box<CStr>` implements `From<&mut CStr>`
[INFO] [stdout]               `Box<CStr>` implements `From<CString>`
[INFO] [stdout]               `Box<CStr>` implements `From<Cow<'_, CStr>>`
[INFO] [stdout]               `Box<OsStr>` implements `From<&OsStr>`
[INFO] [stdout]               `Box<OsStr>` implements `From<&mut OsStr>`
[INFO] [stdout]               `Box<OsStr>` implements `From<Cow<'_, OsStr>>`
[INFO] [stdout]               `Box<OsStr>` implements `From<OsString>`
[INFO] [stdout]             and 23 others
[INFO] [stdout]     = note: this error originates in the macro `add_slice_impl` (in Nightly builds, run with -Z macro-backtrace for more info)
[INFO] [stdout] 
[INFO] [stdout] 
[INFO] [stdout] error[E0277]: the trait bound `Box<dyn ArgsValueParse<'_>>: From<&mut [SocketAddrV6]>` is not satisfied
[INFO] [stdout]    --> /opt/rustwide/cargo-home/registry/src/index.crates.io-6f17d22bba15001f/app-0.6.5/src/avp.rs:399:24
[INFO] [stdout]     |
[INFO] [stdout] 399 |         ArgsValue::new(Box::from(self))
[INFO] [stdout]     |                        ^^^ the trait `From<&mut [SocketAddrV6]>` is not implemented for `Box<dyn ArgsValueParse<'_>>`
[INFO] [stdout] ...
[INFO] [stdout] 452 | add_slice_impl! { IpAddr Ipv4Addr Ipv6Addr SocketAddr SocketAddrV4 SocketAddrV6 }
[INFO] [stdout]     | --------------------------------------------------------------------------------- in this macro invocation
[INFO] [stdout]     |
[INFO] [stdout]     = help: the following other types implement trait `From<T>`:
[INFO] [stdout]               `Box<CStr>` implements `From<&CStr>`
[INFO] [stdout]               `Box<CStr>` implements `From<&mut CStr>`
[INFO] [stdout]               `Box<CStr>` implements `From<CString>`
[INFO] [stdout]               `Box<CStr>` implements `From<Cow<'_, CStr>>`
[INFO] [stdout]               `Box<OsStr>` implements `From<&OsStr>`
[INFO] [stdout]               `Box<OsStr>` implements `From<&mut OsStr>`
[INFO] [stdout]               `Box<OsStr>` implements `From<Cow<'_, OsStr>>`
[INFO] [stdout]               `Box<OsStr>` implements `From<OsString>`
[INFO] [stdout]             and 23 others
[INFO] [stdout]     = note: this error originates in the macro `add_slice_impl` (in Nightly builds, run with -Z macro-backtrace for more info)
[INFO] [stdout] 
[INFO] [stdout] 
[INFO] [stderr]     Checking regex v1.5.6
[INFO] [stdout] For more information about this error, try `rustc --explain E0277`.
[INFO] [stdout] 
[INFO] [stderr] error: could not compile `app` (lib) due to 43 previous errors
[INFO] [stderr] warning: build failed, waiting for other jobs to finish...
[INFO] running `Command { std: "docker" "inspect" "e35d8c85ef03cb1c25a99e7df01503be6393ad7dc4752df27d2861d6046dc821", kill_on_drop: false }`
[INFO] running `Command { std: "docker" "rm" "-f" "e35d8c85ef03cb1c25a99e7df01503be6393ad7dc4752df27d2861d6046dc821", kill_on_drop: false }`
[INFO] [stdout] e35d8c85ef03cb1c25a99e7df01503be6393ad7dc4752df27d2861d6046dc821
