[INFO] cloning repository https://github.com/Vitalick/rust-prj
[INFO] running `Command { std: "git" "-c" "credential.helper=" "-c" "credential.helper=/workspace/cargo-home/bin/git-credential-null" "clone" "--bare" "https://github.com/Vitalick/rust-prj" "/workspace/cache/git-repos/https%3A%2F%2Fgithub.com%2FVitalick%2Frust-prj", kill_on_drop: false }`
[INFO] [stderr] Cloning into bare repository '/workspace/cache/git-repos/https%3A%2F%2Fgithub.com%2FVitalick%2Frust-prj'...
[INFO] running `Command { std: "git" "rev-parse" "HEAD", kill_on_drop: false }`
[INFO] [stdout] 860173d798ba07ac473133ab590570898cc23f44
[INFO] documenting Vitalick/rust-prj against beta-2024-12-08 for beta-rustdoc-1.84.0-4-retry
[INFO] running `Command { std: "git" "clone" "/workspace/cache/git-repos/https%3A%2F%2Fgithub.com%2FVitalick%2Frust-prj" "/workspace/builds/worker-4-tc2/source", kill_on_drop: false }`
[INFO] [stderr] Cloning into '/workspace/builds/worker-4-tc2/source'...
[INFO] [stderr] done.
[INFO] validating manifest of git repo https://github.com/Vitalick/rust-prj on toolchain beta-2024-12-08
[INFO] running `Command { std: CARGO_HOME="/workspace/cargo-home" RUSTUP_HOME="/workspace/rustup-home" "/workspace/cargo-home/bin/cargo" "+beta-2024-12-08" "metadata" "--manifest-path" "Cargo.toml" "--no-deps", kill_on_drop: false }`
[INFO] started tweaking git repo https://github.com/Vitalick/rust-prj
[INFO] finished tweaking git repo https://github.com/Vitalick/rust-prj
[INFO] tweaked toml for git repo https://github.com/Vitalick/rust-prj written to /workspace/builds/worker-4-tc2/source/Cargo.toml
[INFO] crate git repo https://github.com/Vitalick/rust-prj already has a lockfile, it will not be regenerated
[INFO] running `Command { std: CARGO_HOME="/workspace/cargo-home" RUSTUP_HOME="/workspace/rustup-home" "/workspace/cargo-home/bin/cargo" "+beta-2024-12-08" "fetch" "--manifest-path" "Cargo.toml", kill_on_drop: false }`
[INFO] running `Command { std: "docker" "create" "-v" "/var/lib/crater-agent-workspace/builds/worker-4-tc2/target:/opt/rustwide/target:rw,Z" "-v" "/var/lib/crater-agent-workspace/builds/worker-4-tc2/source:/opt/rustwide/workdir:ro,Z" "-v" "/var/lib/crater-agent-workspace/cargo-home:/opt/rustwide/cargo-home:ro,Z" "-v" "/var/lib/crater-agent-workspace/rustup-home:/opt/rustwide/rustup-home:ro,Z" "-e" "SOURCE_DIR=/opt/rustwide/workdir" "-e" "CARGO_TARGET_DIR=/opt/rustwide/target" "-e" "CARGO_HOME=/opt/rustwide/cargo-home" "-e" "RUSTUP_HOME=/opt/rustwide/rustup-home" "-w" "/opt/rustwide/workdir" "-m" "1610612736" "--user" "0:0" "--network" "none" "ghcr.io/rust-lang/crates-build-env/linux@sha256:f3a9d4ad9d972b27faf3965f35b62e55ba32bbce8f20bc8fe909558a86702fde" "/opt/rustwide/cargo-home/bin/cargo" "+beta-2024-12-08" "metadata" "--no-deps" "--format-version=1", kill_on_drop: false }`
[INFO] [stdout] 333416393cc809beae9a2e85e98ac8734bea3095fdc0cd50a6e4444b2381d26c
[INFO] running `Command { std: "docker" "start" "-a" "333416393cc809beae9a2e85e98ac8734bea3095fdc0cd50a6e4444b2381d26c", kill_on_drop: false }`
[INFO] running `Command { std: "docker" "inspect" "333416393cc809beae9a2e85e98ac8734bea3095fdc0cd50a6e4444b2381d26c", kill_on_drop: false }`
[INFO] running `Command { std: "docker" "rm" "-f" "333416393cc809beae9a2e85e98ac8734bea3095fdc0cd50a6e4444b2381d26c", kill_on_drop: false }`
[INFO] [stdout] 333416393cc809beae9a2e85e98ac8734bea3095fdc0cd50a6e4444b2381d26c
[INFO] running `Command { std: "docker" "create" "-v" "/var/lib/crater-agent-workspace/builds/worker-4-tc2/target:/opt/rustwide/target:rw,Z" "-v" "/var/lib/crater-agent-workspace/builds/worker-4-tc2/source:/opt/rustwide/workdir:ro,Z" "-v" "/var/lib/crater-agent-workspace/cargo-home:/opt/rustwide/cargo-home:ro,Z" "-v" "/var/lib/crater-agent-workspace/rustup-home:/opt/rustwide/rustup-home:ro,Z" "-e" "SOURCE_DIR=/opt/rustwide/workdir" "-e" "CARGO_TARGET_DIR=/opt/rustwide/target" "-e" "CARGO_INCREMENTAL=0" "-e" "RUST_BACKTRACE=full" "-e" "RUSTFLAGS=--cap-lints=warn" "-e" "RUSTDOCFLAGS=--cap-lints=warn" "-e" "CARGO_HOME=/opt/rustwide/cargo-home" "-e" "RUSTUP_HOME=/opt/rustwide/rustup-home" "-w" "/opt/rustwide/workdir" "-m" "1610612736" "--user" "0:0" "--network" "none" "ghcr.io/rust-lang/crates-build-env/linux@sha256:f3a9d4ad9d972b27faf3965f35b62e55ba32bbce8f20bc8fe909558a86702fde" "/opt/rustwide/cargo-home/bin/cargo" "+beta-2024-12-08" "doc" "--frozen" "--no-deps" "--document-private-items" "--message-format=json", kill_on_drop: false }`
[INFO] [stdout] d0302ad5f9608262780a30bcc41d988dba29c219ef33bc62b6ed13e5d9727067
[INFO] running `Command { std: "docker" "start" "-a" "d0302ad5f9608262780a30bcc41d988dba29c219ef33bc62b6ed13e5d9727067", kill_on_drop: false }`
[INFO] [stderr]    Compiling autocfg v1.1.0
[INFO] [stderr]    Compiling crossbeam-utils v0.8.19
[INFO] [stderr]    Compiling libc v0.2.153
[INFO] [stderr]     Checking pin-project-lite v0.2.13
[INFO] [stderr]     Checking cfg-if v1.0.0
[INFO] [stderr]     Checking parking v2.2.0
[INFO] [stderr]     Checking futures-core v0.3.30
[INFO] [stderr]    Compiling rustversion v1.0.14
[INFO] [stderr]     Checking futures-io v0.3.30
[INFO] [stderr]    Compiling proc-macro2 v1.0.78
[INFO] [stderr]    Compiling unicode-ident v1.0.12
[INFO] [stderr]     Checking value-bag v1.7.0
[INFO] [stderr]     Checking pin-utils v0.1.0
[INFO] [stderr]     Checking fastrand v2.0.1
[INFO] [stderr]    Compiling rustix v0.38.31
[INFO] [stderr]     Checking log v0.4.20
[INFO] [stderr]     Checking bitflags v1.3.2
[INFO] [stderr]    Compiling slab v0.4.9
[INFO] [stderr]     Checking tracing-core v0.1.32
[INFO] [stderr]     Checking memchr v2.7.1
[INFO] [stderr]    Compiling lock_api v0.4.11
[INFO] [stderr]    Compiling memoffset v0.7.1
[INFO] [stderr]     Checking concurrent-queue v2.4.0
[INFO] [stderr]     Checking tracing v0.1.40
[INFO] [stderr]     Checking futures-lite v2.2.0
[INFO] [stderr]     Checking event-listener v4.0.3
[INFO] [stderr]    Compiling quote v1.0.35
[INFO] [stderr]     Checking event-listener v5.1.0
[INFO] [stderr]    Compiling cc v1.0.86
[INFO] [stderr]     Checking event-listener-strategy v0.4.0
[INFO] [stderr]     Checking smallvec v1.13.1
[INFO] [stderr]    Compiling syn v2.0.50
[INFO] [stderr]     Checking async-lock v3.3.0
[INFO] [stderr]     Checking linux-raw-sys v0.4.13
[INFO] [stderr]    Compiling parking_lot_core v0.9.9
[INFO] [stderr]    Compiling io-lifetimes v1.0.11
[INFO] [stderr]     Checking bitflags v2.4.2
[INFO] [stderr]     Checking event-listener-strategy v0.5.0
[INFO] [stderr]    Compiling may_queue v0.1.21
[INFO] [stderr]     Checking crossbeam-epoch v0.9.18
[INFO] [stderr]     Checking num_cpus v1.16.0
[INFO] [stderr]    Compiling polling v2.8.0
[INFO] [stderr]     Checking event-listener v2.5.3
[INFO] [stderr]     Checking scopeguard v1.2.0
[INFO] [stderr]    Compiling rustix v0.37.27
[INFO] [stderr]     Checking async-task v4.7.0
[INFO] [stderr]     Checking atomic-waker v1.1.2
[INFO] [stderr]     Checking futures-sink v0.3.30
[INFO] [stderr]     Checking piper v0.2.1
[INFO] [stderr]     Checking futures-channel v0.3.30
[INFO] [stderr]     Checking crossbeam-deque v0.8.5
[INFO] [stderr]     Checking getrandom v0.2.12
[INFO] [stderr]     Checking async-channel v2.2.0
[INFO] [stderr]    Compiling may v0.3.42
[INFO] [stderr]     Checking crossbeam-queue v0.3.11
[INFO] [stderr]     Checking crossbeam-channel v0.5.11
[INFO] [stderr]    Compiling async-io v1.13.0
[INFO] [stderr]     Checking linux-raw-sys v0.3.8
[INFO] [stderr]     Checking futures-task v0.3.30
[INFO] [stderr]     Checking fastrand v1.9.0
[INFO] [stderr]     Checking once_cell v1.19.0
[INFO] [stderr]    Compiling generator v0.7.5
[INFO] [stderr]     Checking waker-fn v1.1.1
[INFO] [stderr]    Compiling httparse v1.8.0
[INFO] [stderr]     Checking futures-lite v1.13.0
[INFO] [stderr]     Checking blocking v1.5.1
[INFO] [stderr]     Checking crossbeam v0.8.4
[INFO] [stderr]     Checking parking_lot v0.12.1
[INFO] [stderr]     Checking rand_core v0.6.4
[INFO] [stderr]     Checking nix v0.26.4
[INFO] [stderr]     Checking async-executor v1.8.0
[INFO] [stderr]     Checking async-lock v2.8.0
[INFO] [stderr]     Checking core_affinity v0.8.1
[INFO] [stderr]     Checking socket2 v0.4.10
[INFO] [stderr]     Checking socket2 v0.5.5
[INFO] [stderr]    Compiling num-traits v0.2.18
[INFO] [stderr]     Checking lazy_static v1.4.0
[INFO] [stderr]     Checking ppv-lite86 v0.2.17
[INFO] [stderr]     Checking async-channel v1.9.0
[INFO] [stderr]     Checking kv-log-macro v1.0.7
[INFO] [stderr]     Checking httpdate v1.0.3
[INFO] [stderr]     Checking bytes v1.5.0
[INFO] [stderr]     Checking rand_chacha v0.3.1
[INFO] [stderr]     Checking itoa v1.0.10
[INFO] [stderr]     Checking rand v0.8.5
[INFO] [stderr]    Compiling futures-macro v0.3.30
[INFO] [stderr]    Compiling tokio-macros v2.2.0
[INFO] [stderr]     Checking tokio v1.36.0
[INFO] [stderr]     Checking futures-util v0.3.30
[INFO] [stdout] error[E0080]: evaluation of constant value failed
[INFO] [stdout]   --> /opt/rustwide/cargo-home/registry/src/index.crates.io-6f17d22bba15001f/may-0.3.42/src/sync/spsc.rs:72:15
[INFO] [stdout]    |
[INFO] [stdout] 72 | const _: () = assert!(std::mem::size_of::<Thread>() == std::mem::size_of::<usize>());
[INFO] [stdout]    |               ^^^^^^^^^^^^^^^^^^^^^^^^^^^^^^^^^^^^^^^^^^^^^^^^^^^^^^^^^^^^^^^^^^^^^^ the evaluated program panicked at 'assertion failed: std::mem::size_of::<Thread>() == std::mem::size_of::<usize>()', /opt/rustwide/cargo-home/registry/src/index.crates.io-6f17d22bba15001f/may-0.3.42/src/sync/spsc.rs:72:15
[INFO] [stdout]    |
[INFO] [stdout]    = note: this error originates in the macro `assert` (in Nightly builds, run with -Z macro-backtrace for more info)
[INFO] [stdout] 
[INFO] [stdout] 
[INFO] [stderr]     Checking polling v3.5.0
[INFO] [stdout] error[E0512]: cannot transmute between types of different sizes, or dependently-sized types
[INFO] [stdout]   --> /opt/rustwide/cargo-home/registry/src/index.crates.io-6f17d22bba15001f/may-0.3.42/src/sync/spsc.rs:86:35
[INFO] [stdout]    |
[INFO] [stdout] 86 |         let mut handle = unsafe { std::mem::transmute(thread) };
[INFO] [stdout]    |                                   ^^^^^^^^^^^^^^^^^^^
[INFO] [stdout]    |
[INFO] [stdout]    = note: source type: `Thread` (128 bits)
[INFO] [stdout]    = note: target type: `NonZero<usize>` (64 bits)
[INFO] [stdout] 
[INFO] [stdout] 
[INFO] [stdout] error[E0512]: cannot transmute between types of different sizes, or dependently-sized types
[INFO] [stdout]    --> /opt/rustwide/cargo-home/registry/src/index.crates.io-6f17d22bba15001f/may-0.3.42/src/sync/spsc.rs:100:31
[INFO] [stdout]     |
[INFO] [stdout] 100 |         let thread = unsafe { std::mem::transmute(self.handle.get() & !1) };
[INFO] [stdout]     |                               ^^^^^^^^^^^^^^^^^^^
[INFO] [stdout]     |
[INFO] [stdout]     = note: source type: `usize` (64 bits)
[INFO] [stdout]     = note: target type: `Thread` (128 bits)
[INFO] [stdout] 
[INFO] [stdout] 
[INFO] [stdout] error[E0512]: cannot transmute between types of different sizes, or dependently-sized types
[INFO] [stdout]    --> /opt/rustwide/cargo-home/registry/src/index.crates.io-6f17d22bba15001f/may-0.3.42/src/sync/spsc.rs:123:44
[INFO] [stdout]     |
[INFO] [stdout] 123 |             let _thread: Thread = unsafe { std::mem::transmute(self.handle.get() & !1) };
[INFO] [stdout]     |                                            ^^^^^^^^^^^^^^^^^^^
[INFO] [stdout]     |
[INFO] [stdout]     = note: source type: `usize` (64 bits)
[INFO] [stdout]     = note: target type: `Thread` (128 bits)
[INFO] [stdout] 
[INFO] [stdout] 
[INFO] [stderr]     Checking async-io v2.3.1
[INFO] [stdout] Some errors have detailed explanations: E0080, E0512.
[INFO] [stdout] 
[INFO] [stdout] For more information about an error, try `rustc --explain E0080`.
[INFO] [stdout] 
[INFO] [stderr] error: could not compile `may` (lib) due to 4 previous errors
[INFO] [stderr] warning: build failed, waiting for other jobs to finish...
[INFO] running `Command { std: "docker" "inspect" "d0302ad5f9608262780a30bcc41d988dba29c219ef33bc62b6ed13e5d9727067", kill_on_drop: false }`
[INFO] running `Command { std: "docker" "rm" "-f" "d0302ad5f9608262780a30bcc41d988dba29c219ef33bc62b6ed13e5d9727067", kill_on_drop: false }`
[INFO] [stdout] d0302ad5f9608262780a30bcc41d988dba29c219ef33bc62b6ed13e5d9727067
