[INFO] cloning repository https://github.com/kolbma/may_embed_svelte_sample
[INFO] running `Command { std: "git" "-c" "credential.helper=" "-c" "credential.helper=/workspace/cargo-home/bin/git-credential-null" "clone" "--bare" "https://github.com/kolbma/may_embed_svelte_sample" "/workspace/cache/git-repos/https%3A%2F%2Fgithub.com%2Fkolbma%2Fmay_embed_svelte_sample", kill_on_drop: false }`
[INFO] [stderr] Cloning into bare repository '/workspace/cache/git-repos/https%3A%2F%2Fgithub.com%2Fkolbma%2Fmay_embed_svelte_sample'...
[INFO] running `Command { std: "git" "rev-parse" "HEAD", kill_on_drop: false }`
[INFO] [stdout] 41e49a6f22c147e4462bc4ea5c8f5b8ec224d0ef
[INFO] documenting kolbma/may_embed_svelte_sample against beta-2024-12-08 for beta-rustdoc-1.84.0-4-retry
[INFO] running `Command { std: "git" "clone" "/workspace/cache/git-repos/https%3A%2F%2Fgithub.com%2Fkolbma%2Fmay_embed_svelte_sample" "/workspace/builds/worker-6-tc2/source", kill_on_drop: false }`
[INFO] [stderr] Cloning into '/workspace/builds/worker-6-tc2/source'...
[INFO] [stderr] done.
[INFO] validating manifest of git repo https://github.com/kolbma/may_embed_svelte_sample on toolchain beta-2024-12-08
[INFO] running `Command { std: CARGO_HOME="/workspace/cargo-home" RUSTUP_HOME="/workspace/rustup-home" "/workspace/cargo-home/bin/cargo" "+beta-2024-12-08" "metadata" "--manifest-path" "Cargo.toml" "--no-deps", kill_on_drop: false }`
[INFO] started tweaking git repo https://github.com/kolbma/may_embed_svelte_sample
[INFO] finished tweaking git repo https://github.com/kolbma/may_embed_svelte_sample
[INFO] tweaked toml for git repo https://github.com/kolbma/may_embed_svelte_sample written to /workspace/builds/worker-6-tc2/source/Cargo.toml
[INFO] crate git repo https://github.com/kolbma/may_embed_svelte_sample already has a lockfile, it will not be regenerated
[INFO] running `Command { std: CARGO_HOME="/workspace/cargo-home" RUSTUP_HOME="/workspace/rustup-home" "/workspace/cargo-home/bin/cargo" "+beta-2024-12-08" "fetch" "--manifest-path" "Cargo.toml", kill_on_drop: false }`
[INFO] [stderr] warning: unused manifest key: dependencies.env_logger.no-default-features
[INFO] running `Command { std: "docker" "create" "-v" "/var/lib/crater-agent-workspace/builds/worker-6-tc2/target:/opt/rustwide/target:rw,Z" "-v" "/var/lib/crater-agent-workspace/builds/worker-6-tc2/source:/opt/rustwide/workdir:ro,Z" "-v" "/var/lib/crater-agent-workspace/cargo-home:/opt/rustwide/cargo-home:ro,Z" "-v" "/var/lib/crater-agent-workspace/rustup-home:/opt/rustwide/rustup-home:ro,Z" "-e" "SOURCE_DIR=/opt/rustwide/workdir" "-e" "CARGO_TARGET_DIR=/opt/rustwide/target" "-e" "CARGO_HOME=/opt/rustwide/cargo-home" "-e" "RUSTUP_HOME=/opt/rustwide/rustup-home" "-w" "/opt/rustwide/workdir" "-m" "1610612736" "--user" "0:0" "--network" "none" "ghcr.io/rust-lang/crates-build-env/linux@sha256:f3a9d4ad9d972b27faf3965f35b62e55ba32bbce8f20bc8fe909558a86702fde" "/opt/rustwide/cargo-home/bin/cargo" "+beta-2024-12-08" "metadata" "--no-deps" "--format-version=1", kill_on_drop: false }`
[INFO] [stdout] 9f442065bca36b74c395ab04c468d706b7e89f0112e7791189e785645a65ce66
[INFO] running `Command { std: "docker" "start" "-a" "9f442065bca36b74c395ab04c468d706b7e89f0112e7791189e785645a65ce66", kill_on_drop: false }`
[INFO] running `Command { std: "docker" "inspect" "9f442065bca36b74c395ab04c468d706b7e89f0112e7791189e785645a65ce66", kill_on_drop: false }`
[INFO] running `Command { std: "docker" "rm" "-f" "9f442065bca36b74c395ab04c468d706b7e89f0112e7791189e785645a65ce66", kill_on_drop: false }`
[INFO] [stdout] 9f442065bca36b74c395ab04c468d706b7e89f0112e7791189e785645a65ce66
[INFO] running `Command { std: "docker" "create" "-v" "/var/lib/crater-agent-workspace/builds/worker-6-tc2/target:/opt/rustwide/target:rw,Z" "-v" "/var/lib/crater-agent-workspace/builds/worker-6-tc2/source:/opt/rustwide/workdir:ro,Z" "-v" "/var/lib/crater-agent-workspace/cargo-home:/opt/rustwide/cargo-home:ro,Z" "-v" "/var/lib/crater-agent-workspace/rustup-home:/opt/rustwide/rustup-home:ro,Z" "-e" "SOURCE_DIR=/opt/rustwide/workdir" "-e" "CARGO_TARGET_DIR=/opt/rustwide/target" "-e" "CARGO_INCREMENTAL=0" "-e" "RUST_BACKTRACE=full" "-e" "RUSTFLAGS=--cap-lints=warn" "-e" "RUSTDOCFLAGS=--cap-lints=warn" "-e" "CARGO_HOME=/opt/rustwide/cargo-home" "-e" "RUSTUP_HOME=/opt/rustwide/rustup-home" "-w" "/opt/rustwide/workdir" "-m" "1610612736" "--user" "0:0" "--network" "none" "ghcr.io/rust-lang/crates-build-env/linux@sha256:f3a9d4ad9d972b27faf3965f35b62e55ba32bbce8f20bc8fe909558a86702fde" "/opt/rustwide/cargo-home/bin/cargo" "+beta-2024-12-08" "doc" "--frozen" "--no-deps" "--document-private-items" "--message-format=json", kill_on_drop: false }`
[INFO] [stdout] be0dfda6d5c564e3ee721148266e68a90b08bae2b58329494902a31cad83ecca
[INFO] running `Command { std: "docker" "start" "-a" "be0dfda6d5c564e3ee721148266e68a90b08bae2b58329494902a31cad83ecca", kill_on_drop: false }`
[INFO] [stderr] warning: unused manifest key: dependencies.env_logger.no-default-features
[INFO] [stderr]    Compiling version_check v0.9.5
[INFO] [stderr]    Compiling typenum v1.17.0
[INFO] [stderr]    Compiling rustversion v1.0.18
[INFO] [stderr]    Compiling libc v0.2.159
[INFO] [stderr]    Compiling autocfg v1.4.0
[INFO] [stderr]    Compiling crossbeam-utils v0.8.20
[INFO] [stderr]    Compiling proc-macro2 v1.0.87
[INFO] [stderr]     Checking memchr v2.7.4
[INFO] [stderr]    Compiling generic-array v0.14.7
[INFO] [stderr]    Compiling unicase v2.7.0
[INFO] [stderr]    Compiling memoffset v0.9.1
[INFO] [stderr]    Compiling lock_api v0.4.12
[INFO] [stderr]     Checking log v0.4.22
[INFO] [stderr]    Compiling unicode-ident v1.0.13
[INFO] [stderr]     Checking smallvec v1.13.2
[INFO] [stderr]    Compiling nix v0.29.0
[INFO] [stderr]     Checking crossbeam-epoch v0.9.18
[INFO] [stderr]     Checking aho-corasick v1.1.3
[INFO] [stderr]    Compiling may_queue v0.1.23
[INFO] [stderr]    Compiling generator v0.8.3
[INFO] [stderr]    Compiling same-file v1.0.6
[INFO] [stderr]     Checking regex-syntax v0.8.5
[INFO] [stderr]    Compiling cpufeatures v0.2.14
[INFO] [stderr]    Compiling quote v1.0.37
[INFO] [stderr]    Compiling walkdir v2.5.0
[INFO] [stderr]     Checking crossbeam-deque v0.8.5
[INFO] [stderr]    Compiling may v0.3.46
[INFO] [stderr]     Checking block-buffer v0.10.4
[INFO] [stderr]     Checking crypto-common v0.1.6
[INFO] [stderr]     Checking digest v0.10.7
[INFO] [stderr]     Checking crossbeam-channel v0.5.13
[INFO] [stderr]     Checking crossbeam-queue v0.3.11
[INFO] [stderr]    Compiling httparse v1.9.5
[INFO] [stderr]     Checking bitflags v2.6.0
[INFO] [stderr]    Compiling sha2 v0.10.8
[INFO] [stderr]     Checking num_cpus v1.16.0
[INFO] [stderr]     Checking parking_lot_core v0.9.10
[INFO] [stderr]    Compiling mime_guess v2.0.5
[INFO] [stderr]     Checking core_affinity v0.8.1
[INFO] [stderr]     Checking parking_lot v0.12.3
[INFO] [stderr]     Checking crossbeam v0.8.4
[INFO] [stderr]     Checking regex-automata v0.4.8
[INFO] [stderr]    Compiling rust-embed-utils v8.5.0
[INFO] [stderr]     Checking socket2 v0.5.7
[INFO] [stderr]     Checking anstyle-parse v0.2.5
[INFO] [stderr]    Compiling syn v2.0.79
[INFO] [stderr]     Checking lazy_static v1.5.0
[INFO] [stderr]     Checking anstyle-query v1.1.1
[INFO] [stderr]     Checking anstyle v1.0.8
[INFO] [stderr]     Checking colorchoice v1.0.2
[INFO] [stderr]     Checking is_terminal_polyfill v1.70.1
[INFO] [stderr]     Checking bytes v1.7.2
[INFO] [stderr]     Checking anstream v0.6.15
[INFO] [stderr]     Checking itoa v1.0.11
[INFO] [stderr]     Checking humantime v2.1.0
[INFO] [stderr]     Checking httpdate v1.0.3
[INFO] [stderr]     Checking once_cell v1.20.2
[INFO] [stdout] error[E0080]: evaluation of constant value failed
[INFO] [stdout]   --> /opt/rustwide/cargo-home/registry/src/index.crates.io-6f17d22bba15001f/may-0.3.46/src/sync/spsc.rs:72:15
[INFO] [stdout]    |
[INFO] [stdout] 72 | const _: () = assert!(std::mem::size_of::<Thread>() == std::mem::size_of::<usize>());
[INFO] [stdout]    |               ^^^^^^^^^^^^^^^^^^^^^^^^^^^^^^^^^^^^^^^^^^^^^^^^^^^^^^^^^^^^^^^^^^^^^^ the evaluated program panicked at 'assertion failed: std::mem::size_of::<Thread>() == std::mem::size_of::<usize>()', /opt/rustwide/cargo-home/registry/src/index.crates.io-6f17d22bba15001f/may-0.3.46/src/sync/spsc.rs:72:15
[INFO] [stdout]    |
[INFO] [stdout]    = note: this error originates in the macro `assert` (in Nightly builds, run with -Z macro-backtrace for more info)
[INFO] [stdout] 
[INFO] [stdout] 
[INFO] [stdout] error[E0512]: cannot transmute between types of different sizes, or dependently-sized types
[INFO] [stdout]   --> /opt/rustwide/cargo-home/registry/src/index.crates.io-6f17d22bba15001f/may-0.3.46/src/sync/spsc.rs:86:49
[INFO] [stdout]    |
[INFO] [stdout] 86 |         let mut handle: NonZeroUsize = unsafe { std::mem::transmute(thread) };
[INFO] [stdout]    |                                                 ^^^^^^^^^^^^^^^^^^^
[INFO] [stdout]    |
[INFO] [stdout]    = note: source type: `Thread` (128 bits)
[INFO] [stdout]    = note: target type: `NonZero<usize>` (64 bits)
[INFO] [stdout] 
[INFO] [stdout] 
[INFO] [stdout] error[E0512]: cannot transmute between types of different sizes, or dependently-sized types
[INFO] [stdout]    --> /opt/rustwide/cargo-home/registry/src/index.crates.io-6f17d22bba15001f/may-0.3.46/src/sync/spsc.rs:100:39
[INFO] [stdout]     |
[INFO] [stdout] 100 |         let thread: Thread = unsafe { std::mem::transmute(self.handle.get() & !1) };
[INFO] [stdout]     |                                       ^^^^^^^^^^^^^^^^^^^
[INFO] [stdout]     |
[INFO] [stdout]     = note: source type: `usize` (64 bits)
[INFO] [stdout]     = note: target type: `Thread` (128 bits)
[INFO] [stdout] 
[INFO] [stdout] 
[INFO] [stdout] error[E0512]: cannot transmute between types of different sizes, or dependently-sized types
[INFO] [stdout]    --> /opt/rustwide/cargo-home/registry/src/index.crates.io-6f17d22bba15001f/may-0.3.46/src/sync/spsc.rs:123:44
[INFO] [stdout]     |
[INFO] [stdout] 123 |             let _thread: Thread = unsafe { std::mem::transmute(self.handle.get() & !1) };
[INFO] [stdout]     |                                            ^^^^^^^^^^^^^^^^^^^
[INFO] [stdout]     |
[INFO] [stdout]     = note: source type: `usize` (64 bits)
[INFO] [stdout]     = note: target type: `Thread` (128 bits)
[INFO] [stdout] 
[INFO] [stdout] 
[INFO] [stdout] Some errors have detailed explanations: E0080, E0512.
[INFO] [stdout] 
[INFO] [stdout] For more information about an error, try `rustc --explain E0080`.
[INFO] [stdout] 
[INFO] [stderr] error: could not compile `may` (lib) due to 4 previous errors
[INFO] [stderr] warning: build failed, waiting for other jobs to finish...
[INFO] running `Command { std: "docker" "inspect" "be0dfda6d5c564e3ee721148266e68a90b08bae2b58329494902a31cad83ecca", kill_on_drop: false }`
[INFO] running `Command { std: "docker" "rm" "-f" "be0dfda6d5c564e3ee721148266e68a90b08bae2b58329494902a31cad83ecca", kill_on_drop: false }`
[INFO] [stdout] be0dfda6d5c564e3ee721148266e68a90b08bae2b58329494902a31cad83ecca
