[INFO] fetching crate rxvm 1.0.0...
[INFO] documenting rxvm-1.0.0 against 1.100.0-beta.1 for beta-rustdoc-1.100
[INFO] extracting crate rxvm 1.0.0 into /workspace/builds/worker-2-tc2/source
[INFO] removed /workspace/builds/worker-2-tc2/source/rust-toolchain.toml
[INFO] started tweaking crates.io crate rxvm 1.0.0
[INFO] finished tweaking crates.io crate rxvm 1.0.0
[INFO] tweaked toml for crates.io crate rxvm 1.0.0 written to /workspace/builds/worker-2-tc2/source/Cargo.toml
[INFO] validating manifest of crates.io crate rxvm 1.0.0 on toolchain 1.100.0-beta.1
[INFO] running `Command { std: CARGO_HOME="/workspace/cargo-home" RUSTUP_HOME="/workspace/rustup-home" "/workspace/cargo-home/bin/cargo" "+1.100.0-beta.1" "metadata" "--manifest-path" "Cargo.toml" "--no-deps", kill_on_drop: false }`
[INFO] running `Command { std: CARGO_HOME="/workspace/cargo-home" RUSTUP_HOME="/workspace/rustup-home" "/workspace/cargo-home/bin/cargo" "+1.100.0-beta.1" "generate-lockfile" "--manifest-path" "Cargo.toml", kill_on_drop: false }`
[INFO] [stderr]     Updating crates.io index
[INFO] [stderr]      Locking 51 packages to highest compatible versions
[INFO] running `Command { std: CARGO_HOME="/workspace/cargo-home" RUSTUP_HOME="/workspace/rustup-home" "/workspace/cargo-home/bin/cargo" "+1.100.0-beta.1" "fetch" "--manifest-path" "Cargo.toml", kill_on_drop: false }`
[INFO] [stderr]     Blocking waiting for file lock on package cache
[INFO] running `Command { std: "docker" "create" "-v" "/var/lib/crater-agent-workspace/builds/worker-2-tc2/source:/opt/rustwide/workdir:ro,Z" "-v" "/var/lib/crater-agent-workspace/builds/worker-2-tc2/target:/opt/rustwide/target:rw,Z" "-v" "/var/lib/crater-agent-workspace/cargo-home:/opt/rustwide/cargo-home:ro,Z" "-v" "/var/lib/crater-agent-workspace/rustup-home:/opt/rustwide/rustup-home:ro,Z" "-m" "1610612736" "--network" "none" "ghcr.io/rust-lang/crates-build-env/linux@sha256:77db811e55d90add9212f6832c23229e3de5f1c1f9905e8cb07319ea15df73ac" "sleep" "infinity", kill_on_drop: false }`
[INFO] [stdout] 5660dbe4c938212a34d4105fff4574f1d7447a6378e0462ccb052d16da612c1f
[INFO] running `Command { std: "docker" "start" "5660dbe4c938212a34d4105fff4574f1d7447a6378e0462ccb052d16da612c1f", kill_on_drop: false }`
[INFO] running `Command { std: "docker" "inspect" "5660dbe4c938212a34d4105fff4574f1d7447a6378e0462ccb052d16da612c1f", kill_on_drop: false }`
[INFO] running `Command { std: "docker" "exec" "-e" "SOURCE_DIR=/opt/rustwide/workdir" "-e" "CARGO_HOME=/opt/rustwide/cargo-home" "-e" "RUSTUP_HOME=/opt/rustwide/rustup-home" "-e" "CARGO_TARGET_DIR=/opt/rustwide/target" "-w" "/opt/rustwide/workdir" "--user" "0:0" "5660dbe4c938212a34d4105fff4574f1d7447a6378e0462ccb052d16da612c1f" "/opt/rustwide/cargo-home/bin/cargo" "+1.100.0-beta.1" "metadata" "--no-deps" "--format-version=1", kill_on_drop: false }`
[INFO] running `Command { std: "docker" "inspect" "5660dbe4c938212a34d4105fff4574f1d7447a6378e0462ccb052d16da612c1f", kill_on_drop: false }`
[INFO] running `Command { std: "docker" "exec" "-e" "SOURCE_DIR=/opt/rustwide/workdir" "-e" "CARGO_HOME=/opt/rustwide/cargo-home" "-e" "RUSTUP_HOME=/opt/rustwide/rustup-home" "-e" "CARGO_TARGET_DIR=/opt/rustwide/target" "-e" "CARGO_INCREMENTAL=0" "-e" "RUST_BACKTRACE=full" "-e" "RUSTFLAGS=--cap-lints=warn" "-e" "RUSTDOCFLAGS=--cap-lints=warn" "-w" "/opt/rustwide/workdir" "--user" "0:0" "5660dbe4c938212a34d4105fff4574f1d7447a6378e0462ccb052d16da612c1f" "/opt/rustwide/cargo-home/bin/cargo" "+1.100.0-beta.1" "doc" "--frozen" "--no-deps" "--document-private-items" "--message-format=json", kill_on_drop: false }`
[INFO] [stderr]    Compiling proc-macro2 v1.0.107
[INFO] [stderr]    Compiling quote v1.0.47
[INFO] [stderr]    Compiling glob v0.3.4
[INFO] [stderr]    Compiling libc v0.2.190
[INFO] [stderr]    Compiling prettyplease v0.2.37
[INFO] [stderr]    Compiling memchr v2.8.3
[INFO] [stderr]    Compiling minimal-lexical v0.2.1
[INFO] [stderr]    Compiling cfg-if v1.0.5
[INFO] [stderr]    Compiling regex-syntax v0.8.11
[INFO] [stderr]    Compiling bindgen v0.71.1
[INFO] [stderr]    Compiling either v1.19.0
[INFO] [stderr]    Compiling find-msvc-tools v0.1.14
[INFO] [stderr]    Compiling log v0.4.34
[INFO] [stderr]    Compiling rustc-hash v2.1.3
[INFO] [stderr]    Compiling bitflags v2.13.2
[INFO] [stderr]    Compiling libloading v0.8.9
[INFO] [stderr]    Compiling cc v1.6.0
[INFO] [stderr]    Compiling clang-sys v1.9.1
[INFO] [stderr]    Compiling itertools v0.13.0
[INFO] [stderr]    Compiling nom v7.1.3
[INFO] [stderr]    Compiling syn v2.0.119
[INFO] [stderr]    Compiling cmake v0.1.58
[INFO] [stderr]    Compiling regex-automata v0.4.18
[INFO] [stderr]    Compiling cexpr v0.6.0
[INFO] [stderr]    Compiling regex v1.13.1
[INFO] [stderr]    Compiling rxvm-sys v1.0.0
[INFO] [stderr] error: failed to run custom build command for `rxvm-sys v1.0.0`
[INFO] [stderr] note: To improve backtraces for build dependencies, set the CARGO_PROFILE_DEV_BUILD_OVERRIDE_DEBUG=true environment variable to enable debug information generation.
[INFO] [stderr] 
[INFO] [stderr] Caused by:
[INFO] [stderr]   process didn't exit successfully: `/opt/rustwide/target/debug/build/rxvm-sys/42222daf0bafce2a/out/build_script_build` (exit status: 101)
[INFO] [stderr]   --- stdout
[INFO] [stderr]   cargo:rustc-link-lib=dylib=stdc++
[INFO] [stderr]   CMAKE_TOOLCHAIN_FILE_x86_64-unknown-linux-gnu = None
[INFO] [stderr]   CMAKE_TOOLCHAIN_FILE_x86_64_unknown_linux_gnu = None
[INFO] [stderr]   HOST_CMAKE_TOOLCHAIN_FILE = None
[INFO] [stderr]   CMAKE_TOOLCHAIN_FILE = None
[INFO] [stderr]   CMAKE_GENERATOR_x86_64-unknown-linux-gnu = None
[INFO] [stderr]   CMAKE_GENERATOR_x86_64_unknown_linux_gnu = None
[INFO] [stderr]   HOST_CMAKE_GENERATOR = None
[INFO] [stderr]   CMAKE_GENERATOR = None
[INFO] [stderr]   CMAKE_PREFIX_PATH_x86_64-unknown-linux-gnu = None
[INFO] [stderr]   CMAKE_PREFIX_PATH_x86_64_unknown_linux_gnu = None
[INFO] [stderr]   HOST_CMAKE_PREFIX_PATH = None
[INFO] [stderr]   CMAKE_PREFIX_PATH = None
[INFO] [stderr]   CMAKE_x86_64-unknown-linux-gnu = None
[INFO] [stderr]   CMAKE_x86_64_unknown_linux_gnu = None
[INFO] [stderr]   HOST_CMAKE = None
[INFO] [stderr]   CMAKE = None
[INFO] [stderr]   -- The C compiler identification is GNU 15.2.0
[INFO] [stderr]   -- The CXX compiler identification is GNU 15.2.0
[INFO] [stderr]   -- Detecting C compiler ABI info
[INFO] [stderr]   -- Detecting C compiler ABI info - done
[INFO] [stderr]   -- Check for working C compiler: /usr/bin/cc - skipped
[INFO] [stderr]   -- Detecting C compile features
[INFO] [stderr]   -- Detecting C compile features - done
[INFO] [stderr]   -- Detecting CXX compiler ABI info
[INFO] [stderr]   -- Detecting CXX compiler ABI info - done
[INFO] [stderr]   -- Check for working CXX compiler: /usr/bin/c++ - skipped
[INFO] [stderr]   -- Detecting CXX compile features
[INFO] [stderr]   -- Detecting CXX compile features - done
[INFO] [stderr]   -- Performing Test _maes_cxx
[INFO] [stderr]   -- Performing Test _maes_cxx - Success
[INFO] [stderr]   -- Setting CXX flag -maes
[INFO] [stderr]   -- Performing Test _maes_c
[INFO] [stderr]   -- Performing Test _maes_c - Success
[INFO] [stderr]   -- Setting C flag -maes
[INFO] [stderr]   -- Performing Test HAVE_SSSE3
[INFO] [stderr]   -- Performing Test HAVE_SSSE3 - Success
[INFO] [stderr]   -- Performing Test HAVE_AVX2
[INFO] [stderr]   -- Performing Test HAVE_AVX2 - Success
[INFO] [stderr]   -- Performing Test CMAKE_HAVE_LIBC_PTHREAD
[INFO] [stderr]   -- Performing Test CMAKE_HAVE_LIBC_PTHREAD - Success
[INFO] [stderr]   -- Found Threads: TRUE
[INFO] [stderr]   -- Performing Test HAVE_CXX_ATOMICS
[INFO] [stderr]   -- Performing Test HAVE_CXX_ATOMICS - Success
[INFO] [stderr]   -- Configuring done (2.8s)
[INFO] [stderr]   -- Generating done (0.0s)
[INFO] [stderr]   -- Build files have been written to: /opt/rustwide/target/debug/build/rxvm-sys/4642756a93e8df7e/out/build
[INFO] [stderr]   [  2%] Building C object CMakeFiles/randomx.dir/src/argon2_ssse3.c.o
[INFO] [stderr]   [  5%] Building CXX object CMakeFiles/randomx.dir/src/assembly_generator_x86.cpp.o
[INFO] [stderr]   [  8%] Building C object CMakeFiles/randomx.dir/src/argon2_ref.c.o
[INFO] [stderr]   [ 11%] Building CXX object CMakeFiles/randomx.dir/src/bytecode_machine.cpp.o
[INFO] [stderr]   [ 14%] Building CXX object CMakeFiles/randomx.dir/src/vm_interpreted.cpp.o
[INFO] [stderr]   [ 17%] Building CXX object CMakeFiles/randomx.dir/src/allocator.cpp.o
[INFO] [stderr]   [ 20%] Building CXX object CMakeFiles/randomx.dir/src/superscalar.cpp.o
[INFO] [stderr]   [ 23%] Building CXX object CMakeFiles/randomx.dir/src/aes_hash.cpp.o
[INFO] [stderr]   [ 26%] Building C object CMakeFiles/randomx.dir/src/argon2_avx2.c.o
[INFO] [stderr]   [ 29%] Building CXX object CMakeFiles/randomx.dir/src/randomx.cpp.o
[INFO] [stderr]   [ 32%] Building CXX object CMakeFiles/randomx.dir/src/dataset.cpp.o
[INFO] [stderr]   [ 35%] Building CXX object CMakeFiles/randomx.dir/src/cpu.cpp.o
[INFO] [stderr]   [ 38%] Building C object CMakeFiles/randomx.dir/src/virtual_memory.c.o
[INFO] [stderr]   [ 41%] Building CXX object CMakeFiles/randomx.dir/src/soft_aes.cpp.o
[INFO] [stderr]   [ 44%] Building CXX object CMakeFiles/randomx.dir/src/vm_compiled.cpp.o
[INFO] [stderr]   [ 47%] Building CXX object CMakeFiles/randomx.dir/src/instruction.cpp.o
[INFO] [stderr]   [ 50%] Building CXX object CMakeFiles/randomx.dir/src/vm_interpreted_light.cpp.o
[INFO] [stderr]   [ 52%] Building C object CMakeFiles/randomx.dir/src/argon2_core.c.o
[INFO] [stderr]   [ 55%] Building CXX object CMakeFiles/randomx.dir/src/blake2_generator.cpp.o
[INFO] [stderr]   [ 58%] Building CXX object CMakeFiles/randomx.dir/src/instructions_portable.cpp.o
[INFO] [stderr]   [ 61%] Building C object CMakeFiles/randomx.dir/src/reciprocal.c.o
[INFO] [stderr]   [ 64%] Building CXX object CMakeFiles/randomx.dir/src/virtual_machine.cpp.o
[INFO] [stderr]   [ 67%] Building CXX object CMakeFiles/randomx.dir/src/vm_compiled_light.cpp.o
[INFO] [stderr]   [ 70%] Building C object CMakeFiles/randomx.dir/src/blake2/blake2b.c.o
[INFO] [stderr]   [ 73%] Building CXX object CMakeFiles/randomx.dir/src/jit_compiler_x86.cpp.o
[INFO] [stderr]   [ 76%] Building C object CMakeFiles/randomx.dir/src/jit_compiler_x86_static.S.o
[INFO] [stderr] 
[INFO] [stderr]   --- stderr
[INFO] [stderr]   running: cd "/opt/rustwide/target/debug/build/rxvm-sys/4642756a93e8df7e/out/build" && CMAKE_PREFIX_PATH="" LC_ALL="C" "cmake" "/opt/rustwide/cargo-home/registry/src/index.crates.io-1949cf8c6b5b557f/rxvm-sys-1.0.0/RandomX" "-B" "/opt/rustwide/target/debug/build/rxvm-sys/4642756a93e8df7e/out/build" "-DCMAKE_INSTALL_PREFIX=/opt/rustwide/target/debug/build/rxvm-sys/4642756a93e8df7e/out" "-DCMAKE_C_FLAGS= -ffunction-sections -fdata-sections -fPIC -m64 -w" "-DCMAKE_C_COMPILER=/usr/bin/cc" "-DCMAKE_CXX_FLAGS= -ffunction-sections -fdata-sections -fPIC -m64 -w" "-DCMAKE_CXX_COMPILER=/usr/bin/c++" "-DCMAKE_ASM_FLAGS= -ffunction-sections -fdata-sections -fPIC -m64 -w" "-DCMAKE_ASM_COMPILER=/usr/bin/cc" "-DCMAKE_BUILD_TYPE=Debug"
[INFO] [stderr]   CMake Deprecation Warning at CMakeLists.txt:29 (cmake_minimum_required):
[INFO] [stderr]     Compatibility with CMake < 3.10 will be removed from a future version of
[INFO] [stderr]     CMake.
[INFO] [stderr] 
[INFO] [stderr]     Update the VERSION argument <min> value.  Or, use the <min>...<max> syntax
[INFO] [stderr]     to tell CMake that the project requires at least <min> but has been updated
[INFO] [stderr]     to work with policies introduced by <max> or earlier.
[INFO] [stderr] 
[INFO] [stderr] 
[INFO] [stderr]   CMake Warning:
[INFO] [stderr]     Manually-specified variables were not used by the project:
[INFO] [stderr] 
[INFO] [stderr]       CMAKE_ASM_COMPILER
[INFO] [stderr]       CMAKE_ASM_FLAGS
[INFO] [stderr] 
[INFO] [stderr] 
[INFO] [stderr]   running: cd "/opt/rustwide/target/debug/build/rxvm-sys/4642756a93e8df7e/out/build" && LC_ALL="C" MAKEFLAGS="-j --jobserver-fds=4,5 --jobserver-auth=4,5" "cmake" "--build" "/opt/rustwide/target/debug/build/rxvm-sys/4642756a93e8df7e/out/build" "--target" "install" "--config" "Debug"
[INFO] [stderr]   c++: fatal error: Killed signal terminated program cc1plus
[INFO] [stderr]   compilation terminated.
[INFO] [stderr]   gmake[2]: *** [CMakeFiles/randomx.dir/build.make:219: CMakeFiles/randomx.dir/src/allocator.cpp.o] Error 1
[INFO] [stderr]   gmake[2]: *** Waiting for unfinished jobs....
[INFO] [stderr]   gmake[1]: *** [CMakeFiles/Makefile2:96: CMakeFiles/randomx.dir/all] Error 2
[INFO] [stderr]   gmake: *** [Makefile:136: all] Error 2
[INFO] [stderr] 
[INFO] [stderr]   thread 'main' (530) panicked at /opt/rustwide/cargo-home/registry/src/index.crates.io-1949cf8c6b5b557f/cmake-0.1.58/src/lib.rs:1132:5:
[INFO] [stderr] 
[INFO] [stderr]   command did not execute successfully, got: exit status: 2
[INFO] [stderr] 
[INFO] [stderr]   build script failed, must exit now
[INFO] [stderr]   stack backtrace:
[INFO] [stderr]      0:     0x5df705a539f1 - std[617be2ca0a6fd877]::backtrace_rs::backtrace::libunwind::trace
[INFO] [stderr]                                  at /rustc/e3feeb59cd1bdd011a2bfcc0747b55125d9b8527/library/std/src/../../backtrace/src/backtrace/libunwind.rs:117:9
[INFO] [stderr]      1:     0x5df705a539f1 - std[617be2ca0a6fd877]::backtrace_rs::backtrace::trace_unsynchronized::<std[617be2ca0a6fd877]::sys::backtrace::_print_fmt::{closure#1}>
[INFO] [stderr]                                  at /rustc/e3feeb59cd1bdd011a2bfcc0747b55125d9b8527/library/std/src/../../backtrace/src/backtrace/mod.rs:66:14
[INFO] [stderr]      2:     0x5df705a539f1 - std[617be2ca0a6fd877]::sys::backtrace::_print_fmt
[INFO] [stderr]                                  at /rustc/e3feeb59cd1bdd011a2bfcc0747b55125d9b8527/library/std/src/sys/backtrace.rs:74:9
[INFO] [stderr]      3:     0x5df705a539f1 - <<std[617be2ca0a6fd877]::sys::backtrace::BacktraceLock>::print::DisplayBacktrace as core[a373ad73a504971]::fmt::Display>::fmt
[INFO] [stderr]                                  at /rustc/e3feeb59cd1bdd011a2bfcc0747b55125d9b8527/library/std/src/sys/backtrace.rs:44:26
[INFO] [stderr]      4:     0x5df705a6b81a - <core[a373ad73a504971]::fmt::rt::Argument>::fmt
[INFO] [stderr]                                  at /rustc/e3feeb59cd1bdd011a2bfcc0747b55125d9b8527/library/core/src/fmt/rt.rs:152:76
[INFO] [stderr]      5:     0x5df705a6b81a - core[a373ad73a504971]::fmt::write
[INFO] [stderr]      6:     0x5df705a59bdc - core[a373ad73a504971]::io::write::default_write_fmt::<std[617be2ca0a6fd877]::sys::stdio::unix::Stderr>
[INFO] [stderr]                                  at /rustc/e3feeb59cd1bdd011a2bfcc0747b55125d9b8527/library/core/src/io/write.rs:402:11
[INFO] [stderr]      7:     0x5df705a59bdc - <std[617be2ca0a6fd877]::sys::stdio::unix::Stderr as core[a373ad73a504971]::io::write::Write>::write_fmt
[INFO] [stderr]                                  at /rustc/e3feeb59cd1bdd011a2bfcc0747b55125d9b8527/library/core/src/io/write.rs:335:13
[INFO] [stderr]      8:     0x5df705a2d156 - <std[617be2ca0a6fd877]::sys::backtrace::BacktraceLock>::print
[INFO] [stderr]                                  at /rustc/e3feeb59cd1bdd011a2bfcc0747b55125d9b8527/library/std/src/sys/backtrace.rs:47:9
[INFO] [stderr]      9:     0x5df705a2d156 - std[617be2ca0a6fd877]::panicking::default_hook::{closure#0}
[INFO] [stderr]                                  at /rustc/e3feeb59cd1bdd011a2bfcc0747b55125d9b8527/library/std/src/panicking.rs:289:27
[INFO] [stderr]     10:     0x5df705a4b2d1 - std[617be2ca0a6fd877]::panicking::default_hook
[INFO] [stderr]                                  at /rustc/e3feeb59cd1bdd011a2bfcc0747b55125d9b8527/library/std/src/panicking.rs:316:9
[INFO] [stderr]     11:     0x5df705a4b5fb - std[617be2ca0a6fd877]::panicking::panic_with_hook
[INFO] [stderr]                                  at /rustc/e3feeb59cd1bdd011a2bfcc0747b55125d9b8527/library/std/src/panicking.rs:811:13
[INFO] [stderr]     12:     0x5df705a2d202 - std[617be2ca0a6fd877]::panicking::panic_handler::{closure#0}
[INFO] [stderr]                                  at /rustc/e3feeb59cd1bdd011a2bfcc0747b55125d9b8527/library/std/src/panicking.rs:685:13
[INFO] [stderr]     13:     0x5df705a25d59 - std[617be2ca0a6fd877]::sys::backtrace::__rust_end_short_backtrace::<std[617be2ca0a6fd877]::panicking::panic_handler::{closure#0}, !>
[INFO] [stderr]                                  at /rustc/e3feeb59cd1bdd011a2bfcc0747b55125d9b8527/library/std/src/sys/backtrace.rs:182:18
[INFO] [stderr]     14:     0x5df705a2ddfd - __rustc[ea4f61d10b84890b]::rust_begin_unwind
[INFO] [stderr]                                  at /rustc/e3feeb59cd1bdd011a2bfcc0747b55125d9b8527/library/std/src/panicking.rs:676:5
[INFO] [stderr]     15:     0x5df705a6c0bc - core[a373ad73a504971]::panicking::panic_fmt
[INFO] [stderr]                                  at /rustc/e3feeb59cd1bdd011a2bfcc0747b55125d9b8527/library/core/src/panicking.rs:80:14
[INFO] [stderr]     16:     0x5df7059a5237 - cmake[bb5b0d631a5414b6]::fail
[INFO] [stderr]     17:     0x5df7059a4ec3 - cmake[bb5b0d631a5414b6]::run
[INFO] [stderr]     18:     0x5df7059aae95 - <cmake[bb5b0d631a5414b6]::Config>::build
[INFO] [stderr]     19:     0x5df705481635 - build_script_build[c9c79189e09963da]::main
[INFO] [stderr]     20:     0x5df705482b63 - <fn() as core[a373ad73a504971]::ops::function::FnOnce<()>>::call_once
[INFO] [stderr]     21:     0x5df7054811de - std[617be2ca0a6fd877]::sys::backtrace::__rust_begin_short_backtrace::<fn(), ()>
[INFO] [stderr]     22:     0x5df7054811e9 - std[617be2ca0a6fd877]::rt::lang_start::<()>::{closure#0}
[INFO] [stderr]     23:     0x5df705a4a238 - <&dyn core[a373ad73a504971]::ops::function::Fn<(), Output = i32> + core[a373ad73a504971]::marker::Sync + core[a373ad73a504971]::panic::unwind_safe::RefUnwindSafe as core[a373ad73a504971]::ops::function::FnOnce<()>>::call_once
[INFO] [stderr]                                  at /rustc/e3feeb59cd1bdd011a2bfcc0747b55125d9b8527/library/core/src/ops/function.rs:287:21
[INFO] [stderr]     24:     0x5df705a4a238 - std[617be2ca0a6fd877]::panicking::catch_unwind::do_call::<&dyn core[a373ad73a504971]::ops::function::Fn<(), Output = i32> + core[a373ad73a504971]::marker::Sync + core[a373ad73a504971]::panic::unwind_safe::RefUnwindSafe, i32>
[INFO] [stderr]                                  at /rustc/e3feeb59cd1bdd011a2bfcc0747b55125d9b8527/library/std/src/panicking.rs:573:43
[INFO] [stderr]     25:     0x5df705a4a238 - std[617be2ca0a6fd877]::panicking::catch_unwind::<i32, &dyn core[a373ad73a504971]::ops::function::Fn<(), Output = i32> + core[a373ad73a504971]::marker::Sync + core[a373ad73a504971]::panic::unwind_safe::RefUnwindSafe>
[INFO] [stderr]                                  at /rustc/e3feeb59cd1bdd011a2bfcc0747b55125d9b8527/library/std/src/panicking.rs:541:19
[INFO] [stderr]     26:     0x5df705a4a238 - std[617be2ca0a6fd877]::panic::catch_unwind::<&dyn core[a373ad73a504971]::ops::function::Fn<(), Output = i32> + core[a373ad73a504971]::marker::Sync + core[a373ad73a504971]::panic::unwind_safe::RefUnwindSafe, i32>
[INFO] [stderr]                                  at /rustc/e3feeb59cd1bdd011a2bfcc0747b55125d9b8527/library/std/src/panic.rs:359:14
[INFO] [stderr]     27:     0x5df705a4a238 - std[617be2ca0a6fd877]::rt::lang_start_internal::{closure#0}
[INFO] [stderr]                                  at /rustc/e3feeb59cd1bdd011a2bfcc0747b55125d9b8527/library/std/src/rt.rs:175:24
[INFO] [stderr]     28:     0x5df705a4a238 - std[617be2ca0a6fd877]::panicking::catch_unwind::do_call::<std[617be2ca0a6fd877]::rt::lang_start_internal::{closure#0}, isize>
[INFO] [stderr]                                  at /rustc/e3feeb59cd1bdd011a2bfcc0747b55125d9b8527/library/std/src/panicking.rs:573:43
[INFO] [stderr]     29:     0x5df705a4a238 - std[617be2ca0a6fd877]::panicking::catch_unwind::<isize, std[617be2ca0a6fd877]::rt::lang_start_internal::{closure#0}>
[INFO] [stderr]                                  at /rustc/e3feeb59cd1bdd011a2bfcc0747b55125d9b8527/library/std/src/panicking.rs:541:19
[INFO] [stderr]     30:     0x5df705a4a238 - std[617be2ca0a6fd877]::panic::catch_unwind::<std[617be2ca0a6fd877]::rt::lang_start_internal::{closure#0}, isize>
[INFO] [stderr]                                  at /rustc/e3feeb59cd1bdd011a2bfcc0747b55125d9b8527/library/std/src/panic.rs:359:14
[INFO] [stderr]     31:     0x5df705a4a238 - std[617be2ca0a6fd877]::rt::lang_start_internal
[INFO] [stderr]                                  at /rustc/e3feeb59cd1bdd011a2bfcc0747b55125d9b8527/library/std/src/rt.rs:171:5
[INFO] [stderr]     32:     0x5df705480be1 - std[617be2ca0a6fd877]::rt::lang_start::<()>
[INFO] [stderr]     33:     0x5df705482dc5 - main
[INFO] [stderr]     34:     0x759f1fef9601 - <unknown>
[INFO] [stderr]     35:     0x759f1fef9718 - __libc_start_main
[INFO] [stderr]     36:     0x5df70547fc15 - _start
[INFO] [stderr]     37:                0x0 - <unknown>
[INFO] running `Command { std: "docker" "inspect" "5660dbe4c938212a34d4105fff4574f1d7447a6378e0462ccb052d16da612c1f", kill_on_drop: false }`
[INFO] running `Command { std: "docker" "rm" "-f" "5660dbe4c938212a34d4105fff4574f1d7447a6378e0462ccb052d16da612c1f", kill_on_drop: false }`
[INFO] [stdout] 5660dbe4c938212a34d4105fff4574f1d7447a6378e0462ccb052d16da612c1f
