[INFO] cloning repository https://github.com/ricardodarocha/pegasus
[INFO] running `Command { std: "git" "-c" "credential.helper=" "-c" "credential.helper=/workspace/cargo-home/bin/git-credential-null" "clone" "--bare" "https://github.com/ricardodarocha/pegasus" "/workspace/cache/git-repos/https%3A%2F%2Fgithub.com%2Fricardodarocha%2Fpegasus", kill_on_drop: false }`
[INFO] [stderr] Cloning into bare repository '/workspace/cache/git-repos/https%3A%2F%2Fgithub.com%2Fricardodarocha%2Fpegasus'...
[INFO] running `Command { std: "git" "rev-parse" "HEAD", kill_on_drop: false }`
[INFO] [stdout] 5ddec5641837134344cc10cbf26b0b572a1d524d
[INFO] documenting ricardodarocha/pegasus against 1.100.0-beta.1 for beta-rustdoc-1.100
[INFO] running `Command { std: "git" "clone" "/workspace/cache/git-repos/https%3A%2F%2Fgithub.com%2Fricardodarocha%2Fpegasus" "/workspace/builds/worker-2-tc2/source", kill_on_drop: false }`
[INFO] [stderr] Cloning into '/workspace/builds/worker-2-tc2/source'...
[INFO] [stderr] done.
[INFO] started tweaking git repo https://github.com/ricardodarocha/pegasus
[INFO] finished tweaking git repo https://github.com/ricardodarocha/pegasus
[INFO] tweaked toml for git repo https://github.com/ricardodarocha/pegasus written to /workspace/builds/worker-2-tc2/source/Cargo.toml
[INFO] validating manifest of git repo https://github.com/ricardodarocha/pegasus on toolchain 1.100.0-beta.1
[INFO] running `Command { std: CARGO_HOME="/workspace/cargo-home" RUSTUP_HOME="/workspace/rustup-home" "/workspace/cargo-home/bin/cargo" "+1.100.0-beta.1" "metadata" "--manifest-path" "Cargo.toml" "--no-deps", kill_on_drop: false }`
[INFO] crate git repo https://github.com/ricardodarocha/pegasus already has a lockfile, it will not be regenerated
[INFO] running `Command { std: CARGO_HOME="/workspace/cargo-home" RUSTUP_HOME="/workspace/rustup-home" "/workspace/cargo-home/bin/cargo" "+1.100.0-beta.1" "fetch" "--manifest-path" "Cargo.toml", kill_on_drop: false }`
[INFO] [stderr]     Blocking waiting for file lock on package cache
[INFO] [stderr]     Updating crates.io index
[INFO] [stderr]     Blocking waiting for file lock on package cache
[ERROR] error running command: no output for 300 seconds
[INFO] documenting ricardodarocha/pegasus against 1.100.0-beta.1 for beta-rustdoc-1.100
[INFO] running `Command { std: "git" "clone" "/workspace/cache/git-repos/https%3A%2F%2Fgithub.com%2Fricardodarocha%2Fpegasus" "/workspace/builds/worker-2-tc2/source", kill_on_drop: false }`
[INFO] [stderr] Cloning into '/workspace/builds/worker-2-tc2/source'...
[INFO] [stderr] done.
[INFO] started tweaking git repo https://github.com/ricardodarocha/pegasus
[INFO] finished tweaking git repo https://github.com/ricardodarocha/pegasus
[INFO] tweaked toml for git repo https://github.com/ricardodarocha/pegasus written to /workspace/builds/worker-2-tc2/source/Cargo.toml
[INFO] validating manifest of git repo https://github.com/ricardodarocha/pegasus on toolchain 1.100.0-beta.1
[INFO] running `Command { std: CARGO_HOME="/workspace/cargo-home" RUSTUP_HOME="/workspace/rustup-home" "/workspace/cargo-home/bin/cargo" "+1.100.0-beta.1" "metadata" "--manifest-path" "Cargo.toml" "--no-deps", kill_on_drop: false }`
[INFO] crate git repo https://github.com/ricardodarocha/pegasus already has a lockfile, it will not be regenerated
[INFO] running `Command { std: CARGO_HOME="/workspace/cargo-home" RUSTUP_HOME="/workspace/rustup-home" "/workspace/cargo-home/bin/cargo" "+1.100.0-beta.1" "fetch" "--manifest-path" "Cargo.toml", kill_on_drop: false }`
[INFO] [stderr]     Blocking waiting for file lock on package cache
[INFO] [stderr]     Blocking waiting for file lock on package cache
[ERROR] error running command: no output for 300 seconds
[INFO] documenting ricardodarocha/pegasus against 1.100.0-beta.1 for beta-rustdoc-1.100
[INFO] running `Command { std: "git" "clone" "/workspace/cache/git-repos/https%3A%2F%2Fgithub.com%2Fricardodarocha%2Fpegasus" "/workspace/builds/worker-2-tc2/source", kill_on_drop: false }`
[INFO] [stderr] Cloning into '/workspace/builds/worker-2-tc2/source'...
[INFO] [stderr] done.
[INFO] started tweaking git repo https://github.com/ricardodarocha/pegasus
[INFO] finished tweaking git repo https://github.com/ricardodarocha/pegasus
[INFO] tweaked toml for git repo https://github.com/ricardodarocha/pegasus written to /workspace/builds/worker-2-tc2/source/Cargo.toml
[INFO] validating manifest of git repo https://github.com/ricardodarocha/pegasus on toolchain 1.100.0-beta.1
[INFO] running `Command { std: CARGO_HOME="/workspace/cargo-home" RUSTUP_HOME="/workspace/rustup-home" "/workspace/cargo-home/bin/cargo" "+1.100.0-beta.1" "metadata" "--manifest-path" "Cargo.toml" "--no-deps", kill_on_drop: false }`
[INFO] crate git repo https://github.com/ricardodarocha/pegasus already has a lockfile, it will not be regenerated
[INFO] running `Command { std: CARGO_HOME="/workspace/cargo-home" RUSTUP_HOME="/workspace/rustup-home" "/workspace/cargo-home/bin/cargo" "+1.100.0-beta.1" "fetch" "--manifest-path" "Cargo.toml", kill_on_drop: false }`
[INFO] [stderr]     Blocking waiting for file lock on package cache
[INFO] [stderr]     Blocking waiting for file lock on package cache
[ERROR] error running command: no output for 300 seconds
[INFO] documenting ricardodarocha/pegasus against 1.100.0-beta.1 for beta-rustdoc-1.100
[INFO] running `Command { std: "git" "clone" "/workspace/cache/git-repos/https%3A%2F%2Fgithub.com%2Fricardodarocha%2Fpegasus" "/workspace/builds/worker-2-tc2/source", kill_on_drop: false }`
[INFO] [stderr] Cloning into '/workspace/builds/worker-2-tc2/source'...
[INFO] [stderr] done.
[INFO] started tweaking git repo https://github.com/ricardodarocha/pegasus
[INFO] finished tweaking git repo https://github.com/ricardodarocha/pegasus
[INFO] tweaked toml for git repo https://github.com/ricardodarocha/pegasus written to /workspace/builds/worker-2-tc2/source/Cargo.toml
[INFO] validating manifest of git repo https://github.com/ricardodarocha/pegasus on toolchain 1.100.0-beta.1
[INFO] running `Command { std: CARGO_HOME="/workspace/cargo-home" RUSTUP_HOME="/workspace/rustup-home" "/workspace/cargo-home/bin/cargo" "+1.100.0-beta.1" "metadata" "--manifest-path" "Cargo.toml" "--no-deps", kill_on_drop: false }`
[INFO] crate git repo https://github.com/ricardodarocha/pegasus already has a lockfile, it will not be regenerated
[INFO] running `Command { std: CARGO_HOME="/workspace/cargo-home" RUSTUP_HOME="/workspace/rustup-home" "/workspace/cargo-home/bin/cargo" "+1.100.0-beta.1" "fetch" "--manifest-path" "Cargo.toml", kill_on_drop: false }`
[INFO] [stderr]     Blocking waiting for file lock on package cache
[INFO] [stderr]     Blocking waiting for file lock on package cache
[INFO] [stderr]  Downloading crates ...
[INFO] [stderr]   Downloaded serde v1.0.216
[INFO] [stderr]   Downloaded serde_derive v1.0.216
[INFO] [stderr]   Downloaded unic-char v0.9.0
[INFO] [stderr]   Downloaded unic-ucd-category v0.9.0
[INFO] [stderr]   Downloaded unic-ucd-hangul v0.9.0
[INFO] [stderr]   Downloaded unic-emoji-char v0.9.0
[INFO] [stderr]   Downloaded unic-ucd-common v0.9.0
[INFO] [stderr]   Downloaded unic-idna v0.9.0
[INFO] [stderr]   Downloaded unic-emoji v0.9.0
[INFO] [stderr]   Downloaded unic-char-basics v0.9.0
[INFO] [stderr]   Downloaded unic-ucd v0.9.0
[INFO] [stderr]   Downloaded unic-ucd-block v0.9.0
[INFO] [stderr]   Downloaded unic-idna-punycode v0.9.0
[INFO] [stderr]   Downloaded encoding-index-singlebyte v1.20141219.5
[INFO] [stderr]   Downloaded unic v0.9.0
[INFO] [stderr]   Downloaded unic-ucd-name_aliases v0.9.0
[INFO] [stderr]   Downloaded encoding_index_tests v0.1.4
[INFO] [stderr]   Downloaded unic-ucd-age v0.9.0
[INFO] [stderr]   Downloaded unic-ucd-bidi v0.9.0
[INFO] [stderr]   Downloaded counter v0.5.7
[INFO] [stderr]   Downloaded cached_proc_macro v0.18.1
[INFO] [stderr]   Downloaded unic-bidi v0.9.0
[INFO] [stderr]   Downloaded unic-ucd-case v0.9.0
[INFO] [stderr]   Downloaded allocator-api2 v0.2.20
[INFO] [stderr]   Downloaded charset-normalizer-rs v1.0.6
[INFO] [stderr]   Downloaded cached v0.46.1
[INFO] [stderr]   Downloaded chardetng v0.1.17
[INFO] [stderr]   Downloaded indicatif v0.17.9
[INFO] [stderr]   Downloaded unic-idna-mapping v0.9.0
[INFO] [stderr]   Downloaded unic-ucd-normal v0.9.0
[INFO] [stderr]   Downloaded encoding v0.2.33
[INFO] [stderr]   Downloaded encoding-index-japanese v1.20141219.5
[INFO] [stderr]   Downloaded encoding-index-tradchinese v1.20141219.5
[INFO] [stderr]   Downloaded encoding-index-simpchinese v1.20141219.5
[INFO] [stderr]   Downloaded encoding-index-korean v1.20141219.5
[INFO] [stderr]   Downloaded unic-normal v0.9.0
[INFO] [stderr]   Downloaded syn v2.0.87
[INFO] [stderr]   Downloaded unic-ucd-name v0.9.0
[INFO] [stderr]   Downloaded rustix v0.38.40
[INFO] [stderr]   Downloaded libc v0.2.162
[INFO] running `Command { std: "docker" "create" "-v" "/var/lib/crater-agent-workspace/builds/worker-2-tc2/source:/opt/rustwide/workdir:ro,Z" "-v" "/var/lib/crater-agent-workspace/builds/worker-2-tc2/target:/opt/rustwide/target:rw,Z" "-v" "/var/lib/crater-agent-workspace/cargo-home:/opt/rustwide/cargo-home:ro,Z" "-v" "/var/lib/crater-agent-workspace/rustup-home:/opt/rustwide/rustup-home:ro,Z" "-m" "1610612736" "--network" "none" "ghcr.io/rust-lang/crates-build-env/linux@sha256:77db811e55d90add9212f6832c23229e3de5f1c1f9905e8cb07319ea15df73ac" "sleep" "infinity", kill_on_drop: false }`
[INFO] [stdout] 16c83649f1465d3761cbda2bb19391cbcfe0a53464d91bed2c33275cfbb49ad9
[INFO] running `Command { std: "docker" "start" "16c83649f1465d3761cbda2bb19391cbcfe0a53464d91bed2c33275cfbb49ad9", kill_on_drop: false }`
[INFO] running `Command { std: "docker" "inspect" "16c83649f1465d3761cbda2bb19391cbcfe0a53464d91bed2c33275cfbb49ad9", kill_on_drop: false }`
[INFO] running `Command { std: "docker" "exec" "-e" "SOURCE_DIR=/opt/rustwide/workdir" "-e" "CARGO_HOME=/opt/rustwide/cargo-home" "-e" "RUSTUP_HOME=/opt/rustwide/rustup-home" "-e" "CARGO_TARGET_DIR=/opt/rustwide/target" "-w" "/opt/rustwide/workdir" "--user" "0:0" "16c83649f1465d3761cbda2bb19391cbcfe0a53464d91bed2c33275cfbb49ad9" "/opt/rustwide/cargo-home/bin/cargo" "+1.100.0-beta.1" "metadata" "--no-deps" "--format-version=1", kill_on_drop: false }`
[INFO] running `Command { std: "docker" "inspect" "16c83649f1465d3761cbda2bb19391cbcfe0a53464d91bed2c33275cfbb49ad9", kill_on_drop: false }`
[INFO] running `Command { std: "docker" "exec" "-e" "SOURCE_DIR=/opt/rustwide/workdir" "-e" "CARGO_HOME=/opt/rustwide/cargo-home" "-e" "RUSTUP_HOME=/opt/rustwide/rustup-home" "-e" "CARGO_TARGET_DIR=/opt/rustwide/target" "-e" "CARGO_INCREMENTAL=0" "-e" "RUST_BACKTRACE=full" "-e" "RUSTFLAGS=--cap-lints=warn" "-e" "RUSTDOCFLAGS=--cap-lints=warn" "-w" "/opt/rustwide/workdir" "--user" "0:0" "16c83649f1465d3761cbda2bb19391cbcfe0a53464d91bed2c33275cfbb49ad9" "/opt/rustwide/cargo-home/bin/cargo" "+1.100.0-beta.1" "doc" "--frozen" "--no-deps" "--document-private-items" "--message-format=json", kill_on_drop: false }`
[INFO] [stderr]     Checking unic-common v0.9.0
[INFO] [stderr]     Checking unic-char-range v0.9.0
[INFO] [stderr]    Compiling proc-macro2 v1.0.89
[INFO] [stderr]    Compiling unicode-ident v1.0.13
[INFO] [stderr]    Compiling libc v0.2.162
[INFO] [stderr]     Checking matches v0.1.10
[INFO] [stderr]     Checking memchr v2.7.4
[INFO] [stderr]     Checking encoding_index_tests v0.1.4
[INFO] [stderr]     Checking zerocopy v0.7.35
[INFO] [stderr]    Compiling ahash v0.8.11
[INFO] [stderr]    Compiling num-traits v0.2.19
[INFO] [stderr]     Checking bitflags v2.6.0
[INFO] [stderr]     Checking allocator-api2 v0.2.20
[INFO] [stderr]    Compiling rustix v0.38.40
[INFO] [stderr]    Compiling serde v1.0.216
[INFO] [stderr]     Checking regex-syntax v0.8.5
[INFO] [stderr]     Checking unic-ucd-version v0.9.0
[INFO] [stderr]     Checking linux-raw-sys v0.4.14
[INFO] [stderr]     Checking unic-ucd-hangul v0.9.0
[INFO] [stderr]    Compiling libsqlite3-sys v0.30.1
[INFO] [stderr]     Checking unic-char-property v0.9.0
[INFO] [stderr]     Checking unic-idna-punycode v0.9.0
[INFO] [stderr]     Checking fastrand v2.2.0
[INFO] [stderr]     Checking unic-ucd-category v0.9.0
[INFO] [stderr]     Checking unic-ucd-bidi v0.9.0
[INFO] [stderr]     Checking unic-ucd-segment v0.9.0
[INFO] [stderr]     Checking unic-idna-mapping v0.9.0
[INFO] [stderr]     Checking unic-ucd-common v0.9.0
[INFO] [stderr]     Checking unic-ucd-normal v0.9.0
[INFO] [stderr]     Checking unic-ucd-name v0.9.0
[INFO] [stderr]     Checking unic-ucd-block v0.9.0
[INFO] [stderr]     Checking unic-emoji-char v0.9.0
[INFO] [stderr]     Checking unic-ucd-case v0.9.0
[INFO] [stderr]     Checking unic-ucd-name_aliases v0.9.0
[INFO] [stderr]     Checking aho-corasick v1.1.3
[INFO] [stderr]     Checking unic-ucd-ident v0.9.0
[INFO] [stderr]     Checking unic-ucd-age v0.9.0
[INFO] [stderr]     Checking unic-char-basics v0.9.0
[INFO] [stderr]    Compiling serde_json v1.0.132
[INFO] [stderr]    Compiling portable-atomic v1.10.0
[INFO] [stderr]     Checking clap_lex v0.7.3
[INFO] [stderr]     Checking unic-char v0.9.0
[INFO] [stderr]     Checking unic-segment v0.9.0
[INFO] [stderr]     Checking unic-bidi v0.9.0
[INFO] [stderr]     Checking unic-emoji v0.9.0
[INFO] [stderr]     Checking encoding-index-japanese v1.20141219.5
[INFO] [stderr]     Checking encoding-index-singlebyte v1.20141219.5
[INFO] [stderr]     Checking encoding-index-simpchinese v1.20141219.5
[INFO] [stderr]    Compiling quote v1.0.37
[INFO] [stderr]     Checking clap_builder v4.5.21
[INFO] [stderr]     Checking encoding-index-korean v1.20141219.5
[INFO] [stderr]     Checking encoding-index-tradchinese v1.20141219.5
[INFO] [stderr]     Checking instant v0.1.13
[INFO] [stderr]    Compiling syn v2.0.87
[INFO] [stderr]    Compiling syn v1.0.109
[INFO] [stderr]     Checking unic-normal v0.9.0
[INFO] [stderr]     Checking cached_proc_macro_types v0.1.1
[INFO] [stderr]     Checking base64 v0.22.1
[INFO] [stderr]     Checking chardetng v0.1.17
[INFO] [stderr]     Checking unic-idna v0.9.0
[INFO] [stderr]     Checking encoding v0.2.33
[INFO] [stderr]     Checking charset v0.1.5
[INFO] [stderr]     Checking getrandom v0.2.15
[INFO] [stderr]     Checking console v0.15.8
[INFO] [stderr]     Checking is-terminal v0.4.13
[INFO] [stderr]     Checking ordered-float v3.9.2
[INFO] [stderr]     Checking counter v0.5.7
[INFO] [stderr]     Checking hashbrown v0.14.5
[INFO] [stderr]     Checking indicatif v0.17.9
[INFO] [stderr]     Checking regex-automata v0.4.8
[INFO] [stderr]     Checking hashlink v0.9.1
[INFO] [stderr]     Checking rusqlite v0.32.1
[INFO] [stderr]     Checking tempfile v3.14.0
[INFO] [stderr]     Checking dialoguer v0.10.4
[INFO] [stderr]    Compiling thiserror-impl v1.0.69
[INFO] [stderr]    Compiling serde_derive v1.0.216
[INFO] [stderr]    Compiling clap_derive v4.5.18
[INFO] [stderr]     Checking regex v1.11.1
[INFO] [stderr]     Checking env_logger v0.10.2
[INFO] [stderr]    Compiling darling_core v0.14.4
[INFO] [stderr]     Checking thiserror v1.0.69
[INFO] [stderr]     Checking clap v4.5.21
[INFO] [stderr]    Compiling darling_macro v0.14.4
[INFO] [stderr]    Compiling darling v0.14.4
[INFO] [stderr]    Compiling cached_proc_macro v0.18.1
[INFO] [stderr]     Checking cached v0.46.1
[INFO] [stderr] error: could not compile `serde` (lib)
[INFO] [stderr] 
[INFO] [stderr] Caused by:
[INFO] [stderr]   process didn't exit successfully: `/opt/rustwide/rustup-home/toolchains/1.100.0-beta.1-x86_64-unknown-linux-gnu/bin/rustc --crate-name serde --edition=2018 /opt/rustwide/cargo-home/registry/src/index.crates.io-1949cf8c6b5b557f/serde-1.0.216/src/lib.rs --error-format=json --json=diagnostic-rendered-ansi,artifacts,future-incompat,unused-externs-silent --crate-type lib --emit=dep-info,metadata -C embed-bitcode=no -C debuginfo=2 --cfg 'feature="default"' --cfg 'feature="derive"' --cfg 'feature="serde_derive"' --cfg 'feature="std"' --check-cfg 'cfg(docsrs,test)' --check-cfg 'cfg(feature, values("alloc", "default", "derive", "rc", "serde_derive", "std", "unstable"))' -C metadata=523a10feda5b2c3a -C extra-filename=-963cdbfac57964e5 --out-dir /opt/rustwide/target/debug/build/serde/963cdbfac57964e5/out --extern serde_derive=/opt/rustwide/target/debug/build/serde_derive/a08a0d2e76310a36/out/libserde_derive-a08a0d2e76310a36.so --cap-lints allow --cap-lints=warn --force-warn=unused_crate_dependencies --check-cfg 'cfg(no_core_cstr)' --check-cfg 'cfg(no_core_error)' --check-cfg 'cfg(no_core_net)' --check-cfg 'cfg(no_core_num_saturating)' --check-cfg 'cfg(no_core_try_from)' --check-cfg 'cfg(no_diagnostic_namespace)' --check-cfg 'cfg(no_float_copysign)' --check-cfg 'cfg(no_num_nonzero_signed)' --check-cfg 'cfg(no_relaxed_trait_bounds)' --check-cfg 'cfg(no_serde_derive)' --check-cfg 'cfg(no_std_atomic)' --check-cfg 'cfg(no_std_atomic64)' --check-cfg 'cfg(no_systemtime_checked_add)' --check-cfg 'cfg(no_target_has_atomic)'` (signal: 9, SIGKILL: kill)
[INFO] [stderr] warning: build failed, waiting for other jobs to finish...
[INFO] [stderr] error: could not compile `unic-ucd-name` (lib)
[INFO] [stderr] 
[INFO] [stderr] Caused by:
[INFO] [stderr]   process didn't exit successfully: `/opt/rustwide/rustup-home/toolchains/1.100.0-beta.1-x86_64-unknown-linux-gnu/bin/rustc --crate-name unic_ucd_name --edition=2018 /opt/rustwide/cargo-home/registry/src/index.crates.io-1949cf8c6b5b557f/unic-ucd-name-0.9.0/src/lib.rs --error-format=json --json=diagnostic-rendered-ansi,artifacts,future-incompat,unused-externs-silent --crate-type lib --emit=dep-info,metadata -C embed-bitcode=no -C debuginfo=2 --check-cfg 'cfg(docsrs,test)' --check-cfg 'cfg(feature, values())' -C metadata=2c7f524e51cd229e -C extra-filename=-1a97ffdfeb4a1b6e --out-dir /opt/rustwide/target/debug/build/unic-ucd-name/1a97ffdfeb4a1b6e/out -L dependency=/opt/rustwide/target/debug/build/unic-char-range/48217b2ac5410a35/out -L dependency=/opt/rustwide/target/debug/build/unic-common/a627868af3a546f2/out -L dependency=/opt/rustwide/target/debug/build/unic-ucd-version/e3f762818f05b1de/out --extern unic_char_property=/opt/rustwide/target/debug/build/unic-char-property/1d58fcafe22fc36d/out/libunic_char_property-1d58fcafe22fc36d.rmeta --extern unic_ucd_hangul=/opt/rustwide/target/debug/build/unic-ucd-hangul/fdddde19800924bb/out/libunic_ucd_hangul-fdddde19800924bb.rmeta --extern unic_ucd_version=/opt/rustwide/target/debug/build/unic-ucd-version/e3f762818f05b1de/out/libunic_ucd_version-e3f762818f05b1de.rmeta --cap-lints allow --cap-lints=warn --force-warn=unused_crate_dependencies` (signal: 9, SIGKILL: kill)
[INFO] running `Command { std: "docker" "inspect" "16c83649f1465d3761cbda2bb19391cbcfe0a53464d91bed2c33275cfbb49ad9", kill_on_drop: false }`
[INFO] running `Command { std: "docker" "rm" "-f" "16c83649f1465d3761cbda2bb19391cbcfe0a53464d91bed2c33275cfbb49ad9", kill_on_drop: false }`
[INFO] [stdout] 16c83649f1465d3761cbda2bb19391cbcfe0a53464d91bed2c33275cfbb49ad9
