[INFO] cloning repository https://github.com/luowei729/srt-vpn
[INFO] running `Command { std: "git" "-c" "credential.helper=" "-c" "credential.helper=/workspace/cargo-home/bin/git-credential-null" "clone" "--bare" "https://github.com/luowei729/srt-vpn" "/workspace/cache/git-repos/https%3A%2F%2Fgithub.com%2Fluowei729%2Fsrt-vpn", kill_on_drop: false }`
[INFO] [stderr] Cloning into bare repository '/workspace/cache/git-repos/https%3A%2F%2Fgithub.com%2Fluowei729%2Fsrt-vpn'...
[INFO] running `Command { std: "git" "rev-parse" "HEAD", kill_on_drop: false }`
[INFO] [stdout] c778c9e6be06c6b25ca8d27298be4c425e103869
[INFO] documenting luowei729/srt-vpn against 1.100.0-beta.1 for beta-rustdoc-1.100
[INFO] running `Command { std: "git" "clone" "/workspace/cache/git-repos/https%3A%2F%2Fgithub.com%2Fluowei729%2Fsrt-vpn" "/workspace/builds/worker-2-tc2/source", kill_on_drop: false }`
[INFO] [stderr] Cloning into '/workspace/builds/worker-2-tc2/source'...
[INFO] [stderr] done.
[INFO] started tweaking git repo https://github.com/luowei729/srt-vpn
[INFO] finished tweaking git repo https://github.com/luowei729/srt-vpn
[INFO] tweaked toml for git repo https://github.com/luowei729/srt-vpn written to /workspace/builds/worker-2-tc2/source/Cargo.toml
[INFO] validating manifest of git repo https://github.com/luowei729/srt-vpn on toolchain 1.100.0-beta.1
[INFO] running `Command { std: CARGO_HOME="/workspace/cargo-home" RUSTUP_HOME="/workspace/rustup-home" "/workspace/cargo-home/bin/cargo" "+1.100.0-beta.1" "metadata" "--manifest-path" "Cargo.toml" "--no-deps", kill_on_drop: false }`
[INFO] crate git repo https://github.com/luowei729/srt-vpn already has a lockfile, it will not be regenerated
[INFO] running `Command { std: CARGO_HOME="/workspace/cargo-home" RUSTUP_HOME="/workspace/rustup-home" "/workspace/cargo-home/bin/cargo" "+1.100.0-beta.1" "fetch" "--manifest-path" "Cargo.toml", kill_on_drop: false }`
[INFO] running `Command { std: "docker" "create" "-v" "/var/lib/crater-agent-workspace/builds/worker-2-tc2/source:/opt/rustwide/workdir:ro,Z" "-v" "/var/lib/crater-agent-workspace/builds/worker-2-tc2/target:/opt/rustwide/target:rw,Z" "-v" "/var/lib/crater-agent-workspace/cargo-home:/opt/rustwide/cargo-home:ro,Z" "-v" "/var/lib/crater-agent-workspace/rustup-home:/opt/rustwide/rustup-home:ro,Z" "-m" "1610612736" "--network" "none" "ghcr.io/rust-lang/crates-build-env/linux@sha256:77db811e55d90add9212f6832c23229e3de5f1c1f9905e8cb07319ea15df73ac" "sleep" "infinity", kill_on_drop: false }`
[INFO] [stdout] 4ba9adc44f837bdc20e8eca6cf2b96583b35cdcd541bffb4b54faef7fc6f9991
[INFO] running `Command { std: "docker" "start" "4ba9adc44f837bdc20e8eca6cf2b96583b35cdcd541bffb4b54faef7fc6f9991", kill_on_drop: false }`
[INFO] running `Command { std: "docker" "inspect" "4ba9adc44f837bdc20e8eca6cf2b96583b35cdcd541bffb4b54faef7fc6f9991", kill_on_drop: false }`
[INFO] running `Command { std: "docker" "exec" "-e" "SOURCE_DIR=/opt/rustwide/workdir" "-e" "CARGO_HOME=/opt/rustwide/cargo-home" "-e" "RUSTUP_HOME=/opt/rustwide/rustup-home" "-e" "CARGO_TARGET_DIR=/opt/rustwide/target" "-w" "/opt/rustwide/workdir" "--user" "0:0" "4ba9adc44f837bdc20e8eca6cf2b96583b35cdcd541bffb4b54faef7fc6f9991" "/opt/rustwide/cargo-home/bin/cargo" "+1.100.0-beta.1" "metadata" "--no-deps" "--format-version=1", kill_on_drop: false }`
[INFO] running `Command { std: "docker" "inspect" "4ba9adc44f837bdc20e8eca6cf2b96583b35cdcd541bffb4b54faef7fc6f9991", kill_on_drop: false }`
[INFO] running `Command { std: "docker" "exec" "-e" "SOURCE_DIR=/opt/rustwide/workdir" "-e" "CARGO_HOME=/opt/rustwide/cargo-home" "-e" "RUSTUP_HOME=/opt/rustwide/rustup-home" "-e" "CARGO_TARGET_DIR=/opt/rustwide/target" "-e" "CARGO_INCREMENTAL=0" "-e" "RUST_BACKTRACE=full" "-e" "RUSTFLAGS=--cap-lints=warn" "-e" "RUSTDOCFLAGS=--cap-lints=warn" "-w" "/opt/rustwide/workdir" "--user" "0:0" "4ba9adc44f837bdc20e8eca6cf2b96583b35cdcd541bffb4b54faef7fc6f9991" "/opt/rustwide/cargo-home/bin/cargo" "+1.100.0-beta.1" "doc" "--frozen" "--no-deps" "--document-private-items" "--message-format=json", kill_on_drop: false }`
[INFO] [stderr]    Compiling proc-macro2 v1.0.107
[INFO] [stderr]     Checking typenum v1.20.1
[INFO] [stderr]    Compiling zerocopy v0.8.56
[INFO] [stderr]     Checking tracing-core v0.1.36
[INFO] [stderr]     Checking getrandom v0.2.17
[INFO] [stderr]    Compiling crossbeam-utils v0.8.22
[INFO] [stderr]     Checking regex-syntax v0.8.11
[INFO] [stderr]     Checking parking_lot_core v0.9.12
[INFO] [stderr]     Checking errno v0.3.14
[INFO] [stderr]    Compiling serde_json v1.0.151
[INFO] [stderr]     Checking base64ct v1.8.3
[INFO] [stderr]     Checking memchr v2.8.3
[INFO] [stderr]     Checking log v0.4.33
[INFO] [stderr]     Checking clap_builder v4.6.6
[INFO] [stderr]    Compiling srt-vpn v0.6.5 (/opt/rustwide/workdir)
[INFO] [stderr]     Checking socket2 v0.6.5
[INFO] [stderr]     Checking mio v1.2.2
[INFO] [stderr]     Checking signal-hook-registry v1.4.8
[INFO] [stderr]     Checking rand_core v0.6.4
[INFO] [stderr]     Checking parking_lot v0.12.5
[INFO] [stderr]     Checking thread_local v1.1.10
[INFO] [stderr]     Checking tracing-log v0.2.0
[INFO] [stderr]     Checking nu-ansi-term v0.50.3
[INFO] [stderr]     Checking password-hash v0.5.0
[INFO] [stderr]     Checking generic-array v0.14.7
[INFO] [stderr]     Checking crossbeam-channel v0.5.16
[INFO] [stderr]    Compiling quote v1.0.47
[INFO] [stderr]    Compiling syn v3.0.3
[INFO] [stderr]    Compiling syn v2.0.119
[INFO] [stderr]     Checking regex-automata v0.4.18
[INFO] [stderr]     Checking block-buffer v0.10.4
[INFO] [stderr]     Checking crypto-common v0.1.7
[INFO] [stderr]     Checking digest v0.10.7
[INFO] [stderr]     Checking blake2 v0.10.6
[INFO] [stderr]     Checking sha2 v0.10.9
[INFO] [stderr]     Checking hmac v0.12.1
[INFO] [stderr]     Checking argon2 v0.5.3
[INFO] [stderr]     Checking matchers v0.2.0
[INFO] [stderr]    Compiling serde_derive v1.0.229
[INFO] [stderr]    Compiling tokio-macros v2.7.2
[INFO] [stderr]    Compiling clap_derive v4.6.4
[INFO] [stderr]     Checking tokio v1.53.1
[INFO] [stderr]    Compiling tracing-attributes v0.1.31
[INFO] [stderr]     Checking ppv-lite86 v0.2.21
[INFO] [stderr]     Checking tracing v0.1.44
[INFO] [stderr]     Checking rand_chacha v0.3.1
[INFO] [stderr]     Checking rand v0.8.7
[INFO] [stderr]     Checking clap v4.6.6
[INFO] [stderr]     Checking serde v1.0.229
[INFO] [stderr]     Checking tracing-serde v0.2.0
[INFO] [stderr]     Checking tracing-subscriber v0.3.23
[INFO] [stderr] error: could not compile `tokio` (lib)
[INFO] [stderr] 
[INFO] [stderr] Caused by:
[INFO] [stderr]   process didn't exit successfully: `/opt/rustwide/rustup-home/toolchains/1.100.0-beta.1-x86_64-unknown-linux-gnu/bin/rustc --crate-name tokio --edition=2021 /opt/rustwide/cargo-home/registry/src/index.crates.io-1949cf8c6b5b557f/tokio-1.53.1/src/lib.rs --error-format=json --json=diagnostic-rendered-ansi,artifacts,future-incompat,unused-externs-silent --crate-type lib --emit=dep-info,metadata -C embed-bitcode=no -C debuginfo=2 --cfg 'feature="bytes"' --cfg 'feature="default"' --cfg 'feature="fs"' --cfg 'feature="full"' --cfg 'feature="io-std"' --cfg 'feature="io-util"' --cfg 'feature="libc"' --cfg 'feature="macros"' --cfg 'feature="mio"' --cfg 'feature="net"' --cfg 'feature="parking_lot"' --cfg 'feature="process"' --cfg 'feature="rt"' --cfg 'feature="rt-multi-thread"' --cfg 'feature="signal"' --cfg 'feature="signal-hook-registry"' --cfg 'feature="socket2"' --cfg 'feature="sync"' --cfg 'feature="time"' --cfg 'feature="tokio-macros"' --check-cfg 'cfg(docsrs,test)' --check-cfg 'cfg(feature, values("bytes", "default", "fs", "full", "io-std", "io-uring", "io-util", "libc", "macros", "mio", "net", "parking_lot", "process", "rt", "rt-multi-thread", "schedule-latency", "signal", "signal-hook-registry", "socket2", "sync", "taskdump", "test-util", "time", "tokio-macros", "tracing", "windows-sys"))' -C metadata=f403c84fc846a508 -C extra-filename=-b1b7f21a6f9513a7 --out-dir /opt/rustwide/target/debug/build/tokio/b1b7f21a6f9513a7/out -L dependency=/opt/rustwide/target/debug/build/cfg-if/ff4bbf167027ca2f/out -L dependency=/opt/rustwide/target/debug/build/errno/e7e4b7d4ebf8a767/out -L dependency=/opt/rustwide/target/debug/build/libc/f80ba9a5f89cd06a/out -L dependency=/opt/rustwide/target/debug/build/lock_api/357933f1055927d3/out -L dependency=/opt/rustwide/target/debug/build/parking_lot_core/c012568693814226/out -L dependency=/opt/rustwide/target/debug/build/scopeguard/3c0d98403f6edd36/out -L dependency=/opt/rustwide/target/debug/build/smallvec/f57b35812d191514/out --extern bytes=/opt/rustwide/target/debug/build/bytes/ae1a21ba9b20017c/out/libbytes-ae1a21ba9b20017c.rmeta --extern libc=/opt/rustwide/target/debug/build/libc/f80ba9a5f89cd06a/out/liblibc-f80ba9a5f89cd06a.rmeta --extern mio=/opt/rustwide/target/debug/build/mio/f47c4b0562629ffe/out/libmio-f47c4b0562629ffe.rmeta --extern parking_lot=/opt/rustwide/target/debug/build/parking_lot/827cf82940a8e7d3/out/libparking_lot-827cf82940a8e7d3.rmeta --extern pin_project_lite=/opt/rustwide/target/debug/build/pin-project-lite/f99188c21bb6689c/out/libpin_project_lite-f99188c21bb6689c.rmeta --extern signal_hook_registry=/opt/rustwide/target/debug/build/signal-hook-registry/e1a127a55b66e50c/out/libsignal_hook_registry-e1a127a55b66e50c.rmeta --extern socket2=/opt/rustwide/target/debug/build/socket2/00ca9c5a809087e5/out/libsocket2-00ca9c5a809087e5.rmeta --extern tokio_macros=/opt/rustwide/target/debug/build/tokio-macros/221e4d44d7c93b20/out/libtokio_macros-221e4d44d7c93b20.so --cap-lints allow --cap-lints=warn --force-warn=unused_crate_dependencies` (signal: 9, SIGKILL: kill)
[INFO] [stderr] warning: build failed, waiting for other jobs to finish...
[INFO] [stderr] error: failed to run custom build command for `srt-vpn v0.6.5 (/opt/rustwide/workdir)`
[INFO] [stderr] note: To improve backtraces for build dependencies, set the CARGO_PROFILE_DEV_BUILD_OVERRIDE_DEBUG=true environment variable to enable debug information generation.
[INFO] [stderr] 
[INFO] [stderr] Caused by:
[INFO] [stderr]   process didn't exit successfully: `/opt/rustwide/target/debug/build/srt-vpn/5345e7cce77e2ce4/out/build_script_build` (exit status: 101)
[INFO] [stderr]   --- stdout
[INFO] [stderr]   -- The C compiler identification is GNU 15.2.0
[INFO] [stderr]   -- The CXX compiler identification is GNU 15.2.0
[INFO] [stderr]   -- Detecting C compiler ABI info
[INFO] [stderr]   -- Detecting C compiler ABI info - done
[INFO] [stderr]   -- Check for working C compiler: /usr/bin/cc - skipped
[INFO] [stderr]   -- Detecting C compile features
[INFO] [stderr]   -- Detecting C compile features - done
[INFO] [stderr]   -- Detecting CXX compiler ABI info
[INFO] [stderr]   -- Detecting CXX compiler ABI info - done
[INFO] [stderr]   -- Check for working CXX compiler: /usr/bin/c++ - skipped
[INFO] [stderr]   -- Detecting CXX compile features
[INFO] [stderr]   -- Detecting CXX compile features - done
[INFO] [stderr]   -- Found PkgConfig: /usr/bin/pkg-config (found version "2.5.1")
[INFO] [stderr]   -- Performing Test CMAKE_HAVE_LIBC_PTHREAD
[INFO] [stderr]   -- Performing Test CMAKE_HAVE_LIBC_PTHREAD - Success
[INFO] [stderr]   -- Found Threads: TRUE
[INFO] [stderr]   -- BUILD TYPE: Release
[INFO] [stderr]   -- Performing Test HAVE_CLOCK_GETTIME_IN
[INFO] [stderr]   -- Performing Test HAVE_CLOCK_GETTIME_IN - Success
[INFO] [stderr]   -- CLOCK_MONOTONIC: available, no extra libs needed
[INFO] [stderr]   -- LOGGING: ENABLED
[INFO] [stderr]   -- USE_BUSY_WAITING: OFF (default)
[INFO] [stderr]   -- No WITH_COMPILER_PREFIX - using C++ compiler /usr/bin/c++
[INFO] [stderr]   -- Looking for inet_pton
[INFO] [stderr]   -- Looking for inet_pton - found
[INFO] [stderr]   -- Checking for pthread_(g/s)etname_np in 'pthread_np.h':
[INFO] [stderr]   -- Looking for pthread_getname_np
[INFO] [stderr]   -- Looking for pthread_getname_np - not found
[INFO] [stderr]   -- Looking for pthread_setname_np
[INFO] [stderr]   -- Looking for pthread_setname_np - not found
[INFO] [stderr]   -- Checking for pthread_(g/s)etname_np in 'pthread.h':
[INFO] [stderr]   -- Looking for pthread_getname_np
[INFO] [stderr]   -- Looking for pthread_getname_np - found
[INFO] [stderr]   -- Looking for pthread_setname_np
[INFO] [stderr]   -- Looking for pthread_setname_np - found
[INFO] [stderr]   -- Checking for module 'openssl libcrypto'
[INFO] [stderr]   --   Found openssl libcrypto, version 3.5.5
[INFO] [stderr]   -- SSL via pkg-config: -L /usr/lib/x86_64-linux-gnu -I /usr/include -l;ssl;crypto
[INFO] [stderr]   -- ENCRYPTION: ENABLED, using: openssl libcrypto
[INFO] [stderr]   -- SSL libraries: ssl;crypto
[INFO] [stderr]   -- ENCRYPTION AEAD API: DISABLED
[INFO] [stderr]   -- MAXREXMITBW API: DISABLED
[INFO] [stderr]   -- COMPILER: GNU (/usr/bin/c++) - GNU compat
[INFO] [stderr]   -- NOTE: GNU 15.2.0 - assuming default C++11.
[INFO] [stderr]   -- Looking for __atomic_fetch_add_8 in atomic
[INFO] [stderr]   -- Looking for __atomic_fetch_add_8 in atomic - found
[INFO] [stderr]   -- Performing Test HAVE_LIBATOMIC_COMPILES
[INFO] [stderr]   -- Performing Test HAVE_LIBATOMIC_COMPILES - Success
[INFO] [stderr]   -- Performing Test HAVE_LIBATOMIC_COMPILES_STATIC
[INFO] [stderr]   -- Performing Test HAVE_LIBATOMIC_COMPILES_STATIC - Success
[INFO] [stderr]   -- Performing Test HAVE_GCCATOMIC_INTRINSICS
[INFO] [stderr]   -- Performing Test HAVE_GCCATOMIC_INTRINSICS - Success
[INFO] [stderr]   -- Performing Test HAVE_CXX_ATOMIC
[INFO] [stderr]   -- Performing Test HAVE_CXX_ATOMIC - Success
[INFO] [stderr]   -- Performing Test HAVE_CXX_ATOMIC_STATIC
[INFO] [stderr]   -- Performing Test HAVE_CXX_ATOMIC_STATIC - Success
[INFO] [stderr]   -- Checking for C++ 'std::put_time()':
[INFO] [stderr]   -- Performing Test HAVE_CXX_STD_PUT_TIME
[INFO] [stderr]   -- Performing Test HAVE_CXX_STD_PUT_TIME - Success
[INFO] [stderr]   -- STDCXX_SYNC: OFF
[INFO] [stderr]   -- MONOTONIC_CLOCK: ON
[INFO] [stderr]   -- DETECTED SYSTEM: LINUX;  LINUX=1
[INFO] [stderr]   -- ENABLE_BONDING: OFF
[INFO] [stderr]   -- Pthread library: 
[INFO] [stderr]   -- Looking for pthread_atfork
[INFO] [stderr]   -- Looking for pthread_atfork - found
[INFO] [stderr]   -- Looking for pthread_condattr_setclock
[INFO] [stderr]   -- Looking for pthread_condattr_setclock - found
[INFO] [stderr]   -- Checking pthread_condattr_setclock: '1'
[INFO] [stderr]   -- FOUND pthread_condattr_setclock - pthread_cond_timedwait will use monotonic clock
[INFO] [stderr]   -- APP: srt_virtual: using default C++ standard
[INFO] [stderr]   -- C STD: srt_virtual: forced C99 standard - portable way
[INFO] [stderr]   -- ADDING TRANSITIVE LINK DEP to:srt_static :  
[INFO] [stderr]   -- INSTALL DIRS: bin=bin lib=lib shlib=lib include=include
[INFO] [stderr]   -- APPS: DISABLED
[INFO] [stderr]   -- Configuring done (12.5s)
[INFO] [stderr]   -- Generating done (0.1s)
[INFO] [stderr]   -- Build files have been written to: /opt/rustwide/target/debug/build/srt-vpn/7b8b882b812d8a07/out/srt-build
[INFO] [stderr]   [  2%] Building CXX object CMakeFiles/srt_virtual.dir/srtcore/api.cpp.o
[INFO] [stderr]   [  4%] Building CXX object CMakeFiles/srt_virtual.dir/srtcore/buffer_tools.cpp.o
[INFO] [stderr]   [  7%] Building CXX object CMakeFiles/srt_virtual.dir/srtcore/buffer_rcv.cpp.o
[INFO] [stderr]   [  9%] Building CXX object CMakeFiles/srt_virtual.dir/srtcore/cache.cpp.o
[INFO] [stderr]   [ 14%] Building CXX object CMakeFiles/srt_virtual.dir/srtcore/buffer_snd.cpp.o
[INFO] [stderr]   [ 17%] Building CXX object CMakeFiles/srt_virtual.dir/srtcore/channel.cpp.o
[INFO] [stderr]   [ 17%] Building CXX object CMakeFiles/srt_virtual.dir/srtcore/common.cpp.o
[INFO] [stderr]   [ 19%] Building CXX object CMakeFiles/srt_virtual.dir/srtcore/core.cpp.o
[INFO] [stderr]   [ 21%] Building CXX object CMakeFiles/srt_virtual.dir/srtcore/crypto.cpp.o
[INFO] [stderr]   [ 24%] Building CXX object CMakeFiles/srt_virtual.dir/srtcore/epoll.cpp.o
[INFO] [stderr]   [ 26%] Building CXX object CMakeFiles/srt_virtual.dir/srtcore/fec.cpp.o
[INFO] [stderr]   [ 29%] Building CXX object CMakeFiles/srt_virtual.dir/srtcore/handshake.cpp.o
[INFO] [stderr]   [ 31%] Building CXX object CMakeFiles/srt_virtual.dir/srtcore/list.cpp.o
[INFO] [stderr]   [ 34%] Building CXX object CMakeFiles/srt_virtual.dir/srtcore/logger_default.cpp.o
[INFO] [stderr] 
[INFO] [stderr]   --- stderr
[INFO] [stderr]   CMake Deprecation Warning at CMakeLists.txt:10 (cmake_minimum_required):
[INFO] [stderr]     Compatibility with CMake < 3.10 will be removed from a future version of
[INFO] [stderr]     CMake.
[INFO] [stderr] 
[INFO] [stderr]     Update the VERSION argument <min> value.  Or, use the <min>...<max> syntax
[INFO] [stderr]     to tell CMake that the project requires at least <min> but has been updated
[INFO] [stderr]     to work with policies introduced by <max> or earlier.
[INFO] [stderr] 
[INFO] [stderr] 
[INFO] [stderr]   c++: fatal error: Killed signal terminated program cc1plus
[INFO] [stderr]   compilation terminated.
[INFO] [stderr]   gmake[3]: *** [CMakeFiles/srt_virtual.dir/build.make:79: CMakeFiles/srt_virtual.dir/srtcore/api.cpp.o] Error 1
[INFO] [stderr]   gmake[3]: *** Waiting for unfinished jobs....
[INFO] [stderr]   c++: fatal error: Killed signal terminated program cc1plus
[INFO] [stderr]   compilation terminated.
[INFO] [stderr]   gmake[3]: *** [CMakeFiles/srt_virtual.dir/build.make:177: CMakeFiles/srt_virtual.dir/srtcore/core.cpp.o] Error 1
[INFO] [stderr]   gmake[2]: *** [CMakeFiles/Makefile2:90: CMakeFiles/srt_virtual.dir/all] Error 2
[INFO] [stderr]   gmake[1]: *** [CMakeFiles/Makefile2:129: CMakeFiles/srt_static.dir/rule] Error 2
[INFO] [stderr]   gmake: *** [Makefile:182: srt_static] Error 2
[INFO] [stderr] 
[INFO] [stderr]   thread 'main' (229) panicked at build.rs:52:5:
[INFO] [stderr]   cmake build 返回非零状态
[INFO] [stderr]   stack backtrace:
[INFO] [stderr]      0:     0x5f393ab850d1 - std[617be2ca0a6fd877]::backtrace_rs::backtrace::libunwind::trace
[INFO] [stderr]                                  at /rustc/e3feeb59cd1bdd011a2bfcc0747b55125d9b8527/library/std/src/../../backtrace/src/backtrace/libunwind.rs:117:9
[INFO] [stderr]      1:     0x5f393ab850d1 - std[617be2ca0a6fd877]::backtrace_rs::backtrace::trace_unsynchronized::<std[617be2ca0a6fd877]::sys::backtrace::_print_fmt::{closure#1}>
[INFO] [stderr]                                  at /rustc/e3feeb59cd1bdd011a2bfcc0747b55125d9b8527/library/std/src/../../backtrace/src/backtrace/mod.rs:66:14
[INFO] [stderr]      2:     0x5f393ab850d1 - std[617be2ca0a6fd877]::sys::backtrace::_print_fmt
[INFO] [stderr]                                  at /rustc/e3feeb59cd1bdd011a2bfcc0747b55125d9b8527/library/std/src/sys/backtrace.rs:74:9
[INFO] [stderr]      3:     0x5f393ab850d1 - <<std[617be2ca0a6fd877]::sys::backtrace::BacktraceLock>::print::DisplayBacktrace as core[a373ad73a504971]::fmt::Display>::fmt
[INFO] [stderr]                                  at /rustc/e3feeb59cd1bdd011a2bfcc0747b55125d9b8527/library/std/src/sys/backtrace.rs:44:26
[INFO] [stderr]      4:     0x5f393ab9622a - <core[a373ad73a504971]::fmt::rt::Argument>::fmt
[INFO] [stderr]                                  at /rustc/e3feeb59cd1bdd011a2bfcc0747b55125d9b8527/library/core/src/fmt/rt.rs:152:76
[INFO] [stderr]      5:     0x5f393ab9622a - core[a373ad73a504971]::fmt::write
[INFO] [stderr]      6:     0x5f393ab88e1c - core[a373ad73a504971]::io::write::default_write_fmt::<std[617be2ca0a6fd877]::sys::stdio::unix::Stderr>
[INFO] [stderr]                                  at /rustc/e3feeb59cd1bdd011a2bfcc0747b55125d9b8527/library/core/src/io/write.rs:402:11
[INFO] [stderr]      7:     0x5f393ab88e1c - <std[617be2ca0a6fd877]::sys::stdio::unix::Stderr as core[a373ad73a504971]::io::write::Write>::write_fmt
[INFO] [stderr]                                  at /rustc/e3feeb59cd1bdd011a2bfcc0747b55125d9b8527/library/core/src/io/write.rs:335:13
[INFO] [stderr]      8:     0x5f393ab64e06 - <std[617be2ca0a6fd877]::sys::backtrace::BacktraceLock>::print
[INFO] [stderr]                                  at /rustc/e3feeb59cd1bdd011a2bfcc0747b55125d9b8527/library/std/src/sys/backtrace.rs:47:9
[INFO] [stderr]      9:     0x5f393ab64e06 - std[617be2ca0a6fd877]::panicking::default_hook::{closure#0}
[INFO] [stderr]                                  at /rustc/e3feeb59cd1bdd011a2bfcc0747b55125d9b8527/library/std/src/panicking.rs:289:27
[INFO] [stderr]     10:     0x5f393ab7ea21 - std[617be2ca0a6fd877]::panicking::default_hook
[INFO] [stderr]                                  at /rustc/e3feeb59cd1bdd011a2bfcc0747b55125d9b8527/library/std/src/panicking.rs:316:9
[INFO] [stderr]     11:     0x5f393ab7ebdb - std[617be2ca0a6fd877]::panicking::panic_with_hook
[INFO] [stderr]                                  at /rustc/e3feeb59cd1bdd011a2bfcc0747b55125d9b8527/library/std/src/panicking.rs:811:13
[INFO] [stderr]     12:     0x5f393ab64ee4 - std[617be2ca0a6fd877]::panicking::panic_handler::{closure#0}
[INFO] [stderr]                                  at /rustc/e3feeb59cd1bdd011a2bfcc0747b55125d9b8527/library/std/src/panicking.rs:678:13
[INFO] [stderr]     13:     0x5f393ab5dc79 - std[617be2ca0a6fd877]::sys::backtrace::__rust_end_short_backtrace::<std[617be2ca0a6fd877]::panicking::panic_handler::{closure#0}, !>
[INFO] [stderr]                                  at /rustc/e3feeb59cd1bdd011a2bfcc0747b55125d9b8527/library/std/src/sys/backtrace.rs:182:18
[INFO] [stderr]     14:     0x5f393ab65a3d - __rustc[ea4f61d10b84890b]::rust_begin_unwind
[INFO] [stderr]                                  at /rustc/e3feeb59cd1bdd011a2bfcc0747b55125d9b8527/library/std/src/panicking.rs:676:5
[INFO] [stderr]     15:     0x5f393ab9695c - core[a373ad73a504971]::panicking::panic_fmt
[INFO] [stderr]                                  at /rustc/e3feeb59cd1bdd011a2bfcc0747b55125d9b8527/library/core/src/panicking.rs:80:14
[INFO] [stderr]     16:     0x5f393ab4af59 - build_script_build[3262343fef6b5063]::main
[INFO] [stderr]     17:     0x5f393ab4e513 - <fn() as core[a373ad73a504971]::ops::function::FnOnce<()>>::call_once
[INFO] [stderr]     18:     0x5f393ab4934e - std[617be2ca0a6fd877]::sys::backtrace::__rust_begin_short_backtrace::<fn(), ()>
[INFO] [stderr]     19:     0x5f393ab49f09 - std[617be2ca0a6fd877]::rt::lang_start::<()>::{closure#0}
[INFO] [stderr]     20:     0x5f393ab7de98 - <&dyn core[a373ad73a504971]::ops::function::Fn<(), Output = i32> + core[a373ad73a504971]::marker::Sync + core[a373ad73a504971]::panic::unwind_safe::RefUnwindSafe as core[a373ad73a504971]::ops::function::FnOnce<()>>::call_once
[INFO] [stderr]                                  at /rustc/e3feeb59cd1bdd011a2bfcc0747b55125d9b8527/library/core/src/ops/function.rs:287:21
[INFO] [stderr]     21:     0x5f393ab7de98 - std[617be2ca0a6fd877]::panicking::catch_unwind::do_call::<&dyn core[a373ad73a504971]::ops::function::Fn<(), Output = i32> + core[a373ad73a504971]::marker::Sync + core[a373ad73a504971]::panic::unwind_safe::RefUnwindSafe, i32>
[INFO] [stderr]                                  at /rustc/e3feeb59cd1bdd011a2bfcc0747b55125d9b8527/library/std/src/panicking.rs:573:43
[INFO] [stderr]     22:     0x5f393ab7de98 - std[617be2ca0a6fd877]::panicking::catch_unwind::<i32, &dyn core[a373ad73a504971]::ops::function::Fn<(), Output = i32> + core[a373ad73a504971]::marker::Sync + core[a373ad73a504971]::panic::unwind_safe::RefUnwindSafe>
[INFO] [stderr]                                  at /rustc/e3feeb59cd1bdd011a2bfcc0747b55125d9b8527/library/std/src/panicking.rs:541:19
[INFO] [stderr]     23:     0x5f393ab7de98 - std[617be2ca0a6fd877]::panic::catch_unwind::<&dyn core[a373ad73a504971]::ops::function::Fn<(), Output = i32> + core[a373ad73a504971]::marker::Sync + core[a373ad73a504971]::panic::unwind_safe::RefUnwindSafe, i32>
[INFO] [stderr]                                  at /rustc/e3feeb59cd1bdd011a2bfcc0747b55125d9b8527/library/std/src/panic.rs:359:14
[INFO] [stderr]     24:     0x5f393ab7de98 - std[617be2ca0a6fd877]::rt::lang_start_internal::{closure#0}
[INFO] [stderr]                                  at /rustc/e3feeb59cd1bdd011a2bfcc0747b55125d9b8527/library/std/src/rt.rs:175:24
[INFO] [stderr]     25:     0x5f393ab7de98 - std[617be2ca0a6fd877]::panicking::catch_unwind::do_call::<std[617be2ca0a6fd877]::rt::lang_start_internal::{closure#0}, isize>
[INFO] [stderr]                                  at /rustc/e3feeb59cd1bdd011a2bfcc0747b55125d9b8527/library/std/src/panicking.rs:573:43
[INFO] [stderr]     26:     0x5f393ab7de98 - std[617be2ca0a6fd877]::panicking::catch_unwind::<isize, std[617be2ca0a6fd877]::rt::lang_start_internal::{closure#0}>
[INFO] [stderr]                                  at /rustc/e3feeb59cd1bdd011a2bfcc0747b55125d9b8527/library/std/src/panicking.rs:541:19
[INFO] [stderr]     27:     0x5f393ab7de98 - std[617be2ca0a6fd877]::panic::catch_unwind::<std[617be2ca0a6fd877]::rt::lang_start_internal::{closure#0}, isize>
[INFO] [stderr]                                  at /rustc/e3feeb59cd1bdd011a2bfcc0747b55125d9b8527/library/std/src/panic.rs:359:14
[INFO] [stderr]     28:     0x5f393ab7de98 - std[617be2ca0a6fd877]::rt::lang_start_internal
[INFO] [stderr]                                  at /rustc/e3feeb59cd1bdd011a2bfcc0747b55125d9b8527/library/std/src/rt.rs:171:5
[INFO] [stderr]     29:     0x5f393ab489f1 - std[617be2ca0a6fd877]::rt::lang_start::<()>
[INFO] [stderr]     30:     0x5f393ab4e775 - main
[INFO] [stderr]     31:     0x77ed31103601 - <unknown>
[INFO] [stderr]     32:     0x77ed31103718 - __libc_start_main
[INFO] [stderr]     33:     0x5f393ab47de5 - _start
[INFO] [stderr]     34:                0x0 - <unknown>
[INFO] running `Command { std: "docker" "inspect" "4ba9adc44f837bdc20e8eca6cf2b96583b35cdcd541bffb4b54faef7fc6f9991", kill_on_drop: false }`
[INFO] running `Command { std: "docker" "rm" "-f" "4ba9adc44f837bdc20e8eca6cf2b96583b35cdcd541bffb4b54faef7fc6f9991", kill_on_drop: false }`
[INFO] [stdout] 4ba9adc44f837bdc20e8eca6cf2b96583b35cdcd541bffb4b54faef7fc6f9991
