[INFO] cloning repository https://github.com/aklzo/kakeibo-cli
[INFO] running `Command { std: "git" "-c" "credential.helper=" "-c" "credential.helper=/workspace/cargo-home/bin/git-credential-null" "clone" "--bare" "https://github.com/aklzo/kakeibo-cli" "/workspace/cache/git-repos/https%3A%2F%2Fgithub.com%2Faklzo%2Fkakeibo-cli", kill_on_drop: false }`
[INFO] [stderr] Cloning into bare repository '/workspace/cache/git-repos/https%3A%2F%2Fgithub.com%2Faklzo%2Fkakeibo-cli'...
[INFO] running `Command { std: "git" "rev-parse" "HEAD", kill_on_drop: false }`
[INFO] [stdout] 9a83b275834d93a69140aa515d44a8b1fc0623e6
[INFO] documenting aklzo/kakeibo-cli against 1.100.0-beta.1 for beta-rustdoc-1.100
[INFO] running `Command { std: "git" "clone" "/workspace/cache/git-repos/https%3A%2F%2Fgithub.com%2Faklzo%2Fkakeibo-cli" "/workspace/builds/worker-7-tc2/source", kill_on_drop: false }`
[INFO] [stderr] Cloning into '/workspace/builds/worker-7-tc2/source'...
[INFO] [stderr] done.
[INFO] started tweaking git repo https://github.com/aklzo/kakeibo-cli
[INFO] finished tweaking git repo https://github.com/aklzo/kakeibo-cli
[INFO] tweaked toml for git repo https://github.com/aklzo/kakeibo-cli written to /workspace/builds/worker-7-tc2/source/Cargo.toml
[INFO] validating manifest of git repo https://github.com/aklzo/kakeibo-cli on toolchain 1.100.0-beta.1
[INFO] running `Command { std: CARGO_HOME="/workspace/cargo-home" RUSTUP_HOME="/workspace/rustup-home" "/workspace/cargo-home/bin/cargo" "+1.100.0-beta.1" "metadata" "--manifest-path" "Cargo.toml" "--no-deps", kill_on_drop: false }`
[INFO] crate git repo https://github.com/aklzo/kakeibo-cli already has a lockfile, it will not be regenerated
[INFO] running `Command { std: CARGO_HOME="/workspace/cargo-home" RUSTUP_HOME="/workspace/rustup-home" "/workspace/cargo-home/bin/cargo" "+1.100.0-beta.1" "fetch" "--manifest-path" "Cargo.toml", kill_on_drop: false }`
[INFO] [stderr]     Blocking waiting for file lock on package cache
[ERROR] error running command: no output for 300 seconds
[INFO] documenting aklzo/kakeibo-cli against 1.100.0-beta.1 for beta-rustdoc-1.100
[INFO] running `Command { std: "git" "clone" "/workspace/cache/git-repos/https%3A%2F%2Fgithub.com%2Faklzo%2Fkakeibo-cli" "/workspace/builds/worker-7-tc2/source", kill_on_drop: false }`
[INFO] [stderr] Cloning into '/workspace/builds/worker-7-tc2/source'...
[INFO] [stderr] done.
[INFO] started tweaking git repo https://github.com/aklzo/kakeibo-cli
[INFO] finished tweaking git repo https://github.com/aklzo/kakeibo-cli
[INFO] tweaked toml for git repo https://github.com/aklzo/kakeibo-cli written to /workspace/builds/worker-7-tc2/source/Cargo.toml
[INFO] validating manifest of git repo https://github.com/aklzo/kakeibo-cli on toolchain 1.100.0-beta.1
[INFO] running `Command { std: CARGO_HOME="/workspace/cargo-home" RUSTUP_HOME="/workspace/rustup-home" "/workspace/cargo-home/bin/cargo" "+1.100.0-beta.1" "metadata" "--manifest-path" "Cargo.toml" "--no-deps", kill_on_drop: false }`
[INFO] crate git repo https://github.com/aklzo/kakeibo-cli already has a lockfile, it will not be regenerated
[INFO] running `Command { std: CARGO_HOME="/workspace/cargo-home" RUSTUP_HOME="/workspace/rustup-home" "/workspace/cargo-home/bin/cargo" "+1.100.0-beta.1" "fetch" "--manifest-path" "Cargo.toml", kill_on_drop: false }`
[INFO] [stderr]     Blocking waiting for file lock on package cache
[INFO] [stderr]     Blocking waiting for file lock on package cache
[INFO] running `Command { std: "docker" "create" "-v" "/var/lib/crater-agent-workspace/builds/worker-7-tc2/source:/opt/rustwide/workdir:ro,Z" "-v" "/var/lib/crater-agent-workspace/builds/worker-7-tc2/target:/opt/rustwide/target:rw,Z" "-v" "/var/lib/crater-agent-workspace/cargo-home:/opt/rustwide/cargo-home:ro,Z" "-v" "/var/lib/crater-agent-workspace/rustup-home:/opt/rustwide/rustup-home:ro,Z" "-m" "1610612736" "--network" "none" "ghcr.io/rust-lang/crates-build-env/linux@sha256:3111399a4047eeb3a02b7a90e478d715f38a8c6669b5c4b49d30a17385265909" "sleep" "infinity", kill_on_drop: false }`
[INFO] [stdout] 7efbbc5adfd0b49dbd4988510706f69db97f1cc170f70fb1965c91dc085fe708
[INFO] running `Command { std: "docker" "start" "7efbbc5adfd0b49dbd4988510706f69db97f1cc170f70fb1965c91dc085fe708", kill_on_drop: false }`
[INFO] running `Command { std: "docker" "inspect" "7efbbc5adfd0b49dbd4988510706f69db97f1cc170f70fb1965c91dc085fe708", kill_on_drop: false }`
[INFO] running `Command { std: "docker" "exec" "-e" "SOURCE_DIR=/opt/rustwide/workdir" "-e" "CARGO_HOME=/opt/rustwide/cargo-home" "-e" "RUSTUP_HOME=/opt/rustwide/rustup-home" "-e" "CARGO_TARGET_DIR=/opt/rustwide/target" "-w" "/opt/rustwide/workdir" "--user" "0:0" "7efbbc5adfd0b49dbd4988510706f69db97f1cc170f70fb1965c91dc085fe708" "/opt/rustwide/cargo-home/bin/cargo" "+1.100.0-beta.1" "metadata" "--no-deps" "--format-version=1", kill_on_drop: false }`
[INFO] running `Command { std: "docker" "inspect" "7efbbc5adfd0b49dbd4988510706f69db97f1cc170f70fb1965c91dc085fe708", kill_on_drop: false }`
[INFO] running `Command { std: "docker" "exec" "-e" "SOURCE_DIR=/opt/rustwide/workdir" "-e" "CARGO_HOME=/opt/rustwide/cargo-home" "-e" "RUSTUP_HOME=/opt/rustwide/rustup-home" "-e" "CARGO_TARGET_DIR=/opt/rustwide/target" "-e" "CARGO_INCREMENTAL=0" "-e" "RUST_BACKTRACE=full" "-e" "RUSTFLAGS=--cap-lints=warn" "-e" "RUSTDOCFLAGS=--cap-lints=warn" "-w" "/opt/rustwide/workdir" "--user" "0:0" "7efbbc5adfd0b49dbd4988510706f69db97f1cc170f70fb1965c91dc085fe708" "/opt/rustwide/cargo-home/bin/cargo" "+1.100.0-beta.1" "doc" "--frozen" "--no-deps" "--document-private-items" "--message-format=json", kill_on_drop: false }`
[INFO] [stderr]    Compiling parking_lot_core v0.9.11
[INFO] [stderr]    Compiling cc v1.2.61
[INFO] [stderr]    Compiling lock_api v0.4.13
[INFO] [stderr]    Compiling quote v1.0.45
[INFO] [stderr]     Checking hashbrown v0.17.0
[INFO] [stderr]    Compiling either v1.15.0
[INFO] [stderr]     Checking signal-hook-registry v1.4.6
[INFO] [stderr]     Checking socket2 v0.6.3
[INFO] [stderr]     Checking mio v1.2.0
[INFO] [stderr]     Checking bitflags v2.11.1
[INFO] [stderr]    Compiling uncased v0.9.10
[INFO] [stderr]    Compiling glob v0.3.3
[INFO] [stderr]    Compiling libc v0.2.186
[INFO] [stderr]    Compiling prettyplease v0.2.37
[INFO] [stderr]     Checking rustls-pki-types v1.14.1
[INFO] [stderr]    Compiling rustix v0.38.44
[INFO] [stderr]    Compiling regex-syntax v0.8.10
[INFO] [stderr]    Compiling linux-raw-sys v0.4.15
[INFO] [stderr]    Compiling syn v2.0.117
[INFO] [stderr]    Compiling nom v7.1.3
[INFO] [stderr]    Compiling indexmap v1.9.3
[INFO] [stderr]    Compiling home v0.5.12
[INFO] [stderr]    Compiling bindgen v0.66.1
[INFO] [stderr]     Checking rand_chacha v0.3.1
[INFO] [stderr]     Checking socket2 v0.5.10
[INFO] [stderr]    Compiling num-traits v0.2.19
[INFO] [stderr]    Compiling itertools v0.12.1
[INFO] [stderr]    Compiling axum-core v0.3.4
[INFO] [stderr]    Compiling rand v0.8.6
[INFO] [stderr]    Compiling phf_shared v0.11.3
[INFO] [stderr]     Checking block-padding v0.3.3
[INFO] [stderr]    Compiling axum v0.6.20
[INFO] [stderr]    Compiling openssl v0.10.79
[INFO] [stderr]     Checking parking_lot v0.12.4
[INFO] [stderr]    Compiling serde_json v1.0.149
[INFO] [stderr]     Checking hashbrown v0.14.5
[INFO] [stderr]     Checking inout v0.1.4
[INFO] [stderr]     Checking crypto-common v0.1.7
[INFO] [stderr]    Compiling rustls v0.22.4
[INFO] [stderr]     Checking sync_wrapper v0.1.2
[INFO] [stderr]     Checking indexmap v2.14.0
[INFO] [stderr]    Compiling cmake v0.1.58
[INFO] [stderr]     Checking fallible-streaming-iterator v0.1.9
[INFO] [stderr]     Checking cipher v0.4.4
[INFO] [stderr]    Compiling clang-sys v1.8.1
[INFO] [stderr]    Compiling phf_generator v0.11.3
[INFO] [stderr]    Compiling phf_codegen v0.11.3
[INFO] [stderr]    Compiling num-conv v0.2.1
[INFO] [stderr]    Compiling thiserror v2.0.18
[INFO] [stderr]     Checking fallible-iterator v0.2.0
[INFO] [stderr]    Compiling thiserror v1.0.69
[INFO] [stderr]     Checking num-integer v0.1.46
[INFO] [stderr]     Checking hashlink v0.8.4
[INFO] [stderr]     Checking webpki-roots v1.0.7
[INFO] [stderr]    Compiling time-macros v0.2.27
[INFO] [stderr]     Checking rustls-pemfile v2.2.0
[INFO] [stderr]     Checking http-range-header v0.3.1
[INFO] [stderr]     Checking fallible-iterator v0.3.0
[INFO] [stderr]     Checking aes v0.8.4
[INFO] [stderr]     Checking rustls-native-certs v0.7.3
[INFO] [stderr]     Checking hashbrown v0.16.1
[INFO] [stderr]    Compiling ring v0.17.14
[INFO] [stderr]    Compiling openssl-sys v0.9.115
[INFO] [stderr]    Compiling libsqlite3-sys v0.37.0
[INFO] [stderr]    Compiling libsql-sqlite3-parser v0.13.0
[INFO] [stderr]     Checking num-bigint v0.4.6
[INFO] [stderr]     Checking phf v0.11.3
[INFO] [stderr]     Checking webpki-roots v0.26.11
[INFO] [stderr]     Checking uuid v1.23.1
[INFO] [stderr]     Checking cbc v0.1.2
[INFO] [stderr]     Checking iri-string v0.7.12
[INFO] [stderr]     Checking chrono v0.4.44
[INFO] [stderr]     Checking pem v3.0.6
[INFO] [stderr]     Checking hashlink v0.11.0
[INFO] [stderr]     Checking serde_path_to_error v0.1.20
[INFO] [stderr]    Compiling native-tls v0.2.18
[INFO] [stderr]    Compiling cexpr v0.6.0
[INFO] [stderr]    Compiling regex-automata v0.4.14
[INFO] [stderr]    Compiling which v4.4.2
[INFO] [stderr]     Checking time v0.3.47
[INFO] [stderr]    Compiling synstructure v0.13.2
[INFO] [stderr]    Compiling regex v1.12.3
[INFO] [stderr]    Compiling serde_derive v1.0.228
[INFO] [stderr]    Compiling tokio-macros v2.7.0
[INFO] [stderr]    Compiling tracing-attributes v0.1.31
[INFO] [stderr]    Compiling futures-macro v0.3.32
[INFO] [stderr]    Compiling zerofrom-derive v0.1.7
[INFO] [stderr]    Compiling yoke-derive v0.8.2
[INFO] [stderr]    Compiling zerovec-derive v0.11.3
[INFO] [stderr]    Compiling displaydoc v0.2.5
[INFO] [stderr]    Compiling pin-project-internal v1.1.11
[INFO] [stderr]    Compiling prost-derive v0.12.6
[INFO] [stderr]    Compiling async-trait v0.1.89
[INFO] [stderr]    Compiling openssl-macros v0.1.1
[INFO] [stderr]    Compiling async-stream-impl v0.3.6
[INFO] [stderr]    Compiling zerocopy-derive v0.7.35
[INFO] [stderr]    Compiling thiserror-impl v1.0.69
[INFO] [stderr]     Checking futures-util v0.3.32
[INFO] [stderr]     Checking async-stream v0.3.6
[INFO] [stderr]     Checking pin-project v1.1.11
[INFO] [stderr]    Compiling thiserror-impl v2.0.18
[INFO] [stderr]    Compiling clap_derive v4.6.1
[INFO] [stderr]     Checking zerofrom v0.1.7
[INFO] [stderr] error: could not compile `serde_derive` (lib)
[INFO] [stderr] 
[INFO] [stderr] Caused by:
[INFO] [stderr]   process didn't exit successfully: `/opt/rustwide/rustup-home/toolchains/1.100.0-beta.1-x86_64-unknown-linux-gnu/bin/rustc --crate-name serde_derive --edition=2021 /opt/rustwide/cargo-home/registry/src/index.crates.io-1949cf8c6b5b557f/serde_derive-1.0.228/src/lib.rs --error-format=json --json=diagnostic-rendered-ansi,artifacts,future-incompat,unused-externs-silent --crate-type proc-macro --emit=dep-info,link -C prefer-dynamic -C embed-bitcode=no --cfg 'feature="default"' --check-cfg 'cfg(docsrs,test)' --check-cfg 'cfg(feature, values("default", "deserialize_in_place"))' -C metadata=0d319678811b0335 -C extra-filename=-919fa773e4784517 --out-dir /opt/rustwide/target/debug/build/serde_derive/919fa773e4784517/out -L dependency=/opt/rustwide/target/debug/build/proc-macro2/154be7f81f34ed1b/out -L dependency=/opt/rustwide/target/debug/build/quote/a87dd5cb7e80719c/out -L dependency=/opt/rustwide/target/debug/build/unicode-ident/86faa6b6bcc5b157/out --extern proc_macro2=/opt/rustwide/target/debug/build/proc-macro2/154be7f81f34ed1b/out/libproc_macro2-154be7f81f34ed1b.rlib --extern quote=/opt/rustwide/target/debug/build/quote/a87dd5cb7e80719c/out/libquote-a87dd5cb7e80719c.rlib --extern syn=/opt/rustwide/target/debug/build/syn/c3ddb4f2d88afdfd/out/libsyn-c3ddb4f2d88afdfd.rlib --extern proc_macro --cap-lints allow --cap-lints=warn --force-warn=unused_crate_dependencies` (signal: 9, SIGKILL: kill)
[INFO] [stderr] warning: build failed, waiting for other jobs to finish...
[INFO] [stderr] error: could not compile `bindgen` (lib)
[INFO] [stderr] 
[INFO] [stderr] Caused by:
[INFO] [stderr]   process didn't exit successfully: `/opt/rustwide/rustup-home/toolchains/1.100.0-beta.1-x86_64-unknown-linux-gnu/bin/rustc --crate-name bindgen --edition=2018 /opt/rustwide/cargo-home/registry/src/index.crates.io-1949cf8c6b5b557f/bindgen-0.66.1/lib.rs --error-format=json --json=diagnostic-rendered-ansi,artifacts,future-incompat,unused-externs-silent --crate-type lib --emit=dep-info,metadata,link -C embed-bitcode=no --cfg 'feature="default"' --cfg 'feature="logging"' --cfg 'feature="prettyplease"' --cfg 'feature="runtime"' --cfg 'feature="which-rustfmt"' --check-cfg 'cfg(docsrs,test)' --check-cfg 'cfg(feature, values("__cli", "__testing_only_extra_assertions", "__testing_only_libclang_5", "__testing_only_libclang_9", "default", "experimental", "logging", "prettyplease", "runtime", "static", "which-rustfmt"))' -C metadata=590b6608e30d37ad -C extra-filename=-424c172c91756c19 --out-dir /opt/rustwide/target/debug/build/bindgen/424c172c91756c19/out -L dependency=/opt/rustwide/target/debug/build/bitflags/5e674330664d6b6b/out -L dependency=/opt/rustwide/target/debug/build/cfg-if/3000c8f82fa1e358/out -L dependency=/opt/rustwide/target/debug/build/either/83556a3b58a13a7f/out -L dependency=/opt/rustwide/target/debug/build/glob/ea04e56e1495cd4b/out -L dependency=/opt/rustwide/target/debug/build/home/7e453d04b73e6422/out -L dependency=/opt/rustwide/target/debug/build/libc/84d1265835fb76fc/out -L dependency=/opt/rustwide/target/debug/build/libloading/f7a0b6e024a94fb1/out -L dependency=/opt/rustwide/target/debug/build/linux-raw-sys/1bb13c4f56ddf77d/out -L dependency=/opt/rustwide/target/debug/build/memchr/11df29a2f45a0c33/out -L dependency=/opt/rustwide/target/debug/build/minimal-lexical/5c460c37ff8bd65d/out -L dependency=/opt/rustwide/target/debug/build/nom/d567eb427f8bc278/out -L dependency=/opt/rustwide/target/debug/build/proc-macro2/154be7f81f34ed1b/out -L dependency=/opt/rustwide/target/debug/build/quote/a87dd5cb7e80719c/out -L dependency=/opt/rustwide/target/debug/build/regex-automata/21bbc7bca90a52cd/out -L dependency=/opt/rustwide/target/debug/build/regex-syntax/e2026d0c80c6d4f5/out -L dependency=/opt/rustwide/target/debug/build/rustix/95db164c2c45e000/out -L dependency=/opt/rustwide/target/debug/build/syn/c3ddb4f2d88afdfd/out -L dependency=/opt/rustwide/target/debug/build/unicode-ident/86faa6b6bcc5b157/out --extern bitflags=/opt/rustwide/target/debug/build/bitflags/5e674330664d6b6b/out/libbitflags-5e674330664d6b6b.rmeta --extern cexpr=/opt/rustwide/target/debug/build/cexpr/c674d1b6699544c8/out/libcexpr-c674d1b6699544c8.rmeta --extern clang_sys=/opt/rustwide/target/debug/build/clang-sys/aaf959c91a7ffc48/out/libclang_sys-aaf959c91a7ffc48.rmeta --extern lazy_static=/opt/rustwide/target/debug/build/lazy_static/52f92367a1466f0a/out/liblazy_static-52f92367a1466f0a.rmeta --extern lazycell=/opt/rustwide/target/debug/build/lazycell/089c1e2726d3acc9/out/liblazycell-089c1e2726d3acc9.rmeta --extern log=/opt/rustwide/target/debug/build/log/a938a9922e13232c/out/liblog-a938a9922e13232c.rmeta --extern peeking_take_while=/opt/rustwide/target/debug/build/peeking_take_while/d4f97294febd9b29/out/libpeeking_take_while-d4f97294febd9b29.rmeta --extern prettyplease=/opt/rustwide/target/debug/build/prettyplease/8e557f00ec87039d/out/libprettyplease-8e557f00ec87039d.rmeta --extern proc_macro2=/opt/rustwide/target/debug/build/proc-macro2/154be7f81f34ed1b/out/libproc_macro2-154be7f81f34ed1b.rmeta --extern quote=/opt/rustwide/target/debug/build/quote/a87dd5cb7e80719c/out/libquote-a87dd5cb7e80719c.rmeta --extern regex=/opt/rustwide/target/debug/build/regex/57ca0a726db3f9d0/out/libregex-57ca0a726db3f9d0.rmeta --extern rustc_hash=/opt/rustwide/target/debug/build/rustc-hash/61722fad59b5c085/out/librustc_hash-61722fad59b5c085.rmeta --extern shlex=/opt/rustwide/target/debug/build/shlex/d42f9967807a45e2/out/libshlex-d42f9967807a45e2.rmeta --extern syn=/opt/rustwide/target/debug/build/syn/c3ddb4f2d88afdfd/out/libsyn-c3ddb4f2d88afdfd.rmeta --extern which=/opt/rustwide/target/debug/build/which/28b5640cf09f53be/out/libwhich-28b5640cf09f53be.rmeta --cap-lints allow --cap-lints=warn --force-warn=unused_crate_dependencies` (signal: 9, SIGKILL: kill)
[INFO] [stderr] warning: libsqlite3-sys@0.37.0: cc: fatal error: Killed signal terminated program cc1
[INFO] [stderr] warning: libsqlite3-sys@0.37.0: compilation terminated.
[INFO] [stderr] error: failed to run custom build command for `libsqlite3-sys v0.37.0`
[INFO] [stderr] note: To improve backtraces for build dependencies, set the CARGO_PROFILE_DEV_BUILD_OVERRIDE_DEBUG=true environment variable to enable debug information generation.
[INFO] [stderr] 
[INFO] [stderr] Caused by:
[INFO] [stderr]   process didn't exit successfully: `/opt/rustwide/target/debug/build/libsqlite3-sys/66a2c61289b3503a/out/build_script_build` (exit status: 1)
[INFO] [stderr]   --- stdout
[INFO] [stderr]   cargo:rerun-if-env-changed=LIBSQLITE3_SYS_USE_PKG_CONFIG
[INFO] [stderr]   cargo:include=/opt/rustwide/cargo-home/registry/src/index.crates.io-1949cf8c6b5b557f/libsqlite3-sys-0.37.0/sqlite3
[INFO] [stderr]   cargo:rerun-if-changed=sqlite3/sqlite3.c
[INFO] [stderr]   cargo:rerun-if-changed=sqlite3/wasm32-wasi-vfs.c
[INFO] [stderr]   cargo:rerun-if-env-changed=SQLITE_MAX_VARIABLE_NUMBER
[INFO] [stderr]   cargo:rerun-if-env-changed=SQLITE_MAX_EXPR_DEPTH
[INFO] [stderr]   cargo:rerun-if-env-changed=SQLITE_MAX_COLUMN
[INFO] [stderr]   cargo:rerun-if-env-changed=LIBSQLITE3_FLAGS
[INFO] [stderr]   cargo:rerun-if-env-changed=CC_FORCE_DISABLE
[INFO] [stderr]   CC_FORCE_DISABLE = None
[INFO] [stderr]   cargo:rerun-if-env-changed=CC_x86_64-unknown-linux-gnu
[INFO] [stderr]   CC_x86_64-unknown-linux-gnu = None
[INFO] [stderr]   cargo:rerun-if-env-changed=CC_x86_64_unknown_linux_gnu
[INFO] [stderr]   CC_x86_64_unknown_linux_gnu = None
[INFO] [stderr]   cargo:rerun-if-env-changed=HOST_CC
[INFO] [stderr]   HOST_CC = None
[INFO] [stderr]   cargo:rerun-if-env-changed=CC
[INFO] [stderr]   CC = None
[INFO] [stderr]   cargo:rerun-if-env-changed=CC_ENABLE_DEBUG_OUTPUT
[INFO] [stderr]   cargo:rerun-if-env-changed=CRATE_CC_NO_DEFAULTS
[INFO] [stderr]   CRATE_CC_NO_DEFAULTS = None
[INFO] [stderr]   cargo:rerun-if-env-changed=CFLAGS
[INFO] [stderr]   CFLAGS = None
[INFO] [stderr]   cargo:rerun-if-env-changed=HOST_CFLAGS
[INFO] [stderr]   HOST_CFLAGS = None
[INFO] [stderr]   cargo:rerun-if-env-changed=CFLAGS_x86_64_unknown_linux_gnu
[INFO] [stderr]   CFLAGS_x86_64_unknown_linux_gnu = None
[INFO] [stderr]   cargo:rerun-if-env-changed=CFLAGS_x86_64-unknown-linux-gnu
[INFO] [stderr]   CFLAGS_x86_64-unknown-linux-gnu = None
[INFO] [stderr]   cargo:warning=cc: fatal error: Killed signal terminated program cc1
[INFO] [stderr]   cargo:warning=compilation terminated.
[INFO] [stderr] 
[INFO] [stderr]   --- stderr
[INFO] [stderr] 
[INFO] [stderr] 
[INFO] [stderr]   error occurred in cc-rs: command did not execute successfully (status code exit status: 1): LC_ALL="C" "cc" "-O0" "-ffunction-sections" "-fdata-sections" "-fPIC" "-g" "-gdwarf-4" "-fno-omit-frame-pointer" "-m64" "-w" "-DSQLITE_CORE" "-DSQLITE_DEFAULT_FOREIGN_KEYS=1" "-DSQLITE_ENABLE_API_ARMOR" "-DSQLITE_ENABLE_COLUMN_METADATA" "-DSQLITE_ENABLE_DBSTAT_VTAB" "-DSQLITE_ENABLE_FTS3" "-DSQLITE_ENABLE_FTS3_PARENTHESIS" "-DSQLITE_ENABLE_FTS5" "-DSQLITE_ENABLE_JSON1" "-DSQLITE_ENABLE_LOAD_EXTENSION=1" "-DSQLITE_ENABLE_MEMORY_MANAGEMENT" "-DSQLITE_ENABLE_RTREE" "-DSQLITE_ENABLE_STAT4" "-DSQLITE_SOUNDEX" "-DSQLITE_THREADSAFE=1" "-DSQLITE_USE_URI" "-DHAVE_USLEEP=1" "-DHAVE_ISNAN" "-D_POSIX_THREAD_SAFE_FUNCTIONS" "-DHAVE_LOCALTIME_R" "-o" "/opt/rustwide/target/debug/build/libsqlite3-sys/f92b4f1f0f98eb10/out/c877a2978823c39d-sqlite3.o" "-c" "sqlite3/sqlite3.c"
[INFO] [stderr] 
[INFO] [stderr] 
[INFO] running `Command { std: "docker" "inspect" "7efbbc5adfd0b49dbd4988510706f69db97f1cc170f70fb1965c91dc085fe708", kill_on_drop: false }`
[INFO] running `Command { std: "docker" "rm" "-f" "7efbbc5adfd0b49dbd4988510706f69db97f1cc170f70fb1965c91dc085fe708", kill_on_drop: false }`
[INFO] [stdout] 7efbbc5adfd0b49dbd4988510706f69db97f1cc170f70fb1965c91dc085fe708
