[INFO] fetching crate wrpc-wasmtime-nats-cli 0.9.1...
[INFO] documenting wrpc-wasmtime-nats-cli-0.9.1 against 1.100.0-beta.1 for beta-rustdoc-1.100
[INFO] extracting crate wrpc-wasmtime-nats-cli 0.9.1 into /workspace/builds/worker-5-tc2/source
[INFO] started tweaking crates.io crate wrpc-wasmtime-nats-cli 0.9.1
[INFO] finished tweaking crates.io crate wrpc-wasmtime-nats-cli 0.9.1
[INFO] tweaked toml for crates.io crate wrpc-wasmtime-nats-cli 0.9.1 written to /workspace/builds/worker-5-tc2/source/Cargo.toml
[INFO] validating manifest of crates.io crate wrpc-wasmtime-nats-cli 0.9.1 on toolchain 1.100.0-beta.1
[INFO] running `Command { std: CARGO_HOME="/workspace/cargo-home" RUSTUP_HOME="/workspace/rustup-home" "/workspace/cargo-home/bin/cargo" "+1.100.0-beta.1" "metadata" "--manifest-path" "Cargo.toml" "--no-deps", kill_on_drop: false }`
[INFO] running `Command { std: CARGO_HOME="/workspace/cargo-home" RUSTUP_HOME="/workspace/rustup-home" "/workspace/cargo-home/bin/cargo" "+1.100.0-beta.1" "generate-lockfile" "--manifest-path" "Cargo.toml", kill_on_drop: false }`
[INFO] [stderr]     Updating crates.io index
[INFO] [stderr]      Locking 371 packages to highest compatible versions
[INFO] [stderr]       Adding async-nats v0.36.0 (available: v0.50.0)
[INFO] [stderr]       Adding generic-array v0.14.7 (available: v0.14.9)
[INFO] [stderr]       Adding reqwest v0.11.27 (available: v0.13.5)
[INFO] [stderr]       Adding wasi-preview1-component-adapter-provider v25.0.1 (available: v49.0.2)
[INFO] [stderr]       Adding wasm-tokio v0.6.2 (available: v0.7.0)
[INFO] [stderr]       Adding wasmparser v0.217.1 (available: v0.261.0)
[INFO] [stderr]       Adding wasmtime v25.0.3 (available: v49.0.2)
[INFO] [stderr]       Adding wasmtime-wasi v25.0.3 (available: v49.0.2)
[INFO] [stderr]       Adding wit-bindgen-wrpc v0.7.1 (available: v0.11.0)
[INFO] [stderr]       Adding wit-component v0.217.1 (available: v0.261.0)
[INFO] [stderr]       Adding wit-parser v0.217.1 (available: v0.261.0)
[INFO] [stderr]       Adding wrpc-cli v0.3.0 (available: v0.8.0)
[INFO] [stderr]       Adding wrpc-introspect v0.4.1 (available: v0.7.0)
[INFO] [stderr]       Adding wrpc-runtime-wasmtime v0.23.0 (available: v0.31.0)
[INFO] [stderr]       Adding wrpc-transport v0.27.2 (available: v0.29.0)
[INFO] [stderr]       Adding wrpc-transport-nats v0.24.1 (available: v0.31.0)
[INFO] running `Command { std: CARGO_HOME="/workspace/cargo-home" RUSTUP_HOME="/workspace/rustup-home" "/workspace/cargo-home/bin/cargo" "+1.100.0-beta.1" "fetch" "--manifest-path" "Cargo.toml", kill_on_drop: false }`
[INFO] [stderr] warning: `package.homepage` is redundant with `package.repository`
[INFO] [stderr]    --> Cargo.toml:117:12
[INFO] [stderr]     |
[INFO] [stderr] 117 | homepage = "https://github.com/bytecodealliance/wrpc"
[INFO] [stderr]     |            ^^^^^^^^^^^^^^^^^^^^^^^^^^^^^^^^^^^^^^^^^^
[INFO] [stderr] ...
[INFO] [stderr] 121 | repository = "https://github.com/bytecodealliance/wrpc"
[INFO] [stderr]     |              ------------------------------------------
[INFO] [stderr]     |
[INFO] [stderr]     = note: `cargo::redundant_homepage` is set to `warn` by default
[INFO] [stderr] help: consider removing `package.homepage`
[INFO] [stderr] warning: `wrpc-wasmtime-nats-cli` (manifest) generated 1 warning
[INFO] running `Command { std: "docker" "create" "-v" "/var/lib/crater-agent-workspace/builds/worker-5-tc2/source:/opt/rustwide/workdir:ro,Z" "-v" "/var/lib/crater-agent-workspace/builds/worker-5-tc2/target:/opt/rustwide/target:rw,Z" "-v" "/var/lib/crater-agent-workspace/cargo-home:/opt/rustwide/cargo-home:ro,Z" "-v" "/var/lib/crater-agent-workspace/rustup-home:/opt/rustwide/rustup-home:ro,Z" "-m" "1610612736" "--network" "none" "ghcr.io/rust-lang/crates-build-env/linux@sha256:77db811e55d90add9212f6832c23229e3de5f1c1f9905e8cb07319ea15df73ac" "sleep" "infinity", kill_on_drop: false }`
[INFO] [stdout] 6a3dd47927f668c6b4b997c5ddc21e1ff56cdf46ba117a2f13a368ef9fb6c896
[INFO] running `Command { std: "docker" "start" "6a3dd47927f668c6b4b997c5ddc21e1ff56cdf46ba117a2f13a368ef9fb6c896", kill_on_drop: false }`
[INFO] running `Command { std: "docker" "inspect" "6a3dd47927f668c6b4b997c5ddc21e1ff56cdf46ba117a2f13a368ef9fb6c896", kill_on_drop: false }`
[INFO] running `Command { std: "docker" "exec" "-e" "SOURCE_DIR=/opt/rustwide/workdir" "-e" "CARGO_HOME=/opt/rustwide/cargo-home" "-e" "RUSTUP_HOME=/opt/rustwide/rustup-home" "-e" "CARGO_TARGET_DIR=/opt/rustwide/target" "-w" "/opt/rustwide/workdir" "--user" "0:0" "6a3dd47927f668c6b4b997c5ddc21e1ff56cdf46ba117a2f13a368ef9fb6c896" "/opt/rustwide/cargo-home/bin/cargo" "+1.100.0-beta.1" "metadata" "--no-deps" "--format-version=1", kill_on_drop: false }`
[INFO] running `Command { std: "docker" "inspect" "6a3dd47927f668c6b4b997c5ddc21e1ff56cdf46ba117a2f13a368ef9fb6c896", kill_on_drop: false }`
[INFO] running `Command { std: "docker" "exec" "-e" "SOURCE_DIR=/opt/rustwide/workdir" "-e" "CARGO_HOME=/opt/rustwide/cargo-home" "-e" "RUSTUP_HOME=/opt/rustwide/rustup-home" "-e" "CARGO_TARGET_DIR=/opt/rustwide/target" "-e" "CARGO_INCREMENTAL=0" "-e" "RUST_BACKTRACE=full" "-e" "RUSTFLAGS=--cap-lints=warn" "-e" "RUSTDOCFLAGS=--cap-lints=warn" "-w" "/opt/rustwide/workdir" "--user" "0:0" "6a3dd47927f668c6b4b997c5ddc21e1ff56cdf46ba117a2f13a368ef9fb6c896" "/opt/rustwide/cargo-home/bin/cargo" "+1.100.0-beta.1" "doc" "--frozen" "--no-deps" "--document-private-items" "--message-format=json", kill_on_drop: false }`
[INFO] [stderr] warning: `package.homepage` is redundant with `package.repository`
[INFO] [stderr]    --> Cargo.toml:117:12
[INFO] [stderr]     |
[INFO] [stderr] 117 | homepage = "https://github.com/bytecodealliance/wrpc"
[INFO] [stderr]     |            ^^^^^^^^^^^^^^^^^^^^^^^^^^^^^^^^^^^^^^^^^^
[INFO] [stderr] ...
[INFO] [stderr] 121 | repository = "https://github.com/bytecodealliance/wrpc"
[INFO] [stderr]     |              ------------------------------------------
[INFO] [stderr]     |
[INFO] [stderr]     = note: `cargo::redundant_homepage` is set to `warn` by default
[INFO] [stderr] help: consider removing `package.homepage`
[INFO] [stderr] warning: `wrpc-wasmtime-nats-cli` (manifest) generated 1 warning
[INFO] [stderr]    Compiling proc-macro2 v1.0.107
[INFO] [stderr]    Compiling jobserver v0.1.35
[INFO] [stderr]     Checking indexmap v2.14.2
[INFO] [stderr]     Checking ahash v0.8.12
[INFO] [stderr]    Compiling serde_core v1.0.229
[INFO] [stderr]     Checking semver v1.0.28
[INFO] [stderr]    Compiling zerocopy v0.8.62
[INFO] [stderr]    Compiling rustix v1.1.5
[INFO] [stderr]    Compiling once_cell v1.21.4
[INFO] [stderr]    Compiling serde v1.0.229
[INFO] [stderr]    Compiling cc v1.6.0
[INFO] [stderr]    Compiling cranelift-isle v0.112.3
[INFO] [stderr]    Compiling io-lifetimes v2.0.4
[INFO] [stderr]    Compiling quote v1.0.47
[INFO] [stderr]    Compiling anyhow v1.0.104
[INFO] [stderr]    Compiling syn v3.0.6
[INFO] [stderr]    Compiling syn v2.0.119
[INFO] [stderr]    Compiling cranelift-codegen-shared v0.112.3
[INFO] [stderr]    Compiling id-arena v2.3.0
[INFO] [stderr]    Compiling target-lexicon v0.12.16
[INFO] [stderr]    Compiling cranelift-codegen-meta v0.112.3
[INFO] [stderr]     Checking gimli v0.29.0
[INFO] [stderr]    Compiling ring v0.17.14
[INFO] [stderr]    Compiling serde_json v1.0.151
[INFO] [stderr]    Compiling hashbrown v0.14.5
[INFO] [stderr]    Compiling io-extras v0.18.4
[INFO] [stderr]    Compiling wasmparser v0.217.1
[INFO] [stderr]    Compiling thiserror v2.0.21
[INFO] [stderr]    Compiling zstd-sys v2.1.0+zstd.1.5.7
[INFO] [stderr]     Checking sha2 v0.10.9
[INFO] [stderr]     Checking rustc-hash v2.1.3
[INFO] [stderr]     Checking slice-group-by v0.3.1
[INFO] [stderr]    Compiling cap-primitives v3.4.6
[INFO] [stderr]    Compiling cranelift-codegen v0.112.3
[INFO] [stderr]     Checking arbitrary v1.5.0
[INFO] [stderr]     Checking ambient-authority v0.0.2
[INFO] [stderr]     Checking pem-rfc7468 v0.7.0
[INFO] [stderr]    Compiling synstructure v0.14.0
[INFO] [stderr]     Checking cranelift-control v0.112.3
[INFO] [stderr]     Checking fs-set-times v0.20.3
[INFO] [stderr]     Checking rustix-linux-procfs v0.1.1
[INFO] [stderr]    Compiling rustix v0.38.44
[INFO] [stderr]     Checking leb128 v0.2.7
[INFO] [stderr]     Checking der v0.7.10
[INFO] [stderr]    Compiling tracing-attributes v0.1.31
[INFO] [stderr]    Compiling wasmtime-versioned-export-macros v25.0.3
[INFO] [stderr]    Compiling thiserror-impl v1.0.69
[INFO] [stderr]    Compiling serde_derive v1.0.229
[INFO] [stderr]    Compiling zerofrom-derive v0.1.8
[INFO] [stderr]    Compiling yoke-derive v0.8.4
[INFO] [stderr]    Compiling tokio-macros v2.7.2
[INFO] [stderr]    Compiling zerovec-derive v0.11.6
[INFO] [stderr]     Checking zerofrom v0.1.8
[INFO] [stderr]    Compiling displaydoc v0.2.7
[INFO] [stderr]     Checking tracing v0.1.44
[INFO] [stderr]    Compiling futures-macro v0.3.34
[INFO] [stderr]     Checking yoke v0.8.3
[INFO] [stderr]    Compiling thiserror-impl v2.0.21
[INFO] [stderr]     Checking zerovec v0.11.8
[INFO] [stderr]     Checking zerotrie v0.2.5
[INFO] [stderr]     Checking thiserror v1.0.69
[INFO] [stderr]     Checking futures-util v0.3.34
[INFO] [stderr]     Checking tinystr v0.8.4
[INFO] [stderr]     Checking icu_locale_core v2.3.0
[INFO] [stderr]     Checking potential_utf v0.1.6
[INFO] [stderr]     Checking icu_collections v2.3.0
[INFO] [stderr]     Checking cobs v0.3.0
[INFO] [stderr]    Compiling curve25519-dalek v4.1.3
[INFO] [stderr]     Checking signature v2.2.0
[INFO] [stderr]    Compiling cap-std v3.4.6
[INFO] [stderr]    Compiling zstd-safe v7.3.0
[INFO] [stderr]     Checking icu_provider v2.3.1
[INFO] [stderr]    Compiling prettyplease v0.2.37
[INFO] [stderr]    Compiling cpp_demangle v0.4.5
[INFO] [stderr]    Compiling wit-parser v0.217.1
[INFO] [stderr]     Checking icu_properties v2.3.0
[INFO] [stderr]     Checking either v1.19.0
[INFO] [stderr]    Compiling object v0.36.7
[INFO] [stderr]     Checking linux-raw-sys v0.4.15
[INFO] [stderr]     Checking smallvec v1.16.2
[INFO] [stderr]     Checking bytes v1.12.1
[INFO] [stderr]     Checking cranelift-bitset v0.112.3
[INFO] [stderr]     Checking cranelift-entity v0.112.3
[INFO] [stderr]     Checking tokio v1.53.2
[INFO] [stderr]     Checking icu_normalizer v2.3.0
[INFO] [stderr]     Checking cranelift-bforest v0.112.3
[INFO] [stderr]     Checking regalloc2 v0.10.2
[INFO] [stderr]     Checking futures v0.3.34
[INFO] [stderr]     Checking hashbrown v0.15.5
[INFO] [stderr]     Checking idna_adapter v1.2.2
[INFO] [stderr]     Checking idna v1.1.0
[INFO] [stderr]     Checking url v2.5.8
[INFO] [stderr]     Checking toml_datetime v0.6.11
[INFO] [stderr]     Checking serde_spanned v0.6.9
[INFO] [stderr]     Checking postcard v1.1.3
[INFO] [stderr]     Checking spki v0.7.3
[INFO] [stderr]    Compiling curve25519-dalek-derive v0.1.1
[INFO] [stderr]     Checking leb128fmt v0.1.0
[INFO] [stderr]    Compiling rustls v0.23.45
[INFO] [stderr]     Checking toml_edit v0.22.27
[INFO] [stderr]     Checking wasm-encoder v0.261.0
[INFO] [stderr]     Checking pkcs8 v0.10.2
[INFO] [stderr]     Checking itertools v0.12.1
[INFO] [stderr]     Checking tokio-util v0.7.20
[INFO] [stderr]     Checking utf8-tokio v0.2.1
[INFO] [stderr]     Checking leb128-tokio v0.1.8
[INFO] [stderr]     Checking ed25519 v2.2.3
[INFO] [stderr]     Checking rustls-webpki v0.103.15
[INFO] [stderr]    Compiling wasmtime-fiber v25.0.3
[INFO] [stderr]    Compiling wasmtime-component-macro v25.0.3
[INFO] [stderr]    Compiling portable-atomic v1.15.0
[INFO] [stderr]    Compiling wasmtime-cache v25.0.3
[INFO] [stderr]     Checking wasmtime-component-util v25.0.3
[INFO] [stderr]     Checking http v0.2.12
[INFO] [stderr]     Checking wast v261.0.0
[INFO] [stderr]     Checking wasm-tokio v0.6.2
[INFO] [stderr]    Compiling wasmtime-wit-bindgen v25.0.3
[INFO] [stderr]     Checking wasm-encoder v0.217.1
[INFO] [stderr]     Checking wasmtime-types v25.0.3
[INFO] [stderr]     Checking wasmprinter v0.217.1
[INFO] [stderr]     Checking directories-next v2.0.0
[INFO] [stderr]     Checking zstd v0.13.3
[INFO] [stderr]     Checking ed25519-dalek v2.2.0
[INFO] [stderr]     Checking tokio-stream v0.1.19
[INFO] [stderr]     Checking signatory v0.27.1
[INFO] [stderr]     Checking toml v0.8.23
[INFO] [stderr]    Compiling wasmtime v25.0.3
[INFO] [stderr]     Checking deranged v0.5.8
[INFO] [stderr]     Checking wasmtime-asm-macros v25.0.3
[INFO] [stderr]    Compiling wit-bindgen-wrpc-rust v0.7.0
[INFO] [stderr]     Checking send-future v0.1.0
[INFO] [stderr]    Compiling cap-fs-ext v3.4.6
[INFO] [stderr]    Compiling system-interface v0.27.3
[INFO] [stderr]     Checking wasmtime-environ v25.0.3
[INFO] [stderr]     Checking tokio-rustls v0.26.6
[INFO] [stderr]     Checking nkeys v0.4.5
[INFO] [stderr]     Checking wrpc-transport v0.27.2
[INFO] [stderr]     Checking time v0.3.55
[INFO] [stderr]     Checking rayon v1.12.0
[INFO] [stderr]     Checking cranelift-frontend v0.112.3
[INFO] [stderr]     Checking cranelift-wasm v0.112.3
[INFO] [stderr]     Checking cranelift-native v0.112.3
[INFO] [stderr]     Checking tryhard v0.5.2
[INFO] [stderr]    Compiling wit-bindgen-core v0.32.0
[INFO] [stderr]    Compiling wrpc-introspect v0.4.1
[INFO] [stderr]     Checking serde_nanos v0.1.4
[INFO] [stderr]     Checking rustls-webpki v0.102.8
[INFO] [stderr]    Compiling async-trait v0.1.92
[INFO] [stderr]    Compiling serde_repr v0.1.21
[INFO] [stderr]     Checking nuid v0.5.0
[INFO] [stderr]     Checking addr2line v0.22.0
[INFO] [stderr]     Checking wat v1.261.0
[INFO] [stderr]     Checking memfd v0.6.6
[INFO] [stderr]     Checking wasmtime-jit-icache-coherence v25.0.3
[INFO] [stderr]     Checking wasmtime-slab v25.0.3
[INFO] [stderr]     Checking iana-time-zone v0.1.65
[INFO] [stderr]     Checking sptr v0.3.2
[INFO] [stderr]    Compiling wit-bindgen-wrpc-rust-macro v0.7.0
[INFO] [stderr]     Checking cap-time-ext v3.4.6
[INFO] [stderr]     Checking async-nats v0.36.0
[INFO] [stderr]     Checking h2 v0.3.27
[INFO] [stderr]     Checking http-body v0.4.6
[INFO] [stderr]     Checking cap-net-ext v3.4.6
[INFO] [stderr]     Checking spdx v0.10.9
[INFO] [stderr]     Checking cap-rand v3.4.6
[INFO] [stderr]     Checking clap_lex v1.1.1
[INFO] [stderr]     Checking tracing-subscriber v0.3.23
[INFO] [stderr]     Checking serde_urlencoded v0.7.1
[INFO] [stderr]     Checking wasm-metadata v0.217.1
[INFO] [stderr]     Checking clap_builder v4.6.7
[INFO] [stderr]     Checking uuid v1.27.0
[INFO] [stderr]     Checking wasmtime-cranelift v25.0.3
[INFO] [stderr]    Compiling clap_derive v4.6.7
[INFO] [stderr]     Checking wit-component v0.217.1
[INFO] [stderr]     Checking wasi-preview1-component-adapter-provider v25.0.1
[INFO] [stderr]     Checking wit-bindgen-wrpc v0.7.1
[INFO] [stderr]     Checking clap v4.6.7
[INFO] [stderr]     Checking hyper v0.14.32
[INFO] [stderr]     Checking reqwest v0.11.27
[INFO] [stderr]     Checking wrpc-transport-nats v0.24.1
[INFO] [stderr]     Checking wrpc-cli v0.3.0
[INFO] [stderr]     Checking wasmtime-wasi v25.0.3
[INFO] [stderr]     Checking wrpc-runtime-wasmtime v0.23.0
[INFO] [stdout] error[E0277]: the trait bound `!: Default` is not satisfied
[INFO] [stdout]    --> /opt/rustwide/cargo-home/registry/src/index.crates.io-1949cf8c6b5b557f/wrpc-runtime-wasmtime-0.23.0/src/lib.rs:142:10
[INFO] [stdout]     |
[INFO] [stdout] 142 |     futs.try_collect().await?;
[INFO] [stdout]     |          ^^^^^^^^^^^ the trait `Default` is not implemented for `!`
[INFO] [stdout]     |
[INFO] [stdout]     = note: this error might have been caused by changes to Rust's type-inference algorithm (see issue #148922 <https://github.com/rust-lang/rust/issues/148922> for more information)
[INFO] [stdout]     = help: you might have intended to use the type `()` here instead
[INFO] [stdout] note: required by a bound in `futures::TryStreamExt::try_collect`
[INFO] [stdout]    --> /opt/rustwide/cargo-home/registry/src/index.crates.io-1949cf8c6b5b557f/futures-util-0.3.34/src/stream/try_stream/mod.rs:603:23
[INFO] [stdout]     |
[INFO] [stdout] 180 | pub trait TryStreamExt: TryStream {
[INFO] [stdout] ...
[INFO] [stdout] 603 |     fn try_collect<C: Default + Extend<Self::Ok>>(self) -> TryCollect<Self, C>
[INFO] [stdout]     |                       ^^^^^^^ required by this bound in `TryStreamExt::try_collect`
[INFO] [stdout] 
[INFO] [stdout] 
[INFO] [stdout] error[E0277]: the trait bound `!: Extend<()>` is not satisfied
[INFO] [stdout]    --> /opt/rustwide/cargo-home/registry/src/index.crates.io-1949cf8c6b5b557f/wrpc-runtime-wasmtime-0.23.0/src/lib.rs:142:10
[INFO] [stdout]     |
[INFO] [stdout] 142 |     futs.try_collect().await?;
[INFO] [stdout]     |          ^^^^^^^^^^^ the trait `Extend<()>` is not implemented for `!`
[INFO] [stdout]     |
[INFO] [stdout] help: the trait `Extend<()>` is implemented for `()`
[INFO] [stdout]    --> /rustc/e3feeb59cd1bdd011a2bfcc0747b55125d9b8527/library/core/src/iter/traits/collect.rs:454:0
[INFO] [stdout]     = note: this error might have been caused by changes to Rust's type-inference algorithm (see issue #148922 <https://github.com/rust-lang/rust/issues/148922> for more information)
[INFO] [stdout]     = help: you might have intended to use the type `()` here instead
[INFO] [stdout] note: required by a bound in `futures::TryStreamExt::try_collect`
[INFO] [stdout]    --> /opt/rustwide/cargo-home/registry/src/index.crates.io-1949cf8c6b5b557f/futures-util-0.3.34/src/stream/try_stream/mod.rs:603:33
[INFO] [stdout]     |
[INFO] [stdout] 180 | pub trait TryStreamExt: TryStream {
[INFO] [stdout] ...
[INFO] [stdout] 603 |     fn try_collect<C: Default + Extend<Self::Ok>>(self) -> TryCollect<Self, C>
[INFO] [stdout]     |                                 ^^^^^^^^^^^^^^^^ required by this bound in `TryStreamExt::try_collect`
[INFO] [stdout] 
[INFO] [stdout] 
[INFO] [stdout] error[E0277]: the trait bound `!: Default` is not satisfied
[INFO] [stdout]    --> /opt/rustwide/cargo-home/registry/src/index.crates.io-1949cf8c6b5b557f/wrpc-runtime-wasmtime-0.23.0/src/lib.rs:142:24
[INFO] [stdout]     |
[INFO] [stdout] 142 |     futs.try_collect().await?;
[INFO] [stdout]     |                        ^^^^^ the trait `Default` is not implemented for `!`
[INFO] [stdout]     |
[INFO] [stdout]     = note: this error might have been caused by changes to Rust's type-inference algorithm (see issue #148922 <https://github.com/rust-lang/rust/issues/148922> for more information)
[INFO] [stdout]     = help: you might have intended to use the type `()` here instead
[INFO] [stdout]     = note: required for `TryCollect<FuturesUnordered<{async block@lib.rs:137:23}>, !>` to implement `futures::Future`
[INFO] [stdout]     = note: the full name for the type has been written to '/opt/rustwide/target/debug/build/wrpc-runtime-wasmtime/cdfcf6745a817e10/out/wrpc_runtime_wasmtime-cdfcf6745a817e10.long-type-920329048652278109.txt'
[INFO] [stdout]     = note: consider using `--verbose` to print the full type name to the console
[INFO] [stdout] 
[INFO] [stdout] 
[INFO] [stdout] error[E0277]: the trait bound `!: Extend<()>` is not satisfied
[INFO] [stdout]    --> /opt/rustwide/cargo-home/registry/src/index.crates.io-1949cf8c6b5b557f/wrpc-runtime-wasmtime-0.23.0/src/lib.rs:142:24
[INFO] [stdout]     |
[INFO] [stdout] 142 |     futs.try_collect().await?;
[INFO] [stdout]     |                        ^^^^^ the trait `Extend<()>` is not implemented for `!`
[INFO] [stdout]     |
[INFO] [stdout] help: the trait `Extend<()>` is implemented for `()`
[INFO] [stdout]    --> /rustc/e3feeb59cd1bdd011a2bfcc0747b55125d9b8527/library/core/src/iter/traits/collect.rs:454:0
[INFO] [stdout]     = note: this error might have been caused by changes to Rust's type-inference algorithm (see issue #148922 <https://github.com/rust-lang/rust/issues/148922> for more information)
[INFO] [stdout]     = help: you might have intended to use the type `()` here instead
[INFO] [stdout]     = note: required for `TryCollect<FuturesUnordered<{async block@lib.rs:137:23}>, !>` to implement `futures::Future`
[INFO] [stdout]     = note: the full name for the type has been written to '/opt/rustwide/target/debug/build/wrpc-runtime-wasmtime/cdfcf6745a817e10/out/wrpc_runtime_wasmtime-cdfcf6745a817e10.long-type-920329048652278109.txt'
[INFO] [stdout]     = note: consider using `--verbose` to print the full type name to the console
[INFO] [stdout] 
[INFO] [stdout] 
[INFO] [stdout] For more information about this error, try `rustc --explain E0277`.
[INFO] [stdout] 
[INFO] [stderr] error: could not compile `wrpc-runtime-wasmtime` (lib) due to 4 previous errors
[INFO] running `Command { std: "docker" "inspect" "6a3dd47927f668c6b4b997c5ddc21e1ff56cdf46ba117a2f13a368ef9fb6c896", kill_on_drop: false }`
[INFO] running `Command { std: "docker" "rm" "-f" "6a3dd47927f668c6b4b997c5ddc21e1ff56cdf46ba117a2f13a368ef9fb6c896", kill_on_drop: false }`
[INFO] [stdout] 6a3dd47927f668c6b4b997c5ddc21e1ff56cdf46ba117a2f13a368ef9fb6c896
