[INFO] fetching crate rynk-ble 0.3.0...
[INFO] documenting rynk-ble-0.3.0 against 1.100.0-beta.1 for beta-rustdoc-1.100
[INFO] extracting crate rynk-ble 0.3.0 into /workspace/builds/worker-0-tc2/source
[INFO] started tweaking crates.io crate rynk-ble 0.3.0
[INFO] finished tweaking crates.io crate rynk-ble 0.3.0
[INFO] tweaked toml for crates.io crate rynk-ble 0.3.0 written to /workspace/builds/worker-0-tc2/source/Cargo.toml
[INFO] validating manifest of crates.io crate rynk-ble 0.3.0 on toolchain 1.100.0-beta.1
[INFO] running `Command { std: CARGO_HOME="/workspace/cargo-home" RUSTUP_HOME="/workspace/rustup-home" "/workspace/cargo-home/bin/cargo" "+1.100.0-beta.1" "metadata" "--manifest-path" "Cargo.toml" "--no-deps", kill_on_drop: false }`
[INFO] crate crates.io crate rynk-ble 0.3.0 already has a lockfile, it will not be regenerated
[INFO] running `Command { std: CARGO_HOME="/workspace/cargo-home" RUSTUP_HOME="/workspace/rustup-home" "/workspace/cargo-home/bin/cargo" "+1.100.0-beta.1" "fetch" "--manifest-path" "Cargo.toml", kill_on_drop: false }`
[INFO] running `Command { std: "docker" "create" "-v" "/var/lib/crater-agent-workspace/builds/worker-0-tc2/source:/opt/rustwide/workdir:ro,Z" "-v" "/var/lib/crater-agent-workspace/builds/worker-0-tc2/target:/opt/rustwide/target:rw,Z" "-v" "/var/lib/crater-agent-workspace/cargo-home:/opt/rustwide/cargo-home:ro,Z" "-v" "/var/lib/crater-agent-workspace/rustup-home:/opt/rustwide/rustup-home:ro,Z" "-m" "1610612736" "--network" "none" "ghcr.io/rust-lang/crates-build-env/linux@sha256:77db811e55d90add9212f6832c23229e3de5f1c1f9905e8cb07319ea15df73ac" "sleep" "infinity", kill_on_drop: false }`
[INFO] [stdout] 463b14767b39062b016508171f6a757857c5086aeeb0b8039a539f63ef332116
[INFO] running `Command { std: "docker" "start" "463b14767b39062b016508171f6a757857c5086aeeb0b8039a539f63ef332116", kill_on_drop: false }`
[INFO] running `Command { std: "docker" "inspect" "463b14767b39062b016508171f6a757857c5086aeeb0b8039a539f63ef332116", kill_on_drop: false }`
[INFO] running `Command { std: "docker" "exec" "-e" "SOURCE_DIR=/opt/rustwide/workdir" "-e" "CARGO_HOME=/opt/rustwide/cargo-home" "-e" "RUSTUP_HOME=/opt/rustwide/rustup-home" "-e" "CARGO_TARGET_DIR=/opt/rustwide/target" "-w" "/opt/rustwide/workdir" "--user" "0:0" "463b14767b39062b016508171f6a757857c5086aeeb0b8039a539f63ef332116" "/opt/rustwide/cargo-home/bin/cargo" "+1.100.0-beta.1" "metadata" "--no-deps" "--format-version=1", kill_on_drop: false }`
[INFO] running `Command { std: "docker" "inspect" "463b14767b39062b016508171f6a757857c5086aeeb0b8039a539f63ef332116", kill_on_drop: false }`
[INFO] running `Command { std: "docker" "exec" "-e" "SOURCE_DIR=/opt/rustwide/workdir" "-e" "CARGO_HOME=/opt/rustwide/cargo-home" "-e" "RUSTUP_HOME=/opt/rustwide/rustup-home" "-e" "CARGO_TARGET_DIR=/opt/rustwide/target" "-e" "CARGO_INCREMENTAL=0" "-e" "RUST_BACKTRACE=full" "-e" "RUSTFLAGS=--cap-lints=warn" "-e" "RUSTDOCFLAGS=--cap-lints=warn" "-w" "/opt/rustwide/workdir" "--user" "0:0" "463b14767b39062b016508171f6a757857c5086aeeb0b8039a539f63ef332116" "/opt/rustwide/cargo-home/bin/cargo" "+1.100.0-beta.1" "doc" "--frozen" "--no-deps" "--document-private-items" "--message-format=json", kill_on_drop: false }`
[INFO] [stderr]    Compiling proc-macro2 v1.0.107
[INFO] [stderr]    Compiling libc v0.2.189
[INFO] [stderr]    Compiling thiserror v2.0.20
[INFO] [stderr]    Compiling serde_core v1.0.229
[INFO] [stderr]    Compiling typeid v1.0.3
[INFO] [stderr]    Compiling foldhash v0.2.0
[INFO] [stderr]    Compiling hashbrown v0.14.5
[INFO] [stderr]     Checking futures-channel v0.3.34
[INFO] [stderr]     Checking bitflags v2.13.1
[INFO] [stderr]    Compiling toml_parser v1.1.3+spec-1.1.0
[INFO] [stderr]    Compiling toml_writer v1.1.2+spec-1.1.0
[INFO] [stderr]    Compiling syn v1.0.109
[INFO] [stderr]    Compiling adler2 v2.0.1
[INFO] [stderr]    Compiling pathdiff v0.2.3
[INFO] [stderr]     Checking mio v1.2.2
[INFO] [stderr]     Checking socket2 v0.6.5
[INFO] [stderr]    Compiling heapless v0.9.3
[INFO] [stderr]    Compiling miniz_oxide v0.9.1
[INFO] [stderr]     Checking hashlink v0.11.1
[INFO] [stderr]    Compiling hashbrown v0.16.1
[INFO] [stderr]     Checking erased-serde v0.4.10
[INFO] [stderr]     Checking toml_datetime v1.1.1+spec-1.1.0
[INFO] [stderr]    Compiling uuid v1.26.0
[INFO] [stderr]     Checking convert_case v0.6.0
[INFO] [stderr]     Checking toml v1.1.4+spec-1.1.0
[INFO] [stderr]     Checking yaml-rust2 v0.11.1
[INFO] [stderr]     Checking getrandom v0.4.3
[INFO] [stderr]    Compiling num-traits v0.2.19
[INFO] [stderr]     Checking embedded-io v0.7.1
[INFO] [stderr]    Compiling embassy-sync v0.8.0
[INFO] [stderr]     Checking embedded-io-async v0.7.0
[INFO] [stderr]     Checking nix v0.27.1
[INFO] [stderr]     Checking critical-section v1.2.0
[INFO] [stderr]     Checking macaddr v1.0.1
[INFO] [stderr]    Compiling quote v1.0.47
[INFO] [stderr]     Checking tracing-core v0.1.36
[INFO] [stderr]     Checking futures-lite v1.13.0
[INFO] [stderr]     Checking serde-untagged v0.1.9
[INFO] [stderr]     Checking embassy-futures v0.1.2
[INFO] [stderr]    Compiling syn v3.0.4
[INFO] [stderr]    Compiling syn v2.0.119
[INFO] [stderr]     Checking tracing v0.1.44
[INFO] [stderr]    Compiling getrandom v0.2.17
[INFO] [stderr]    Compiling const-random-macro v0.1.16
[INFO] [stderr]    Compiling const-random v0.1.18
[INFO] [stderr]    Compiling dlv-list v0.5.2
[INFO] [stderr]     Checking ordered-multimap v0.7.3
[INFO] [stderr]     Checking rust-ini v0.21.3
[INFO] [stderr]    Compiling serde_json v1.0.151
[INFO] [stderr]    Compiling serde_spanned v1.1.1
[INFO] [stderr]    Compiling synstructure v0.12.6
[INFO] [stderr]    Compiling custom_debug_derive v0.5.1
[INFO] [stderr]     Checking custom_debug v0.5.1
[INFO] [stderr]    Compiling pest_generator v2.9.0
[INFO] [stderr]    Compiling postcard-derive v0.2.2
[INFO] [stderr]    Compiling strum_macros v0.28.0
[INFO] [stderr]    Compiling strum_macros v0.25.3
[INFO] [stderr]    Compiling pin-project-internal v1.1.13
[INFO] [stderr]    Compiling num-derive v0.4.2
[INFO] [stderr]    Compiling bitfield-struct v0.13.0
[INFO] [stderr]    Compiling async-stream-impl v0.3.6
[INFO] [stderr]    Compiling serde_derive v1.0.229
[INFO] [stderr]    Compiling thiserror-impl v2.0.20
[INFO] [stderr]    Compiling async-trait v0.1.92
[INFO] [stderr]    Compiling futures-macro v0.3.34
[INFO] [stderr]    Compiling serde-inline-default v1.0.2
[INFO] [stderr]    Compiling tokio-macros v2.7.2
[INFO] [stderr]    Compiling displaydoc v0.2.7
[INFO] [stderr]    Compiling pest_derive v2.9.0
[INFO] [stderr]     Checking async-stream v0.3.6
[INFO] [stderr]     Checking futures-util v0.3.34
[INFO] [stderr]     Checking tokio v1.53.1
[INFO] [stderr]     Checking pin-project v1.1.13
[INFO] [stderr]    Compiling cobs v0.3.0
[INFO] [stderr]     Checking strum v0.25.0
[INFO] [stderr]     Checking strum v0.28.0
[INFO] [stderr]    Compiling serde v1.0.229
[INFO] [stderr]     Checking postcard v1.1.3
[INFO] [stderr]     Checking json5 v0.4.1
[INFO] [stderr]     Checking ron v0.12.2
[INFO] [stderr]    Compiling bluer v0.16.1
[INFO] [stderr]     Checking config v0.15.25
[INFO] [stderr]     Checking dbus v0.9.12
[INFO] [stderr]     Checking futures-executor v0.3.34
[INFO] [stderr]     Checking futures v0.3.34
[INFO] [stderr]     Checking rmk-config v0.8.0
[INFO] [stderr]     Checking tokio-stream v0.1.19
[INFO] [stderr]     Checking dbus-crossroads v0.5.3
[INFO] [stderr]     Checking dbus-tokio v0.7.6
[INFO] [stdout] error[E0277]: the trait bound `!: ReadAll` is not satisfied
[INFO] [stdout]    --> /opt/rustwide/cargo-home/registry/src/index.crates.io-1949cf8c6b5b557f/bluer-0.16.1/src/adapter.rs:244:26
[INFO] [stdout]     |
[INFO] [stdout] 244 |                     self.call_method("SetDiscoveryFilter", (self.discovery_filter().await.into_dict(),)).await?;
[INFO] [stdout]     |                          ^^^^^^^^^^^ the trait `ReadAll` is not implemented for `!`
[INFO] [stdout]     |
[INFO] [stdout]    ::: /opt/rustwide/cargo-home/registry/src/index.crates.io-1949cf8c6b5b557f/bluer-0.16.1/src/lib.rs:196
[INFO] [stdout]     |
[INFO] [stdout] 196 | macro_rules! dbus_default_interface {
[INFO] [stdout]     |
[INFO] [stdout]     = help: the following other types implement trait `ReadAll`:
[INFO] [stdout]               ()
[INFO] [stdout]               (A,)
[INFO] [stdout]               (A, B)
[INFO] [stdout]               (A, B, C)
[INFO] [stdout]               (A, B, C, D)
[INFO] [stdout]               (A, B, C, D, E)
[INFO] [stdout]               (A, B, C, D, E, F)
[INFO] [stdout]               (A, B, C, D, E, F, G)
[INFO] [stdout]             and 34 others
[INFO] [stdout]     = note: this error might have been caused by changes to Rust's type-inference algorithm (see issue #148922 <https://github.com/rust-lang/rust/issues/148922> for more information)
[INFO] [stdout]     = help: you might have intended to use the type `()` here instead
[INFO] [stdout] note: required by a bound in `adapter::Adapter::call_method`
[INFO] [stdout]    --> /opt/rustwide/cargo-home/registry/src/index.crates.io-1949cf8c6b5b557f/bluer-0.16.1/src/lib.rs:226:16
[INFO] [stdout]     |
[INFO] [stdout] 223 |         async fn call_method<A, R>(&self, name: &str, args: A) -> crate::Result<R>
[INFO] [stdout] ...
[INFO] [stdout] 226 |             R: dbus::arg::ReadAll + std::fmt::Debug + 'static,
[INFO] [stdout]     |                ^^^^^^^^^^^^^^^^^^ required by this bound in `Adapter::call_method`
[INFO] [stdout]     |
[INFO] [stdout]    ::: /opt/rustwide/cargo-home/registry/src/index.crates.io-1949cf8c6b5b557f/bluer-0.16.1/src/adapter.rs:56
[INFO] [stdout]     |
[INFO] [stdout]  56 | impl Adapter {
[INFO] [stdout] ...
[INFO] [stdout] 261 |     dbus_default_interface!(INTERFACE);
[INFO] [stdout]     |     ---------------------------------- in this macro invocation
[INFO] [stdout] 
[INFO] [stdout] 
[INFO] [stdout] error[E0277]: the trait bound `!: ReadAll` is not satisfied
[INFO] [stdout]    --> /opt/rustwide/cargo-home/registry/src/index.crates.io-1949cf8c6b5b557f/bluer-0.16.1/src/adapter.rs:245:26
[INFO] [stdout]     |
[INFO] [stdout] 245 |                     self.call_method("StartDiscovery", ()).await?;
[INFO] [stdout]     |                          ^^^^^^^^^^^ the trait `ReadAll` is not implemented for `!`
[INFO] [stdout]     |
[INFO] [stdout]    ::: /opt/rustwide/cargo-home/registry/src/index.crates.io-1949cf8c6b5b557f/bluer-0.16.1/src/lib.rs:196
[INFO] [stdout]     |
[INFO] [stdout] 196 | macro_rules! dbus_default_interface {
[INFO] [stdout]     |
[INFO] [stdout]     = help: the following other types implement trait `ReadAll`:
[INFO] [stdout]               ()
[INFO] [stdout]               (A,)
[INFO] [stdout]               (A, B)
[INFO] [stdout]               (A, B, C)
[INFO] [stdout]               (A, B, C, D)
[INFO] [stdout]               (A, B, C, D, E)
[INFO] [stdout]               (A, B, C, D, E, F)
[INFO] [stdout]               (A, B, C, D, E, F, G)
[INFO] [stdout]             and 34 others
[INFO] [stdout]     = note: this error might have been caused by changes to Rust's type-inference algorithm (see issue #148922 <https://github.com/rust-lang/rust/issues/148922> for more information)
[INFO] [stdout]     = help: you might have intended to use the type `()` here instead
[INFO] [stdout] note: required by a bound in `adapter::Adapter::call_method`
[INFO] [stdout]    --> /opt/rustwide/cargo-home/registry/src/index.crates.io-1949cf8c6b5b557f/bluer-0.16.1/src/lib.rs:226:16
[INFO] [stdout]     |
[INFO] [stdout] 223 |         async fn call_method<A, R>(&self, name: &str, args: A) -> crate::Result<R>
[INFO] [stdout] ...
[INFO] [stdout] 226 |             R: dbus::arg::ReadAll + std::fmt::Debug + 'static,
[INFO] [stdout]     |                ^^^^^^^^^^^^^^^^^^ required by this bound in `Adapter::call_method`
[INFO] [stdout]     |
[INFO] [stdout]    ::: /opt/rustwide/cargo-home/registry/src/index.crates.io-1949cf8c6b5b557f/bluer-0.16.1/src/adapter.rs:56
[INFO] [stdout]     |
[INFO] [stdout]  56 | impl Adapter {
[INFO] [stdout] ...
[INFO] [stdout] 261 |     dbus_default_interface!(INTERFACE);
[INFO] [stdout]     |     ---------------------------------- in this macro invocation
[INFO] [stdout] 
[INFO] [stdout] 
[INFO] [stdout] error[E0277]: the trait bound `!: ReadAll` is not satisfied
[INFO] [stdout]    --> /opt/rustwide/cargo-home/registry/src/index.crates.io-1949cf8c6b5b557f/bluer-0.16.1/src/adapter.rs:349:14
[INFO] [stdout]     |
[INFO] [stdout] 349 |         self.call_method("RemoveDevice", ((path),)).await?;
[INFO] [stdout]     |              ^^^^^^^^^^^ the trait `ReadAll` is not implemented for `!`
[INFO] [stdout]     |
[INFO] [stdout]    ::: /opt/rustwide/cargo-home/registry/src/index.crates.io-1949cf8c6b5b557f/bluer-0.16.1/src/lib.rs:196
[INFO] [stdout]     |
[INFO] [stdout] 196 | macro_rules! dbus_default_interface {
[INFO] [stdout]     |
[INFO] [stdout]     = help: the following other types implement trait `ReadAll`:
[INFO] [stdout]               ()
[INFO] [stdout]               (A,)
[INFO] [stdout]               (A, B)
[INFO] [stdout]               (A, B, C)
[INFO] [stdout]               (A, B, C, D)
[INFO] [stdout]               (A, B, C, D, E)
[INFO] [stdout]               (A, B, C, D, E, F)
[INFO] [stdout]               (A, B, C, D, E, F, G)
[INFO] [stdout]             and 34 others
[INFO] [stdout]     = note: this error might have been caused by changes to Rust's type-inference algorithm (see issue #148922 <https://github.com/rust-lang/rust/issues/148922> for more information)
[INFO] [stdout]     = help: you might have intended to use the type `()` here instead
[INFO] [stdout] note: required by a bound in `adapter::Adapter::call_method`
[INFO] [stdout]    --> /opt/rustwide/cargo-home/registry/src/index.crates.io-1949cf8c6b5b557f/bluer-0.16.1/src/lib.rs:226:16
[INFO] [stdout]     |
[INFO] [stdout] 223 |         async fn call_method<A, R>(&self, name: &str, args: A) -> crate::Result<R>
[INFO] [stdout] ...
[INFO] [stdout] 226 |             R: dbus::arg::ReadAll + std::fmt::Debug + 'static,
[INFO] [stdout]     |                ^^^^^^^^^^^^^^^^^^ required by this bound in `Adapter::call_method`
[INFO] [stdout]     |
[INFO] [stdout]    ::: /opt/rustwide/cargo-home/registry/src/index.crates.io-1949cf8c6b5b557f/bluer-0.16.1/src/adapter.rs:56
[INFO] [stdout]     |
[INFO] [stdout]  56 | impl Adapter {
[INFO] [stdout] ...
[INFO] [stdout] 261 |     dbus_default_interface!(INTERFACE);
[INFO] [stdout]     |     ---------------------------------- in this macro invocation
[INFO] [stdout] 
[INFO] [stdout] 
[INFO] [stdout] error[E0277]: the trait bound `!: ReadAll` is not satisfied
[INFO] [stdout]    --> /opt/rustwide/cargo-home/registry/src/index.crates.io-1949cf8c6b5b557f/bluer-0.16.1/src/adv.rs:310:15
[INFO] [stdout]     |
[INFO] [stdout] 310 |         proxy.method_call(MANAGER_INTERFACE, "RegisterAdvertisement", (name.clone(), PropMap::new())).await?;
[INFO] [stdout]     |               ^^^^^^^^^^^ the trait `ReadAll` is not implemented for `!`
[INFO] [stdout]     |
[INFO] [stdout]     = help: the following other types implement trait `ReadAll`:
[INFO] [stdout]               ()
[INFO] [stdout]               (A,)
[INFO] [stdout]               (A, B)
[INFO] [stdout]               (A, B, C)
[INFO] [stdout]               (A, B, C, D)
[INFO] [stdout]               (A, B, C, D, E)
[INFO] [stdout]               (A, B, C, D, E, F)
[INFO] [stdout]               (A, B, C, D, E, F, G)
[INFO] [stdout]             and 34 others
[INFO] [stdout]     = note: this error might have been caused by changes to Rust's type-inference algorithm (see issue #148922 <https://github.com/rust-lang/rust/issues/148922> for more information)
[INFO] [stdout]     = help: you might have intended to use the type `()` here instead
[INFO] [stdout] note: required by a bound in `dbus::nonblock::Proxy::<'a, C>::method_call`
[INFO] [stdout]    --> /opt/rustwide/cargo-home/registry/src/index.crates.io-1949cf8c6b5b557f/dbus-0.9.12/src/nonblock.rs:538:35
[INFO] [stdout]     |
[INFO] [stdout] 516 | impl<'a, T, C> Proxy<'a, C>
[INFO] [stdout] ...
[INFO] [stdout] 538 |     pub fn method_call<'i, 'm, R: ReadAll + 'static, A: AppendAll, I: Into<Interface<'i>>, M: Into<Member<'m>>>(&self, i: I, m: M, ...
[INFO] [stdout]     |                                   ^^^^^^^ required by this bound in `Proxy::<'a, C>::method_call`
[INFO] [stdout] 
[INFO] [stdout] 
[INFO] [stdout] error[E0277]: the trait bound `!: ReadAll` is not satisfied
[INFO] [stdout]    --> /opt/rustwide/cargo-home/registry/src/index.crates.io-1949cf8c6b5b557f/bluer-0.16.1/src/agent.rs:469:15
[INFO] [stdout]     |
[INFO] [stdout] 469 |         proxy.method_call(MANAGER_INTERFACE, "RegisterAgent", (name.clone(), capability)).await?;
[INFO] [stdout]     |               ^^^^^^^^^^^ the trait `ReadAll` is not implemented for `!`
[INFO] [stdout]     |
[INFO] [stdout]     = help: the following other types implement trait `ReadAll`:
[INFO] [stdout]               ()
[INFO] [stdout]               (A,)
[INFO] [stdout]               (A, B)
[INFO] [stdout]               (A, B, C)
[INFO] [stdout]               (A, B, C, D)
[INFO] [stdout]               (A, B, C, D, E)
[INFO] [stdout]               (A, B, C, D, E, F)
[INFO] [stdout]               (A, B, C, D, E, F, G)
[INFO] [stdout]             and 34 others
[INFO] [stdout]     = note: this error might have been caused by changes to Rust's type-inference algorithm (see issue #148922 <https://github.com/rust-lang/rust/issues/148922> for more information)
[INFO] [stdout]     = help: you might have intended to use the type `()` here instead
[INFO] [stdout] note: required by a bound in `dbus::nonblock::Proxy::<'a, C>::method_call`
[INFO] [stdout]    --> /opt/rustwide/cargo-home/registry/src/index.crates.io-1949cf8c6b5b557f/dbus-0.9.12/src/nonblock.rs:538:35
[INFO] [stdout]     |
[INFO] [stdout] 516 | impl<'a, T, C> Proxy<'a, C>
[INFO] [stdout] ...
[INFO] [stdout] 538 |     pub fn method_call<'i, 'm, R: ReadAll + 'static, A: AppendAll, I: Into<Interface<'i>>, M: Into<Member<'m>>>(&self, i: I, m: M, ...
[INFO] [stdout]     |                                   ^^^^^^^ required by this bound in `Proxy::<'a, C>::method_call`
[INFO] [stdout] 
[INFO] [stdout] 
[INFO] [stdout] error[E0277]: the trait bound `!: ReadAll` is not satisfied
[INFO] [stdout]    --> /opt/rustwide/cargo-home/registry/src/index.crates.io-1949cf8c6b5b557f/bluer-0.16.1/src/agent.rs:489:19
[INFO] [stdout]     |
[INFO] [stdout] 489 |             proxy.method_call(MANAGER_INTERFACE, "RequestDefaultAgent", (name.clone(),)).await?;
[INFO] [stdout]     |                   ^^^^^^^^^^^ the trait `ReadAll` is not implemented for `!`
[INFO] [stdout]     |
[INFO] [stdout]     = help: the following other types implement trait `ReadAll`:
[INFO] [stdout]               ()
[INFO] [stdout]               (A,)
[INFO] [stdout]               (A, B)
[INFO] [stdout]               (A, B, C)
[INFO] [stdout]               (A, B, C, D)
[INFO] [stdout]               (A, B, C, D, E)
[INFO] [stdout]               (A, B, C, D, E, F)
[INFO] [stdout]               (A, B, C, D, E, F, G)
[INFO] [stdout]             and 34 others
[INFO] [stdout]     = note: this error might have been caused by changes to Rust's type-inference algorithm (see issue #148922 <https://github.com/rust-lang/rust/issues/148922> for more information)
[INFO] [stdout]     = help: you might have intended to use the type `()` here instead
[INFO] [stdout] note: required by a bound in `dbus::nonblock::Proxy::<'a, C>::method_call`
[INFO] [stdout]    --> /opt/rustwide/cargo-home/registry/src/index.crates.io-1949cf8c6b5b557f/dbus-0.9.12/src/nonblock.rs:538:35
[INFO] [stdout]     |
[INFO] [stdout] 516 | impl<'a, T, C> Proxy<'a, C>
[INFO] [stdout] ...
[INFO] [stdout] 538 |     pub fn method_call<'i, 'm, R: ReadAll + 'static, A: AppendAll, I: Into<Interface<'i>>, M: Into<Member<'m>>>(&self, i: I, m: M, ...
[INFO] [stdout]     |                                   ^^^^^^^ required by this bound in `Proxy::<'a, C>::method_call`
[INFO] [stdout] 
[INFO] [stdout] 
[INFO] [stdout] error[E0277]: the trait bound `!: ReadAll` is not satisfied
[INFO] [stdout]     --> /opt/rustwide/cargo-home/registry/src/index.crates.io-1949cf8c6b5b557f/bluer-0.16.1/src/gatt/local.rs:1353:15
[INFO] [stdout]      |
[INFO] [stdout] 1353 |         proxy.method_call(MANAGER_INTERFACE, "RegisterApplication", (app_path.clone(), PropMap::new())).await?;
[INFO] [stdout]      |               ^^^^^^^^^^^ the trait `ReadAll` is not implemented for `!`
[INFO] [stdout]      |
[INFO] [stdout]      = help: the following other types implement trait `ReadAll`:
[INFO] [stdout]                ()
[INFO] [stdout]                (A,)
[INFO] [stdout]                (A, B)
[INFO] [stdout]                (A, B, C)
[INFO] [stdout]                (A, B, C, D)
[INFO] [stdout]                (A, B, C, D, E)
[INFO] [stdout]                (A, B, C, D, E, F)
[INFO] [stdout]                (A, B, C, D, E, F, G)
[INFO] [stdout]              and 34 others
[INFO] [stdout]      = note: this error might have been caused by changes to Rust's type-inference algorithm (see issue #148922 <https://github.com/rust-lang/rust/issues/148922> for more information)
[INFO] [stdout]      = help: you might have intended to use the type `()` here instead
[INFO] [stdout] note: required by a bound in `dbus::nonblock::Proxy::<'a, C>::method_call`
[INFO] [stdout]     --> /opt/rustwide/cargo-home/registry/src/index.crates.io-1949cf8c6b5b557f/dbus-0.9.12/src/nonblock.rs:538:35
[INFO] [stdout]      |
[INFO] [stdout]  516 | impl<'a, T, C> Proxy<'a, C>
[INFO] [stdout] ...
[INFO] [stdout]  538 |     pub fn method_call<'i, 'm, R: ReadAll + 'static, A: AppendAll, I: Into<Interface<'i>>, M: Into<Member<'m>>>(&self, i: I, m: M,...
[INFO] [stdout]      |                                   ^^^^^^^ required by this bound in `Proxy::<'a, C>::method_call`
[INFO] [stdout] 
[INFO] [stdout] 
[INFO] [stdout] error[E0277]: the trait bound `!: ReadAll` is not satisfied
[INFO] [stdout]     --> /opt/rustwide/cargo-home/registry/src/index.crates.io-1949cf8c6b5b557f/bluer-0.16.1/src/gatt/local.rs:1441:14
[INFO] [stdout]      |
[INFO] [stdout] 1441 |             .method_call(MANAGER_INTERFACE, "RegisterApplication", (profile_path.clone(), PropMap::new()))
[INFO] [stdout]      |              ^^^^^^^^^^^ the trait `ReadAll` is not implemented for `!`
[INFO] [stdout]      |
[INFO] [stdout]      = help: the following other types implement trait `ReadAll`:
[INFO] [stdout]                ()
[INFO] [stdout]                (A,)
[INFO] [stdout]                (A, B)
[INFO] [stdout]                (A, B, C)
[INFO] [stdout]                (A, B, C, D)
[INFO] [stdout]                (A, B, C, D, E)
[INFO] [stdout]                (A, B, C, D, E, F)
[INFO] [stdout]                (A, B, C, D, E, F, G)
[INFO] [stdout]              and 34 others
[INFO] [stdout]      = note: this error might have been caused by changes to Rust's type-inference algorithm (see issue #148922 <https://github.com/rust-lang/rust/issues/148922> for more information)
[INFO] [stdout]      = help: you might have intended to use the type `()` here instead
[INFO] [stdout] note: required by a bound in `dbus::nonblock::Proxy::<'a, C>::method_call`
[INFO] [stdout]     --> /opt/rustwide/cargo-home/registry/src/index.crates.io-1949cf8c6b5b557f/dbus-0.9.12/src/nonblock.rs:538:35
[INFO] [stdout]      |
[INFO] [stdout]  516 | impl<'a, T, C> Proxy<'a, C>
[INFO] [stdout] ...
[INFO] [stdout]  538 |     pub fn method_call<'i, 'm, R: ReadAll + 'static, A: AppendAll, I: Into<Interface<'i>>, M: Into<Member<'m>>>(&self, i: I, m: M,...
[INFO] [stdout]      |                                   ^^^^^^^ required by this bound in `Proxy::<'a, C>::method_call`
[INFO] [stdout] 
[INFO] [stdout] 
[INFO] [stdout] error[E0277]: the trait bound `!: ReadAll` is not satisfied
[INFO] [stdout]    --> /opt/rustwide/cargo-home/registry/src/index.crates.io-1949cf8c6b5b557f/bluer-0.16.1/src/gatt/remote.rs:333:14
[INFO] [stdout]     |
[INFO] [stdout] 333 |         self.call_method("WriteValue", (value, req.to_dict())).await?;
[INFO] [stdout]     |              ^^^^^^^^^^^ the trait `ReadAll` is not implemented for `!`
[INFO] [stdout]     |
[INFO] [stdout]    ::: /opt/rustwide/cargo-home/registry/src/index.crates.io-1949cf8c6b5b557f/bluer-0.16.1/src/lib.rs:196
[INFO] [stdout]     |
[INFO] [stdout] 196 | macro_rules! dbus_default_interface {
[INFO] [stdout]     |
[INFO] [stdout]     = help: the following other types implement trait `ReadAll`:
[INFO] [stdout]               ()
[INFO] [stdout]               (A,)
[INFO] [stdout]               (A, B)
[INFO] [stdout]               (A, B, C)
[INFO] [stdout]               (A, B, C, D)
[INFO] [stdout]               (A, B, C, D, E)
[INFO] [stdout]               (A, B, C, D, E, F)
[INFO] [stdout]               (A, B, C, D, E, F, G)
[INFO] [stdout]             and 34 others
[INFO] [stdout]     = note: this error might have been caused by changes to Rust's type-inference algorithm (see issue #148922 <https://github.com/rust-lang/rust/issues/148922> for more information)
[INFO] [stdout]     = help: you might have intended to use the type `()` here instead
[INFO] [stdout] note: required by a bound in `remote::Characteristic::call_method`
[INFO] [stdout]    --> /opt/rustwide/cargo-home/registry/src/index.crates.io-1949cf8c6b5b557f/bluer-0.16.1/src/lib.rs:226:16
[INFO] [stdout]     |
[INFO] [stdout] 223 |         async fn call_method<A, R>(&self, name: &str, args: A) -> crate::Result<R>
[INFO] [stdout] ...
[INFO] [stdout] 226 |             R: dbus::arg::ReadAll + std::fmt::Debug + 'static,
[INFO] [stdout]     |                ^^^^^^^^^^^^^^^^^^ required by this bound in `Characteristic::call_method`
[INFO] [stdout]     |
[INFO] [stdout]    ::: /opt/rustwide/cargo-home/registry/src/index.crates.io-1949cf8c6b5b557f/bluer-0.16.1/src/gatt/remote.rs:204
[INFO] [stdout]     |
[INFO] [stdout] 204 | impl Characteristic {
[INFO] [stdout] ...
[INFO] [stdout] 447 |     dbus_default_interface!(CHARACTERISTIC_INTERFACE);
[INFO] [stdout]     |     ------------------------------------------------- in this macro invocation
[INFO] [stdout] 
[INFO] [stdout] 
[INFO] [stdout] error[E0277]: the trait bound `!: ReadAll` is not satisfied
[INFO] [stdout]    --> /opt/rustwide/cargo-home/registry/src/index.crates.io-1949cf8c6b5b557f/bluer-0.16.1/src/gatt/remote.rs:396:26
[INFO] [stdout]     |
[INFO] [stdout] 396 |                     self.call_method("StartNotify", ()).await?;
[INFO] [stdout]     |                          ^^^^^^^^^^^ the trait `ReadAll` is not implemented for `!`
[INFO] [stdout]     |
[INFO] [stdout]    ::: /opt/rustwide/cargo-home/registry/src/index.crates.io-1949cf8c6b5b557f/bluer-0.16.1/src/lib.rs:196
[INFO] [stdout]     |
[INFO] [stdout] 196 | macro_rules! dbus_default_interface {
[INFO] [stdout]     |
[INFO] [stdout]     = help: the following other types implement trait `ReadAll`:
[INFO] [stdout]               ()
[INFO] [stdout]               (A,)
[INFO] [stdout]               (A, B)
[INFO] [stdout]               (A, B, C)
[INFO] [stdout]               (A, B, C, D)
[INFO] [stdout]               (A, B, C, D, E)
[INFO] [stdout]               (A, B, C, D, E, F)
[INFO] [stdout]               (A, B, C, D, E, F, G)
[INFO] [stdout]             and 34 others
[INFO] [stdout]     = note: this error might have been caused by changes to Rust's type-inference algorithm (see issue #148922 <https://github.com/rust-lang/rust/issues/148922> for more information)
[INFO] [stdout]     = help: you might have intended to use the type `()` here instead
[INFO] [stdout] note: required by a bound in `remote::Characteristic::call_method`
[INFO] [stdout]    --> /opt/rustwide/cargo-home/registry/src/index.crates.io-1949cf8c6b5b557f/bluer-0.16.1/src/lib.rs:226:16
[INFO] [stdout]     |
[INFO] [stdout] 223 |         async fn call_method<A, R>(&self, name: &str, args: A) -> crate::Result<R>
[INFO] [stdout] ...
[INFO] [stdout] 226 |             R: dbus::arg::ReadAll + std::fmt::Debug + 'static,
[INFO] [stdout]     |                ^^^^^^^^^^^^^^^^^^ required by this bound in `Characteristic::call_method`
[INFO] [stdout]     |
[INFO] [stdout]    ::: /opt/rustwide/cargo-home/registry/src/index.crates.io-1949cf8c6b5b557f/bluer-0.16.1/src/gatt/remote.rs:204
[INFO] [stdout]     |
[INFO] [stdout] 204 | impl Characteristic {
[INFO] [stdout] ...
[INFO] [stdout] 447 |     dbus_default_interface!(CHARACTERISTIC_INTERFACE);
[INFO] [stdout]     |     ------------------------------------------------- in this macro invocation
[INFO] [stdout] 
[INFO] [stdout] 
[INFO] [stdout] error[E0277]: the trait bound `!: ReadAll` is not satisfied
[INFO] [stdout]    --> /opt/rustwide/cargo-home/registry/src/index.crates.io-1949cf8c6b5b557f/bluer-0.16.1/src/gatt/remote.rs:680:14
[INFO] [stdout]     |
[INFO] [stdout] 680 |         self.call_method("WriteValue", (value, req.to_dict())).await?;
[INFO] [stdout]     |              ^^^^^^^^^^^ the trait `ReadAll` is not implemented for `!`
[INFO] [stdout]     |
[INFO] [stdout]    ::: /opt/rustwide/cargo-home/registry/src/index.crates.io-1949cf8c6b5b557f/bluer-0.16.1/src/lib.rs:196
[INFO] [stdout]     |
[INFO] [stdout] 196 | macro_rules! dbus_default_interface {
[INFO] [stdout]     |
[INFO] [stdout]     = help: the following other types implement trait `ReadAll`:
[INFO] [stdout]               ()
[INFO] [stdout]               (A,)
[INFO] [stdout]               (A, B)
[INFO] [stdout]               (A, B, C)
[INFO] [stdout]               (A, B, C, D)
[INFO] [stdout]               (A, B, C, D, E)
[INFO] [stdout]               (A, B, C, D, E, F)
[INFO] [stdout]               (A, B, C, D, E, F, G)
[INFO] [stdout]             and 34 others
[INFO] [stdout]     = note: this error might have been caused by changes to Rust's type-inference algorithm (see issue #148922 <https://github.com/rust-lang/rust/issues/148922> for more information)
[INFO] [stdout]     = help: you might have intended to use the type `()` here instead
[INFO] [stdout] note: required by a bound in `remote::Descriptor::call_method`
[INFO] [stdout]    --> /opt/rustwide/cargo-home/registry/src/index.crates.io-1949cf8c6b5b557f/bluer-0.16.1/src/lib.rs:226:16
[INFO] [stdout]     |
[INFO] [stdout] 223 |         async fn call_method<A, R>(&self, name: &str, args: A) -> crate::Result<R>
[INFO] [stdout] ...
[INFO] [stdout] 226 |             R: dbus::arg::ReadAll + std::fmt::Debug + 'static,
[INFO] [stdout]     |                ^^^^^^^^^^^^^^^^^^ required by this bound in `Descriptor::call_method`
[INFO] [stdout]     |
[INFO] [stdout]    ::: /opt/rustwide/cargo-home/registry/src/index.crates.io-1949cf8c6b5b557f/bluer-0.16.1/src/gatt/remote.rs:571
[INFO] [stdout]     |
[INFO] [stdout] 571 | impl Descriptor {
[INFO] [stdout] ...
[INFO] [stdout] 652 |     dbus_default_interface!(DESCRIPTOR_INTERFACE);
[INFO] [stdout]     |     --------------------------------------------- in this macro invocation
[INFO] [stdout] 
[INFO] [stdout] 
[INFO] [stdout] error[E0277]: the trait bound `!: ReadAll` is not satisfied
[INFO] [stdout]    --> /opt/rustwide/cargo-home/registry/src/index.crates.io-1949cf8c6b5b557f/bluer-0.16.1/src/monitor.rs:401:15
[INFO] [stdout]     |
[INFO] [stdout] 401 |         proxy.method_call(MANAGER_INTERFACE, "RegisterMonitor", (root.clone(),)).await?;
[INFO] [stdout]     |               ^^^^^^^^^^^ the trait `ReadAll` is not implemented for `!`
[INFO] [stdout]     |
[INFO] [stdout]     = help: the following other types implement trait `ReadAll`:
[INFO] [stdout]               ()
[INFO] [stdout]               (A,)
[INFO] [stdout]               (A, B)
[INFO] [stdout]               (A, B, C)
[INFO] [stdout]               (A, B, C, D)
[INFO] [stdout]               (A, B, C, D, E)
[INFO] [stdout]               (A, B, C, D, E, F)
[INFO] [stdout]               (A, B, C, D, E, F, G)
[INFO] [stdout]             and 34 others
[INFO] [stdout]     = note: this error might have been caused by changes to Rust's type-inference algorithm (see issue #148922 <https://github.com/rust-lang/rust/issues/148922> for more information)
[INFO] [stdout]     = help: you might have intended to use the type `()` here instead
[INFO] [stdout] note: required by a bound in `dbus::nonblock::Proxy::<'a, C>::method_call`
[INFO] [stdout]    --> /opt/rustwide/cargo-home/registry/src/index.crates.io-1949cf8c6b5b557f/dbus-0.9.12/src/nonblock.rs:538:35
[INFO] [stdout]     |
[INFO] [stdout] 516 | impl<'a, T, C> Proxy<'a, C>
[INFO] [stdout] ...
[INFO] [stdout] 538 |     pub fn method_call<'i, 'm, R: ReadAll + 'static, A: AppendAll, I: Into<Interface<'i>>, M: Into<Member<'m>>>(&self, i: I, m: M, ...
[INFO] [stdout]     |                                   ^^^^^^^ required by this bound in `Proxy::<'a, C>::method_call`
[INFO] [stdout] 
[INFO] [stdout] 
[INFO] [stdout] For more information about this error, try `rustc --explain E0277`.
[INFO] [stdout] 
[INFO] [stderr] error: could not compile `bluer` (lib) due to 12 previous errors
[INFO] [stderr] warning: build failed, waiting for other jobs to finish...
[INFO] running `Command { std: "docker" "inspect" "463b14767b39062b016508171f6a757857c5086aeeb0b8039a539f63ef332116", kill_on_drop: false }`
[INFO] running `Command { std: "docker" "rm" "-f" "463b14767b39062b016508171f6a757857c5086aeeb0b8039a539f63ef332116", kill_on_drop: false }`
[INFO] [stdout] 463b14767b39062b016508171f6a757857c5086aeeb0b8039a539f63ef332116
