[INFO] fetching crate rusnap 0.1.7...
[INFO] documenting rusnap-0.1.7 against 1.100.0-beta.1 for beta-rustdoc-1.100
[INFO] extracting crate rusnap 0.1.7 into /workspace/builds/worker-6-tc2/source
[INFO] started tweaking crates.io crate rusnap 0.1.7
[INFO] finished tweaking crates.io crate rusnap 0.1.7
[INFO] tweaked toml for crates.io crate rusnap 0.1.7 written to /workspace/builds/worker-6-tc2/source/Cargo.toml
[INFO] validating manifest of crates.io crate rusnap 0.1.7 on toolchain 1.100.0-beta.1
[INFO] running `Command { std: CARGO_HOME="/workspace/cargo-home" RUSTUP_HOME="/workspace/rustup-home" "/workspace/cargo-home/bin/cargo" "+1.100.0-beta.1" "metadata" "--manifest-path" "Cargo.toml" "--no-deps", kill_on_drop: false }`
[INFO] running `Command { std: CARGO_HOME="/workspace/cargo-home" RUSTUP_HOME="/workspace/rustup-home" "/workspace/cargo-home/bin/cargo" "+1.100.0-beta.1" "generate-lockfile" "--manifest-path" "Cargo.toml", kill_on_drop: false }`
[INFO] [stderr]     Updating crates.io index
[INFO] [stderr]      Locking 72 packages to highest compatible versions
[INFO] running `Command { std: CARGO_HOME="/workspace/cargo-home" RUSTUP_HOME="/workspace/rustup-home" "/workspace/cargo-home/bin/cargo" "+1.100.0-beta.1" "fetch" "--manifest-path" "Cargo.toml", kill_on_drop: false }`
[INFO] running `Command { std: "docker" "create" "-v" "/var/lib/crater-agent-workspace/builds/worker-6-tc2/source:/opt/rustwide/workdir:ro,Z" "-v" "/var/lib/crater-agent-workspace/builds/worker-6-tc2/target:/opt/rustwide/target:rw,Z" "-v" "/var/lib/crater-agent-workspace/cargo-home:/opt/rustwide/cargo-home:ro,Z" "-v" "/var/lib/crater-agent-workspace/rustup-home:/opt/rustwide/rustup-home:ro,Z" "-m" "1610612736" "--network" "none" "ghcr.io/rust-lang/crates-build-env/linux@sha256:77db811e55d90add9212f6832c23229e3de5f1c1f9905e8cb07319ea15df73ac" "sleep" "infinity", kill_on_drop: false }`
[INFO] [stdout] a8cbf9a4b3c9411e8a6d514d6e4a2d52bc10ddf93b4be07e1238ba1b1aad1b4f
[INFO] running `Command { std: "docker" "start" "a8cbf9a4b3c9411e8a6d514d6e4a2d52bc10ddf93b4be07e1238ba1b1aad1b4f", kill_on_drop: false }`
[INFO] running `Command { std: "docker" "inspect" "a8cbf9a4b3c9411e8a6d514d6e4a2d52bc10ddf93b4be07e1238ba1b1aad1b4f", kill_on_drop: false }`
[INFO] running `Command { std: "docker" "exec" "-e" "SOURCE_DIR=/opt/rustwide/workdir" "-e" "CARGO_HOME=/opt/rustwide/cargo-home" "-e" "RUSTUP_HOME=/opt/rustwide/rustup-home" "-e" "CARGO_TARGET_DIR=/opt/rustwide/target" "-w" "/opt/rustwide/workdir" "--user" "0:0" "a8cbf9a4b3c9411e8a6d514d6e4a2d52bc10ddf93b4be07e1238ba1b1aad1b4f" "/opt/rustwide/cargo-home/bin/cargo" "+1.100.0-beta.1" "metadata" "--no-deps" "--format-version=1", kill_on_drop: false }`
[INFO] running `Command { std: "docker" "inspect" "a8cbf9a4b3c9411e8a6d514d6e4a2d52bc10ddf93b4be07e1238ba1b1aad1b4f", kill_on_drop: false }`
[INFO] running `Command { std: "docker" "exec" "-e" "SOURCE_DIR=/opt/rustwide/workdir" "-e" "CARGO_HOME=/opt/rustwide/cargo-home" "-e" "RUSTUP_HOME=/opt/rustwide/rustup-home" "-e" "CARGO_TARGET_DIR=/opt/rustwide/target" "-e" "CARGO_INCREMENTAL=0" "-e" "RUST_BACKTRACE=full" "-e" "RUSTFLAGS=--cap-lints=warn" "-e" "RUSTDOCFLAGS=--cap-lints=warn" "-w" "/opt/rustwide/workdir" "--user" "0:0" "a8cbf9a4b3c9411e8a6d514d6e4a2d52bc10ddf93b4be07e1238ba1b1aad1b4f" "/opt/rustwide/cargo-home/bin/cargo" "+1.100.0-beta.1" "doc" "--frozen" "--no-deps" "--document-private-items" "--message-format=json", kill_on_drop: false }`
[INFO] [stderr]    Compiling proc-macro2 v1.0.107
[INFO] [stderr]    Compiling wasm-bindgen-shared v0.2.129
[INFO] [stderr]    Compiling bumpalo v3.20.3
[INFO] [stderr]     Checking unicode-ident v1.0.26
[INFO] [stderr]     Checking futures-core v0.3.34
[INFO] [stderr]     Checking once_cell v1.21.4
[INFO] [stderr]    Compiling serde_core v1.0.229
[INFO] [stderr]    Compiling serde_json v1.0.151
[INFO] [stderr]    Compiling camino v1.2.6
[INFO] [stderr]     Checking const-hex v1.19.3
[INFO] [stderr]    Compiling wasm-bindgen v0.2.129
[INFO] [stderr]    Compiling anyhow v1.0.104
[INFO] [stderr]     Checking futures-util v0.3.34
[INFO] [stderr]    Compiling quote v1.0.47
[INFO] [stderr]    Compiling syn v3.0.6
[INFO] [stderr]    Compiling syn v2.0.119
[INFO] [stderr]     Checking semver v1.0.28
[INFO] [stderr]    Compiling thiserror-impl v1.0.69
[INFO] [stderr]    Compiling rusnap-macros v0.1.2
[INFO] [stderr]    Compiling wasm-bindgen-macro-support v0.2.129
[INFO] [stderr]    Compiling serde_derive v1.0.229
[INFO] [stderr]    Compiling async-trait v0.1.92
[INFO] [stderr]     Checking thiserror v1.0.69
[INFO] [stderr]     Checking serde v1.0.229
[INFO] [stderr]     Checking toml_datetime v0.6.11
[INFO] [stderr]     Checking serde_spanned v0.6.9
[INFO] [stderr]     Checking cargo-platform v0.1.9
[INFO] [stderr]     Checking cargo_metadata v0.18.1
[INFO] [stderr]     Checking toml_edit v0.22.27
[INFO] [stderr]    Compiling wasm-bindgen-macro v0.2.129
[INFO] [stderr]     Checking toml v0.8.23
[INFO] [stderr]     Checking js-sys v0.3.106
[INFO] [stderr]     Checking rusnap-build v0.1.7
[INFO] [stderr]     Checking rusnap-utils v0.1.0
[INFO] [stderr]     Checking serde-wasm-bindgen v0.6.5
[INFO] [stderr]     Checking wasm-bindgen-futures v0.4.79
[INFO] [stderr]     Checking rusnap-api v0.1.1
[INFO] [stderr]     Checking rusnap-exports v0.1.1
[INFO] [stdout] error[E0277]: the trait bound `!: serde::Deserialize<'de>` is not satisfied
[INFO] [stdout]    --> /opt/rustwide/cargo-home/registry/src/index.crates.io-1949cf8c6b5b557f/rusnap-api-0.1.1/src/dialog.rs:108:5
[INFO] [stdout]     |
[INFO] [stdout] 108 |     request("snap_dialog", req).await?;
[INFO] [stdout]     |     ^^^^^^^^^^^^^^^^^^^^^^^^^^^ the trait `for<'de> Deserialize<'de>` is not implemented for `!`
[INFO] [stdout]     |
[INFO] [stdout]     = note: for local types consider adding `#[derive(serde::Deserialize)]` to your `!` type
[INFO] [stdout]     = note: for types from other crates check whether the crate offers a `serde` feature flag
[INFO] [stdout]     = help: the following other types implement trait `Deserialize<'de>`:
[INFO] [stdout]               `&'a [u8]` implements `Deserialize<'de>`
[INFO] [stdout]               `&'a str` implements `Deserialize<'de>`
[INFO] [stdout]               `()` implements `Deserialize<'de>`
[INFO] [stdout]               `(T,)` implements `Deserialize<'de>`
[INFO] [stdout]               `(T0, T1)` implements `Deserialize<'de>`
[INFO] [stdout]               `(T0, T1, T2)` implements `Deserialize<'de>`
[INFO] [stdout]               `(T0, T1, T2, T3)` implements `Deserialize<'de>`
[INFO] [stdout]               `(T0, T1, T2, T3, T4)` implements `Deserialize<'de>`
[INFO] [stdout]             and 74 others
[INFO] [stdout]     = note: this error might have been caused by changes to Rust's type-inference algorithm (see issue #148922 <https://github.com/rust-lang/rust/issues/148922> for more information)
[INFO] [stdout]     = help: you might have intended to use the type `()` here instead
[INFO] [stdout] note: required by a bound in `request::request`
[INFO] [stdout]    --> /opt/rustwide/cargo-home/registry/src/index.crates.io-1949cf8c6b5b557f/rusnap-api-0.1.1/src/request.rs:22:8
[INFO] [stdout]     |
[INFO] [stdout]  19 | pub async fn request<P, R>(method: &'static str, params: P) -> Result<R>
[INFO] [stdout] ...
[INFO] [stdout]  22 |     R: for<'de> Deserialize<'de>,
[INFO] [stdout]     |        ^^^^^^^^^^^^^^^^^^^^^^^^^ required by this bound in `request`
[INFO] [stdout] 
[INFO] [stdout] 
[INFO] [stdout] error[E0277]: the trait bound `!: serde::Deserialize<'de>` is not satisfied
[INFO] [stdout]   --> /opt/rustwide/cargo-home/registry/src/index.crates.io-1949cf8c6b5b557f/rusnap-api-0.1.1/src/state.rs:33:5
[INFO] [stdout]    |
[INFO] [stdout] 33 |     request("snap_manageState", arg).await?;
[INFO] [stdout]    |     ^^^^^^^^^^^^^^^^^^^^^^^^^^^^^^^^ the trait `for<'de> Deserialize<'de>` is not implemented for `!`
[INFO] [stdout]    |
[INFO] [stdout]    = note: for local types consider adding `#[derive(serde::Deserialize)]` to your `!` type
[INFO] [stdout]    = note: for types from other crates check whether the crate offers a `serde` feature flag
[INFO] [stdout]    = help: the following other types implement trait `Deserialize<'de>`:
[INFO] [stdout]              `&'a [u8]` implements `Deserialize<'de>`
[INFO] [stdout]              `&'a str` implements `Deserialize<'de>`
[INFO] [stdout]              `()` implements `Deserialize<'de>`
[INFO] [stdout]              `(T,)` implements `Deserialize<'de>`
[INFO] [stdout]              `(T0, T1)` implements `Deserialize<'de>`
[INFO] [stdout]              `(T0, T1, T2)` implements `Deserialize<'de>`
[INFO] [stdout]              `(T0, T1, T2, T3)` implements `Deserialize<'de>`
[INFO] [stdout]              `(T0, T1, T2, T3, T4)` implements `Deserialize<'de>`
[INFO] [stdout]            and 71 others
[INFO] [stdout]    = note: this error might have been caused by changes to Rust's type-inference algorithm (see issue #148922 <https://github.com/rust-lang/rust/issues/148922> for more information)
[INFO] [stdout]    = help: you might have intended to use the type `()` here instead
[INFO] [stdout] note: required by a bound in `request::request`
[INFO] [stdout]   --> /opt/rustwide/cargo-home/registry/src/index.crates.io-1949cf8c6b5b557f/rusnap-api-0.1.1/src/request.rs:22:8
[INFO] [stdout]    |
[INFO] [stdout] 19 | pub async fn request<P, R>(method: &'static str, params: P) -> Result<R>
[INFO] [stdout] ...
[INFO] [stdout] 22 |     R: for<'de> Deserialize<'de>,
[INFO] [stdout]    |        ^^^^^^^^^^^^^^^^^^^^^^^^^ required by this bound in `request`
[INFO] [stdout] 
[INFO] [stdout] 
[INFO] [stdout] error[E0277]: the trait bound `!: serde::Deserialize<'de>` is not satisfied
[INFO] [stdout]   --> /opt/rustwide/cargo-home/registry/src/index.crates.io-1949cf8c6b5b557f/rusnap-api-0.1.1/src/state.rs:44:5
[INFO] [stdout]    |
[INFO] [stdout] 44 |     request("snap_manageState", ManageStateBare { operation: "clear" }).await?;
[INFO] [stdout]    |     ^^^^^^^^^^^^^^^^^^^^^^^^^^^^^^^^^^^^^^^^^^^^^^^^^^^^^^^^^^^^^^^^^^^ the trait `for<'de> Deserialize<'de>` is not implemented for `!`
[INFO] [stdout]    |
[INFO] [stdout]    = note: for local types consider adding `#[derive(serde::Deserialize)]` to your `!` type
[INFO] [stdout]    = note: for types from other crates check whether the crate offers a `serde` feature flag
[INFO] [stdout]    = help: the following other types implement trait `Deserialize<'de>`:
[INFO] [stdout]              `&'a [u8]` implements `Deserialize<'de>`
[INFO] [stdout]              `&'a str` implements `Deserialize<'de>`
[INFO] [stdout]              `()` implements `Deserialize<'de>`
[INFO] [stdout]              `(T,)` implements `Deserialize<'de>`
[INFO] [stdout]              `(T0, T1)` implements `Deserialize<'de>`
[INFO] [stdout]              `(T0, T1, T2)` implements `Deserialize<'de>`
[INFO] [stdout]              `(T0, T1, T2, T3)` implements `Deserialize<'de>`
[INFO] [stdout]              `(T0, T1, T2, T3, T4)` implements `Deserialize<'de>`
[INFO] [stdout]            and 71 others
[INFO] [stdout]    = note: this error might have been caused by changes to Rust's type-inference algorithm (see issue #148922 <https://github.com/rust-lang/rust/issues/148922> for more information)
[INFO] [stdout]    = help: you might have intended to use the type `()` here instead
[INFO] [stdout] note: required by a bound in `request::request`
[INFO] [stdout]   --> /opt/rustwide/cargo-home/registry/src/index.crates.io-1949cf8c6b5b557f/rusnap-api-0.1.1/src/request.rs:22:8
[INFO] [stdout]    |
[INFO] [stdout] 19 | pub async fn request<P, R>(method: &'static str, params: P) -> Result<R>
[INFO] [stdout] ...
[INFO] [stdout] 22 |     R: for<'de> Deserialize<'de>,
[INFO] [stdout]    |        ^^^^^^^^^^^^^^^^^^^^^^^^^ required by this bound in `request`
[INFO] [stdout] 
[INFO] [stdout] 
[INFO] [stdout] For more information about this error, try `rustc --explain E0277`.
[INFO] [stdout] 
[INFO] [stderr] error: could not compile `rusnap-api` (lib) due to 3 previous errors
[INFO] running `Command { std: "docker" "inspect" "a8cbf9a4b3c9411e8a6d514d6e4a2d52bc10ddf93b4be07e1238ba1b1aad1b4f", kill_on_drop: false }`
[INFO] running `Command { std: "docker" "rm" "-f" "a8cbf9a4b3c9411e8a6d514d6e4a2d52bc10ddf93b4be07e1238ba1b1aad1b4f", kill_on_drop: false }`
[INFO] [stdout] a8cbf9a4b3c9411e8a6d514d6e4a2d52bc10ddf93b4be07e1238ba1b1aad1b4f
