[INFO] fetching crate rocket_db_pools 0.2.0...
[INFO] documenting rocket_db_pools-0.2.0 against 1.100.0-beta.1 for beta-rustdoc-1.100
[INFO] extracting crate rocket_db_pools 0.2.0 into /workspace/builds/worker-7-tc2/source
[INFO] started tweaking crates.io crate rocket_db_pools 0.2.0
[INFO] removed 0 missing tests
[INFO] finished tweaking crates.io crate rocket_db_pools 0.2.0
[INFO] tweaked toml for crates.io crate rocket_db_pools 0.2.0 written to /workspace/builds/worker-7-tc2/source/Cargo.toml
[INFO] validating manifest of crates.io crate rocket_db_pools 0.2.0 on toolchain 1.100.0-beta.1
[INFO] running `Command { std: CARGO_HOME="/workspace/cargo-home" RUSTUP_HOME="/workspace/rustup-home" "/workspace/cargo-home/bin/cargo" "+1.100.0-beta.1" "metadata" "--manifest-path" "Cargo.toml" "--no-deps", kill_on_drop: false }`
[INFO] running `Command { std: CARGO_HOME="/workspace/cargo-home" RUSTUP_HOME="/workspace/rustup-home" "/workspace/cargo-home/bin/cargo" "+1.100.0-beta.1" "generate-lockfile" "--manifest-path" "Cargo.toml", kill_on_drop: false }`
[INFO] [stderr]     Updating crates.io index
[INFO] [stderr]      Locking 470 packages to highest compatible versions
[INFO] [stderr]       Adding deadpool v0.9.5 (available: v0.13.1)
[INFO] [stderr]       Adding deadpool v0.12.3 (available: v0.13.1)
[INFO] [stderr]       Adding deadpool-postgres v0.13.2 (available: v0.14.2)
[INFO] [stderr]       Adding deadpool-redis v0.15.1 (available: v0.23.1)
[INFO] [stderr]       Adding diesel v2.1.6 (available: v2.3.14)
[INFO] [stderr]       Adding diesel-async v0.4.1 (available: v0.9.2)
[INFO] [stderr]       Adding diesel_derives v2.1.4 (available: v2.3.10)
[INFO] [stderr]       Adding generic-array v0.14.7 (available: v0.14.9)
[INFO] [stderr]       Adding mongodb v2.8.2 (available: v3.9.1)
[INFO] [stderr]       Adding sqlx v0.7.4 (available: v0.9.0)
[INFO] running `Command { std: CARGO_HOME="/workspace/cargo-home" RUSTUP_HOME="/workspace/rustup-home" "/workspace/cargo-home/bin/cargo" "+1.100.0-beta.1" "fetch" "--manifest-path" "Cargo.toml", kill_on_drop: false }`
[INFO] running `Command { std: "docker" "create" "-v" "/var/lib/crater-agent-workspace/builds/worker-7-tc2/source:/opt/rustwide/workdir:ro,Z" "-v" "/var/lib/crater-agent-workspace/builds/worker-7-tc2/target:/opt/rustwide/target:rw,Z" "-v" "/var/lib/crater-agent-workspace/cargo-home:/opt/rustwide/cargo-home:ro,Z" "-v" "/var/lib/crater-agent-workspace/rustup-home:/opt/rustwide/rustup-home:ro,Z" "-m" "1610612736" "--network" "none" "ghcr.io/rust-lang/crates-build-env/linux@sha256:77db811e55d90add9212f6832c23229e3de5f1c1f9905e8cb07319ea15df73ac" "sleep" "infinity", kill_on_drop: false }`
[INFO] [stdout] 97d908494a2bd223d162de656c054f0aa9c01a5e07cf53c05fc6e9b04fe85aee
[INFO] running `Command { std: "docker" "start" "97d908494a2bd223d162de656c054f0aa9c01a5e07cf53c05fc6e9b04fe85aee", kill_on_drop: false }`
[INFO] running `Command { std: "docker" "inspect" "97d908494a2bd223d162de656c054f0aa9c01a5e07cf53c05fc6e9b04fe85aee", kill_on_drop: false }`
[INFO] running `Command { std: "docker" "exec" "-e" "SOURCE_DIR=/opt/rustwide/workdir" "-e" "CARGO_HOME=/opt/rustwide/cargo-home" "-e" "RUSTUP_HOME=/opt/rustwide/rustup-home" "-e" "CARGO_TARGET_DIR=/opt/rustwide/target" "-w" "/opt/rustwide/workdir" "--user" "0:0" "97d908494a2bd223d162de656c054f0aa9c01a5e07cf53c05fc6e9b04fe85aee" "/opt/rustwide/cargo-home/bin/cargo" "+1.100.0-beta.1" "metadata" "--no-deps" "--format-version=1", kill_on_drop: false }`
[INFO] running `Command { std: "docker" "inspect" "97d908494a2bd223d162de656c054f0aa9c01a5e07cf53c05fc6e9b04fe85aee", kill_on_drop: false }`
[INFO] running `Command { std: "docker" "exec" "-e" "SOURCE_DIR=/opt/rustwide/workdir" "-e" "CARGO_HOME=/opt/rustwide/cargo-home" "-e" "RUSTUP_HOME=/opt/rustwide/rustup-home" "-e" "CARGO_TARGET_DIR=/opt/rustwide/target" "-e" "CARGO_INCREMENTAL=0" "-e" "RUST_BACKTRACE=full" "-e" "RUSTFLAGS=--cap-lints=warn" "-e" "RUSTDOCFLAGS=--cap-lints=warn" "-w" "/opt/rustwide/workdir" "--user" "0:0" "97d908494a2bd223d162de656c054f0aa9c01a5e07cf53c05fc6e9b04fe85aee" "/opt/rustwide/cargo-home/bin/cargo" "+1.100.0-beta.1" "doc" "--frozen" "--no-deps" "--document-private-items" "--message-format=json", kill_on_drop: false }`
[INFO] [stderr]    Compiling proc-macro2 v1.0.107
[INFO] [stderr]    Compiling yansi v1.0.1
[INFO] [stderr]    Compiling proc-macro2-diagnostics v0.10.1
[INFO] [stderr]    Compiling pin-project-lite v0.2.17
[INFO] [stderr]     Checking errno v0.3.14
[INFO] [stderr]     Checking mio v1.2.4
[INFO] [stderr]     Checking socket2 v0.6.5
[INFO] [stderr]    Compiling cookie v0.18.2
[INFO] [stderr]    Compiling futures-sink v0.3.34
[INFO] [stderr]     Checking signal-hook-registry v1.4.8
[INFO] [stderr]    Compiling futures-core v0.3.34
[INFO] [stderr]    Compiling bitflags v2.13.2
[INFO] [stderr]    Compiling bytes v1.12.1
[INFO] [stderr]    Compiling itoa v1.0.18
[INFO] [stderr]    Compiling futures-task v0.3.34
[INFO] [stderr]     Checking futures-util v0.3.34
[INFO] [stderr]     Checking indexmap v2.14.2
[INFO] [stderr]    Compiling futures-channel v0.3.34
[INFO] [stderr]    Compiling tracing-core v0.1.36
[INFO] [stderr]    Compiling quote v1.0.47
[INFO] [stderr]    Compiling http v0.2.12
[INFO] [stderr]     Checking is-terminal v0.4.17
[INFO] [stderr]    Compiling uncased v0.9.10
[INFO] [stderr]    Compiling powerfmt v0.2.1
[INFO] [stderr]    Compiling syn v3.0.6
[INFO] [stderr]    Compiling syn v2.0.119
[INFO] [stderr]    Compiling try-lock v0.2.5
[INFO] [stderr]    Compiling deranged v0.5.8
[INFO] [stderr]    Compiling want v0.3.2
[INFO] [stderr]    Compiling tokio v1.53.2
[INFO] [stderr]    Compiling tracing v0.1.44
[INFO] [stderr]    Compiling http-body v0.4.6
[INFO] [stderr]    Compiling encoding_rs v0.8.42
[INFO] [stderr]    Compiling socket2 v0.5.10
[INFO] [stderr]    Compiling httparse v1.10.1
[INFO] [stderr]     Checking getrandom v0.2.17
[INFO] [stderr]    Compiling time v0.3.55
[INFO] [stderr]    Compiling inlinable_string v0.1.15
[INFO] [stderr]    Compiling httpdate v1.0.3
[INFO] [stderr]    Compiling futures-io v0.3.34
[INFO] [stderr]    Compiling percent-encoding v2.3.2
[INFO] [stderr]    Compiling rustix v1.1.5
[INFO] [stderr]     Checking smallvec v1.16.2
[INFO] [stderr]    Compiling tower-service v0.3.3
[INFO] [stderr]    Compiling stable-pattern v0.1.0
[INFO] [stderr]    Compiling futures v0.3.34
[INFO] [stderr]     Checking rand_core v0.6.4
[INFO] [stderr]     Checking ppv-lite86 v0.2.21
[INFO] [stderr]    Compiling multer v3.1.0
[INFO] [stderr]    Compiling figment v0.10.19
[INFO] [stderr]    Compiling either v1.19.0
[INFO] [stderr]    Compiling state v0.6.0
[INFO] [stderr]     Checking rand_chacha v0.3.1
[INFO] [stderr]     Checking parking_lot_core v0.9.12
[INFO] [stderr]     Checking getrandom v0.4.3
[INFO] [stderr]    Compiling rocket v0.5.1
[INFO] [stderr]    Compiling hyper v0.14.32
[INFO] [stderr]     Checking spin v0.9.9
[INFO] [stderr]     Checking parking_lot v0.12.5
[INFO] [stderr]     Checking rand v0.8.8
[INFO] [stderr]     Checking binascii v0.1.4
[INFO] [stderr]     Checking atomic v0.5.3
[INFO] [stderr]    Compiling serde_derive v1.0.229
[INFO] [stderr]    Compiling tokio-macros v2.7.2
[INFO] [stderr]    Compiling ref-cast-impl v1.0.27
[INFO] [stderr]    Compiling devise_core v0.4.2
[INFO] [stderr]    Compiling async-trait v0.1.92
[INFO] [stderr]     Checking tempfile v3.27.0
[INFO] [stderr]    Compiling ref-cast v1.0.27
[INFO] [stderr]    Compiling pear_codegen v0.2.9
[INFO] [stderr]    Compiling async-stream-impl v0.3.6
[INFO] [stderr]    Compiling devise_codegen v0.4.2
[INFO] [stderr]     Checking async-stream v0.3.6
[INFO] [stderr]     Checking pear v0.2.9
[INFO] [stderr]    Compiling devise v0.4.2
[INFO] [stderr]    Compiling rocket_db_pools_codegen v0.2.0
[INFO] [stderr]    Compiling rocket_http v0.5.1
[INFO] [stderr]     Checking serde v1.0.229
[INFO] [stderr]     Checking toml_datetime v0.6.11
[INFO] [stderr]     Checking serde_spanned v0.6.9
[INFO] [stderr]     Checking ubyte v0.10.4
[INFO] [stderr]     Checking toml_edit v0.22.27
[INFO] [stderr]    Compiling rocket_codegen v0.5.1
[INFO] [stderr]     Checking toml v0.8.23
[INFO] [stderr]     Checking tokio-util v0.7.19
[INFO] [stderr]     Checking tokio-stream v0.1.19
[INFO] [stderr]  Documenting rocket_db_pools v0.2.0 (/opt/rustwide/workdir)
[INFO] [stdout] warning: unresolved link to `deadpool`
[INFO] [stdout]    --> src/lib.rs:101:55
[INFO] [stdout]     |
[INFO] [stdout] 101 | //! At present, this crate supports _four_ drivers: [`deadpool`], [`sqlx`],
[INFO] [stdout]     |                                                       ^^^^^^^^ no item named `deadpool` in scope
[INFO] [stdout]     |
[INFO] [stdout]     = help: to escape `[` and `]` characters, add '\' before them like `\[` or `\]`
[INFO] [stdout]     = note: `#[warn(rustdoc::broken_intra_doc_links)]` on by default
[INFO] [stdout] 
[INFO] [stdout] 
[INFO] [stdout] warning: unresolved link to `sqlx`
[INFO] [stdout]    --> src/lib.rs:101:69
[INFO] [stdout]     |
[INFO] [stdout] 101 | //! At present, this crate supports _four_ drivers: [`deadpool`], [`sqlx`],
[INFO] [stdout]     |                                                                     ^^^^ no item named `sqlx` in scope
[INFO] [stdout]     |
[INFO] [stdout]     = help: to escape `[` and `]` characters, add '\' before them like `\[` or `\]`
[INFO] [stdout] 
[INFO] [stdout] 
[INFO] [stdout] warning: unresolved link to `mongodb`
[INFO] [stdout]    --> src/lib.rs:102:7
[INFO] [stdout]     |
[INFO] [stdout] 102 | //! [`mongodb`], and [`diesel`]. Each driver may support multiple databases.
[INFO] [stdout]     |       ^^^^^^^ no item named `mongodb` in scope
[INFO] [stdout]     |
[INFO] [stdout]     = help: to escape `[` and `]` characters, add '\' before them like `\[` or `\]`
[INFO] [stdout] 
[INFO] [stdout] 
[INFO] [stdout] warning: unresolved link to `diesel`
[INFO] [stdout]    --> src/lib.rs:102:24
[INFO] [stdout]     |
[INFO] [stdout] 102 | //! [`mongodb`], and [`diesel`]. Each driver may support multiple databases.
[INFO] [stdout]     |                        ^^^^^^ no item named `diesel` in scope
[INFO] [stdout]     |
[INFO] [stdout]     = help: to escape `[` and `]` characters, add '\' before them like `\[` or `\]`
[INFO] [stdout] 
[INFO] [stdout] 
[INFO] [stdout] warning: unresolved link to `deadpool_postgres::Pool`
[INFO] [stdout]    --> src/lib.rs:110:50
[INFO] [stdout]     |
[INFO] [stdout] 110 | //! | Postgres | `deadpool_postgres` (v0.13) | [`deadpool_postgres::Pool`] | [`deadpool_postgres::ClientWrapper`] |
[INFO] [stdout]     |                                                  ^^^^^^^^^^^^^^^^^^^^^^^ no item named `deadpool_postgres` in scope
[INFO] [stdout] 
[INFO] [stdout] 
[INFO] [stdout] warning: unresolved link to `deadpool_postgres::ClientWrapper`
[INFO] [stdout]    --> src/lib.rs:110:80
[INFO] [stdout]     |
[INFO] [stdout] 110 | //! | Postgres | `deadpool_postgres` (v0.13) | [`deadpool_postgres::Pool`] | [`deadpool_postgres::ClientWrapper`] |
[INFO] [stdout]     |                                                                                ^^^^^^^^^^^^^^^^^^^^^^^^^^^^^^^^ no item named `deadpool_postgres` in scope
[INFO] [stdout] 
[INFO] [stdout] 
[INFO] [stdout] warning: unresolved link to `deadpool_redis::Pool`
[INFO] [stdout]    --> src/lib.rs:111:50
[INFO] [stdout]     |
[INFO] [stdout] 111 | //! | Redis    | `deadpool_redis` (v0.15)    | [`deadpool_redis::Pool`]    | [`deadpool_redis::Connection`]       |
[INFO] [stdout]     |                                                  ^^^^^^^^^^^^^^^^^^^^ no item named `deadpool_redis` in scope
[INFO] [stdout] 
[INFO] [stdout] 
[INFO] [stdout] warning: unresolved link to `deadpool_redis::Connection`
[INFO] [stdout]    --> src/lib.rs:111:80
[INFO] [stdout]     |
[INFO] [stdout] 111 | //! | Redis    | `deadpool_redis` (v0.15)    | [`deadpool_redis::Pool`]    | [`deadpool_redis::Connection`]       |
[INFO] [stdout]     |                                                                                ^^^^^^^^^^^^^^^^^^^^^^^^^^ no item named `deadpool_redis` in scope
[INFO] [stdout] 
[INFO] [stdout] 
[INFO] [stdout] warning: unresolved link to `mongodb::Client`
[INFO] [stdout]    --> src/lib.rs:138:32
[INFO] [stdout]     |
[INFO] [stdout] 138 | //! | MongoDB  | `mongodb` | [`mongodb::Client`]                    |
[INFO] [stdout]     |                                ^^^^^^^^^^^^^^^ no item named `mongodb` in scope
[INFO] [stdout] 
[INFO] [stdout] 
[INFO] [stdout] warning: unresolved link to `diesel::PgPool`
[INFO] [stdout]    --> src/lib.rs:146:40
[INFO] [stdout]     |
[INFO] [stdout] 146 | //! | Postgres | `diesel_postgres` | [`diesel::PgPool`]    | [`diesel::AsyncPgConnection`]    |
[INFO] [stdout]     |                                        ^^^^^^^^^^^^^^ no item named `diesel` in scope
[INFO] [stdout] 
[INFO] [stdout] 
[INFO] [stdout] warning: unresolved link to `diesel::AsyncPgConnection`
[INFO] [stdout]    --> src/lib.rs:146:64
[INFO] [stdout]     |
[INFO] [stdout] 146 | //! | Postgres | `diesel_postgres` | [`diesel::PgPool`]    | [`diesel::AsyncPgConnection`]    |
[INFO] [stdout]     |                                                                ^^^^^^^^^^^^^^^^^^^^^^^^^ no item named `diesel` in scope
[INFO] [stdout] 
[INFO] [stdout] 
[INFO] [stdout] warning: unresolved link to `diesel::MysqlPool`
[INFO] [stdout]    --> src/lib.rs:147:40
[INFO] [stdout]     |
[INFO] [stdout] 147 | //! | MySQL    | `diesel_mysql`    | [`diesel::MysqlPool`] | [`diesel::AsyncMysqlConnection`] | //!
[INFO] [stdout]     |                                        ^^^^^^^^^^^^^^^^^ no item named `diesel` in scope
[INFO] [stdout] 
[INFO] [stdout] 
[INFO] [stdout] warning: unresolved link to `diesel::AsyncMysqlConnection`
[INFO] [stdout]    --> src/lib.rs:147:64
[INFO] [stdout]     |
[INFO] [stdout] 147 | //! | MySQL    | `diesel_mysql`    | [`diesel::MysqlPool`] | [`diesel::AsyncMysqlConnection`] | //!
[INFO] [stdout]     |                                                                ^^^^^^^^^^^^^^^^^^^^^^^^^^^^ no item named `diesel` in scope
[INFO] [stdout] 
[INFO] [stdout] 
[INFO] [stdout] warning: unresolved link to `diesel`
[INFO] [stdout]    --> src/lib.rs:149:11
[INFO] [stdout]     |
[INFO] [stdout] 149 | //! See [`diesel`] for usage details.
[INFO] [stdout]     |           ^^^^^^ no item named `diesel` in scope
[INFO] [stdout]     |
[INFO] [stdout]     = help: to escape `[` and `]` characters, add '\' before them like `\[` or `\]`
[INFO] [stdout] 
[INFO] [stdout] 
[INFO] [stdout] warning: unused content after last table cell
[INFO] [stdout]    --> src/lib.rs:147:96
[INFO] [stdout]     |
[INFO] [stdout] 147 | //! | MySQL    | `diesel_mysql`    | [`diesel::MysqlPool`] | [`diesel::AsyncMysqlConnection`] | //!
[INFO] [stdout]     |                                                                                                ^^^^ this content is discarded
[INFO] [stdout]     |
[INFO] [stdout]     = note: `#[warn(rustdoc::invalid_markdown_table)]` on by default
[INFO] [stdout] 
[INFO] [stdout] 
[INFO] [stdout] warning: redundant explicit link target
[INFO] [stdout]   --> src/database.rs:77:40
[INFO] [stdout]    |
[INFO] [stdout] 77 |     ///   * Rocket is in the [`Orbit`](rocket::Orbit) phase. That is, the
[INFO] [stdout]    |                               -------  ^^^^^^^^^^^^^ explicit target is redundant
[INFO] [stdout]    |                               |
[INFO] [stdout]    |                               because label contains path that resolves to same destination
[INFO] [stdout]    |
[INFO] [stdout]    = note: when a link's destination is not specified,
[INFO] [stdout]            the label is used to resolve intra-doc links
[INFO] [stdout]    = note: `#[warn(rustdoc::redundant_explicit_links)]` on by default
[INFO] [stdout] help: remove explicit link target
[INFO] [stdout]    |
[INFO] [stdout] 77 -     ///   * Rocket is in the [`Orbit`](rocket::Orbit) phase. That is, the
[INFO] [stdout] 77 +     ///   * Rocket is in the [`Orbit`] phase. That is, the
[INFO] [stdout]    |
[INFO] [stdout] 
[INFO] [stdout] 
[INFO] [stdout] warning: redundant explicit link target
[INFO] [stdout]   --> src/database.rs:80:45
[INFO] [stdout]    |
[INFO] [stdout] 80 |     ///   * _or_ Rocket is in the [`Build`](rocket::Build) or
[INFO] [stdout]    |                                    -------  ^^^^^^^^^^^^^ explicit target is redundant
[INFO] [stdout]    |                                    |
[INFO] [stdout]    |                                    because label contains path that resolves to same destination
[INFO] [stdout]    |
[INFO] [stdout]    = note: when a link's destination is not specified,
[INFO] [stdout]            the label is used to resolve intra-doc links
[INFO] [stdout] help: remove explicit link target
[INFO] [stdout]    |
[INFO] [stdout] 80 -     ///   * _or_ Rocket is in the [`Build`](rocket::Build) or
[INFO] [stdout] 80 +     ///   * _or_ Rocket is in the [`Build`] or
[INFO] [stdout]    |
[INFO] [stdout] 
[INFO] [stdout] 
[INFO] [stdout] warning: redundant explicit link target
[INFO] [stdout]   --> src/database.rs:81:24
[INFO] [stdout]    |
[INFO] [stdout] 81 |     ///     [`Ignite`](rocket::Ignite) phase and the `Initializer` fairing has
[INFO] [stdout]    |              --------  ^^^^^^^^^^^^^^ explicit target is redundant
[INFO] [stdout]    |              |
[INFO] [stdout]    |              because label contains path that resolves to same destination
[INFO] [stdout]    |
[INFO] [stdout]    = note: when a link's destination is not specified,
[INFO] [stdout]            the label is used to resolve intra-doc links
[INFO] [stdout] help: remove explicit link target
[INFO] [stdout]    |
[INFO] [stdout] 81 -     ///     [`Ignite`](rocket::Ignite) phase and the `Initializer` fairing has
[INFO] [stdout] 81 +     ///     [`Ignite`] phase and the `Initializer` fairing has
[INFO] [stdout]    |
[INFO] [stdout] 
[INFO] [stdout] 
[INFO] [stderr]     Finished `dev` profile [unoptimized + debuginfo] target(s) in 1m 27s
[INFO] [stderr]    Generated /opt/rustwide/target/doc/rocket_db_pools/index.html
[INFO] running `Command { std: "docker" "inspect" "97d908494a2bd223d162de656c054f0aa9c01a5e07cf53c05fc6e9b04fe85aee", kill_on_drop: false }`
[INFO] running `Command { std: "docker" "exec" "-e" "SOURCE_DIR=/opt/rustwide/workdir" "-e" "CARGO_HOME=/opt/rustwide/cargo-home" "-e" "RUSTUP_HOME=/opt/rustwide/rustup-home" "-e" "CARGO_TARGET_DIR=/opt/rustwide/target" "-e" "CARGO_INCREMENTAL=0" "-e" "RUST_BACKTRACE=full" "-e" "RUSTFLAGS=--cap-lints=warn" "-e" "RUSTDOCFLAGS=--cap-lints=warn" "-e" "DOCS_RS=1" "-e" "RUSTC_BOOTSTRAP=1" "-w" "/opt/rustwide/workdir" "--user" "0:0" "97d908494a2bd223d162de656c054f0aa9c01a5e07cf53c05fc6e9b04fe85aee" "/opt/rustwide/cargo-home/bin/cargo" "+1.100.0-beta.1" "rustdoc" "--lib" "-Zrustdoc-map" "--all-features" "--config" "build.rustdocflags=[\"--cfg\", \"docsrs\", \"-Z\", \"unstable-options\", \"--document-private-items\"]" "--frozen" "--message-format=json", kill_on_drop: false }`
[INFO] [stderr]    Compiling proc-macro2 v1.0.107
[INFO] [stderr]    Compiling cfg-if v1.0.5
[INFO] [stderr]    Compiling serde_core v1.0.229
[INFO] [stderr]     Checking smallvec v1.16.2
[INFO] [stderr]     Checking futures-io v0.3.34
[INFO] [stderr]    Compiling crossbeam-utils v0.8.23
[INFO] [stderr]    Compiling syn v1.0.109
[INFO] [stderr]    Compiling stable_deref_trait v1.2.1
[INFO] [stderr]    Compiling num-traits v0.2.19
[INFO] [stderr]    Compiling const-oid v0.9.6
[INFO] [stderr]     Checking digest v0.10.7
[INFO] [stderr]    Compiling libm v0.2.16
[INFO] [stderr]    Compiling typenum v1.20.1
[INFO] [stderr]    Compiling futures-core v0.3.34
[INFO] [stderr]     Checking getrandom v0.3.4
[INFO] [stderr]    Compiling getrandom v0.2.17
[INFO] [stderr]     Checking indexmap v2.14.2
[INFO] [stderr]    Compiling minimal-lexical v0.2.1
[INFO] [stderr]    Compiling zerocopy v0.8.62
[INFO] [stderr]    Compiling subtle v2.6.1
[INFO] [stderr]    Compiling scopeguard v1.2.0
[INFO] [stderr]    Compiling nom v7.1.3
[INFO] [stderr]    Compiling lock_api v0.4.14
[INFO] [stderr]    Compiling quote v1.0.47
[INFO] [stderr]    Compiling slab v0.4.12
[INFO] [stderr]    Compiling syn v3.0.6
[INFO] [stderr]    Compiling syn v2.0.119
[INFO] [stderr]    Compiling generic-array v0.14.7
[INFO] [stderr]    Compiling block-buffer v0.10.4
[INFO] [stderr]    Compiling crypto-common v0.1.7
[INFO] [stderr]    Compiling litemap v0.8.3
[INFO] [stderr]    Compiling writeable v0.6.4
[INFO] [stderr]    Compiling futures-task v0.3.34
[INFO] [stderr]     Checking tinyvec v1.13.3
[INFO] [stderr]    Compiling futures-util v0.3.34
[INFO] [stderr]    Compiling time-macros v0.2.32
[INFO] [stderr]    Compiling bitflags v2.13.2
[INFO] [stderr]     Checking unicode-normalization v0.1.25
[INFO] [stderr]     Checking rand v0.8.8
[INFO] [stderr]     Checking getrandom v0.4.3
[INFO] [stderr]     Checking ahash v0.8.12
[INFO] [stderr]     Checking parking_lot_core v0.9.12
[INFO] [stderr]     Checking lazy_static v1.5.1
[INFO] [stderr]     Checking form_urlencoded v1.2.2
[INFO] [stderr]    Compiling utf8_iter v1.0.4
[INFO] [stderr]     Checking unicode-bidi v0.3.18
[INFO] [stderr]    Compiling tokio v1.53.2
[INFO] [stderr]     Checking parking_lot v0.12.5
[INFO] [stderr]    Compiling num-integer v0.1.47
[INFO] [stderr]    Compiling futures-channel v0.3.34
[INFO] [stderr]    Compiling serde_json v1.0.151
[INFO] [stderr]    Compiling heck v0.4.1
[INFO] [stderr]    Compiling icu_properties_data v2.3.0
[INFO] [stderr]    Compiling icu_normalizer_data v2.3.0
[INFO] [stderr]    Compiling untrusted v0.9.0
[INFO] [stderr]     Checking ring v0.17.14
[INFO] [stderr]    Compiling synstructure v0.14.0
[INFO] [stderr]    Compiling proc-macro2-diagnostics v0.10.1
[INFO] [stderr]    Compiling rand_core v0.6.4
[INFO] [stderr]    Compiling base64ct v1.8.3
[INFO] [stderr]     Checking unicode-properties v0.1.4
[INFO] [stderr]    Compiling zeroize v1.9.1
[INFO] [stderr]     Checking stringprep v0.1.5
[INFO] [stderr]    Compiling pem-rfc7468 v0.7.0
[INFO] [stderr]     Checking ctutils v0.4.3
[INFO] [stderr]    Compiling ppv-lite86 v0.2.21
[INFO] [stderr]     Checking lexical-util v0.8.5
[INFO] [stderr]    Compiling zerofrom-derive v0.1.8
[INFO] [stderr]    Compiling yoke-derive v0.8.4
[INFO] [stderr]    Compiling zerovec-derive v0.11.6
[INFO] [stderr]    Compiling displaydoc v0.2.7
[INFO] [stderr]    Compiling serde_derive v1.0.229
[INFO] [stderr]    Compiling tokio-macros v2.7.2
[INFO] [stderr]    Compiling futures-macro v0.3.34
[INFO] [stderr]    Compiling thiserror-impl v1.0.69
[INFO] [stderr]    Compiling tracing-attributes v0.1.31
[INFO] [stderr]    Compiling async-trait v0.1.92
[INFO] [stderr]     Checking zerofrom v0.1.8
[INFO] [stderr]     Checking yoke v0.8.3
[INFO] [stderr]     Checking zerovec v0.11.8
[INFO] [stderr]     Checking zerotrie v0.2.5
[INFO] [stderr]     Checking tinystr v0.8.4
[INFO] [stderr]     Checking potential_utf v0.1.6
[INFO] [stderr]     Checking icu_locale_core v2.3.0
[INFO] [stderr]     Checking icu_collections v2.3.0
[INFO] [stderr]    Compiling tracing v0.1.44
[INFO] [stderr]    Compiling thiserror v1.0.69
[INFO] [stderr]     Checking block-buffer v0.12.1
[INFO] [stderr]     Checking sha2 v0.10.9
[INFO] [stderr]    Compiling clang-sys v1.9.1
[INFO] [stderr]    Compiling spin v0.9.9
[INFO] [stderr]     Checking icu_provider v2.3.1
[INFO] [stderr]    Compiling openssl-sys v0.9.117
[INFO] [stderr]     Checking icu_properties v2.3.0
[INFO] [stderr]     Checking icu_normalizer v2.3.0
[INFO] [stderr]    Compiling allocator-api2 v0.2.21
[INFO] [stderr]    Compiling rustls v0.21.12
[INFO] [stderr]     Checking serde v1.0.229
[INFO] [stderr]     Checking time-core v0.1.9
[INFO] [stderr]     Checking digest v0.11.3
[INFO] [stderr]     Checking time v0.3.55
[INFO] [stderr]    Compiling hashbrown v0.14.5
[INFO] [stderr]    Compiling rand_chacha v0.3.1
[INFO] [stderr]    Compiling either v1.19.0
[INFO] [stderr]    Compiling der v0.7.10
[INFO] [stderr]     Checking idna_adapter v1.2.2
[INFO] [stderr]     Checking idna v1.1.0
[INFO] [stderr]    Compiling sct v0.7.1
[INFO] [stderr]    Compiling rustls-webpki v0.101.7
[INFO] [stderr]     Checking url v2.5.8
[INFO] [stderr]     Checking crossbeam-queue v0.3.14
[INFO] [stderr]    Compiling zmij v1.0.23
[INFO] [stderr]    Compiling libsqlite3-sys v0.27.0
[INFO] [stderr]    Compiling base64 v0.21.7
[INFO] [stderr]    Compiling unicode_categories v0.1.1
[INFO] [stderr]    Compiling regex-syntax v0.8.11
[INFO] [stderr]    Compiling crc-catalog v2.5.0
[INFO] [stderr]     Checking tokio-util v0.7.19
[INFO] [stderr]    Compiling sqlformat v0.2.6
[INFO] [stderr]    Compiling spki v0.7.3
[INFO] [stderr]    Compiling crc v3.4.0
[INFO] [stderr]    Compiling rustls-pemfile v1.0.4
[INFO] [stderr]    Compiling hashlink v0.8.4
[INFO] [stderr]    Compiling regex-automata v0.4.18
[INFO] [stderr]    Compiling futures-intrusive v0.5.0
[INFO] [stderr]    Compiling tokio-stream v0.1.19
[INFO] [stderr]    Compiling pear_codegen v0.2.9
[INFO] [stderr]    Compiling atoi v2.0.0
[INFO] [stderr]    Compiling libloading v0.8.9
[INFO] [stderr]    Compiling proc-macro-error-attr v1.0.4
[INFO] [stderr]    Compiling event-listener v2.5.3
[INFO] [stderr]    Compiling hex v0.4.3
[INFO] [stderr]    Compiling bindgen v0.73.2
[INFO] [stderr]    Compiling frunk_core v0.5.0
[INFO] [stderr]    Compiling byteorder v1.5.0
[INFO] [stderr]    Compiling webpki-roots v0.25.4
[INFO] [stderr]     Checking wyz v0.5.1
[INFO] [stderr]    Compiling darling_core v0.20.11
[INFO] [stderr]    Compiling regex v1.13.1
[INFO] [stderr]    Compiling pkcs8 v0.10.2
[INFO] [stderr]     Checking chacha20 v0.10.2
[INFO] [stderr]     Checking lexical-parse-integer v0.8.6
[INFO] [stderr]    Compiling sqlx-core v0.7.4
[INFO] [stderr]     Checking lexical-write-integer v0.8.5
[INFO] [stderr]    Compiling ref-cast-impl v1.0.27
[INFO] [stderr]    Compiling frunk_proc_macro_helpers v0.1.5
[INFO] [stderr]    Compiling num-iter v0.1.46
[INFO] [stderr]    Compiling cexpr v0.6.0
[INFO] [stderr]    Compiling hmac v0.12.1
[INFO] [stderr]    Compiling libz-sys v1.1.29
[INFO] [stderr]    Compiling proc-macro-error v1.0.4
[INFO] [stderr]    Compiling toml_datetime v0.6.11
[INFO] [stderr]    Compiling winnow v0.5.40
[INFO] [stderr]    Compiling openssl v0.10.81
[INFO] [stderr]    Compiling rustc-hash v2.1.3
[INFO] [stderr]    Compiling darling_macro v0.20.11
[INFO] [stderr]    Compiling darling_core v0.13.4
[INFO] [stderr]     Checking bitvec v1.1.1
[INFO] [stderr]    Compiling toml_edit v0.19.15
[INFO] [stderr]    Compiling hkdf v0.12.4
[INFO] [stderr]    Compiling num-bigint-dig v0.8.6
[INFO] [stderr]     Checking lexical-write-float v0.8.5
[INFO] [stderr]     Checking lexical-parse-float v0.8.5
[INFO] [stderr]     Checking rand v0.10.3
[INFO] [stderr]    Compiling pkcs1 v0.7.5
[INFO] [stderr]     Checking deadpool-runtime v0.1.4
[INFO] [stderr]     Checking sha2 v0.11.0
[INFO] [stderr]     Checking hmac v0.13.0
[INFO] [stderr]     Checking md-5 v0.11.0
[INFO] [stderr]    Compiling openssl-macros v0.1.1
[INFO] [stderr]    Compiling signature v2.2.0
[INFO] [stderr]    Compiling devise_core v0.4.2
[INFO] [stderr]     Checking sha1 v0.10.7
[INFO] [stderr]     Checking uuid v1.27.0
[INFO] [stderr]    Compiling md-5 v0.10.6
[INFO] [stderr]    Compiling subprocess v0.2.15
[INFO] [stderr]    Compiling cmake v0.1.58
[INFO] [stderr]    Compiling indexmap v1.9.3
[INFO] [stderr]     Checking siphasher v1.0.4
[INFO] [stderr]    Compiling crossbeam-deque v0.8.8
[INFO] [stderr]    Compiling whoami v1.6.1
[INFO] [stderr]     Checking fallible-iterator v0.2.0
[INFO] [stderr]    Compiling dotenvy v0.15.7
[INFO] [stderr]     Checking phf_shared v0.13.1
[INFO] [stderr]    Compiling native-tls v0.2.18
[INFO] [stderr]    Compiling rustix v1.1.5
[INFO] [stderr]     Checking postgres-protocol v0.6.12
[INFO] [stderr]    Compiling devise_codegen v0.4.2
[INFO] [stderr]    Compiling rsa v0.9.10
[INFO] [stderr]    Compiling proc-macro-crate v1.3.1
[INFO] [stderr]     Checking lexical-core v0.8.5
[INFO] [stderr]    Compiling darling_macro v0.13.4
[INFO] [stderr]     Checking crossbeam-epoch v0.9.21
[INFO] [stderr]    Compiling darling v0.20.11
[INFO] [stderr]     Checking crc32fast v1.5.2
[INFO] [stderr]    Compiling frunk_proc_macros v0.1.5
[INFO] [stderr]    Compiling frunk_derives v0.4.4
[INFO] [stderr]     Checking serde_spanned v0.6.9
[INFO] [stderr]    Compiling flume v0.11.1
[INFO] [stderr]     Checking num-bigint v0.4.8
[INFO] [stderr]    Compiling futures-executor v0.3.34
[INFO] [stderr]     Checking rand_core v0.9.5
[INFO] [stderr]    Compiling priority-queue v1.4.0
[INFO] [stderr]    Compiling termcolor v1.4.1
[INFO] [stderr]     Checking frunk_core v0.4.4
[INFO] [stderr]     Checking matches v0.1.10
[INFO] [stderr]     Checking arrayvec v0.7.8
[INFO] [stderr]    Compiling urlencoding v2.1.3
[INFO] [stderr]     Checking semver-parser v0.7.0
[INFO] [stderr]     Checking hashbrown v0.12.3
[INFO] [stderr]    Compiling mysql_common v0.30.6
[INFO] [stderr]    Compiling home v0.5.12
[INFO] [stderr]    Compiling sqlx-postgres v0.7.4
[INFO] [stderr]     Checking toml_edit v0.22.27
[INFO] [stderr]    Compiling hyper v0.14.32
[INFO] [stderr]     Checking bigdecimal v0.3.1
[INFO] [stderr]     Checking semver v0.9.0
[INFO] [stderr]    Compiling cookie v0.18.2
[INFO] [stderr]     Checking rust_decimal v1.43.0
[INFO] [stdout] error[E0277]: the trait bound `!: sqlx_core::io::Decode<'_>` is not satisfied
[INFO] [stdout]   --> /opt/rustwide/cargo-home/registry/src/index.crates.io-1949cf8c6b5b557f/sqlx-postgres-0.7.4/src/connection/executor.rs:68:10
[INFO] [stdout]    |
[INFO] [stdout] 68 |         .recv_expect(MessageFormat::ParseComplete)
[INFO] [stdout]    |          ^^^^^^^^^^^ the trait `sqlx_core::io::Decode<'_>` is not implemented for `!`
[INFO] [stdout]    |
[INFO] [stdout]    = help: the following other types implement trait `sqlx_core::io::Decode<'de, Context>`:
[INFO] [stdout]              ()
[INFO] [stdout]              Authentication
[INFO] [stdout]              AuthenticationSaslContinue
[INFO] [stdout]              AuthenticationSaslFinal
[INFO] [stdout]              BackendKeyData
[INFO] [stdout]              CommandComplete
[INFO] [stdout]              CopyData<sqlx_core::bytes::Bytes>
[INFO] [stdout]              CopyDone
[INFO] [stdout]            and 10 others
[INFO] [stdout]    = note: this error might have been caused by changes to Rust's type-inference algorithm (see issue #148922 <https://github.com/rust-lang/rust/issues/148922> for more information)
[INFO] [stdout]    = help: you might have intended to use the type `()` here instead
[INFO] [stdout] note: required by a bound in `PgStream::recv_expect`
[INFO] [stdout]   --> /opt/rustwide/cargo-home/registry/src/index.crates.io-1949cf8c6b5b557f/sqlx-postgres-0.7.4/src/connection/stream.rs:68:45
[INFO] [stdout]    |
[INFO] [stdout] 41 | impl PgStream {
[INFO] [stdout] ...
[INFO] [stdout] 68 |     pub(crate) async fn recv_expect<'de, T: Decode<'de>>(
[INFO] [stdout]    |                                             ^^^^^^^^^^^ required by this bound in `PgStream::recv_expect`
[INFO] [stdout] 
[INFO] [stdout] 
[INFO] [stdout] error[E0277]: the trait bound `!: sqlx_core::io::Decode<'_>` is not satisfied
[INFO] [stdout]   --> /opt/rustwide/cargo-home/registry/src/index.crates.io-1949cf8c6b5b557f/sqlx-postgres-0.7.4/src/connection/executor.rs:66:13
[INFO] [stdout]    |
[INFO] [stdout] 66 |       let _ = conn
[INFO] [stdout]    |  _____________^
[INFO] [stdout] 67 | |         .stream
[INFO] [stdout] 68 | |         .recv_expect(MessageFormat::ParseComplete)
[INFO] [stdout]    | |__________________________________________________^ the trait `sqlx_core::io::Decode<'_>` is not implemented for `!`
[INFO] [stdout]    |
[INFO] [stdout]    = help: the following other types implement trait `sqlx_core::io::Decode<'de, Context>`:
[INFO] [stdout]              ()
[INFO] [stdout]              Authentication
[INFO] [stdout]              AuthenticationSaslContinue
[INFO] [stdout]              AuthenticationSaslFinal
[INFO] [stdout]              BackendKeyData
[INFO] [stdout]              CommandComplete
[INFO] [stdout]              CopyData<sqlx_core::bytes::Bytes>
[INFO] [stdout]              CopyDone
[INFO] [stdout]            and 10 others
[INFO] [stdout]    = note: this error might have been caused by changes to Rust's type-inference algorithm (see issue #148922 <https://github.com/rust-lang/rust/issues/148922> for more information)
[INFO] [stdout]    = help: you might have intended to use the type `()` here instead
[INFO] [stdout] note: required by a bound in `PgStream::recv_expect`
[INFO] [stdout]   --> /opt/rustwide/cargo-home/registry/src/index.crates.io-1949cf8c6b5b557f/sqlx-postgres-0.7.4/src/connection/stream.rs:68:45
[INFO] [stdout]    |
[INFO] [stdout] 41 | impl PgStream {
[INFO] [stdout] ...
[INFO] [stdout] 68 |     pub(crate) async fn recv_expect<'de, T: Decode<'de>>(
[INFO] [stdout]    |                                             ^^^^^^^^^^^ required by this bound in `PgStream::recv_expect`
[INFO] [stdout] 
[INFO] [stdout] 
[INFO] [stdout] error[E0277]: the trait bound `!: sqlx_core::io::Decode<'_>` is not satisfied
[INFO] [stdout]   --> /opt/rustwide/cargo-home/registry/src/index.crates.io-1949cf8c6b5b557f/sqlx-postgres-0.7.4/src/connection/executor.rs:69:10
[INFO] [stdout]    |
[INFO] [stdout] 69 |         .await?;
[INFO] [stdout]    |          ^^^^^ the trait `sqlx_core::io::Decode<'_>` is not implemented for `!`
[INFO] [stdout]    |
[INFO] [stdout]    = help: the following other types implement trait `sqlx_core::io::Decode<'de, Context>`:
[INFO] [stdout]              ()
[INFO] [stdout]              Authentication
[INFO] [stdout]              AuthenticationSaslContinue
[INFO] [stdout]              AuthenticationSaslFinal
[INFO] [stdout]              BackendKeyData
[INFO] [stdout]              CommandComplete
[INFO] [stdout]              CopyData<sqlx_core::bytes::Bytes>
[INFO] [stdout]              CopyDone
[INFO] [stdout]            and 10 others
[INFO] [stdout]    = note: this error might have been caused by changes to Rust's type-inference algorithm (see issue #148922 <https://github.com/rust-lang/rust/issues/148922> for more information)
[INFO] [stdout]    = help: you might have intended to use the type `()` here instead
[INFO] [stdout] note: required by a bound in `PgStream::recv_expect`
[INFO] [stdout]   --> /opt/rustwide/cargo-home/registry/src/index.crates.io-1949cf8c6b5b557f/sqlx-postgres-0.7.4/src/connection/stream.rs:68:45
[INFO] [stdout]    |
[INFO] [stdout] 41 | impl PgStream {
[INFO] [stdout] ...
[INFO] [stdout] 68 |     pub(crate) async fn recv_expect<'de, T: Decode<'de>>(
[INFO] [stdout]    |                                             ^^^^^^^^^^^ required by this bound in `PgStream::recv_expect`
[INFO] [stdout] 
[INFO] [stdout] 
[INFO] [stderr]    Compiling mysql-common-derive v0.30.2
[INFO] [stderr]    Compiling sqlx-sqlite v0.7.4
[INFO] [stderr]     Checking idna v0.2.3
[INFO] [stdout] error[E0277]: the trait bound `!: sqlx_core::io::Decode<'_>` is not satisfied
[INFO] [stdout]    --> /opt/rustwide/cargo-home/registry/src/index.crates.io-1949cf8c6b5b557f/sqlx-postgres-0.7.4/src/copy.rs:280:30
[INFO] [stdout]     |
[INFO] [stdout] 280 | ...                   .recv_expect(MessageFormat::ReadyForQuery)
[INFO] [stdout]     |                        ^^^^^^^^^^^ the trait `sqlx_core::io::Decode<'_>` is not implemented for `!`
[INFO] [stdout]     |
[INFO] [stdout]     = help: the following other types implement trait `sqlx_core::io::Decode<'de, Context>`:
[INFO] [stdout]               ()
[INFO] [stdout]               Authentication
[INFO] [stdout]               AuthenticationSaslContinue
[INFO] [stdout]               AuthenticationSaslFinal
[INFO] [stdout]               BackendKeyData
[INFO] [stdout]               CommandComplete
[INFO] [stdout]               CopyData<sqlx_core::bytes::Bytes>
[INFO] [stdout]               CopyDone
[INFO] [stdout]             and 10 others
[INFO] [stdout]     = note: this error might have been caused by changes to Rust's type-inference algorithm (see issue #148922 <https://github.com/rust-lang/rust/issues/148922> for more information)
[INFO] [stdout]     = help: you might have intended to use the type `()` here instead
[INFO] [stdout] note: required by a bound in `PgStream::recv_expect`
[INFO] [stdout]    --> /opt/rustwide/cargo-home/registry/src/index.crates.io-1949cf8c6b5b557f/sqlx-postgres-0.7.4/src/connection/stream.rs:68:45
[INFO] [stdout]     |
[INFO] [stdout]  41 | impl PgStream {
[INFO] [stdout] ...
[INFO] [stdout]  68 |     pub(crate) async fn recv_expect<'de, T: Decode<'de>>(
[INFO] [stdout]     |                                             ^^^^^^^^^^^ required by this bound in `PgStream::recv_expect`
[INFO] [stdout] 
[INFO] [stdout] 
[INFO] [stdout] error[E0277]: the trait bound `!: sqlx_core::io::Decode<'_>` is not satisfied
[INFO] [stdout]    --> /opt/rustwide/cargo-home/registry/src/index.crates.io-1949cf8c6b5b557f/sqlx-postgres-0.7.4/src/copy.rs:279:25
[INFO] [stdout]     |
[INFO] [stdout] 279 | /                         conn.stream
[INFO] [stdout] 280 | |                             .recv_expect(MessageFormat::ReadyForQuery)
[INFO] [stdout]     | |______________________________________________________________________^ the trait `sqlx_core::io::Decode<'_>` is not implemented for `!`
[INFO] [stdout]     |
[INFO] [stdout]     = help: the following other types implement trait `sqlx_core::io::Decode<'de, Context>`:
[INFO] [stdout]               ()
[INFO] [stdout]               Authentication
[INFO] [stdout]               AuthenticationSaslContinue
[INFO] [stdout]               AuthenticationSaslFinal
[INFO] [stdout]               BackendKeyData
[INFO] [stdout]               CommandComplete
[INFO] [stdout]               CopyData<sqlx_core::bytes::Bytes>
[INFO] [stdout]               CopyDone
[INFO] [stdout]             and 10 others
[INFO] [stdout]     = note: this error might have been caused by changes to Rust's type-inference algorithm (see issue #148922 <https://github.com/rust-lang/rust/issues/148922> for more information)
[INFO] [stdout]     = help: you might have intended to use the type `()` here instead
[INFO] [stdout] note: required by a bound in `PgStream::recv_expect`
[INFO] [stdout]    --> /opt/rustwide/cargo-home/registry/src/index.crates.io-1949cf8c6b5b557f/sqlx-postgres-0.7.4/src/connection/stream.rs:68:45
[INFO] [stdout]     |
[INFO] [stdout]  41 | impl PgStream {
[INFO] [stdout] ...
[INFO] [stdout]  68 |     pub(crate) async fn recv_expect<'de, T: Decode<'de>>(
[INFO] [stdout]     |                                             ^^^^^^^^^^^ required by this bound in `PgStream::recv_expect`
[INFO] [stdout] 
[INFO] [stdout] 
[INFO] [stdout] error[E0277]: the trait bound `!: sqlx_core::io::Decode<'_>` is not satisfied
[INFO] [stdout]    --> /opt/rustwide/cargo-home/registry/src/index.crates.io-1949cf8c6b5b557f/sqlx-postgres-0.7.4/src/copy.rs:281:30
[INFO] [stdout]     |
[INFO] [stdout] 281 | ...                   .await?;
[INFO] [stdout]     |                        ^^^^^ the trait `sqlx_core::io::Decode<'_>` is not implemented for `!`
[INFO] [stdout]     |
[INFO] [stdout]     = help: the following other types implement trait `sqlx_core::io::Decode<'de, Context>`:
[INFO] [stdout]               ()
[INFO] [stdout]               Authentication
[INFO] [stdout]               AuthenticationSaslContinue
[INFO] [stdout]               AuthenticationSaslFinal
[INFO] [stdout]               BackendKeyData
[INFO] [stdout]               CommandComplete
[INFO] [stdout]               CopyData<sqlx_core::bytes::Bytes>
[INFO] [stdout]               CopyDone
[INFO] [stdout]             and 10 others
[INFO] [stdout]     = note: this error might have been caused by changes to Rust's type-inference algorithm (see issue #148922 <https://github.com/rust-lang/rust/issues/148922> for more information)
[INFO] [stdout]     = help: you might have intended to use the type `()` here instead
[INFO] [stdout] note: required by a bound in `PgStream::recv_expect`
[INFO] [stdout]    --> /opt/rustwide/cargo-home/registry/src/index.crates.io-1949cf8c6b5b557f/sqlx-postgres-0.7.4/src/connection/stream.rs:68:45
[INFO] [stdout]     |
[INFO] [stdout]  41 | impl PgStream {
[INFO] [stdout] ...
[INFO] [stdout]  68 |     pub(crate) async fn recv_expect<'de, T: Decode<'de>>(
[INFO] [stdout]     |                                             ^^^^^^^^^^^ required by this bound in `PgStream::recv_expect`
[INFO] [stdout] 
[INFO] [stdout] 
[INFO] [stdout] error[E0277]: the trait bound `!: sqlx_core::io::Decode<'_>` is not satisfied
[INFO] [stdout]    --> /opt/rustwide/cargo-home/registry/src/index.crates.io-1949cf8c6b5b557f/sqlx-postgres-0.7.4/src/copy.rs:314:14
[INFO] [stdout]     |
[INFO] [stdout] 314 |             .recv_expect(MessageFormat::ReadyForQuery)
[INFO] [stdout]     |              ^^^^^^^^^^^ the trait `sqlx_core::io::Decode<'_>` is not implemented for `!`
[INFO] [stdout]     |
[INFO] [stdout]     = help: the following other types implement trait `sqlx_core::io::Decode<'de, Context>`:
[INFO] [stdout]               ()
[INFO] [stdout]               Authentication
[INFO] [stdout]               AuthenticationSaslContinue
[INFO] [stdout]               AuthenticationSaslFinal
[INFO] [stdout]               BackendKeyData
[INFO] [stdout]               CommandComplete
[INFO] [stdout]               CopyData<sqlx_core::bytes::Bytes>
[INFO] [stdout]               CopyDone
[INFO] [stdout]             and 10 others
[INFO] [stdout]     = note: this error might have been caused by changes to Rust's type-inference algorithm (see issue #148922 <https://github.com/rust-lang/rust/issues/148922> for more information)
[INFO] [stdout]     = help: you might have intended to use the type `()` here instead
[INFO] [stdout] note: required by a bound in `PgStream::recv_expect`
[INFO] [stdout]    --> /opt/rustwide/cargo-home/registry/src/index.crates.io-1949cf8c6b5b557f/sqlx-postgres-0.7.4/src/connection/stream.rs:68:45
[INFO] [stdout]     |
[INFO] [stdout]  41 | impl PgStream {
[INFO] [stdout] ...
[INFO] [stdout]  68 |     pub(crate) async fn recv_expect<'de, T: Decode<'de>>(
[INFO] [stdout]     |                                             ^^^^^^^^^^^ required by this bound in `PgStream::recv_expect`
[INFO] [stdout] 
[INFO] [stdout] 
[INFO] [stdout] error[E0277]: the trait bound `!: sqlx_core::io::Decode<'_>` is not satisfied
[INFO] [stdout]    --> /opt/rustwide/cargo-home/registry/src/index.crates.io-1949cf8c6b5b557f/sqlx-postgres-0.7.4/src/copy.rs:313:9
[INFO] [stdout]     |
[INFO] [stdout] 313 | /         conn.stream
[INFO] [stdout] 314 | |             .recv_expect(MessageFormat::ReadyForQuery)
[INFO] [stdout]     | |______________________________________________________^ the trait `sqlx_core::io::Decode<'_>` is not implemented for `!`
[INFO] [stdout]     |
[INFO] [stdout]     = help: the following other types implement trait `sqlx_core::io::Decode<'de, Context>`:
[INFO] [stdout]               ()
[INFO] [stdout]               Authentication
[INFO] [stdout]               AuthenticationSaslContinue
[INFO] [stdout]               AuthenticationSaslFinal
[INFO] [stdout]               BackendKeyData
[INFO] [stdout]               CommandComplete
[INFO] [stdout]               CopyData<sqlx_core::bytes::Bytes>
[INFO] [stdout]               CopyDone
[INFO] [stdout]             and 10 others
[INFO] [stdout]     = note: this error might have been caused by changes to Rust's type-inference algorithm (see issue #148922 <https://github.com/rust-lang/rust/issues/148922> for more information)
[INFO] [stdout]     = help: you might have intended to use the type `()` here instead
[INFO] [stdout] note: required by a bound in `PgStream::recv_expect`
[INFO] [stdout]    --> /opt/rustwide/cargo-home/registry/src/index.crates.io-1949cf8c6b5b557f/sqlx-postgres-0.7.4/src/connection/stream.rs:68:45
[INFO] [stdout]     |
[INFO] [stdout]  41 | impl PgStream {
[INFO] [stdout] ...
[INFO] [stdout]  68 |     pub(crate) async fn recv_expect<'de, T: Decode<'de>>(
[INFO] [stdout]     |                                             ^^^^^^^^^^^ required by this bound in `PgStream::recv_expect`
[INFO] [stdout] 
[INFO] [stdout] 
[INFO] [stdout] error[E0277]: the trait bound `!: sqlx_core::io::Decode<'_>` is not satisfied
[INFO] [stdout]    --> /opt/rustwide/cargo-home/registry/src/index.crates.io-1949cf8c6b5b557f/sqlx-postgres-0.7.4/src/copy.rs:315:14
[INFO] [stdout]     |
[INFO] [stdout] 315 |             .await?;
[INFO] [stdout]     |              ^^^^^ the trait `sqlx_core::io::Decode<'_>` is not implemented for `!`
[INFO] [stdout]     |
[INFO] [stdout]     = help: the following other types implement trait `sqlx_core::io::Decode<'de, Context>`:
[INFO] [stdout]               ()
[INFO] [stdout]               Authentication
[INFO] [stdout]               AuthenticationSaslContinue
[INFO] [stdout]               AuthenticationSaslFinal
[INFO] [stdout]               BackendKeyData
[INFO] [stdout]               CommandComplete
[INFO] [stdout]               CopyData<sqlx_core::bytes::Bytes>
[INFO] [stdout]               CopyDone
[INFO] [stdout]             and 10 others
[INFO] [stdout]     = note: this error might have been caused by changes to Rust's type-inference algorithm (see issue #148922 <https://github.com/rust-lang/rust/issues/148922> for more information)
[INFO] [stdout]     = help: you might have intended to use the type `()` here instead
[INFO] [stdout] note: required by a bound in `PgStream::recv_expect`
[INFO] [stdout]    --> /opt/rustwide/cargo-home/registry/src/index.crates.io-1949cf8c6b5b557f/sqlx-postgres-0.7.4/src/connection/stream.rs:68:45
[INFO] [stdout]     |
[INFO] [stdout]  41 | impl PgStream {
[INFO] [stdout] ...
[INFO] [stdout]  68 |     pub(crate) async fn recv_expect<'de, T: Decode<'de>>(
[INFO] [stdout]     |                                             ^^^^^^^^^^^ required by this bound in `PgStream::recv_expect`
[INFO] [stdout] 
[INFO] [stdout] 
[INFO] [stdout] error[E0277]: the trait bound `!: sqlx_core::io::Decode<'_>` is not satisfied
[INFO] [stdout]    --> /opt/rustwide/cargo-home/registry/src/index.crates.io-1949cf8c6b5b557f/sqlx-postgres-0.7.4/src/copy.rs:350:33
[INFO] [stdout]     |
[INFO] [stdout] 350 |                     conn.stream.recv_expect(MessageFormat::CommandComplete).await?;
[INFO] [stdout]     |                                 ^^^^^^^^^^^ the trait `sqlx_core::io::Decode<'_>` is not implemented for `!`
[INFO] [stdout]     |
[INFO] [stdout]     = help: the following other types implement trait `sqlx_core::io::Decode<'de, Context>`:
[INFO] [stdout]               ()
[INFO] [stdout]               Authentication
[INFO] [stdout]               AuthenticationSaslContinue
[INFO] [stdout]               AuthenticationSaslFinal
[INFO] [stdout]               BackendKeyData
[INFO] [stdout]               CommandComplete
[INFO] [stdout]               CopyData<sqlx_core::bytes::Bytes>
[INFO] [stdout]               CopyDone
[INFO] [stdout]             and 10 others
[INFO] [stdout]     = note: this error might have been caused by changes to Rust's type-inference algorithm (see issue #148922 <https://github.com/rust-lang/rust/issues/148922> for more information)
[INFO] [stdout]     = help: you might have intended to use the type `()` here instead
[INFO] [stdout] note: required by a bound in `PgStream::recv_expect`
[INFO] [stdout]    --> /opt/rustwide/cargo-home/registry/src/index.crates.io-1949cf8c6b5b557f/sqlx-postgres-0.7.4/src/connection/stream.rs:68:45
[INFO] [stdout]     |
[INFO] [stdout]  41 | impl PgStream {
[INFO] [stdout] ...
[INFO] [stdout]  68 |     pub(crate) async fn recv_expect<'de, T: Decode<'de>>(
[INFO] [stdout]     |                                             ^^^^^^^^^^^ required by this bound in `PgStream::recv_expect`
[INFO] [stdout] 
[INFO] [stdout] 
[INFO] [stdout] error[E0277]: the trait bound `!: sqlx_core::io::Decode<'_>` is not satisfied
[INFO] [stdout]    --> /opt/rustwide/cargo-home/registry/src/index.crates.io-1949cf8c6b5b557f/sqlx-postgres-0.7.4/src/copy.rs:350:21
[INFO] [stdout]     |
[INFO] [stdout] 350 |                     conn.stream.recv_expect(MessageFormat::CommandComplete).await?;
[INFO] [stdout]     |                     ^^^^^^^^^^^^^^^^^^^^^^^^^^^^^^^^^^^^^^^^^^^^^^^^^^^^^^^ the trait `sqlx_core::io::Decode<'_>` is not implemented for `!`
[INFO] [stdout]     |
[INFO] [stdout]     = help: the following other types implement trait `sqlx_core::io::Decode<'de, Context>`:
[INFO] [stdout]               ()
[INFO] [stdout]               Authentication
[INFO] [stdout]               AuthenticationSaslContinue
[INFO] [stdout]               AuthenticationSaslFinal
[INFO] [stdout]               BackendKeyData
[INFO] [stdout]               CommandComplete
[INFO] [stdout]               CopyData<sqlx_core::bytes::Bytes>
[INFO] [stdout]               CopyDone
[INFO] [stdout]             and 10 others
[INFO] [stdout]     = note: this error might have been caused by changes to Rust's type-inference algorithm (see issue #148922 <https://github.com/rust-lang/rust/issues/148922> for more information)
[INFO] [stdout]     = help: you might have intended to use the type `()` here instead
[INFO] [stdout] note: required by a bound in `PgStream::recv_expect`
[INFO] [stdout]    --> /opt/rustwide/cargo-home/registry/src/index.crates.io-1949cf8c6b5b557f/sqlx-postgres-0.7.4/src/connection/stream.rs:68:45
[INFO] [stdout]     |
[INFO] [stdout]  41 | impl PgStream {
[INFO] [stdout] ...
[INFO] [stdout]  68 |     pub(crate) async fn recv_expect<'de, T: Decode<'de>>(
[INFO] [stdout]     |                                             ^^^^^^^^^^^ required by this bound in `PgStream::recv_expect`
[INFO] [stdout] 
[INFO] [stdout] 
[INFO] [stdout] error[E0277]: the trait bound `!: sqlx_core::io::Decode<'_>` is not satisfied
[INFO] [stdout]    --> /opt/rustwide/cargo-home/registry/src/index.crates.io-1949cf8c6b5b557f/sqlx-postgres-0.7.4/src/copy.rs:351:33
[INFO] [stdout]     |
[INFO] [stdout] 351 |                     conn.stream.recv_expect(MessageFormat::ReadyForQuery).await?;
[INFO] [stdout]     |                                 ^^^^^^^^^^^ the trait `sqlx_core::io::Decode<'_>` is not implemented for `!`
[INFO] [stdout]     |
[INFO] [stdout]     = help: the following other types implement trait `sqlx_core::io::Decode<'de, Context>`:
[INFO] [stdout]               ()
[INFO] [stdout]               Authentication
[INFO] [stdout]               AuthenticationSaslContinue
[INFO] [stdout]               AuthenticationSaslFinal
[INFO] [stdout]               BackendKeyData
[INFO] [stdout]               CommandComplete
[INFO] [stdout]               CopyData<sqlx_core::bytes::Bytes>
[INFO] [stdout]               CopyDone
[INFO] [stdout]             and 10 others
[INFO] [stdout]     = note: this error might have been caused by changes to Rust's type-inference algorithm (see issue #148922 <https://github.com/rust-lang/rust/issues/148922> for more information)
[INFO] [stdout]     = help: you might have intended to use the type `()` here instead
[INFO] [stdout] note: required by a bound in `PgStream::recv_expect`
[INFO] [stdout]    --> /opt/rustwide/cargo-home/registry/src/index.crates.io-1949cf8c6b5b557f/sqlx-postgres-0.7.4/src/connection/stream.rs:68:45
[INFO] [stdout]     |
[INFO] [stdout]  41 | impl PgStream {
[INFO] [stdout] ...
[INFO] [stdout]  68 |     pub(crate) async fn recv_expect<'de, T: Decode<'de>>(
[INFO] [stdout]     |                                             ^^^^^^^^^^^ required by this bound in `PgStream::recv_expect`
[INFO] [stdout] 
[INFO] [stdout] 
[INFO] [stdout] error[E0277]: the trait bound `!: sqlx_core::io::Decode<'_>` is not satisfied
[INFO] [stdout]    --> /opt/rustwide/cargo-home/registry/src/index.crates.io-1949cf8c6b5b557f/sqlx-postgres-0.7.4/src/copy.rs:351:21
[INFO] [stdout]     |
[INFO] [stdout] 351 |                     conn.stream.recv_expect(MessageFormat::ReadyForQuery).await?;
[INFO] [stdout]     |                     ^^^^^^^^^^^^^^^^^^^^^^^^^^^^^^^^^^^^^^^^^^^^^^^^^^^^^ the trait `sqlx_core::io::Decode<'_>` is not implemented for `!`
[INFO] [stdout]     |
[INFO] [stdout]     = help: the following other types implement trait `sqlx_core::io::Decode<'de, Context>`:
[INFO] [stdout]               ()
[INFO] [stdout]               Authentication
[INFO] [stdout]               AuthenticationSaslContinue
[INFO] [stdout]               AuthenticationSaslFinal
[INFO] [stdout]               BackendKeyData
[INFO] [stdout]               CommandComplete
[INFO] [stdout]               CopyData<sqlx_core::bytes::Bytes>
[INFO] [stdout]               CopyDone
[INFO] [stdout]             and 10 others
[INFO] [stdout]     = note: this error might have been caused by changes to Rust's type-inference algorithm (see issue #148922 <https://github.com/rust-lang/rust/issues/148922> for more information)
[INFO] [stdout]     = help: you might have intended to use the type `()` here instead
[INFO] [stdout] note: required by a bound in `PgStream::recv_expect`
[INFO] [stdout]    --> /opt/rustwide/cargo-home/registry/src/index.crates.io-1949cf8c6b5b557f/sqlx-postgres-0.7.4/src/connection/stream.rs:68:45
[INFO] [stdout]     |
[INFO] [stdout]  41 | impl PgStream {
[INFO] [stdout] ...
[INFO] [stdout]  68 |     pub(crate) async fn recv_expect<'de, T: Decode<'de>>(
[INFO] [stdout]     |                                             ^^^^^^^^^^^ required by this bound in `PgStream::recv_expect`
[INFO] [stdout] 
[INFO] [stdout] 
[INFO] [stdout] error[E0277]: the trait bound `!: sqlx_core::io::Decode<'_>` is not satisfied
[INFO] [stdout]    --> /opt/rustwide/cargo-home/registry/src/index.crates.io-1949cf8c6b5b557f/sqlx-postgres-0.7.4/src/copy.rs:350:77
[INFO] [stdout]     |
[INFO] [stdout] 350 |                     conn.stream.recv_expect(MessageFormat::CommandComplete).await?;
[INFO] [stdout]     |                                                                             ^^^^^ the trait `sqlx_core::io::Decode<'_>` is not implemented for `!`
[INFO] [stdout]     |
[INFO] [stdout]     = help: the following other types implement trait `sqlx_core::io::Decode<'de, Context>`:
[INFO] [stdout]               ()
[INFO] [stdout]               Authentication
[INFO] [stdout]               AuthenticationSaslContinue
[INFO] [stdout]               AuthenticationSaslFinal
[INFO] [stdout]               BackendKeyData
[INFO] [stdout]               CommandComplete
[INFO] [stdout]               CopyData<sqlx_core::bytes::Bytes>
[INFO] [stdout]               CopyDone
[INFO] [stdout]             and 10 others
[INFO] [stdout]     = note: this error might have been caused by changes to Rust's type-inference algorithm (see issue #148922 <https://github.com/rust-lang/rust/issues/148922> for more information)
[INFO] [stdout]     = help: you might have intended to use the type `()` here instead
[INFO] [stdout] note: required by a bound in `PgStream::recv_expect`
[INFO] [stdout]    --> /opt/rustwide/cargo-home/registry/src/index.crates.io-1949cf8c6b5b557f/sqlx-postgres-0.7.4/src/connection/stream.rs:68:45
[INFO] [stdout]     |
[INFO] [stdout]  41 | impl PgStream {
[INFO] [stdout] ...
[INFO] [stdout]  68 |     pub(crate) async fn recv_expect<'de, T: Decode<'de>>(
[INFO] [stdout]     |                                             ^^^^^^^^^^^ required by this bound in `PgStream::recv_expect`
[INFO] [stdout] 
[INFO] [stdout] 
[INFO] [stdout] error[E0277]: the trait bound `!: sqlx_core::io::Decode<'_>` is not satisfied
[INFO] [stdout]    --> /opt/rustwide/cargo-home/registry/src/index.crates.io-1949cf8c6b5b557f/sqlx-postgres-0.7.4/src/copy.rs:351:75
[INFO] [stdout]     |
[INFO] [stdout] 351 |                     conn.stream.recv_expect(MessageFormat::ReadyForQuery).await?;
[INFO] [stdout]     |                                                                           ^^^^^ the trait `sqlx_core::io::Decode<'_>` is not implemented for `!`
[INFO] [stdout]     |
[INFO] [stdout]     = help: the following other types implement trait `sqlx_core::io::Decode<'de, Context>`:
[INFO] [stdout]               ()
[INFO] [stdout]               Authentication
[INFO] [stdout]               AuthenticationSaslContinue
[INFO] [stdout]               AuthenticationSaslFinal
[INFO] [stdout]               BackendKeyData
[INFO] [stdout]               CommandComplete
[INFO] [stdout]               CopyData<sqlx_core::bytes::Bytes>
[INFO] [stdout]               CopyDone
[INFO] [stdout]             and 10 others
[INFO] [stdout]     = note: this error might have been caused by changes to Rust's type-inference algorithm (see issue #148922 <https://github.com/rust-lang/rust/issues/148922> for more information)
[INFO] [stdout]     = help: you might have intended to use the type `()` here instead
[INFO] [stdout] note: required by a bound in `PgStream::recv_expect`
[INFO] [stdout]    --> /opt/rustwide/cargo-home/registry/src/index.crates.io-1949cf8c6b5b557f/sqlx-postgres-0.7.4/src/connection/stream.rs:68:45
[INFO] [stdout]     |
[INFO] [stdout]  41 | impl PgStream {
[INFO] [stdout] ...
[INFO] [stdout]  68 |     pub(crate) async fn recv_expect<'de, T: Decode<'de>>(
[INFO] [stdout]     |                                             ^^^^^^^^^^^ required by this bound in `PgStream::recv_expect`
[INFO] [stdout] 
[INFO] [stdout] 
[INFO] [stderr]     Checking pear v0.2.9
[INFO] [stderr]     Checking frunk v0.4.4
[INFO] [stderr]    Compiling tempfile v3.27.0
[INFO] [stderr]     Checking rand_chacha v0.9.0
[INFO] [stderr]    Compiling sqlx-mysql v0.7.4
[INFO] [stderr]     Checking flate2 v1.1.10
[INFO] [stderr]    Compiling rustc_version_runtime v0.2.1
[INFO] [stderr]    Compiling darling v0.13.4
[INFO] [stderr]     Checking lexical v6.1.1
[INFO] [stderr]    Compiling devise v0.4.2
[INFO] [stderr]     Checking postgres-types v0.2.14
[INFO] [stderr]     Checking uncased v0.9.10
[INFO] [stderr]     Checking phf v0.13.1
[INFO] [stderr]    Compiling ref-cast v1.0.27
[INFO] [stderr]    Compiling pin-project-internal v1.1.13
[INFO] [stderr]    Compiling enum-as-inner v0.4.0
[INFO] [stderr]    Compiling futures v0.3.34
[INFO] [stderr]    Compiling diesel_table_macro_syntax v0.1.0
[INFO] [stderr]     Checking crossbeam-channel v0.5.17
[INFO] [stderr]     Checking hashbrown v0.13.2
[INFO] [stderr]     Checking whoami v2.1.3
[INFO] [stderr]     Checking saturating v0.1.0
[INFO] [stdout] For more information about this error, try `rustc --explain E0277`.
[INFO] [stdout] 
[INFO] [stderr] error: could not compile `sqlx-postgres` (lib) due to 15 previous errors
[INFO] [stderr] warning: build failed, waiting for other jobs to finish...
[INFO] running `Command { std: "docker" "inspect" "97d908494a2bd223d162de656c054f0aa9c01a5e07cf53c05fc6e9b04fe85aee", kill_on_drop: false }`
[INFO] running `Command { std: "docker" "rm" "-f" "97d908494a2bd223d162de656c054f0aa9c01a5e07cf53c05fc6e9b04fe85aee", kill_on_drop: false }`
[INFO] [stdout] 97d908494a2bd223d162de656c054f0aa9c01a5e07cf53c05fc6e9b04fe85aee
