[INFO] fetching crate parquet-cat 0.1.1...
[INFO] documenting parquet-cat-0.1.1 against 1.100.0-beta.1 for beta-rustdoc-1.100
[INFO] extracting crate parquet-cat 0.1.1 into /workspace/builds/worker-0-tc2/source
[INFO] started tweaking crates.io crate parquet-cat 0.1.1
[INFO] finished tweaking crates.io crate parquet-cat 0.1.1
[INFO] tweaked toml for crates.io crate parquet-cat 0.1.1 written to /workspace/builds/worker-0-tc2/source/Cargo.toml
[INFO] validating manifest of crates.io crate parquet-cat 0.1.1 on toolchain 1.100.0-beta.1
[INFO] running `Command { std: CARGO_HOME="/workspace/cargo-home" RUSTUP_HOME="/workspace/rustup-home" "/workspace/cargo-home/bin/cargo" "+1.100.0-beta.1" "metadata" "--manifest-path" "Cargo.toml" "--no-deps", kill_on_drop: false }`
[INFO] crate crates.io crate parquet-cat 0.1.1 already has a lockfile, it will not be regenerated
[INFO] running `Command { std: CARGO_HOME="/workspace/cargo-home" RUSTUP_HOME="/workspace/rustup-home" "/workspace/cargo-home/bin/cargo" "+1.100.0-beta.1" "fetch" "--manifest-path" "Cargo.toml", kill_on_drop: false }`
[INFO] running `Command { std: "docker" "create" "-v" "/var/lib/crater-agent-workspace/builds/worker-0-tc2/source:/opt/rustwide/workdir:ro,Z" "-v" "/var/lib/crater-agent-workspace/builds/worker-0-tc2/target:/opt/rustwide/target:rw,Z" "-v" "/var/lib/crater-agent-workspace/cargo-home:/opt/rustwide/cargo-home:ro,Z" "-v" "/var/lib/crater-agent-workspace/rustup-home:/opt/rustwide/rustup-home:ro,Z" "-m" "1610612736" "--network" "none" "ghcr.io/rust-lang/crates-build-env/linux@sha256:3111399a4047eeb3a02b7a90e478d715f38a8c6669b5c4b49d30a17385265909" "sleep" "infinity", kill_on_drop: false }`
[INFO] [stdout] 2babb3817522752a482ca3bd41e024e4bdfbbc36536ff14e3042b38cd89367d6
[INFO] running `Command { std: "docker" "start" "2babb3817522752a482ca3bd41e024e4bdfbbc36536ff14e3042b38cd89367d6", kill_on_drop: false }`
[INFO] running `Command { std: "docker" "inspect" "2babb3817522752a482ca3bd41e024e4bdfbbc36536ff14e3042b38cd89367d6", kill_on_drop: false }`
[INFO] running `Command { std: "docker" "exec" "-e" "SOURCE_DIR=/opt/rustwide/workdir" "-e" "CARGO_HOME=/opt/rustwide/cargo-home" "-e" "RUSTUP_HOME=/opt/rustwide/rustup-home" "-e" "CARGO_TARGET_DIR=/opt/rustwide/target" "-w" "/opt/rustwide/workdir" "--user" "0:0" "2babb3817522752a482ca3bd41e024e4bdfbbc36536ff14e3042b38cd89367d6" "/opt/rustwide/cargo-home/bin/cargo" "+1.100.0-beta.1" "metadata" "--no-deps" "--format-version=1", kill_on_drop: false }`
[INFO] running `Command { std: "docker" "inspect" "2babb3817522752a482ca3bd41e024e4bdfbbc36536ff14e3042b38cd89367d6", kill_on_drop: false }`
[INFO] running `Command { std: "docker" "exec" "-e" "SOURCE_DIR=/opt/rustwide/workdir" "-e" "CARGO_HOME=/opt/rustwide/cargo-home" "-e" "RUSTUP_HOME=/opt/rustwide/rustup-home" "-e" "CARGO_TARGET_DIR=/opt/rustwide/target" "-e" "CARGO_INCREMENTAL=0" "-e" "RUST_BACKTRACE=full" "-e" "RUSTFLAGS=--cap-lints=warn" "-e" "RUSTDOCFLAGS=--cap-lints=warn" "-w" "/opt/rustwide/workdir" "--user" "0:0" "2babb3817522752a482ca3bd41e024e4bdfbbc36536ff14e3042b38cd89367d6" "/opt/rustwide/cargo-home/bin/cargo" "+1.100.0-beta.1" "doc" "--frozen" "--no-deps" "--document-private-items" "--message-format=json", kill_on_drop: false }`
[INFO] [stderr]    Compiling libc v0.2.132
[INFO] [stderr]    Compiling proc-macro2 v1.0.43
[INFO] [stderr]    Compiling unicode-ident v1.0.3
[INFO] [stderr]    Compiling quote v1.0.21
[INFO] [stderr]    Compiling syn v1.0.99
[INFO] [stderr]     Checking once_cell v1.13.1
[INFO] [stderr]    Compiling memchr v2.5.0
[INFO] [stderr]    Compiling num-traits v0.2.15
[INFO] [stderr]     Checking pin-project-lite v0.2.9
[INFO] [stderr]     Checking smallvec v1.9.0
[INFO] [stderr]    Compiling lock_api v0.4.7
[INFO] [stderr]    Compiling parking_lot_core v0.9.3
[INFO] [stderr]    Compiling futures-core v0.3.23
[INFO] [stderr]     Checking bytes v1.2.1
[INFO] [stderr]     Checking scopeguard v1.1.0
[INFO] [stderr]    Compiling tokio v1.20.1
[INFO] [stderr]     Checking itoa v1.0.3
[INFO] [stderr]    Compiling num-integer v0.1.45
[INFO] [stderr]    Compiling slab v0.4.7
[INFO] [stderr]    Compiling futures-channel v0.3.23
[INFO] [stderr]    Compiling futures-task v0.3.23
[INFO] [stderr]     Checking futures-sink v0.3.23
[INFO] [stderr]    Compiling ahash v0.7.6
[INFO] [stderr]    Compiling futures-util v0.3.23
[INFO] [stderr]     Checking spin v0.5.2
[INFO] [stderr]     Checking futures-io v0.3.23
[INFO] [stderr]    Compiling indexmap v1.9.1
[INFO] [stderr]     Checking ryu v1.0.11
[INFO] [stderr]     Checking tracing-core v0.1.29
[INFO] [stderr]    Compiling httparse v1.7.1
[INFO] [stderr]     Checking tower-service v0.3.2
[INFO] [stderr]    Compiling typenum v1.15.0
[INFO] [stderr]     Checking http v0.2.8
[INFO] [stderr]    Compiling generic-array v0.14.6
[INFO] [stderr]     Checking httpdate v1.0.2
[INFO] [stderr]     Checking percent-encoding v2.1.0
[INFO] [stderr]    Compiling semver v1.0.13
[INFO] [stderr]    Compiling serde_derive v1.0.143
[INFO] [stderr]    Compiling serde v1.0.143
[INFO] [stderr]     Checking either v1.8.0
[INFO] [stderr]     Checking zeroize v1.5.7
[INFO] [stderr]     Checking subtle v2.4.1
[INFO] [stderr]     Checking matches v0.1.9
[INFO] [stderr]    Compiling serde_json v1.0.83
[INFO] [stderr]     Checking aho-corasick v0.7.18
[INFO] [stderr]     Checking form_urlencoded v1.0.1
[INFO] [stderr]     Checking regex-syntax v0.6.27
[INFO] [stderr]     Checking iana-time-zone v0.1.45
[INFO] [stderr]    Compiling async-trait v0.1.57
[INFO] [stderr]    Compiling crc32fast v1.3.2
[INFO] [stderr]    Compiling rustls v0.20.6
[INFO] [stderr]     Checking num_threads v0.1.6
[INFO] [stderr]     Checking lexical-util v0.8.5
[INFO] [stderr]     Checking opaque-debug v0.3.0
[INFO] [stderr]     Checking cpufeatures v0.2.2
[INFO] [stderr]     Checking rustls-pemfile v1.0.1
[INFO] [stderr]    Compiling num-bigint v0.4.3
[INFO] [stderr]    Compiling rustversion v1.0.9
[INFO] [stderr]     Checking shlex v1.1.0
[INFO] [stderr]     Checking rustls-native-certs v0.6.2
[INFO] [stderr]    Compiling num-rational v0.4.1
[INFO] [stderr]    Compiling jobserver v0.1.24
[INFO] [stderr]    Compiling num-iter v0.1.43
[INFO] [stderr]     Checking num_cpus v1.13.1
[INFO] [stderr]     Checking getrandom v0.2.7
[INFO] [stderr]     Checking signal-hook-registry v1.4.0
[INFO] [stderr]     Checking mio v0.8.4
[INFO] [stderr]     Checking socket2 v0.4.7
[INFO] [stderr]     Checking http-body v0.4.5
[INFO] [stderr]    Compiling cc v1.0.73
[INFO] [stderr]    Compiling rustc_version v0.4.0
[INFO] [stderr]     Checking time v0.3.13
[INFO] [stderr]     Checking dirs-sys-next v0.1.2
[INFO] [stderr]     Checking dirs-next v2.0.0
[INFO] [stderr]     Checking tinyvec_macros v0.1.0
[INFO] [stderr]     Checking parking_lot v0.12.1
[INFO] [stderr]     Checking tinyvec v1.6.0
[INFO] [stderr]    Compiling rusoto_core v0.48.0
[INFO] [stderr]     Checking lexical-parse-integer v0.8.6
[INFO] [stderr]     Checking hashbrown v0.12.3
[INFO] [stderr]     Checking lexical-write-integer v0.8.5
[INFO] [stderr]     Checking bytes-utils v0.1.2
[INFO] [stderr]     Checking regex-automata v0.1.10
[INFO] [stderr]     Checking xml-rs v0.8.4
[INFO] [stderr]    Compiling doc-comment v0.3.3
[INFO] [stderr]     Checking alloc-no-stdlib v2.0.3
[INFO] [stderr]    Compiling zstd-safe v5.0.2+zstd.1.5.2
[INFO] [stderr]     Checking num-complex v0.4.2
[INFO] [stderr]     Checking alloc-stdlib v0.2.1
[INFO] [stderr]     Checking ordered-float v1.1.1
[INFO] [stderr]     Checking lexical-parse-float v0.8.5
[INFO] [stderr]     Checking lexical-write-float v0.8.5
[INFO] [stderr]     Checking rand_core v0.6.3
[INFO] [stderr]     Checking threadpool v1.8.1
[INFO] [stderr]     Checking csv-core v0.1.10
[INFO] [stderr]     Checking fastrand v1.8.0
[INFO] [stderr]     Checking tower-layer v0.3.1
[INFO] [stderr]     Checking byteorder v1.4.3
[INFO] [stderr]     Checking aws-smithy-types v0.48.0
[INFO] [stderr]     Checking itoa v0.4.8
[INFO] [stderr]     Checking strum v0.24.1
[INFO] [stderr]    Compiling snap v1.0.5
[INFO] [stderr]     Checking ppv-lite86 v0.2.16
[INFO] [stderr]     Checking unicode-bidi v0.3.8
[INFO] [stderr]     Checking integer-encoding v1.1.7
[INFO] [stderr]     Checking lexical-core v0.8.5
[INFO] [stderr]    Compiling ring v0.16.20
[INFO] [stderr]    Compiling zstd-sys v2.0.1+zstd.1.5.2
[INFO] [stderr]    Compiling lz4-sys v1.9.3
[INFO] [stderr]     Checking digest v0.9.0
[INFO] [stderr]     Checking block-buffer v0.9.0
[INFO] [stderr]     Checking crypto-mac v0.11.1
[INFO] [stderr]     Checking thrift v0.13.0
[INFO] [stderr]     Checking regex v1.6.0
[INFO] [stderr]     Checking miniz_oxide v0.5.3
[INFO] [stderr]     Checking sha2 v0.9.9
[INFO] [stderr]     Checking md-5 v0.9.1
[INFO] [stderr]     Checking hmac v0.11.0
[INFO] [stderr]     Checking brotli-decompressor v2.3.2
[INFO] [stderr]     Checking half v2.1.0
[INFO] [stderr]     Checking unicode-normalization v0.1.21
[INFO] [stderr]    Compiling parquet v20.0.0
[INFO] [stderr]     Checking parquet-format v4.0.0
[INFO] [stderr]     Checking rand_chacha v0.3.1
[INFO] [stderr]     Checking walkdir v2.3.2
[INFO] [stderr]     Checking block-buffer v0.10.2
[INFO] [stderr]     Checking crypto-common v0.1.6
[INFO] [stderr]    Compiling aws-types v0.48.0
[INFO] [stderr]     Checking itertools v0.10.3
[INFO] [stderr]    Compiling seq-macro v0.3.1
[INFO] [stderr]     Checking rand v0.8.5
[INFO] [stderr]     Checking ordered-float v3.0.0
[INFO] [stderr]     Checking digest v0.10.3
[INFO] [stderr]     Checking sqlparser v0.20.0
[INFO] [stderr]    Compiling blake3 v1.3.1
[INFO] [stderr]     Checking arrayref v0.3.6
[INFO] [stderr]     Checking arrayvec v0.7.2
[INFO] [stderr]     Checking constant_time_eq v0.1.5
[INFO] [stderr]     Checking flate2 v1.0.24
[INFO] [stderr]    Compiling paste v1.0.8
[INFO] [stderr]    Compiling proc-macro-error-attr v1.0.4
[INFO] [stderr]     Checking unicode-segmentation v1.9.0
[INFO] [stderr]     Checking md-5 v0.10.1
[INFO] [stderr]     Checking idna v0.2.3
[INFO] [stderr]     Checking blake2 v0.10.4
[INFO] [stderr]     Checking sha2 v0.10.2
[INFO] [stderr]     Checking urlencoding v2.1.2
[INFO] [stderr]     Checking brotli v3.3.4
[INFO] [stderr]     Checking xmlparser v0.13.3
[INFO] [stderr]     Checking aws-smithy-query v0.48.0
[INFO] [stderr]     Checking aws-smithy-json v0.48.0
[INFO] [stderr]     Checking remove_dir_all v0.5.3
[INFO] [stderr]     Checking os_str_bytes v6.3.0
[INFO] [stderr]     Checking tempfile v3.3.0
[INFO] [stderr]     Checking uuid v1.1.2
[INFO] [stderr]     Checking atty v0.2.14
[INFO] [stderr]     Checking url v2.2.2
[INFO] [stderr]     Checking glob v0.3.0
[INFO] [stderr]     Checking aws-smithy-xml v0.48.0
[INFO] [stderr]     Checking strsim v0.10.0
[INFO] [stderr]     Checking clap_lex v0.2.4
[INFO] [stderr]     Checking termcolor v1.1.3
[INFO] [stderr]     Checking textwrap v0.15.0
[INFO] [stderr]     Checking num v0.4.0
[INFO] [stderr]     Checking webpki v0.22.0
[INFO] [stderr]     Checking sct v0.7.0
[INFO] [stderr]     Checking sct v0.6.1
[INFO] [stderr]     Checking webpki v0.21.4
[INFO] [stderr]     Checking ct-logs v0.8.0
[INFO] [stderr]    Compiling proc-macro-error v1.0.4
[INFO] [stderr]     Checking webpki-roots v0.22.4
[INFO] [stderr]     Checking rustls v0.19.1
[INFO] [stderr]    Compiling tokio-macros v1.8.0
[INFO] [stderr]    Compiling futures-macro v0.3.23
[INFO] [stderr]    Compiling tracing-attributes v0.1.22
[INFO] [stderr]    Compiling pin-project-internal v1.0.12
[INFO] [stderr]     Checking tracing v0.1.36
[INFO] [stderr]    Compiling thiserror-impl v1.0.32
[INFO] [stderr]    Compiling multiversion-macros v0.6.1
[INFO] [stderr]    Compiling strum_macros v0.24.3
[INFO] [stderr]     Checking rustls-native-certs v0.5.0
[INFO] [stderr]    Compiling snafu-derive v0.7.1
[INFO] [stderr]    Compiling clap_derive v3.2.17
[INFO] [stderr]     Checking pin-project v1.0.12
[INFO] [stderr]     Checking multiversion v0.6.1
[INFO] [stderr]     Checking thiserror v1.0.32
[INFO] [stderr]     Checking flatbuffers v2.1.2
[INFO] [stderr]     Checking comfy-table v6.0.0
[INFO] [stderr]     Checking snafu v0.7.1
[INFO] [stderr]     Checking futures-executor v0.3.23
[INFO] [stderr]     Checking futures v0.3.23
[INFO] [stderr]     Checking clap v3.2.17
[INFO] [stderr]     Checking tokio-util v0.7.3
[INFO] [stderr]     Checking tokio-rustls v0.23.4
[INFO] [stderr]     Checking tokio-stream v0.1.9
[INFO] [stderr]     Checking tower v0.4.13
[INFO] [stderr]     Checking tokio-rustls v0.22.0
[INFO] [stderr]     Checking aws-smithy-async v0.48.0
[INFO] [stderr]     Checking h2 v0.3.14
[INFO] [stderr]     Checking chrono v0.4.22
[INFO] [stderr]     Checking bstr v0.2.17
[INFO] [stderr]     Checking serde_urlencoded v0.7.1
[INFO] [stderr]     Checking csv v1.1.6
[INFO] [stderr]     Checking lz4 v1.23.3
[INFO] [stderr]     Checking arrow v20.0.0
[INFO] [stderr]     Checking hyper v0.14.20
[INFO] [stderr]     Checking rusoto_credential v0.48.0
[INFO] [stderr]     Checking hyper-rustls v0.23.0
[INFO] [stderr]     Checking aws-smithy-http v0.48.0
[INFO] [stderr]     Checking hyper-rustls v0.22.1
[INFO] [stderr]     Checking aws-smithy-http-tower v0.48.0
[INFO] [stderr]     Checking aws-sigv4 v0.48.0
[INFO] [stderr]     Checking rusoto_signature v0.48.0
[INFO] [stderr]     Checking aws-smithy-client v0.48.0
[INFO] [stderr]     Checking rusoto_s3 v0.48.0
[INFO] [stderr]     Checking rusoto_sts v0.48.0
[INFO] [stderr]     Checking aws-sig-auth v0.48.0
[INFO] [stderr]     Checking aws-endpoint v0.48.0
[INFO] [stderr]     Checking aws-http v0.48.0
[INFO] [stderr]     Checking aws-sdk-sts v0.18.0
[INFO] [stderr]     Checking aws-sdk-sso v0.18.0
[INFO] [stderr]     Checking aws-config v0.48.0
[INFO] [stderr]     Checking object_store v0.4.0
[INFO] [stderr]     Checking zstd v0.11.2+zstd.1.5.2
[INFO] [stderr]     Checking datafusion-common v11.0.0
[INFO] [stderr]     Checking datafusion-expr v11.0.0
[INFO] [stderr]     Checking datafusion-row v11.0.0
[INFO] [stderr]     Checking datafusion-physical-expr v11.0.0
[INFO] [stderr]     Checking datafusion-sql v11.0.0
[INFO] [stderr]     Checking datafusion-optimizer v11.0.0
[INFO] [stderr]     Checking datafusion v11.0.0
[INFO] [stdout] error[E0277]: the trait bound `!: std::default::Default` is not satisfied
[INFO] [stdout]    --> /opt/rustwide/cargo-home/registry/src/index.crates.io-1949cf8c6b5b557f/datafusion-11.0.0/src/physical_plan/file_format/parquet.rs:780:30
[INFO] [stdout]     |
[INFO] [stdout] 780 | ...                   .try_collect()
[INFO] [stdout]     |                        ^^^^^^^^^^^ the trait `std::default::Default` is not implemented for `!`
[INFO] [stdout]     |
[INFO] [stdout]     = note: this error might have been caused by changes to Rust's type-inference algorithm (see issue #148922 <https://github.com/rust-lang/rust/issues/148922> for more information)
[INFO] [stdout]     = help: you might have intended to use the type `()` here instead
[INFO] [stdout] note: required by a bound in `futures::TryStreamExt::try_collect`
[INFO] [stdout]    --> /opt/rustwide/cargo-home/registry/src/index.crates.io-1949cf8c6b5b557f/futures-util-0.3.23/src/stream/try_stream/mod.rs:580:23
[INFO] [stdout]     |
[INFO] [stdout] 157 | pub trait TryStreamExt: TryStream {
[INFO] [stdout] ...
[INFO] [stdout] 580 |     fn try_collect<C: Default + Extend<Self::Ok>>(self) -> TryCollect<Self, C>
[INFO] [stdout]     |                       ^^^^^^^ required by this bound in `TryStreamExt::try_collect`
[INFO] [stdout] 
[INFO] [stdout] 
[INFO] [stdout] error[E0277]: the trait bound `!: Extend<()>` is not satisfied
[INFO] [stdout]    --> /opt/rustwide/cargo-home/registry/src/index.crates.io-1949cf8c6b5b557f/datafusion-11.0.0/src/physical_plan/file_format/parquet.rs:780:30
[INFO] [stdout]     |
[INFO] [stdout] 780 | ...                   .try_collect()
[INFO] [stdout]     |                        ^^^^^^^^^^^ the trait `Extend<()>` is not implemented for `!`
[INFO] [stdout]     |
[INFO] [stdout] help: the trait `Extend<()>` is implemented for `()`
[INFO] [stdout]    --> /rustc/e3feeb59cd1bdd011a2bfcc0747b55125d9b8527/library/core/src/iter/traits/collect.rs:454:0
[INFO] [stdout]     = note: this error might have been caused by changes to Rust's type-inference algorithm (see issue #148922 <https://github.com/rust-lang/rust/issues/148922> for more information)
[INFO] [stdout]     = help: you might have intended to use the type `()` here instead
[INFO] [stdout] note: the method call chain might not have had the expected associated types
[INFO] [stdout]    --> /opt/rustwide/cargo-home/registry/src/index.crates.io-1949cf8c6b5b557f/datafusion-11.0.0/src/physical_plan/file_format/parquet.rs:779:30
[INFO] [stdout]     |
[INFO] [stdout] 775 |                 let stream = plan.execute(i, task_ctx)?;
[INFO] [stdout]     |                              -------------------------- this expression has type `Pin<Box<dyn RecordBatchStream + Send>>`
[INFO] [stdout] ...
[INFO] [stdout] 779 |                             .map(|batch| writer.write(&batch?))
[INFO] [stdout]     |                              ^^^^^^^^^^^^^^^^^^^^^^^^^^^^^^^^^^ `TryStream::Ok` is `()` here
[INFO] [stdout] note: required by a bound in `futures::TryStreamExt::try_collect`
[INFO] [stdout]    --> /opt/rustwide/cargo-home/registry/src/index.crates.io-1949cf8c6b5b557f/futures-util-0.3.23/src/stream/try_stream/mod.rs:580:33
[INFO] [stdout]     |
[INFO] [stdout] 157 | pub trait TryStreamExt: TryStream {
[INFO] [stdout] ...
[INFO] [stdout] 580 |     fn try_collect<C: Default + Extend<Self::Ok>>(self) -> TryCollect<Self, C>
[INFO] [stdout]     |                                 ^^^^^^^^^^^^^^^^ required by this bound in `TryStreamExt::try_collect`
[INFO] [stdout] 
[INFO] [stdout] 
[INFO] [stdout] error[E0277]: the trait bound `!: std::default::Default` is not satisfied
[INFO] [stdout]    --> /opt/rustwide/cargo-home/registry/src/index.crates.io-1949cf8c6b5b557f/datafusion-11.0.0/src/physical_plan/file_format/parquet.rs:781:30
[INFO] [stdout]     |
[INFO] [stdout] 781 | ...                   .await
[INFO] [stdout]     |                        ^^^^^ the trait `std::default::Default` is not implemented for `!`
[INFO] [stdout]     |
[INFO] [stdout]     = note: this error might have been caused by changes to Rust's type-inference algorithm (see issue #148922 <https://github.com/rust-lang/rust/issues/148922> for more information)
[INFO] [stdout]     = help: you might have intended to use the type `()` here instead
[INFO] [stdout]     = note: required for `TryCollect<Map<Pin<Box<_>>, {closure@...}>, !>` to implement `futures::Future`
[INFO] [stdout]     = note: the full name for the type has been written to '/opt/rustwide/target/debug/build/datafusion/b9b06f621e7201fd/out/datafusion-b9b06f621e7201fd.long-type-927097258334953440.txt'
[INFO] [stdout]     = note: consider using `--verbose` to print the full type name to the console
[INFO] [stdout] 
[INFO] [stdout] 
[INFO] [stdout] error[E0277]: the trait bound `!: Extend<()>` is not satisfied
[INFO] [stdout]    --> /opt/rustwide/cargo-home/registry/src/index.crates.io-1949cf8c6b5b557f/datafusion-11.0.0/src/physical_plan/file_format/parquet.rs:781:30
[INFO] [stdout]     |
[INFO] [stdout] 781 | ...                   .await
[INFO] [stdout]     |                        ^^^^^ the trait `Extend<()>` is not implemented for `!`
[INFO] [stdout]     |
[INFO] [stdout] help: the trait `Extend<()>` is implemented for `()`
[INFO] [stdout]    --> /rustc/e3feeb59cd1bdd011a2bfcc0747b55125d9b8527/library/core/src/iter/traits/collect.rs:454:0
[INFO] [stdout]     = note: this error might have been caused by changes to Rust's type-inference algorithm (see issue #148922 <https://github.com/rust-lang/rust/issues/148922> for more information)
[INFO] [stdout]     = help: you might have intended to use the type `()` here instead
[INFO] [stdout]     = note: required for `TryCollect<Map<Pin<Box<_>>, {closure@...}>, !>` to implement `futures::Future`
[INFO] [stdout]     = note: the full name for the type has been written to '/opt/rustwide/target/debug/build/datafusion/b9b06f621e7201fd/out/datafusion-b9b06f621e7201fd.long-type-927097258334953440.txt'
[INFO] [stdout]     = note: consider using `--verbose` to print the full type name to the console
[INFO] [stdout] 
[INFO] [stdout] 
[INFO] [stdout] For more information about this error, try `rustc --explain E0277`.
[INFO] [stdout] 
[INFO] [stderr] error: could not compile `datafusion` (lib) due to 4 previous errors
[INFO] running `Command { std: "docker" "inspect" "2babb3817522752a482ca3bd41e024e4bdfbbc36536ff14e3042b38cd89367d6", kill_on_drop: false }`
[INFO] running `Command { std: "docker" "rm" "-f" "2babb3817522752a482ca3bd41e024e4bdfbbc36536ff14e3042b38cd89367d6", kill_on_drop: false }`
[INFO] [stdout] 2babb3817522752a482ca3bd41e024e4bdfbbc36536ff14e3042b38cd89367d6
