[INFO] fetching crate parqbench 0.2.0...
[INFO] documenting parqbench-0.2.0 against 1.100.0-beta.1 for beta-rustdoc-1.100
[INFO] extracting crate parqbench 0.2.0 into /workspace/builds/worker-0-tc2/source
[INFO] started tweaking crates.io crate parqbench 0.2.0
[INFO] finished tweaking crates.io crate parqbench 0.2.0
[INFO] tweaked toml for crates.io crate parqbench 0.2.0 written to /workspace/builds/worker-0-tc2/source/Cargo.toml
[INFO] validating manifest of crates.io crate parqbench 0.2.0 on toolchain 1.100.0-beta.1
[INFO] running `Command { std: CARGO_HOME="/workspace/cargo-home" RUSTUP_HOME="/workspace/rustup-home" "/workspace/cargo-home/bin/cargo" "+1.100.0-beta.1" "metadata" "--manifest-path" "Cargo.toml" "--no-deps", kill_on_drop: false }`
[INFO] crate crates.io crate parqbench 0.2.0 already has a lockfile, it will not be regenerated
[INFO] running `Command { std: CARGO_HOME="/workspace/cargo-home" RUSTUP_HOME="/workspace/rustup-home" "/workspace/cargo-home/bin/cargo" "+1.100.0-beta.1" "fetch" "--manifest-path" "Cargo.toml", kill_on_drop: false }`
[INFO] running `Command { std: "docker" "create" "-v" "/var/lib/crater-agent-workspace/builds/worker-0-tc2/source:/opt/rustwide/workdir:ro,Z" "-v" "/var/lib/crater-agent-workspace/builds/worker-0-tc2/target:/opt/rustwide/target:rw,Z" "-v" "/var/lib/crater-agent-workspace/cargo-home:/opt/rustwide/cargo-home:ro,Z" "-v" "/var/lib/crater-agent-workspace/rustup-home:/opt/rustwide/rustup-home:ro,Z" "-m" "1610612736" "--network" "none" "ghcr.io/rust-lang/crates-build-env/linux@sha256:77db811e55d90add9212f6832c23229e3de5f1c1f9905e8cb07319ea15df73ac" "sleep" "infinity", kill_on_drop: false }`
[INFO] [stdout] 7d1db4b887a6a89b3d208557acb9f69c8fa5202d593c7e6c2d4967ccc56736bc
[INFO] running `Command { std: "docker" "start" "7d1db4b887a6a89b3d208557acb9f69c8fa5202d593c7e6c2d4967ccc56736bc", kill_on_drop: false }`
[INFO] running `Command { std: "docker" "inspect" "7d1db4b887a6a89b3d208557acb9f69c8fa5202d593c7e6c2d4967ccc56736bc", kill_on_drop: false }`
[INFO] running `Command { std: "docker" "exec" "-e" "SOURCE_DIR=/opt/rustwide/workdir" "-e" "CARGO_HOME=/opt/rustwide/cargo-home" "-e" "RUSTUP_HOME=/opt/rustwide/rustup-home" "-e" "CARGO_TARGET_DIR=/opt/rustwide/target" "-w" "/opt/rustwide/workdir" "--user" "0:0" "7d1db4b887a6a89b3d208557acb9f69c8fa5202d593c7e6c2d4967ccc56736bc" "/opt/rustwide/cargo-home/bin/cargo" "+1.100.0-beta.1" "metadata" "--no-deps" "--format-version=1", kill_on_drop: false }`
[INFO] running `Command { std: "docker" "inspect" "7d1db4b887a6a89b3d208557acb9f69c8fa5202d593c7e6c2d4967ccc56736bc", kill_on_drop: false }`
[INFO] running `Command { std: "docker" "exec" "-e" "SOURCE_DIR=/opt/rustwide/workdir" "-e" "CARGO_HOME=/opt/rustwide/cargo-home" "-e" "RUSTUP_HOME=/opt/rustwide/rustup-home" "-e" "CARGO_TARGET_DIR=/opt/rustwide/target" "-e" "CARGO_INCREMENTAL=0" "-e" "RUST_BACKTRACE=full" "-e" "RUSTFLAGS=--cap-lints=warn" "-e" "RUSTDOCFLAGS=--cap-lints=warn" "-w" "/opt/rustwide/workdir" "--user" "0:0" "7d1db4b887a6a89b3d208557acb9f69c8fa5202d593c7e6c2d4967ccc56736bc" "/opt/rustwide/cargo-home/bin/cargo" "+1.100.0-beta.1" "doc" "--frozen" "--no-deps" "--document-private-items" "--message-format=json", kill_on_drop: false }`
[INFO] [stderr]    Compiling libc v0.2.121
[INFO] [stderr]    Compiling proc-macro2 v1.0.36
[INFO] [stderr]    Compiling unicode-xid v0.2.2
[INFO] [stderr]    Compiling syn v1.0.90
[INFO] [stderr]    Compiling pkg-config v0.3.25
[INFO] [stderr]     Checking once_cell v1.15.0
[INFO] [stderr]     Checking smallvec v1.8.0
[INFO] [stderr]    Compiling memchr v2.4.1
[INFO] [stderr]    Compiling serde v1.0.136
[INFO] [stderr]    Compiling version-compare v0.1.0
[INFO] [stderr]    Compiling libm v0.2.5
[INFO] [stderr]    Compiling num-traits v0.2.14
[INFO] [stderr]    Compiling log v0.4.16
[INFO] [stderr]    Compiling serde_derive v1.0.136
[INFO] [stderr]    Compiling lock_api v0.4.7
[INFO] [stderr]    Compiling parking_lot_core v0.9.2
[INFO] [stderr]    Compiling xml-rs v0.8.4
[INFO] [stderr]     Checking scopeguard v1.1.0
[INFO] [stderr]    Compiling num-integer v0.1.44
[INFO] [stderr]    Compiling memoffset v0.6.5
[INFO] [stderr]     Checking pin-project-lite v0.2.8
[INFO] [stderr]    Compiling ahash v0.8.0
[INFO] [stderr]    Compiling miniz_oxide v0.4.4
[INFO] [stderr]    Compiling crc32fast v1.3.2
[INFO] [stderr]    Compiling cfg-expr v0.10.3
[INFO] [stderr]     Checking lexical-util v0.8.3
[INFO] [stderr]     Checking tracing-core v0.1.23
[INFO] [stderr]    Compiling num-bigint v0.4.3
[INFO] [stderr]    Compiling futures-core v0.3.21
[INFO] [stderr]    Compiling quote v1.0.17
[INFO] [stderr]    Compiling ahash v0.7.6
[INFO] [stderr]    Compiling num-rational v0.4.0
[INFO] [stderr]    Compiling num-iter v0.1.42
[INFO] [stderr]     Checking base64 v0.13.0
[INFO] [stderr]     Checking tinyvec_macros v0.1.0
[INFO] [stderr]     Checking percent-encoding v2.2.0
[INFO] [stderr]    Compiling jobserver v0.1.24
[INFO] [stderr]     Checking tinyvec v1.5.1
[INFO] [stderr]    Compiling wayland-sys v0.29.4
[INFO] [stderr]    Compiling wayland-scanner v0.29.4
[INFO] [stderr]     Checking libloading v0.7.3
[INFO] [stderr]    Compiling cc v1.0.73
[INFO] [stderr]    Compiling futures-task v0.3.21
[INFO] [stderr]    Compiling futures-channel v0.3.21
[INFO] [stderr]     Checking lexical-parse-integer v0.8.3
[INFO] [stderr]     Checking lexical-write-integer v0.8.3
[INFO] [stderr]    Compiling indexmap v1.9.1
[INFO] [stderr]     Checking num-complex v0.4.0
[INFO] [stderr]    Compiling futures-util v0.3.21
[INFO] [stderr]    Compiling typenum v1.15.0
[INFO] [stderr]     Checking dlib v0.5.0
[INFO] [stderr]     Checking futures-sink v0.3.21
[INFO] [stderr]     Checking unicode-width v0.1.9
[INFO] [stderr]    Compiling rustversion v1.0.6
[INFO] [stderr]     Checking unicode-bidi v0.3.7
[INFO] [stderr]     Checking lexical-write-float v0.8.4
[INFO] [stderr]     Checking lexical-parse-float v0.8.3
[INFO] [stderr]     Checking half v2.1.0
[INFO] [stderr]     Checking getrandom v0.2.6
[INFO] [stderr]     Checking flate2 v1.0.22
[INFO] [stderr]     Checking nix v0.22.3
[INFO] [stderr]     Checking num_cpus v1.13.1
[INFO] [stderr]     Checking chrono v0.4.19
[INFO] [stderr]     Checking ordered-float v1.1.1
[INFO] [stderr]     Checking unicode-normalization v0.1.19
[INFO] [stderr]     Checking form_urlencoded v1.1.0
[INFO] [stderr]     Checking parking_lot v0.12.0
[INFO] [stderr]     Checking aho-corasick v0.7.18
[INFO] [stderr]    Compiling generic-array v0.14.5
[INFO] [stderr]    Compiling tokio v1.21.1
[INFO] [stderr]    Compiling zstd-safe v5.0.2+zstd.1.5.2
[INFO] [stderr]     Checking hashbrown v0.12.0
[INFO] [stderr]     Checking byteorder v1.4.3
[INFO] [stderr]     Checking bytes v1.1.0
[INFO] [stderr]     Checking regex-syntax v0.6.27
[INFO] [stderr]    Compiling cmake v0.1.48
[INFO] [stderr]     Checking slab v0.4.5
[INFO] [stderr]     Checking alloc-no-stdlib v2.0.3
[INFO] [stderr]     Checking futures-io v0.3.21
[INFO] [stderr]     Checking lexical-core v0.8.3
[INFO] [stderr]     Checking alloc-stdlib v0.2.1
[INFO] [stderr]     Checking rand_core v0.6.3
[INFO] [stderr]     Checking idna v0.3.0
[INFO] [stderr]    Compiling wayland-client v0.29.4
[INFO] [stderr]     Checking regex-automata v0.1.10
[INFO] [stderr]     Checking scoped-tls v1.0.0
[INFO] [stderr]     Checking arrayref v0.3.6
[INFO] [stderr]    Compiling snap v1.0.5
[INFO] [stderr]     Checking ryu v1.0.9
[INFO] [stderr]     Checking ppv-lite86 v0.2.16
[INFO] [stderr]     Checking downcast-rs v1.2.0
[INFO] [stderr]    Compiling khronos_api v3.1.0
[INFO] [stderr]     Checking url v2.3.1
[INFO] [stderr]    Compiling serde_json v1.0.79
[INFO] [stderr]    Compiling doc-comment v0.3.3
[INFO] [stderr]    Compiling zstd-sys v2.0.1+zstd.1.5.2
[INFO] [stderr]    Compiling freetype-sys v0.13.1
[INFO] [stderr]    Compiling lz4-sys v1.9.3
[INFO] [stderr]    Compiling expat-sys v2.1.6
[INFO] [stderr]     Checking brotli-decompressor v2.3.2
[INFO] [stderr]     Checking threadpool v1.8.1
[INFO] [stderr]     Checking csv-core v0.1.10
[INFO] [stderr]     Checking rand_chacha v0.3.1
[INFO] [stderr]    Compiling slotmap v1.0.6
[INFO] [stderr]     Checking integer-encoding v1.1.7
[INFO] [stderr]     Checking num v0.4.0
[INFO] [stderr]     Checking strum v0.24.1
[INFO] [stderr]    Compiling async-trait v0.1.53
[INFO] [stderr]     Checking itoa v0.4.8
[INFO] [stderr]     Checking itoa v1.0.1
[INFO] [stderr]     Checking thrift v0.13.0
[INFO] [stderr]     Checking nom v7.1.1
[INFO] [stderr]     Checking rand v0.8.5
[INFO] [stderr]    Compiling wayland-protocols v0.29.4
[INFO] [stderr]    Compiling servo-fontconfig-sys v5.1.0
[INFO] [stderr]     Checking either v1.8.0
[INFO] [stderr]    Compiling parquet v22.0.0
[INFO] [stderr]    Compiling seq-macro v0.3.1
[INFO] [stderr]     Checking itertools v0.10.5
[INFO] [stderr]     Checking walkdir v2.3.2
[INFO] [stderr]     Checking parquet-format v4.0.0
[INFO] [stderr]     Checking brotli v3.3.4
[INFO] [stderr]    Compiling gl_generator v0.14.0
[INFO] [stderr]    Compiling toml v0.5.9
[INFO] [stderr]     Checking block-buffer v0.10.2
[INFO] [stderr]     Checking crypto-common v0.1.3
[INFO] [stderr]     Checking nix v0.24.2
[INFO] [stderr]    Compiling smithay-client-toolkit v0.16.0
[INFO] [stderr]     Checking xcursor v0.3.4
[INFO] [stderr]     Checking subtle v2.4.1
[INFO] [stderr]     Checking ttf-parser v0.15.0
[INFO] [stderr]     Checking digest v0.10.3
[INFO] [stderr]     Checking memmap2 v0.5.7
[INFO] [stderr]     Checking ordered-float v3.0.0
[INFO] [stderr]    Compiling crossfont v0.5.0
[INFO] [stderr]    Compiling x11-dl v2.19.1
[INFO] [stderr]     Checking sqlparser v0.23.0
[INFO] [stderr]     Checking regex v1.6.0
[INFO] [stderr]    Compiling system-deps v6.0.2
[INFO] [stderr]     Checking miniz_oxide v0.5.4
[INFO] [stderr]     Checking foreign-types-shared v0.3.1
[INFO] [stderr]     Checking cty v0.2.2
[INFO] [stderr]     Checking ab_glyph_rasterizer v0.1.5
[INFO] [stderr]     Checking servo-fontconfig v0.5.1
[INFO] [stderr]     Checking freetype-rs v0.26.0
[INFO] [stderr]     Checking arrayvec v0.5.2
[INFO] [stderr]     Checking raw-window-handle v0.5.0
[INFO] [stderr]    Compiling blake3 v1.3.1
[INFO] [stderr]    Compiling proc-macro-error-attr v1.0.4
[INFO] [stderr]     Checking raw-window-handle v0.4.3
[INFO] [stderr]    Compiling glutin_egl_sys v0.1.6
[INFO] [stderr]    Compiling glib-sys v0.15.10
[INFO] [stderr]    Compiling gobject-sys v0.15.10
[INFO] [stderr]     Checking png v0.17.6
[INFO] [stderr]    Compiling atk-sys v0.15.1
[INFO] [stderr]    Compiling gdk-sys v0.15.1
[INFO] [stderr]    Compiling gio-sys v0.15.10
[INFO] [stderr]     Checking wayland-commons v0.29.4
[INFO] [stderr]    Compiling gdk-pixbuf-sys v0.15.10
[INFO] [stderr]    Compiling cairo-sys-rs v0.15.1
[INFO] [stderr]    Compiling pango-sys v0.15.10
[INFO] [stderr]    Compiling gtk-sys v0.15.3
[INFO] [stderr]    Compiling glutin_glx_sys v0.1.8
[INFO] [stderr]     Checking gethostname v0.2.3
[INFO] [stderr]     Checking mio v0.8.2
[INFO] [stderr]    Compiling proc-macro-error v1.0.4
[INFO] [stderr]     Checking instant v0.1.12
[INFO] [stderr]    Compiling paste v1.0.7
[INFO] [stderr]     Checking arrayvec v0.7.2
[INFO] [stderr]     Checking cpufeatures v0.2.2
[INFO] [stderr]     Checking constant_time_eq v0.1.5
[INFO] [stderr]     Checking x11rb v0.9.0
[INFO] [stderr]     Checking sha2 v0.10.2
[INFO] [stderr]     Checking md-5 v0.10.1
[INFO] [stderr]     Checking blake2 v0.10.4
[INFO] [stderr]     Checking shared_library v0.1.9
[INFO] [stderr]    Compiling unicode-segmentation v1.9.0
[INFO] [stderr]     Checking osmesa-sys v0.1.2
[INFO] [stderr]    Compiling heck v0.3.3
[INFO] [stderr]     Checking arrow-buffer v23.0.0
[INFO] [stderr]     Checking webbrowser v0.7.1
[INFO] [stderr]     Checking atty v0.2.14
[INFO] [stderr]     Checking dirs-sys-next v0.1.2
[INFO] [stderr]     Checking dirs-sys v0.3.7
[INFO] [stderr]     Checking textwrap v0.11.0
[INFO] [stderr]    Compiling parquet v23.0.0
[INFO] [stderr]     Checking integer-encoding v3.0.4
[INFO] [stderr]    Compiling rfd v0.10.0
[INFO] [stderr]     Checking remove_dir_all v0.5.3
[INFO] [stderr]     Checking fastrand v1.7.0
[INFO] [stderr]     Checking glow v0.11.2
[INFO] [stderr]     Checking clap v2.34.0
[INFO] [stderr]     Checking thrift v0.16.0
[INFO] [stderr]     Checking dirs v4.0.0
[INFO] [stderr]     Checking tempfile v3.3.0
[INFO] [stderr]     Checking directories-next v2.0.0
[INFO] [stderr]     Checking uuid v1.1.0
[INFO] [stderr]     Checking tracing-log v0.1.3
[INFO] [stderr]     Checking thread_local v1.1.4
[INFO] [stderr]     Checking owned_ttf_parser v0.15.0
[INFO] [stderr]     Checking sharded-slab v0.1.4
[INFO] [stderr]     Checking glob v0.3.0
[INFO] [stderr]     Checking shellexpand v2.1.2
[INFO] [stderr]     Checking ab_glyph v0.2.15
[INFO] [stderr]     Checking wayland-cursor v0.29.4
[INFO] [stderr]     Checking wayland-egl v0.29.4
[INFO] [stderr]    Compiling thiserror-impl v1.0.30
[INFO] [stderr]    Compiling tracing-attributes v0.1.22
[INFO] [stderr]    Compiling bytemuck_derive v1.1.0
[INFO] [stderr]    Compiling futures-macro v0.3.21
[INFO] [stderr]     Checking bytemuck v1.9.1
[INFO] [stderr]    Compiling multiversion-macros v0.6.1
[INFO] [stderr]    Compiling tokio-macros v1.7.0
[INFO] [stderr]    Compiling strum_macros v0.24.3
[INFO] [stderr]    Compiling snafu-derive v0.7.1
[INFO] [stderr]     Checking thiserror v1.0.30
[INFO] [stderr]     Checking flatbuffers v2.1.2
[INFO] [stderr]     Checking calloop v0.10.1
[INFO] [stderr]    Compiling foreign-types-macros v0.2.2
[INFO] [stderr]     Checking tracing v0.1.32
[INFO] [stderr]     Checking tiny-skia-path v0.7.0
[INFO] [stderr]     Checking safe_arch v0.5.2
[INFO] [stderr]     Checking multiversion v0.6.1
[INFO] [stderr]     Checking foreign-types v0.5.0
[INFO] [stderr]    Compiling structopt-derive v0.4.18
[INFO] [stderr]     Checking tracing-subscriber v0.3.9
[INFO] [stderr]     Checking tiny-skia v0.7.0
[INFO] [stderr]     Checking snafu v0.7.1
[INFO] [stderr]     Checking comfy-table v6.1.0
[INFO] [stderr]     Checking structopt v0.3.26
[INFO] [stderr]     Checking arboard v2.1.0
[INFO] [stderr]     Checking futures-executor v0.3.21
[INFO] [stderr]     Checking futures v0.3.21
[INFO] [stderr]     Checking object_store v0.5.0
[INFO] [stderr]     Checking tokio-stream v0.1.8
[INFO] [stderr]     Checking bstr v0.2.17
[INFO] [stderr]     Checking emath v0.19.0
[INFO] [stderr]     Checking ron v0.8.0
[INFO] [stderr]     Checking arrow v23.0.0
[INFO] [stderr]     Checking epaint v0.19.0
[INFO] [stderr]     Checking lz4 v1.23.3
[INFO] [stderr]     Checking csv v1.1.6
[INFO] [stderr]     Checking arrow v22.0.0
[INFO] [stderr]     Checking egui v0.19.0
[INFO] [stderr]     Checking egui_glow v0.19.0
[INFO] [stderr]     Checking egui_extras v0.19.0
[INFO] [stderr]     Checking sctk-adwaita v0.4.2
[INFO] [stderr]     Checking smithay-clipboard v0.6.6
[INFO] [stderr]     Checking winit v0.27.3
[INFO] [stderr]     Checking glutin v0.29.1
[INFO] [stderr]     Checking egui-winit v0.19.0
[INFO] [stderr]     Checking eframe v0.19.0
[INFO] [stderr]     Checking zstd v0.11.2+zstd.1.5.2
[INFO] [stderr]     Checking datafusion-common v12.0.0
[INFO] [stderr]     Checking datafusion-expr v12.0.0
[INFO] [stderr]     Checking datafusion-row v12.0.0
[INFO] [stderr]     Checking datafusion-physical-expr v12.0.0
[INFO] [stderr]     Checking datafusion-sql v12.0.0
[INFO] [stderr]     Checking datafusion-optimizer v12.0.0
[INFO] [stderr]     Checking datafusion v12.0.0
[INFO] [stdout] error[E0277]: the trait bound `!: std::default::Default` is not satisfied
[INFO] [stdout]    --> /opt/rustwide/cargo-home/registry/src/index.crates.io-1949cf8c6b5b557f/datafusion-12.0.0/src/physical_plan/file_format/parquet.rs:780:30
[INFO] [stdout]     |
[INFO] [stdout] 780 | ...                   .try_collect()
[INFO] [stdout]     |                        ^^^^^^^^^^^ the trait `std::default::Default` is not implemented for `!`
[INFO] [stdout]     |
[INFO] [stdout]     = note: this error might have been caused by changes to Rust's type-inference algorithm (see issue #148922 <https://github.com/rust-lang/rust/issues/148922> for more information)
[INFO] [stdout]     = help: you might have intended to use the type `()` here instead
[INFO] [stdout] note: required by a bound in `futures::TryStreamExt::try_collect`
[INFO] [stdout]    --> /opt/rustwide/cargo-home/registry/src/index.crates.io-1949cf8c6b5b557f/futures-util-0.3.21/src/stream/try_stream/mod.rs:580:23
[INFO] [stdout]     |
[INFO] [stdout] 157 | pub trait TryStreamExt: TryStream {
[INFO] [stdout] ...
[INFO] [stdout] 580 |     fn try_collect<C: Default + Extend<Self::Ok>>(self) -> TryCollect<Self, C>
[INFO] [stdout]     |                       ^^^^^^^ required by this bound in `TryStreamExt::try_collect`
[INFO] [stdout] 
[INFO] [stdout] 
[INFO] [stdout] error[E0277]: the trait bound `!: Extend<()>` is not satisfied
[INFO] [stdout]    --> /opt/rustwide/cargo-home/registry/src/index.crates.io-1949cf8c6b5b557f/datafusion-12.0.0/src/physical_plan/file_format/parquet.rs:780:30
[INFO] [stdout]     |
[INFO] [stdout] 780 | ...                   .try_collect()
[INFO] [stdout]     |                        ^^^^^^^^^^^ the trait `Extend<()>` is not implemented for `!`
[INFO] [stdout]     |
[INFO] [stdout] help: the trait `Extend<()>` is implemented for `()`
[INFO] [stdout]    --> /rustc/e3feeb59cd1bdd011a2bfcc0747b55125d9b8527/library/core/src/iter/traits/collect.rs:454:0
[INFO] [stdout]     = note: this error might have been caused by changes to Rust's type-inference algorithm (see issue #148922 <https://github.com/rust-lang/rust/issues/148922> for more information)
[INFO] [stdout]     = help: you might have intended to use the type `()` here instead
[INFO] [stdout] note: the method call chain might not have had the expected associated types
[INFO] [stdout]    --> /opt/rustwide/cargo-home/registry/src/index.crates.io-1949cf8c6b5b557f/datafusion-12.0.0/src/physical_plan/file_format/parquet.rs:779:30
[INFO] [stdout]     |
[INFO] [stdout] 775 |                 let stream = plan.execute(i, task_ctx)?;
[INFO] [stdout]     |                              -------------------------- this expression has type `Pin<Box<dyn RecordBatchStream + Send>>`
[INFO] [stdout] ...
[INFO] [stdout] 779 |                             .map(|batch| writer.write(&batch?))
[INFO] [stdout]     |                              ^^^^^^^^^^^^^^^^^^^^^^^^^^^^^^^^^^ `TryStream::Ok` is `()` here
[INFO] [stdout] note: required by a bound in `futures::TryStreamExt::try_collect`
[INFO] [stdout]    --> /opt/rustwide/cargo-home/registry/src/index.crates.io-1949cf8c6b5b557f/futures-util-0.3.21/src/stream/try_stream/mod.rs:580:33
[INFO] [stdout]     |
[INFO] [stdout] 157 | pub trait TryStreamExt: TryStream {
[INFO] [stdout] ...
[INFO] [stdout] 580 |     fn try_collect<C: Default + Extend<Self::Ok>>(self) -> TryCollect<Self, C>
[INFO] [stdout]     |                                 ^^^^^^^^^^^^^^^^ required by this bound in `TryStreamExt::try_collect`
[INFO] [stdout] 
[INFO] [stdout] 
[INFO] [stdout] error[E0277]: the trait bound `!: std::default::Default` is not satisfied
[INFO] [stdout]    --> /opt/rustwide/cargo-home/registry/src/index.crates.io-1949cf8c6b5b557f/datafusion-12.0.0/src/physical_plan/file_format/parquet.rs:781:30
[INFO] [stdout]     |
[INFO] [stdout] 781 | ...                   .await
[INFO] [stdout]     |                        ^^^^^ the trait `std::default::Default` is not implemented for `!`
[INFO] [stdout]     |
[INFO] [stdout]     = note: this error might have been caused by changes to Rust's type-inference algorithm (see issue #148922 <https://github.com/rust-lang/rust/issues/148922> for more information)
[INFO] [stdout]     = help: you might have intended to use the type `()` here instead
[INFO] [stdout]     = note: required for `TryCollect<Map<Pin<Box<_>>, {closure@...}>, !>` to implement `futures::Future`
[INFO] [stdout]     = note: the full name for the type has been written to '/opt/rustwide/target/debug/build/datafusion/7bb38c7dcfa15fbb/out/datafusion-7bb38c7dcfa15fbb.long-type-3794021040889606593.txt'
[INFO] [stdout]     = note: consider using `--verbose` to print the full type name to the console
[INFO] [stdout] 
[INFO] [stdout] 
[INFO] [stdout] error[E0277]: the trait bound `!: Extend<()>` is not satisfied
[INFO] [stdout]    --> /opt/rustwide/cargo-home/registry/src/index.crates.io-1949cf8c6b5b557f/datafusion-12.0.0/src/physical_plan/file_format/parquet.rs:781:30
[INFO] [stdout]     |
[INFO] [stdout] 781 | ...                   .await
[INFO] [stdout]     |                        ^^^^^ the trait `Extend<()>` is not implemented for `!`
[INFO] [stdout]     |
[INFO] [stdout] help: the trait `Extend<()>` is implemented for `()`
[INFO] [stdout]    --> /rustc/e3feeb59cd1bdd011a2bfcc0747b55125d9b8527/library/core/src/iter/traits/collect.rs:454:0
[INFO] [stdout]     = note: this error might have been caused by changes to Rust's type-inference algorithm (see issue #148922 <https://github.com/rust-lang/rust/issues/148922> for more information)
[INFO] [stdout]     = help: you might have intended to use the type `()` here instead
[INFO] [stdout]     = note: required for `TryCollect<Map<Pin<Box<_>>, {closure@...}>, !>` to implement `futures::Future`
[INFO] [stdout]     = note: the full name for the type has been written to '/opt/rustwide/target/debug/build/datafusion/7bb38c7dcfa15fbb/out/datafusion-7bb38c7dcfa15fbb.long-type-3794021040889606593.txt'
[INFO] [stdout]     = note: consider using `--verbose` to print the full type name to the console
[INFO] [stdout] 
[INFO] [stdout] 
[INFO] [stdout] For more information about this error, try `rustc --explain E0277`.
[INFO] [stdout] 
[INFO] [stderr] error: could not compile `datafusion` (lib) due to 4 previous errors
[INFO] running `Command { std: "docker" "inspect" "7d1db4b887a6a89b3d208557acb9f69c8fa5202d593c7e6c2d4967ccc56736bc", kill_on_drop: false }`
[INFO] running `Command { std: "docker" "rm" "-f" "7d1db4b887a6a89b3d208557acb9f69c8fa5202d593c7e6c2d4967ccc56736bc", kill_on_drop: false }`
[INFO] [stdout] 7d1db4b887a6a89b3d208557acb9f69c8fa5202d593c7e6c2d4967ccc56736bc
