[INFO] fetching crate hackdose-server 0.10.0...
[INFO] documenting hackdose-server-0.10.0 against 1.100.0-beta.1 for beta-rustdoc-1.100
[INFO] extracting crate hackdose-server 0.10.0 into /workspace/builds/worker-7-tc2/source
[INFO] started tweaking crates.io crate hackdose-server 0.10.0
[INFO] finished tweaking crates.io crate hackdose-server 0.10.0
[INFO] tweaked toml for crates.io crate hackdose-server 0.10.0 written to /workspace/builds/worker-7-tc2/source/Cargo.toml
[INFO] validating manifest of crates.io crate hackdose-server 0.10.0 on toolchain 1.100.0-beta.1
[INFO] running `Command { std: CARGO_HOME="/workspace/cargo-home" RUSTUP_HOME="/workspace/rustup-home" "/workspace/cargo-home/bin/cargo" "+1.100.0-beta.1" "metadata" "--manifest-path" "Cargo.toml" "--no-deps", kill_on_drop: false }`
[INFO] crate crates.io crate hackdose-server 0.10.0 already has a lockfile, it will not be regenerated
[INFO] running `Command { std: CARGO_HOME="/workspace/cargo-home" RUSTUP_HOME="/workspace/rustup-home" "/workspace/cargo-home/bin/cargo" "+1.100.0-beta.1" "fetch" "--manifest-path" "Cargo.toml", kill_on_drop: false }`
[INFO] running `Command { std: "docker" "create" "-v" "/var/lib/crater-agent-workspace/builds/worker-7-tc2/source:/opt/rustwide/workdir:ro,Z" "-v" "/var/lib/crater-agent-workspace/builds/worker-7-tc2/target:/opt/rustwide/target:rw,Z" "-v" "/var/lib/crater-agent-workspace/cargo-home:/opt/rustwide/cargo-home:ro,Z" "-v" "/var/lib/crater-agent-workspace/rustup-home:/opt/rustwide/rustup-home:ro,Z" "-m" "1610612736" "--network" "none" "ghcr.io/rust-lang/crates-build-env/linux@sha256:3111399a4047eeb3a02b7a90e478d715f38a8c6669b5c4b49d30a17385265909" "sleep" "infinity", kill_on_drop: false }`
[INFO] [stdout] ec5436c5526752cef66dbafb545e7edff1d98671f2f53ae509b7a7e5604f5304
[INFO] running `Command { std: "docker" "start" "ec5436c5526752cef66dbafb545e7edff1d98671f2f53ae509b7a7e5604f5304", kill_on_drop: false }`
[INFO] running `Command { std: "docker" "inspect" "ec5436c5526752cef66dbafb545e7edff1d98671f2f53ae509b7a7e5604f5304", kill_on_drop: false }`
[INFO] running `Command { std: "docker" "exec" "-e" "SOURCE_DIR=/opt/rustwide/workdir" "-e" "CARGO_HOME=/opt/rustwide/cargo-home" "-e" "RUSTUP_HOME=/opt/rustwide/rustup-home" "-e" "CARGO_TARGET_DIR=/opt/rustwide/target" "-w" "/opt/rustwide/workdir" "--user" "0:0" "ec5436c5526752cef66dbafb545e7edff1d98671f2f53ae509b7a7e5604f5304" "/opt/rustwide/cargo-home/bin/cargo" "+1.100.0-beta.1" "metadata" "--no-deps" "--format-version=1", kill_on_drop: false }`
[INFO] running `Command { std: "docker" "inspect" "ec5436c5526752cef66dbafb545e7edff1d98671f2f53ae509b7a7e5604f5304", kill_on_drop: false }`
[INFO] running `Command { std: "docker" "exec" "-e" "SOURCE_DIR=/opt/rustwide/workdir" "-e" "CARGO_HOME=/opt/rustwide/cargo-home" "-e" "RUSTUP_HOME=/opt/rustwide/rustup-home" "-e" "CARGO_TARGET_DIR=/opt/rustwide/target" "-e" "CARGO_INCREMENTAL=0" "-e" "RUST_BACKTRACE=full" "-e" "RUSTFLAGS=--cap-lints=warn" "-e" "RUSTDOCFLAGS=--cap-lints=warn" "-w" "/opt/rustwide/workdir" "--user" "0:0" "ec5436c5526752cef66dbafb545e7edff1d98671f2f53ae509b7a7e5604f5304" "/opt/rustwide/cargo-home/bin/cargo" "+1.100.0-beta.1" "doc" "--frozen" "--no-deps" "--document-private-items" "--message-format=json", kill_on_drop: false }`
[INFO] [stderr]    Compiling libc v0.2.132
[INFO] [stderr]    Compiling syn v1.0.107
[INFO] [stderr]     Checking once_cell v1.13.1
[INFO] [stderr]    Compiling memchr v2.5.0
[INFO] [stderr]    Compiling futures-core v0.3.23
[INFO] [stderr]     Checking bytes v1.2.1
[INFO] [stderr]    Compiling lock_api v0.4.7
[INFO] [stderr]    Compiling typenum v1.15.0
[INFO] [stderr]    Compiling parking_lot_core v0.9.3
[INFO] [stderr]     Checking futures-sink v0.3.23
[INFO] [stderr]     Checking itoa v1.0.3
[INFO] [stderr]    Compiling generic-array v0.14.6
[INFO] [stderr]     Checking smallvec v1.9.0
[INFO] [stderr]    Compiling proc-macro2 v1.0.51
[INFO] [stderr]    Compiling tokio v1.25.0
[INFO] [stderr]    Compiling slab v0.4.7
[INFO] [stderr]    Compiling futures-channel v0.3.23
[INFO] [stderr]    Compiling futures-task v0.3.23
[INFO] [stderr]    Compiling futures-util v0.3.23
[INFO] [stderr]    Compiling crossbeam-utils v0.8.11
[INFO] [stderr]    Compiling serde_derive v1.0.152
[INFO] [stderr]     Checking futures-io v0.3.23
[INFO] [stderr]    Compiling serde v1.0.152
[INFO] [stderr]     Checking tracing-core v0.1.29
[INFO] [stderr]    Compiling unicase v2.6.0
[INFO] [stderr]     Checking tinyvec_macros v0.1.0
[INFO] [stderr]     Checking matches v0.1.9
[INFO] [stderr]    Compiling indexmap v1.9.1
[INFO] [stderr]     Checking tinyvec v1.6.0
[INFO] [stderr]    Compiling crossbeam-epoch v0.9.10
[INFO] [stderr]     Checking form_urlencoded v1.0.1
[INFO] [stderr]    Compiling quote v1.0.21
[INFO] [stderr]     Checking unicode-bidi v0.3.8
[INFO] [stderr]     Checking cpufeatures v0.2.4
[INFO] [stderr]     Checking ryu v1.0.11
[INFO] [stderr]    Compiling num-traits v0.2.15
[INFO] [stderr]     Checking http v0.2.8
[INFO] [stderr]    Compiling rayon-core v1.9.3
[INFO] [stderr]     Checking byteorder v1.4.3
[INFO] [stderr]     Checking mime v0.3.16
[INFO] [stderr]     Checking crossbeam-channel v0.5.6
[INFO] [stderr]    Compiling num-integer v0.1.45
[INFO] [stderr]     Checking try-lock v0.2.3
[INFO] [stderr]    Compiling mime_guess v2.0.4
[INFO] [stderr]    Compiling serde_json v1.0.85
[INFO] [stderr]    Compiling crossbeam-queue v0.3.6
[INFO] [stderr]     Checking httpdate v1.0.2
[INFO] [stderr]     Checking want v0.3.0
[INFO] [stderr]     Checking tracing v0.1.36
[INFO] [stderr]    Compiling proc-macro-error-attr v1.0.4
[INFO] [stderr]     Checking crossbeam-deque v0.8.2
[INFO] [stderr]    Compiling rayon v1.5.3
[INFO] [stderr]     Checking remove_dir_all v0.5.3
[INFO] [stderr]     Checking fastrand v1.8.0
[INFO] [stderr]    Compiling peg-runtime v0.8.1
[INFO] [stderr]     Checking unicode-width v0.1.9
[INFO] [stderr]     Checking buf_redux v0.8.4
[INFO] [stderr]     Checking twoway v0.1.8
[INFO] [stderr]     Checking textwrap v0.11.0
[INFO] [stderr]     Checking plotters-backend v0.3.4
[INFO] [stderr]    Compiling async-trait v0.1.64
[INFO] [stderr]     Checking http-body v0.4.5
[INFO] [stderr]     Checking headers-core v0.2.0
[INFO] [stderr]     Checking either v1.8.0
[INFO] [stderr]     Checking iana-time-zone v0.1.46
[INFO] [stderr]     Checking unicode-normalization v0.1.21
[INFO] [stderr]    Compiling peg-macros v0.8.1
[INFO] [stderr]     Checking base64 v0.21.0
[INFO] [stderr]     Checking scoped-tls v1.0.0
[INFO] [stderr]     Checking unsafe-libyaml v0.2.5
[INFO] [stderr]     Checking ipnet v2.7.1
[INFO] [stderr]     Checking plotters-svg v0.3.3
[INFO] [stderr]     Checking num_cpus v1.13.1
[INFO] [stderr]     Checking mio v0.8.4
[INFO] [stderr]     Checking signal-hook-registry v1.4.0
[INFO] [stderr]     Checking socket2 v0.4.4
[INFO] [stderr]     Checking getrandom v0.2.7
[INFO] [stderr]     Checking nix v0.23.1
[INFO] [stderr]     Checking nix v0.24.2
[INFO] [stderr]     Checking atty v0.2.14
[INFO] [stderr]     Checking tempfile v3.3.0
[INFO] [stderr]     Checking time v0.1.44
[INFO] [stderr]     Checking parking_lot v0.12.1
[INFO] [stderr]     Checking idna v0.2.3
[INFO] [stderr]     Checking rand_core v0.6.3
[INFO] [stderr]     Checking clap v2.34.0
[INFO] [stderr]     Checking crossbeam v0.8.2
[INFO] [stderr]     Checking if-addrs v0.6.7
[INFO] [stderr]     Checking rand_chacha v0.3.1
[INFO] [stderr]     Checking url v2.2.2
[INFO] [stderr]     Checking block-buffer v0.10.2
[INFO] [stderr]     Checking block-buffer v0.9.0
[INFO] [stderr]     Checking crypto-common v0.1.6
[INFO] [stderr]     Checking digest v0.9.0
[INFO] [stderr]     Checking chrono v0.4.22
[INFO] [stderr]     Checking rand v0.8.5
[INFO] [stderr]     Checking digest v0.10.3
[INFO] [stderr]     Checking sha-1 v0.9.8
[INFO] [stderr]     Checking sha-1 v0.10.0
[INFO] [stderr]     Checking headers v0.3.7
[INFO] [stderr]     Checking peg v0.8.1
[INFO] [stderr]     Checking serialport v4.2.0
[INFO] [stderr]     Checking multipart v0.18.0
[INFO] [stderr]     Checking plotters v0.3.4
[INFO] [stderr]     Checking mio-serial v5.0.2
[INFO] [stderr]     Checking gpio-cdev v0.5.1
[INFO] [stderr]    Compiling proc-macro-error v1.0.4
[INFO] [stderr]    Compiling tokio-macros v1.8.0
[INFO] [stderr]    Compiling futures-macro v0.3.23
[INFO] [stderr]    Compiling thiserror-impl v1.0.33
[INFO] [stderr]    Compiling pin-project-internal v1.0.12
[INFO] [stderr]    Compiling enum-iterator-derive v1.1.0
[INFO] [stderr]    Compiling clap_derive v4.0.21
[INFO] [stderr]     Checking pin-project v1.0.12
[INFO] [stderr]     Checking enum-iterator v1.2.0
[INFO] [stderr]     Checking thiserror v1.0.33
[INFO] [stderr]     Checking tungstenite v0.14.0
[INFO] [stderr]     Checking clap v4.0.26
[INFO] [stderr]     Checking futures-executor v0.3.23
[INFO] [stderr]     Checking futures v0.3.23
[INFO] [stderr]     Checking tokio-util v0.7.3
[INFO] [stderr]     Checking tokio-util v0.6.10
[INFO] [stderr]     Checking tokio-tungstenite v0.15.0
[INFO] [stderr]     Checking tokio-serial v5.4.3
[INFO] [stderr]     Checking h2 v0.3.14
[INFO] [stderr]     Checking tokio-stream v0.1.11
[INFO] [stderr]     Checking serde_urlencoded v0.7.1
[INFO] [stderr]     Checking hackdose-sml-parser v0.10.0
[INFO] [stderr]     Checking serde_yaml v0.9.17
[INFO] [stderr]     Checking tplinker v0.4.4
[INFO] [stdout] error[E0277]: the trait bound `!: DeserializeOwned` is not satisfied
[INFO] [stdout]    --> /opt/rustwide/cargo-home/registry/src/index.crates.io-1949cf8c6b5b557f/tplinker-0.4.4/src/devices.rs:145:14
[INFO] [stdout]     |
[INFO] [stdout] 145 |         self.send(&r#"{"smartlife.iot.smartbulb.lightingservice":{"transition_light_state":{"on_off":1}}}"#)?;
[INFO] [stdout]     |              ^^^^ the trait `for<'de> Deserialize<'de>` is not implemented for `!`
[INFO] [stdout]     |
[INFO] [stdout]     = help: the following other types implement trait `Deserialize<'de>`:
[INFO] [stdout]               &'a Path
[INFO] [stdout]               &'a [u8]
[INFO] [stdout]               &'a str
[INFO] [stdout]               ()
[INFO] [stdout]               (T0, T1)
[INFO] [stdout]               (T0, T1, T2)
[INFO] [stdout]               (T0, T1, T2, T3)
[INFO] [stdout]               (T0, T1, T2, T3, T4)
[INFO] [stdout]             and 142 others
[INFO] [stdout]     = note: this error might have been caused by changes to Rust's type-inference algorithm (see issue #148922 <https://github.com/rust-lang/rust/issues/148922> for more information)
[INFO] [stdout]     = help: you might have intended to use the type `()` here instead
[INFO] [stdout]     = note: required for `!` to implement `DeserializeOwned`
[INFO] [stdout] note: required by a bound in `DeviceActions::send`
[INFO] [stdout]    --> /opt/rustwide/cargo-home/registry/src/index.crates.io-1949cf8c6b5b557f/tplinker-0.4.4/src/capabilities.rs:28:16
[INFO] [stdout]     |
[INFO] [stdout]  21 | pub trait DeviceActions {
[INFO] [stdout] ...
[INFO] [stdout]  28 |     fn send<T: DeserializeOwned>(&self, msg: &str) -> Result<T>;
[INFO] [stdout]     |                ^^^^^^^^^^^^^^^^ required by this bound in `DeviceActions::send`
[INFO] [stdout] 
[INFO] [stdout] 
[INFO] [stdout] error[E0277]: the trait bound `!: DeserializeOwned` is not satisfied
[INFO] [stdout]    --> /opt/rustwide/cargo-home/registry/src/index.crates.io-1949cf8c6b5b557f/tplinker-0.4.4/src/devices.rs:150:14
[INFO] [stdout]     |
[INFO] [stdout] 150 |         self.send(&r#"{"smartlife.iot.smartbulb.lightingservice":{"transition_light_state":{"on_off":0}}}"#)?;
[INFO] [stdout]     |              ^^^^ the trait `for<'de> Deserialize<'de>` is not implemented for `!`
[INFO] [stdout]     |
[INFO] [stdout]     = help: the following other types implement trait `Deserialize<'de>`:
[INFO] [stdout]               &'a Path
[INFO] [stdout]               &'a [u8]
[INFO] [stdout]               &'a str
[INFO] [stdout]               ()
[INFO] [stdout]               (T0, T1)
[INFO] [stdout]               (T0, T1, T2)
[INFO] [stdout]               (T0, T1, T2, T3)
[INFO] [stdout]               (T0, T1, T2, T3, T4)
[INFO] [stdout]             and 142 others
[INFO] [stdout]     = note: this error might have been caused by changes to Rust's type-inference algorithm (see issue #148922 <https://github.com/rust-lang/rust/issues/148922> for more information)
[INFO] [stdout]     = help: you might have intended to use the type `()` here instead
[INFO] [stdout]     = note: required for `!` to implement `DeserializeOwned`
[INFO] [stdout] note: required by a bound in `DeviceActions::send`
[INFO] [stdout]    --> /opt/rustwide/cargo-home/registry/src/index.crates.io-1949cf8c6b5b557f/tplinker-0.4.4/src/capabilities.rs:28:16
[INFO] [stdout]     |
[INFO] [stdout]  21 | pub trait DeviceActions {
[INFO] [stdout] ...
[INFO] [stdout]  28 |     fn send<T: DeserializeOwned>(&self, msg: &str) -> Result<T>;
[INFO] [stdout]     |                ^^^^^^^^^^^^^^^^ required by this bound in `DeviceActions::send`
[INFO] [stdout] 
[INFO] [stdout] 
[INFO] [stdout] error[E0277]: the trait bound `!: DeserializeOwned` is not satisfied
[INFO] [stdout]    --> /opt/rustwide/cargo-home/registry/src/index.crates.io-1949cf8c6b5b557f/tplinker-0.4.4/src/devices.rs:170:14
[INFO] [stdout]     |
[INFO] [stdout] 170 |         self.send(&r#"{"smartlife.iot.smartbulb.lightingservice":{"transition_light_state":{"on_off":1}}}"#)?;
[INFO] [stdout]     |              ^^^^ the trait `for<'de> Deserialize<'de>` is not implemented for `!`
[INFO] [stdout]     |
[INFO] [stdout]     = help: the following other types implement trait `Deserialize<'de>`:
[INFO] [stdout]               &'a Path
[INFO] [stdout]               &'a [u8]
[INFO] [stdout]               &'a str
[INFO] [stdout]               ()
[INFO] [stdout]               (T0, T1)
[INFO] [stdout]               (T0, T1, T2)
[INFO] [stdout]               (T0, T1, T2, T3)
[INFO] [stdout]               (T0, T1, T2, T3, T4)
[INFO] [stdout]             and 142 others
[INFO] [stdout]     = note: this error might have been caused by changes to Rust's type-inference algorithm (see issue #148922 <https://github.com/rust-lang/rust/issues/148922> for more information)
[INFO] [stdout]     = help: you might have intended to use the type `()` here instead
[INFO] [stdout]     = note: required for `!` to implement `DeserializeOwned`
[INFO] [stdout] note: required by a bound in `DeviceActions::send`
[INFO] [stdout]    --> /opt/rustwide/cargo-home/registry/src/index.crates.io-1949cf8c6b5b557f/tplinker-0.4.4/src/capabilities.rs:28:16
[INFO] [stdout]     |
[INFO] [stdout]  21 | pub trait DeviceActions {
[INFO] [stdout] ...
[INFO] [stdout]  28 |     fn send<T: DeserializeOwned>(&self, msg: &str) -> Result<T>;
[INFO] [stdout]     |                ^^^^^^^^^^^^^^^^ required by this bound in `DeviceActions::send`
[INFO] [stdout] 
[INFO] [stdout] 
[INFO] [stdout] error[E0277]: the trait bound `!: DeserializeOwned` is not satisfied
[INFO] [stdout]    --> /opt/rustwide/cargo-home/registry/src/index.crates.io-1949cf8c6b5b557f/tplinker-0.4.4/src/devices.rs:175:14
[INFO] [stdout]     |
[INFO] [stdout] 175 |         self.send(&r#"{"smartlife.iot.smartbulb.lightingservice":{"transition_light_state":{"on_off":0}}}"#)?;
[INFO] [stdout]     |              ^^^^ the trait `for<'de> Deserialize<'de>` is not implemented for `!`
[INFO] [stdout]     |
[INFO] [stdout]     = help: the following other types implement trait `Deserialize<'de>`:
[INFO] [stdout]               &'a Path
[INFO] [stdout]               &'a [u8]
[INFO] [stdout]               &'a str
[INFO] [stdout]               ()
[INFO] [stdout]               (T0, T1)
[INFO] [stdout]               (T0, T1, T2)
[INFO] [stdout]               (T0, T1, T2, T3)
[INFO] [stdout]               (T0, T1, T2, T3, T4)
[INFO] [stdout]             and 142 others
[INFO] [stdout]     = note: this error might have been caused by changes to Rust's type-inference algorithm (see issue #148922 <https://github.com/rust-lang/rust/issues/148922> for more information)
[INFO] [stdout]     = help: you might have intended to use the type `()` here instead
[INFO] [stdout]     = note: required for `!` to implement `DeserializeOwned`
[INFO] [stdout] note: required by a bound in `DeviceActions::send`
[INFO] [stdout]    --> /opt/rustwide/cargo-home/registry/src/index.crates.io-1949cf8c6b5b557f/tplinker-0.4.4/src/capabilities.rs:28:16
[INFO] [stdout]     |
[INFO] [stdout]  21 | pub trait DeviceActions {
[INFO] [stdout] ...
[INFO] [stdout]  28 |     fn send<T: DeserializeOwned>(&self, msg: &str) -> Result<T>;
[INFO] [stdout]     |                ^^^^^^^^^^^^^^^^ required by this bound in `DeviceActions::send`
[INFO] [stdout] 
[INFO] [stdout] 
[INFO] [stdout] For more information about this error, try `rustc --explain E0277`.
[INFO] [stdout] 
[INFO] [stderr] error: could not compile `tplinker` (lib) due to 4 previous errors
[INFO] [stderr] warning: build failed, waiting for other jobs to finish...
[INFO] running `Command { std: "docker" "inspect" "ec5436c5526752cef66dbafb545e7edff1d98671f2f53ae509b7a7e5604f5304", kill_on_drop: false }`
[INFO] running `Command { std: "docker" "rm" "-f" "ec5436c5526752cef66dbafb545e7edff1d98671f2f53ae509b7a7e5604f5304", kill_on_drop: false }`
[INFO] [stdout] ec5436c5526752cef66dbafb545e7edff1d98671f2f53ae509b7a7e5604f5304
