[INFO] fetching crate cargo-ui 0.3.3...
[INFO] documenting cargo-ui-0.3.3 against 1.100.0-beta.1 for beta-rustdoc-1.100
[INFO] extracting crate cargo-ui 0.3.3 into /workspace/builds/worker-6-tc2/source
[INFO] started tweaking crates.io crate cargo-ui 0.3.3
[INFO] finished tweaking crates.io crate cargo-ui 0.3.3
[INFO] tweaked toml for crates.io crate cargo-ui 0.3.3 written to /workspace/builds/worker-6-tc2/source/Cargo.toml
[INFO] validating manifest of crates.io crate cargo-ui 0.3.3 on toolchain 1.100.0-beta.1
[INFO] running `Command { std: CARGO_HOME="/workspace/cargo-home" RUSTUP_HOME="/workspace/rustup-home" "/workspace/cargo-home/bin/cargo" "+1.100.0-beta.1" "metadata" "--manifest-path" "Cargo.toml" "--no-deps", kill_on_drop: false }`
[INFO] crate crates.io crate cargo-ui 0.3.3 already has a lockfile, it will not be regenerated
[INFO] running `Command { std: CARGO_HOME="/workspace/cargo-home" RUSTUP_HOME="/workspace/rustup-home" "/workspace/cargo-home/bin/cargo" "+1.100.0-beta.1" "fetch" "--manifest-path" "Cargo.toml", kill_on_drop: false }`
[INFO] [stderr]     Blocking waiting for file lock on package cache
[INFO] running `Command { std: "docker" "create" "-v" "/var/lib/crater-agent-workspace/builds/worker-6-tc2/source:/opt/rustwide/workdir:ro,Z" "-v" "/var/lib/crater-agent-workspace/builds/worker-6-tc2/target:/opt/rustwide/target:rw,Z" "-v" "/var/lib/crater-agent-workspace/cargo-home:/opt/rustwide/cargo-home:ro,Z" "-v" "/var/lib/crater-agent-workspace/rustup-home:/opt/rustwide/rustup-home:ro,Z" "-m" "1610612736" "--network" "none" "ghcr.io/rust-lang/crates-build-env/linux@sha256:77db811e55d90add9212f6832c23229e3de5f1c1f9905e8cb07319ea15df73ac" "sleep" "infinity", kill_on_drop: false }`
[INFO] [stdout] c2945c986c3d82636c5cd2fbd664f4f292d3eb51caafdcb0bbebf5b59b99af3a
[INFO] running `Command { std: "docker" "start" "c2945c986c3d82636c5cd2fbd664f4f292d3eb51caafdcb0bbebf5b59b99af3a", kill_on_drop: false }`
[INFO] running `Command { std: "docker" "inspect" "c2945c986c3d82636c5cd2fbd664f4f292d3eb51caafdcb0bbebf5b59b99af3a", kill_on_drop: false }`
[INFO] running `Command { std: "docker" "exec" "-e" "SOURCE_DIR=/opt/rustwide/workdir" "-e" "CARGO_HOME=/opt/rustwide/cargo-home" "-e" "RUSTUP_HOME=/opt/rustwide/rustup-home" "-e" "CARGO_TARGET_DIR=/opt/rustwide/target" "-w" "/opt/rustwide/workdir" "--user" "0:0" "c2945c986c3d82636c5cd2fbd664f4f292d3eb51caafdcb0bbebf5b59b99af3a" "/opt/rustwide/cargo-home/bin/cargo" "+1.100.0-beta.1" "metadata" "--no-deps" "--format-version=1", kill_on_drop: false }`
[INFO] running `Command { std: "docker" "inspect" "c2945c986c3d82636c5cd2fbd664f4f292d3eb51caafdcb0bbebf5b59b99af3a", kill_on_drop: false }`
[INFO] running `Command { std: "docker" "exec" "-e" "SOURCE_DIR=/opt/rustwide/workdir" "-e" "CARGO_HOME=/opt/rustwide/cargo-home" "-e" "RUSTUP_HOME=/opt/rustwide/rustup-home" "-e" "CARGO_TARGET_DIR=/opt/rustwide/target" "-e" "CARGO_INCREMENTAL=0" "-e" "RUST_BACKTRACE=full" "-e" "RUSTFLAGS=--cap-lints=warn" "-e" "RUSTDOCFLAGS=--cap-lints=warn" "-w" "/opt/rustwide/workdir" "--user" "0:0" "c2945c986c3d82636c5cd2fbd664f4f292d3eb51caafdcb0bbebf5b59b99af3a" "/opt/rustwide/cargo-home/bin/cargo" "+1.100.0-beta.1" "doc" "--frozen" "--no-deps" "--document-private-items" "--message-format=json", kill_on_drop: false }`
[INFO] [stderr]    Compiling proc-macro2 v1.0.56
[INFO] [stderr]    Compiling quote v1.0.26
[INFO] [stderr]    Compiling unicode-ident v1.0.8
[INFO] [stderr]    Compiling libc v0.2.142
[INFO] [stderr]    Compiling log v0.4.17
[INFO] [stderr]    Compiling pkg-config v0.3.27
[INFO] [stderr]    Compiling memchr v2.5.0
[INFO] [stderr]    Compiling syn v1.0.109
[INFO] [stderr]    Compiling crc32fast v1.3.2
[INFO] [stderr]    Compiling once_cell v1.17.1
[INFO] [stderr]    Compiling libm v0.2.6
[INFO] [stderr]    Compiling atomic-polyfill v1.0.2
[INFO] [stderr]    Compiling num-traits v0.2.15
[INFO] [stderr]    Compiling memoffset v0.8.0
[INFO] [stderr]     Checking critical-section v1.1.1
[INFO] [stderr]    Compiling crossbeam-utils v0.8.15
[INFO] [stderr]    Compiling ahash v0.7.6
[INFO] [stderr]    Compiling xml-rs v0.8.4
[INFO] [stderr]    Compiling memoffset v0.6.5
[INFO] [stderr]    Compiling indexmap v1.9.3
[INFO] [stderr]     Checking smallvec v1.10.0
[INFO] [stderr]     Checking arrayvec v0.7.2
[INFO] [stderr]    Compiling regex-syntax v0.7.1
[INFO] [stderr]    Compiling serde_derive v1.0.160
[INFO] [stderr]    Compiling crossbeam-epoch v0.9.14
[INFO] [stderr]    Compiling serde v1.0.160
[INFO] [stderr]     Checking simd-adler32 v0.3.5
[INFO] [stderr]    Compiling num-integer v0.1.45
[INFO] [stderr]    Compiling lock_api v0.4.9
[INFO] [stderr]    Compiling thiserror v1.0.40
[INFO] [stderr]    Compiling lazy_static v1.4.0
[INFO] [stderr]    Compiling semver v1.0.17
[INFO] [stderr]     Checking dlib v0.5.0
[INFO] [stderr]     Checking float-cmp v0.9.0
[INFO] [stderr]    Compiling aho-corasick v1.0.1
[INFO] [stderr]     Checking miniz_oxide v0.7.1
[INFO] [stderr]     Checking scopeguard v1.1.0
[INFO] [stderr]     Checking bytemuck v1.13.1
[INFO] [stderr]     Checking strict-num v0.1.0
[INFO] [stderr]    Compiling getrandom v0.2.9
[INFO] [stderr]    Compiling jobserver v0.1.26
[INFO] [stderr]    Compiling adler v1.0.2
[INFO] [stderr]    Compiling toml_datetime v0.6.1
[INFO] [stderr]    Compiling winnow v0.4.6
[INFO] [stderr]    Compiling syn v2.0.15
[INFO] [stderr]    Compiling wayland-scanner v0.29.5
[INFO] [stderr]    Compiling hashbrown v0.12.3
[INFO] [stderr]     Checking flate2 v1.0.26
[INFO] [stderr]    Compiling slab v0.4.8
[INFO] [stderr]    Compiling rayon-core v1.11.0
[INFO] [stderr]    Compiling rustversion v1.0.12
[INFO] [stderr]    Compiling cc v1.0.79
[INFO] [stderr]     Checking fdeflate v0.3.0
[INFO] [stderr]    Compiling wayland-sys v0.29.5
[INFO] [stderr]    Compiling futures-core v0.3.28
[INFO] [stderr]     Checking nix v0.24.3
[INFO] [stderr]     Checking png v0.17.8
[INFO] [stderr]    Compiling khronos_api v3.1.0
[INFO] [stderr]    Compiling heck v0.4.1
[INFO] [stderr]    Compiling yeslogic-fontconfig-sys v3.2.0
[INFO] [stderr]     Checking byteorder v1.4.3
[INFO] [stderr]    Compiling xmlparser v0.13.5
[INFO] [stderr]    Compiling wayland-client v0.29.5
[INFO] [stderr]    Compiling crossbeam-channel v0.5.8
[INFO] [stderr]    Compiling kurbo v0.9.4
[INFO] [stderr]    Compiling crossbeam-deque v0.8.3
[INFO] [stderr]    Compiling roxmltree v0.18.0
[INFO] [stderr]    Compiling num_cpus v1.15.0
[INFO] [stderr]    Compiling slotmap v1.0.6
[INFO] [stderr]     Checking minimal-lexical v0.2.1
[INFO] [stderr]     Checking scoped-tls v1.0.1
[INFO] [stderr]    Compiling siphasher v0.3.10
[INFO] [stderr]     Checking pin-project-lite v0.2.9
[INFO] [stderr]     Checking nom v7.1.3
[INFO] [stderr]    Compiling gl_generator v0.14.0
[INFO] [stderr]    Compiling svgtypes v0.11.0
[INFO] [stderr]    Compiling wayland-protocols v0.29.5
[INFO] [stderr]     Checking memmap2 v0.5.10
[INFO] [stderr]    Compiling regex v1.8.1
[INFO] [stderr]    Compiling rustc_version v0.4.0
[INFO] [stderr]    Compiling toml_edit v0.19.8
[INFO] [stderr]    Compiling either v1.8.1
[INFO] [stderr]    Compiling field-offset v0.3.5
[INFO] [stderr]     Checking euclid v0.22.9
[INFO] [stderr]     Checking nix v0.25.1
[INFO] [stderr]    Compiling smithay-client-toolkit v0.16.0
[INFO] [stderr]    Compiling simplecss v0.2.1
[INFO] [stderr]    Compiling ahash v0.8.3
[INFO] [stderr]    Compiling proc-macro-error-attr v1.0.4
[INFO] [stderr]    Compiling tinyvec_macros v0.1.1
[INFO] [stderr]    Compiling rctree v0.5.0
[INFO] [stderr]    Compiling unicode-xid v0.2.4
[INFO] [stderr]    Compiling bitflags v1.3.2
[INFO] [stderr]    Compiling tinyvec v1.6.0
[INFO] [stderr]     Checking usvg-tree v0.32.0
[INFO] [stderr]     Checking rosvgtree v0.3.0
[INFO] [stderr]     Checking lyon_geom v1.0.4
[INFO] [stderr]    Compiling spin v0.9.8
[INFO] [stderr]    Compiling rayon v1.7.0
[INFO] [stderr]     Checking wayland-commons v0.29.5
[INFO] [stderr]    Compiling nanorand v0.7.0
[INFO] [stderr]    Compiling x11-dl v2.21.0
[INFO] [stderr]    Compiling proc-macro-error v1.0.4
[INFO] [stderr]     Checking imagesize v0.11.0
[INFO] [stderr]     Checking futures-io v0.3.28
[INFO] [stderr]    Compiling weezl v0.1.7
[INFO] [stderr]    Compiling futures-sink v0.3.28
[INFO] [stderr]    Compiling data-url v0.2.0
[INFO] [stderr]     Checking xcursor v0.3.4
[INFO] [stderr]     Checking percent-encoding v2.2.0
[INFO] [stderr]    Compiling proc-macro-crate v1.3.1
[INFO] [stderr]    Compiling arrayref v0.3.7
[INFO] [stderr]     Checking unicode-bidi v0.3.13
[INFO] [stderr]    Compiling tiny-skia-path v0.9.0
[INFO] [stderr]    Compiling unicode-normalization v0.1.22
[INFO] [stderr]     Checking usvg-parser v0.32.0
[INFO] [stderr]     Checking num-rational v0.4.1
[INFO] [stderr]     Checking lyon_path v1.0.3
[INFO] [stderr]    Compiling openssl-sys v0.9.87
[INFO] [stderr]    Compiling libz-sys v1.1.9
[INFO] [stderr]    Compiling miniz_oxide v0.6.2
[INFO] [stderr]    Compiling zune-inflate v0.2.54
[INFO] [stderr]     Checking rgb v0.8.36
[INFO] [stderr]     Checking wayland-cursor v0.29.5
[INFO] [stderr]     Checking instant v0.1.12
[INFO] [stderr]    Compiling libloading v0.7.4
[INFO] [stderr]     Checking jpeg-decoder v0.3.0
[INFO] [stderr]    Compiling lebe v0.5.2
[INFO] [stderr]    Compiling futures-task v0.3.28
[INFO] [stderr]    Compiling parking_lot_core v0.9.7
[INFO] [stderr]    Compiling xmlwriter v0.1.0
[INFO] [stderr]     Checking base64 v0.21.0
[INFO] [stderr]    Compiling half v2.2.1
[INFO] [stderr]    Compiling futures-channel v0.3.28
[INFO] [stderr]    Compiling auto_enums v0.8.0
[INFO] [stderr]     Checking pico-args v0.5.0
[INFO] [stderr]     Checking ttf-parser v0.19.0
[INFO] [stderr]    Compiling color_quant v1.1.0
[INFO] [stderr]    Compiling bit_field v0.10.2
[INFO] [stderr]    Compiling cpp_common v0.5.8
[INFO] [stderr]     Checking unicode-script v0.5.5
[INFO] [stderr]    Compiling unicode-general-category v0.6.0
[INFO] [stderr]    Compiling unicode-linebreak v0.1.4
[INFO] [stderr]    Compiling cpp_build v0.5.8
[INFO] [stderr]     Checking raw-window-handle v0.5.2
[INFO] [stderr]     Checking image v0.24.6
[INFO] [stderr]     Checking usvg v0.32.0
[INFO] [stderr]    Compiling idna v0.3.0
[INFO] [stderr]    Compiling gif v0.12.0
[INFO] [stderr]    Compiling form_urlencoded v1.1.0
[INFO] [stderr]     Checking tiny-skia v0.9.0
[INFO] [stderr]    Compiling hashbrown v0.13.2
[INFO] [stderr]    Compiling derive_utils v0.12.0
[INFO] [stderr]    Compiling glutin_egl_sys v0.4.0
[INFO] [stderr]    Compiling glutin_glx_sys v0.4.0
[INFO] [stderr]    Compiling qoi v0.4.1
[INFO] [stderr]    Compiling pin-project-internal v1.0.12
[INFO] [stderr]    Compiling strum_macros v0.24.3
[INFO] [stderr]    Compiling derive_more v0.99.17
[INFO] [stderr]    Compiling fontconfig-parser v0.5.2
[INFO] [stderr]     Checking tiny-skia-path v0.8.4
[INFO] [stderr]    Compiling tiff v0.8.1
[INFO] [stderr]    Compiling atty v0.2.14
[INFO] [stderr]    Compiling wayland-sys v0.30.1
[INFO] [stderr]    Compiling codemap v0.1.3
[INFO] [stderr]    Compiling futures-util v0.3.28
[INFO] [stderr]    Compiling countme v3.0.1
[INFO] [stderr]     Checking stable_deref_trait v1.2.0
[INFO] [stderr]    Compiling ttf-parser v0.15.2
[INFO] [stderr]    Compiling termcolor v1.2.0
[INFO] [stderr]    Compiling io-lifetimes v1.0.10
[INFO] [stderr]    Compiling linked-hash-map v0.5.6
[INFO] [stderr]    Compiling Inflector v0.11.4
[INFO] [stderr]     Checking unicode-segmentation v1.10.1
[INFO] [stderr]    Compiling text-size v1.1.0
[INFO] [stderr]    Compiling const-cstr v0.3.0
[INFO] [stderr]     Checking ttf-parser v0.18.1
[INFO] [stderr]    Compiling thiserror-impl v1.0.40
[INFO] [stderr]    Compiling const-field-offset-macro v0.1.3
[INFO] [stderr]    Compiling vtable-macro v0.1.10
[INFO] [stderr]    Compiling num_enum_derive v0.6.1
[INFO] [stderr]    Compiling qttypes v0.2.8
[INFO] [stderr]     Checking const-field-offset v0.1.3
[INFO] [stderr]     Checking owned_ttf_parser v0.19.0
[INFO] [stderr]    Compiling i-slint-compiler v1.0.2
[INFO] [stderr]    Compiling rowan v0.15.11
[INFO] [stderr]     Checking ab_glyph v0.2.21
[INFO] [stderr]    Compiling pin-project v1.0.12
[INFO] [stderr]     Checking vtable v0.1.10
[INFO] [stderr]    Compiling flume v0.10.14
[INFO] [stderr]    Compiling fontdue v0.7.3
[INFO] [stderr]    Compiling codemap-diagnostic v0.1.1
[INFO] [stderr]    Compiling i-slint-core-macros v1.0.2
[INFO] [stderr]    Compiling futures-macro v0.3.28
[INFO] [stderr]    Compiling exr v1.6.3
[INFO] [stderr]    Compiling num_enum v0.6.1
[INFO] [stderr]    Compiling enumflags2_derive v0.7.7
[INFO] [stderr]     Checking calloop v0.10.5
[INFO] [stderr]    Compiling ouroboros_macro v0.15.6
[INFO] [stderr]    Compiling linked_hash_set v0.1.4
[INFO] [stderr]     Checking resvg v0.32.0
[INFO] [stderr]    Compiling strum v0.24.1
[INFO] [stderr]     Checking tiny-skia v0.8.4
[INFO] [stderr]    Compiling lyon_extra v1.0.1
[INFO] [stderr]    Compiling url v2.3.1
[INFO] [stderr]     Checking lyon_algorithms v1.0.3
[INFO] [stderr]    Compiling zvariant_utils v1.0.0
[INFO] [stderr]     Checking x11rb-protocol v0.10.0
[INFO] [stderr]    Compiling itertools v0.10.5
[INFO] [stderr]     Checking concurrent-queue v2.2.0
[INFO] [stderr]     Checking integer-sqrt v0.1.5
[INFO] [stderr]    Compiling winit v0.28.3
[INFO] [stderr]    Compiling libssh2-sys v0.2.23
[INFO] [stderr]    Compiling glutin v0.30.7
[INFO] [stderr]     Checking mio v0.8.6
[INFO] [stderr]     Checking gethostname v0.2.3
[INFO] [stderr]    Compiling aho-corasick v0.7.20
[INFO] [stderr]    Compiling fontdb v0.13.1
[INFO] [stderr]    Compiling css-color-parser2 v1.0.1
[INFO] [stderr]    Compiling polling v2.8.0
[INFO] [stderr]     Checking fastrand v1.9.0
[INFO] [stderr]     Checking cfg-if v0.1.10
[INFO] [stderr]     Checking aliasable v0.1.3
[INFO] [stderr]    Compiling i-slint-common v1.0.2
[INFO] [stderr]    Compiling smol_str v0.2.0
[INFO] [stderr]     Checking scoped-tls-hkt v0.1.2
[INFO] [stderr]     Checking pin-weak v1.1.0
[INFO] [stderr]    Compiling rustix v0.37.19
[INFO] [stderr]     Checking waker-fn v1.1.0
[INFO] [stderr]    Compiling pin-utils v0.1.0
[INFO] [stderr]    Compiling by_address v1.1.0
[INFO] [stderr]    Compiling dunce v1.0.4
[INFO] [stderr]     Checking unicode-bidi-mirroring v0.1.0
[INFO] [stderr]     Checking unicode-ccc v0.1.2
[INFO] [stderr]     Checking parking v2.1.0
[INFO] [stderr]     Checking clru v0.6.1
[INFO] [stderr]    Compiling spin_on v0.1.1
[INFO] [stderr]     Checking ouroboros v0.15.6
[INFO] [stderr]     Checking generational-arena v0.2.8
[INFO] [stderr]     Checking rustybuzz v0.7.0
[INFO] [stderr]     Checking futures-lite v1.13.0
[INFO] [stderr]     Checking parking_lot v0.12.1
[INFO] [stderr]     Checking rand_core v0.6.4
[INFO] [stderr]     Checking i-slint-core v1.0.2
[INFO] [stderr]    Compiling zvariant_derive v3.12.0
[INFO] [stderr]    Compiling i-slint-backend-qt v1.0.2
[INFO] [stderr]     Checking async-lock v2.7.0
[INFO] [stderr]    Compiling glutin-winit v0.3.0
[INFO] [stderr]     Checking socket2 v0.4.9
[INFO] [stderr]    Compiling cpp_macros v0.5.8
[INFO] [stderr]    Compiling async-io v1.13.0
[INFO] [stderr]    Compiling async-trait v0.1.68
[INFO] [stderr]     Checking glow v0.12.1
[INFO] [stderr]     Checking ppv-lite86 v0.2.17
[INFO] [stderr]     Checking imgref v1.9.4
[INFO] [stderr]     Checking linux-raw-sys v0.3.7
[INFO] [stderr]     Checking lru v0.9.0
[INFO] [stderr]     Checking fontdb v0.12.0
[INFO] [stderr]     Checking rand_chacha v0.3.1
[INFO] [stderr]    Compiling tracing-attributes v0.1.24
[INFO] [stderr]    Compiling libgit2-sys v0.14.2+1.5.1
[INFO] [stderr]    Compiling i-slint-backend-winit v1.0.2
[INFO] [stderr]     Checking dirs-sys v0.3.7
[INFO] [stderr]     Checking tracing-core v0.1.30
[INFO] [stderr]    Compiling serde_json v1.0.96
[INFO] [stderr]     Checking cpp v0.5.8
[INFO] [stderr]     Checking sha1_smol v1.0.0
[INFO] [stderr]     Checking async-task v4.4.0
[INFO] [stderr]     Checking sha1 v0.6.1
[INFO] [stderr]     Checking dirs v4.0.0
[INFO] [stderr]     Checking async-executor v1.5.1
[INFO] [stderr]     Checking rand v0.8.5
[INFO] [stderr]     Checking async-broadcast v0.4.1
[INFO] [stderr]     Checking async-channel v1.8.0
[INFO] [stderr]    Compiling serde_repr v0.1.12
[INFO] [stderr]    Compiling derivative v2.2.0
[INFO] [stderr]    Compiling async-recursion v0.3.2
[INFO] [stderr]    Compiling zbus_macros v2.3.2
[INFO] [stderr]     Checking ordered-stream v0.0.1
[INFO] [stderr]     Checking femtovg v0.6.0
[INFO] [stderr]     Checking nix v0.23.2
[INFO] [stderr]    Compiling i-slint-backend-selector v1.0.2
[INFO] [stderr]     Checking tracing v0.1.37
[INFO] [stderr]    Compiling camino v1.1.4
[INFO] [stderr]     Checking itoa v1.0.6
[INFO] [stderr]     Checking ryu v1.0.13
[INFO] [stderr]     Checking is-docker v0.2.0
[INFO] [stderr]    Compiling tokio v1.28.0
[INFO] [stderr]    Compiling anyhow v1.0.71
[INFO] [stderr]    Compiling rfd v0.11.3
[INFO] [stderr]     Checking openssl-probe v0.1.5
[INFO] [stderr]     Checking is-wsl v0.4.0
[INFO] [stderr]     Checking futures-executor v0.3.28
[INFO] [stderr]    Compiling tokio-macros v2.1.0
[INFO] [stderr]     Checking signal-hook-registry v1.4.1
[INFO] [stderr]     Checking pollster v0.3.0
[INFO] [stderr]     Checking pathdiff v0.2.1
[INFO] [stderr]     Checking futures v0.3.28
[INFO] [stderr]     Checking bytes v1.4.0
[INFO] [stderr]     Checking urlencoding v2.1.2
[INFO] [stderr]     Checking home v0.5.5
[INFO] [stderr]     Checking open v4.1.0
[INFO] [stderr]     Checking shlex v1.1.0
[INFO] [stderr]     Checking i-slint-renderer-femtovg v1.0.2
[INFO] [stderr]     Checking enumflags2 v0.7.7
[INFO] [stderr]     Checking hex v0.4.3
[INFO] [stderr]     Checking zvariant v3.12.0
[INFO] [stderr]     Checking serde_spanned v0.6.1
[INFO] [stderr]     Checking cargo-platform v0.1.2
[INFO] [stderr]     Checking cargo_metadata v0.15.4
[INFO] [stderr]     Checking zbus_names v2.5.0
[INFO] [stderr]     Checking x11rb v0.10.1
[INFO] [stderr]     Checking zbus v2.3.2
[INFO] [stderr]     Checking toml v0.7.3
[INFO] [stderr]     Checking x11-clipboard v0.7.1
[INFO] [stderr]     Checking ashpd v0.3.2
[INFO] [stderr]     Checking git2 v0.16.1
[INFO] [stdout] error[E0277]: the trait bound `for<'de> !: Deserialize<'de>` is not satisfied
[INFO] [stdout]    --> /opt/rustwide/cargo-home/registry/src/index.crates.io-1949cf8c6b5b557f/ashpd-0.3.2/src/desktop/dynamic_launcher.rs:213:9
[INFO] [stdout]     |
[INFO] [stdout] 213 | /         call_method(
[INFO] [stdout] 214 | |             self.inner(),
[INFO] [stdout] 215 | |             "Install",
[INFO] [stdout] 216 | |             &(token, desktop_file_id, desktop_entry, options),
[INFO] [stdout] 217 | |         )
[INFO] [stdout]     | |_________^ the trait `for<'de> Deserialize<'de>` is not implemented for `!`
[INFO] [stdout]     |
[INFO] [stdout]     = help: the following other types implement trait `Deserialize<'de>`:
[INFO] [stdout]               `&'a [u8]` implements `Deserialize<'de>`
[INFO] [stdout]               `&'a std::path::Path` implements `Deserialize<'de>`
[INFO] [stdout]               `&'a str` implements `Deserialize<'de>`
[INFO] [stdout]               `()` implements `Deserialize<'de>`
[INFO] [stdout]               `(T0, T1)` implements `Deserialize<'de>`
[INFO] [stdout]               `(T0, T1, T2)` implements `Deserialize<'de>`
[INFO] [stdout]               `(T0, T1, T2, T3)` implements `Deserialize<'de>`
[INFO] [stdout]               `(T0, T1, T2, T3, T4)` implements `Deserialize<'de>`
[INFO] [stdout]             and 214 others
[INFO] [stdout]     = note: this error might have been caused by changes to Rust's type-inference algorithm (see issue #148922 <https://github.com/rust-lang/rust/issues/148922> for more information)
[INFO] [stdout]     = help: you might have intended to use the type `()` here instead
[INFO] [stdout] note: required by a bound in `call_method`
[INFO] [stdout]    --> /opt/rustwide/cargo-home/registry/src/index.crates.io-1949cf8c6b5b557f/ashpd-0.3.2/src/helpers.rs:129:8
[INFO] [stdout]     |
[INFO] [stdout] 123 | pub(crate) async fn call_method<R, B>(
[INFO] [stdout] ...
[INFO] [stdout] 129 |     R: for<'de> Deserialize<'de> + Type,
[INFO] [stdout]     |        ^^^^^^^^^^^^^^^^^^^^^^^^^ required by this bound in `call_method`
[INFO] [stdout] 
[INFO] [stdout] 
[INFO] [stdout] error[E0277]: the trait bound `!: zbus::zvariant::Type` is not satisfied
[INFO] [stdout]    --> /opt/rustwide/cargo-home/registry/src/index.crates.io-1949cf8c6b5b557f/ashpd-0.3.2/src/desktop/dynamic_launcher.rs:213:9
[INFO] [stdout]     |
[INFO] [stdout] 213 | /         call_method(
[INFO] [stdout] 214 | |             self.inner(),
[INFO] [stdout] 215 | |             "Install",
[INFO] [stdout] 216 | |             &(token, desktop_file_id, desktop_entry, options),
[INFO] [stdout] 217 | |         )
[INFO] [stdout]     | |_________^ the trait `zbus::zvariant::Type` is not implemented for `!`
[INFO] [stdout]     |
[INFO] [stdout]     = help: the following other types implement trait `zbus::zvariant::Type`:
[INFO] [stdout]               &T
[INFO] [stdout]               &mut T
[INFO] [stdout]               ()
[INFO] [stdout]               (T0, T1)
[INFO] [stdout]               (T0, T1, T2)
[INFO] [stdout]               (T0, T1, T2, T3)
[INFO] [stdout]               (T0, T1, T2, T3, T4)
[INFO] [stdout]               (T0, T1, T2, T3, T4, T5)
[INFO] [stdout]             and 150 others
[INFO] [stdout]     = note: this error might have been caused by changes to Rust's type-inference algorithm (see issue #148922 <https://github.com/rust-lang/rust/issues/148922> for more information)
[INFO] [stdout]     = help: you might have intended to use the type `()` here instead
[INFO] [stdout] note: required by a bound in `call_method`
[INFO] [stdout]    --> /opt/rustwide/cargo-home/registry/src/index.crates.io-1949cf8c6b5b557f/ashpd-0.3.2/src/helpers.rs:129:36
[INFO] [stdout]     |
[INFO] [stdout] 123 | pub(crate) async fn call_method<R, B>(
[INFO] [stdout] ...
[INFO] [stdout] 129 |     R: for<'de> Deserialize<'de> + Type,
[INFO] [stdout]     |                                    ^^^^ required by this bound in `call_method`
[INFO] [stdout] 
[INFO] [stdout] 
[INFO] [stdout] error[E0277]: the trait bound `for<'de> !: Deserialize<'de>` is not satisfied
[INFO] [stdout]    --> /opt/rustwide/cargo-home/registry/src/index.crates.io-1949cf8c6b5b557f/ashpd-0.3.2/src/desktop/dynamic_launcher.rs:230:9
[INFO] [stdout]     |
[INFO] [stdout] 230 |         call_method(self.inner(), "Uninstall", &(desktop_file_id, options)).await?;
[INFO] [stdout]     |         ^^^^^^^^^^^^^^^^^^^^^^^^^^^^^^^^^^^^^^^^^^^^^^^^^^^^^^^^^^^^^^^^^^^ the trait `for<'de> Deserialize<'de>` is not implemented for `!`
[INFO] [stdout]     |
[INFO] [stdout]     = help: the following other types implement trait `Deserialize<'de>`:
[INFO] [stdout]               `&'a [u8]` implements `Deserialize<'de>`
[INFO] [stdout]               `&'a std::path::Path` implements `Deserialize<'de>`
[INFO] [stdout]               `&'a str` implements `Deserialize<'de>`
[INFO] [stdout]               `()` implements `Deserialize<'de>`
[INFO] [stdout]               `(T0, T1)` implements `Deserialize<'de>`
[INFO] [stdout]               `(T0, T1, T2)` implements `Deserialize<'de>`
[INFO] [stdout]               `(T0, T1, T2, T3)` implements `Deserialize<'de>`
[INFO] [stdout]               `(T0, T1, T2, T3, T4)` implements `Deserialize<'de>`
[INFO] [stdout]             and 214 others
[INFO] [stdout]     = note: this error might have been caused by changes to Rust's type-inference algorithm (see issue #148922 <https://github.com/rust-lang/rust/issues/148922> for more information)
[INFO] [stdout]     = help: you might have intended to use the type `()` here instead
[INFO] [stdout] note: required by a bound in `call_method`
[INFO] [stdout]    --> /opt/rustwide/cargo-home/registry/src/index.crates.io-1949cf8c6b5b557f/ashpd-0.3.2/src/helpers.rs:129:8
[INFO] [stdout]     |
[INFO] [stdout] 123 | pub(crate) async fn call_method<R, B>(
[INFO] [stdout] ...
[INFO] [stdout] 129 |     R: for<'de> Deserialize<'de> + Type,
[INFO] [stdout]     |        ^^^^^^^^^^^^^^^^^^^^^^^^^ required by this bound in `call_method`
[INFO] [stdout] 
[INFO] [stdout] 
[INFO] [stdout] error[E0277]: the trait bound `!: zbus::zvariant::Type` is not satisfied
[INFO] [stdout]    --> /opt/rustwide/cargo-home/registry/src/index.crates.io-1949cf8c6b5b557f/ashpd-0.3.2/src/desktop/dynamic_launcher.rs:230:9
[INFO] [stdout]     |
[INFO] [stdout] 230 |         call_method(self.inner(), "Uninstall", &(desktop_file_id, options)).await?;
[INFO] [stdout]     |         ^^^^^^^^^^^^^^^^^^^^^^^^^^^^^^^^^^^^^^^^^^^^^^^^^^^^^^^^^^^^^^^^^^^ the trait `zbus::zvariant::Type` is not implemented for `!`
[INFO] [stdout]     |
[INFO] [stdout]     = help: the following other types implement trait `zbus::zvariant::Type`:
[INFO] [stdout]               &T
[INFO] [stdout]               &mut T
[INFO] [stdout]               ()
[INFO] [stdout]               (T0, T1)
[INFO] [stdout]               (T0, T1, T2)
[INFO] [stdout]               (T0, T1, T2, T3)
[INFO] [stdout]               (T0, T1, T2, T3, T4)
[INFO] [stdout]               (T0, T1, T2, T3, T4, T5)
[INFO] [stdout]             and 150 others
[INFO] [stdout]     = note: this error might have been caused by changes to Rust's type-inference algorithm (see issue #148922 <https://github.com/rust-lang/rust/issues/148922> for more information)
[INFO] [stdout]     = help: you might have intended to use the type `()` here instead
[INFO] [stdout] note: required by a bound in `call_method`
[INFO] [stdout]    --> /opt/rustwide/cargo-home/registry/src/index.crates.io-1949cf8c6b5b557f/ashpd-0.3.2/src/helpers.rs:129:36
[INFO] [stdout]     |
[INFO] [stdout] 123 | pub(crate) async fn call_method<R, B>(
[INFO] [stdout] ...
[INFO] [stdout] 129 |     R: for<'de> Deserialize<'de> + Type,
[INFO] [stdout]     |                                    ^^^^ required by this bound in `call_method`
[INFO] [stdout] 
[INFO] [stdout] 
[INFO] [stderr]    Compiling slint-build v1.0.2
[INFO] [stdout] For more information about this error, try `rustc --explain E0277`.
[INFO] [stdout] 
[INFO] [stderr] error: could not compile `ashpd` (lib) due to 4 previous errors
[INFO] [stderr] warning: build failed, waiting for other jobs to finish...
[INFO] running `Command { std: "docker" "inspect" "c2945c986c3d82636c5cd2fbd664f4f292d3eb51caafdcb0bbebf5b59b99af3a", kill_on_drop: false }`
[INFO] running `Command { std: "docker" "rm" "-f" "c2945c986c3d82636c5cd2fbd664f4f292d3eb51caafdcb0bbebf5b59b99af3a", kill_on_drop: false }`
[INFO] [stdout] c2945c986c3d82636c5cd2fbd664f4f292d3eb51caafdcb0bbebf5b59b99af3a
