[INFO] cloning repository https://github.com/zhangblue/rust-example-workspace
[INFO] running `Command { std: "git" "-c" "credential.helper=" "-c" "credential.helper=/workspace/cargo-home/bin/git-credential-null" "clone" "--bare" "https://github.com/zhangblue/rust-example-workspace" "/workspace/cache/git-repos/https%3A%2F%2Fgithub.com%2Fzhangblue%2Frust-example-workspace", kill_on_drop: false }`
[INFO] [stderr] Cloning into bare repository '/workspace/cache/git-repos/https%3A%2F%2Fgithub.com%2Fzhangblue%2Frust-example-workspace'...
[INFO] running `Command { std: "git" "rev-parse" "HEAD", kill_on_drop: false }`
[INFO] [stdout] 00932d2d3e4dfb863174265fadd4f452bdd4144f
[INFO] documenting zhangblue/rust-example-workspace against 1.100.0-beta.1 for beta-rustdoc-1.100
[INFO] running `Command { std: "git" "clone" "/workspace/cache/git-repos/https%3A%2F%2Fgithub.com%2Fzhangblue%2Frust-example-workspace" "/workspace/builds/worker-7-tc2/source", kill_on_drop: false }`
[INFO] [stderr] Cloning into '/workspace/builds/worker-7-tc2/source'...
[INFO] [stderr] done.
[INFO] started tweaking git repo https://github.com/zhangblue/rust-example-workspace
[INFO] finished tweaking git repo https://github.com/zhangblue/rust-example-workspace
[INFO] tweaked toml for git repo https://github.com/zhangblue/rust-example-workspace written to /workspace/builds/worker-7-tc2/source/Cargo.toml
[INFO] validating manifest of git repo https://github.com/zhangblue/rust-example-workspace on toolchain 1.100.0-beta.1
[INFO] running `Command { std: CARGO_HOME="/workspace/cargo-home" RUSTUP_HOME="/workspace/rustup-home" "/workspace/cargo-home/bin/cargo" "+1.100.0-beta.1" "metadata" "--manifest-path" "Cargo.toml" "--no-deps", kill_on_drop: false }`
[INFO] crate git repo https://github.com/zhangblue/rust-example-workspace already has a lockfile, it will not be regenerated
[INFO] running `Command { std: CARGO_HOME="/workspace/cargo-home" RUSTUP_HOME="/workspace/rustup-home" "/workspace/cargo-home/bin/cargo" "+1.100.0-beta.1" "fetch" "--manifest-path" "Cargo.toml", kill_on_drop: false }`
[INFO] [stderr] warning: unused workspace dependency `axum-extra`
[INFO] [stderr]   --> Cargo.toml:26:25
[INFO] [stderr]    |
[INFO] [stderr] 26 | [workspace.dependencies.axum-extra]
[INFO] [stderr]    |                         ^^^^^^^^^^
[INFO] [stderr]    |
[INFO] [stderr]    = note: `cargo::unused_workspace_dependencies` is set to `warn` by default
[INFO] [stderr] help: consider removing the workspace dependency `axum-extra`
[INFO] [stderr] warning: unused workspace dependency `dotenvy`
[INFO] [stderr]  --> Cargo.toml:7:1
[INFO] [stderr]   |
[INFO] [stderr] 7 | dotenvy = "0"
[INFO] [stderr]   | ^^^^^^^
[INFO] [stderr]   |
[INFO] [stderr] help: consider removing the workspace dependency `dotenvy`
[INFO] [stderr] warning: unused workspace dependency `moka`
[INFO] [stderr]   --> Cargo.toml:38:25
[INFO] [stderr]    |
[INFO] [stderr] 38 | [workspace.dependencies.moka]
[INFO] [stderr]    |                         ^^^^
[INFO] [stderr]    |
[INFO] [stderr] help: consider removing the workspace dependency `moka`
[INFO] [stderr] warning: unused workspace dependency `rayon`
[INFO] [stderr]   --> Cargo.toml:47:25
[INFO] [stderr]    |
[INFO] [stderr] 47 | [workspace.dependencies.rayon]
[INFO] [stderr]    |                         ^^^^^
[INFO] [stderr]    |
[INFO] [stderr] help: consider removing the workspace dependency `rayon`
[INFO] [stderr] warning: unused workspace dependency `thiserror`
[INFO] [stderr]   --> Cargo.toml:64:25
[INFO] [stderr]    |
[INFO] [stderr] 64 | [workspace.dependencies.thiserror]
[INFO] [stderr]    |                         ^^^^^^^^^
[INFO] [stderr]    |
[INFO] [stderr] help: consider removing the workspace dependency `thiserror`
[INFO] [stderr] warning: workspace (manifest) generated 5 warnings
[INFO] running `Command { std: "docker" "create" "-v" "/var/lib/crater-agent-workspace/builds/worker-7-tc2/source:/opt/rustwide/workdir:ro,Z" "-v" "/var/lib/crater-agent-workspace/builds/worker-7-tc2/target:/opt/rustwide/target:rw,Z" "-v" "/var/lib/crater-agent-workspace/cargo-home:/opt/rustwide/cargo-home:ro,Z" "-v" "/var/lib/crater-agent-workspace/rustup-home:/opt/rustwide/rustup-home:ro,Z" "-m" "1610612736" "--network" "none" "ghcr.io/rust-lang/crates-build-env/linux@sha256:77db811e55d90add9212f6832c23229e3de5f1c1f9905e8cb07319ea15df73ac" "sleep" "infinity", kill_on_drop: false }`
[INFO] [stdout] 58b7db16f348ea9a0d9d46507c7497862f0ed3bc8ca31ffb3d7ac5720569db3d
[INFO] running `Command { std: "docker" "start" "58b7db16f348ea9a0d9d46507c7497862f0ed3bc8ca31ffb3d7ac5720569db3d", kill_on_drop: false }`
[INFO] running `Command { std: "docker" "inspect" "58b7db16f348ea9a0d9d46507c7497862f0ed3bc8ca31ffb3d7ac5720569db3d", kill_on_drop: false }`
[INFO] running `Command { std: "docker" "exec" "-e" "SOURCE_DIR=/opt/rustwide/workdir" "-e" "CARGO_HOME=/opt/rustwide/cargo-home" "-e" "RUSTUP_HOME=/opt/rustwide/rustup-home" "-e" "CARGO_TARGET_DIR=/opt/rustwide/target" "-w" "/opt/rustwide/workdir" "--user" "0:0" "58b7db16f348ea9a0d9d46507c7497862f0ed3bc8ca31ffb3d7ac5720569db3d" "/opt/rustwide/cargo-home/bin/cargo" "+1.100.0-beta.1" "metadata" "--no-deps" "--format-version=1", kill_on_drop: false }`
[INFO] running `Command { std: "docker" "inspect" "58b7db16f348ea9a0d9d46507c7497862f0ed3bc8ca31ffb3d7ac5720569db3d", kill_on_drop: false }`
[INFO] running `Command { std: "docker" "exec" "-e" "SOURCE_DIR=/opt/rustwide/workdir" "-e" "CARGO_HOME=/opt/rustwide/cargo-home" "-e" "RUSTUP_HOME=/opt/rustwide/rustup-home" "-e" "CARGO_TARGET_DIR=/opt/rustwide/target" "-e" "CARGO_INCREMENTAL=0" "-e" "RUST_BACKTRACE=full" "-e" "RUSTFLAGS=--cap-lints=warn" "-e" "RUSTDOCFLAGS=--cap-lints=warn" "-w" "/opt/rustwide/workdir" "--user" "0:0" "58b7db16f348ea9a0d9d46507c7497862f0ed3bc8ca31ffb3d7ac5720569db3d" "/opt/rustwide/cargo-home/bin/cargo" "+1.100.0-beta.1" "doc" "--frozen" "--no-deps" "--document-private-items" "--message-format=json", kill_on_drop: false }`
[INFO] [stderr] warning: unused workspace dependency `axum-extra`
[INFO] [stderr]   --> Cargo.toml:26:25
[INFO] [stderr]    |
[INFO] [stderr] 26 | [workspace.dependencies.axum-extra]
[INFO] [stderr]    |                         ^^^^^^^^^^
[INFO] [stderr]    |
[INFO] [stderr]    = note: `cargo::unused_workspace_dependencies` is set to `warn` by default
[INFO] [stderr] help: consider removing the workspace dependency `axum-extra`
[INFO] [stderr] warning: unused workspace dependency `dotenvy`
[INFO] [stderr]  --> Cargo.toml:7:1
[INFO] [stderr]   |
[INFO] [stderr] 7 | dotenvy = "0"
[INFO] [stderr]   | ^^^^^^^
[INFO] [stderr]   |
[INFO] [stderr] help: consider removing the workspace dependency `dotenvy`
[INFO] [stderr] warning: unused workspace dependency `moka`
[INFO] [stderr]   --> Cargo.toml:38:25
[INFO] [stderr]    |
[INFO] [stderr] 38 | [workspace.dependencies.moka]
[INFO] [stderr]    |                         ^^^^
[INFO] [stderr]    |
[INFO] [stderr] help: consider removing the workspace dependency `moka`
[INFO] [stderr] warning: unused workspace dependency `rayon`
[INFO] [stderr]   --> Cargo.toml:47:25
[INFO] [stderr]    |
[INFO] [stderr] 47 | [workspace.dependencies.rayon]
[INFO] [stderr]    |                         ^^^^^
[INFO] [stderr]    |
[INFO] [stderr] help: consider removing the workspace dependency `rayon`
[INFO] [stderr] warning: unused workspace dependency `thiserror`
[INFO] [stderr]   --> Cargo.toml:64:25
[INFO] [stderr]    |
[INFO] [stderr] 64 | [workspace.dependencies.thiserror]
[INFO] [stderr]    |                         ^^^^^^^^^
[INFO] [stderr]    |
[INFO] [stderr] help: consider removing the workspace dependency `thiserror`
[INFO] [stderr] warning: workspace (manifest) generated 5 warnings
[INFO] [stderr]    Compiling proc-macro2 v1.0.79
[INFO] [stderr]    Compiling autocfg v1.2.0
[INFO] [stderr]    Compiling libc v0.2.153
[INFO] [stderr]     Checking pin-project-lite v0.2.14
[INFO] [stderr]     Checking memchr v2.7.2
[INFO] [stderr]     Checking futures-core v0.3.30
[INFO] [stderr]    Compiling serde v1.0.203
[INFO] [stderr]     Checking itoa v1.0.11
[INFO] [stderr]     Checking futures-io v0.3.30
[INFO] [stderr]     Checking log v0.4.21
[INFO] [stderr]     Checking once_cell v1.19.0
[INFO] [stderr]     Checking bytes v1.6.0
[INFO] [stderr]     Checking futures-sink v0.3.30
[INFO] [stderr]    Compiling parking_lot_core v0.9.9
[INFO] [stderr]     Checking smallvec v1.13.2
[INFO] [stderr]     Checking futures-channel v0.3.30
[INFO] [stderr]     Checking futures-task v0.3.30
[INFO] [stderr]    Compiling cc v1.0.91
[INFO] [stderr]    Compiling crossbeam-utils v0.8.19
[INFO] [stderr]    Compiling lock_api v0.4.11
[INFO] [stderr]    Compiling slab v0.4.9
[INFO] [stderr]     Checking tracing-core v0.1.32
[INFO] [stderr]     Checking percent-encoding v2.3.1
[INFO] [stderr]    Compiling typenum v1.17.0
[INFO] [stderr]    Compiling quote v1.0.35
[INFO] [stderr]    Compiling generic-array v0.14.7
[INFO] [stderr]     Checking tinyvec_macros v0.1.1
[INFO] [stderr]     Checking tinyvec v1.6.0
[INFO] [stderr]     Checking fnv v1.0.7
[INFO] [stderr]     Checking getrandom v0.2.14
[INFO] [stderr]     Checking socket2 v0.5.6
[INFO] [stderr]    Compiling syn v2.0.58
[INFO] [stderr]     Checking parking_lot v0.12.1
[INFO] [stderr]     Checking num_cpus v1.16.0
[INFO] [stderr]     Checking signal-hook-registry v1.4.1
[INFO] [stderr]     Checking mio v0.8.11
[INFO] [stderr]     Checking unicode-bidi v0.3.15
[INFO] [stderr]    Compiling thiserror v1.0.58
[INFO] [stderr]     Checking ryu v1.0.17
[INFO] [stderr]    Compiling ahash v0.8.11
[INFO] [stderr]     Checking bitflags v2.5.0
[INFO] [stderr]    Compiling rustversion v1.0.16
[INFO] [stderr]    Compiling serde_json v1.0.116
[INFO] [stderr]     Checking zerocopy v0.7.34
[INFO] [stderr]    Compiling heck v0.4.1
[INFO] [stderr]     Checking form_urlencoded v1.2.1
[INFO] [stderr]     Checking allocator-api2 v0.2.18
[INFO] [stderr]    Compiling syn v1.0.109
[INFO] [stderr]     Checking unicode-normalization v0.1.23
[INFO] [stderr]    Compiling aho-corasick v1.1.3
[INFO] [stderr]    Compiling regex-syntax v0.8.3
[INFO] [stderr]     Checking hashbrown v0.14.5
[INFO] [stderr]     Checking rand_core v0.6.4
[INFO] [stderr]    Compiling num-traits v0.2.18
[INFO] [stderr]     Checking subtle v2.5.0
[INFO] [stderr]     Checking openssl-probe v0.1.5
[INFO] [stderr]     Checking ppv-lite86 v0.2.17
[INFO] [stderr]     Checking equivalent v1.0.1
[INFO] [stderr]    Compiling pkg-config v0.3.30
[INFO] [stderr]     Checking crypto-common v0.1.6
[INFO] [stderr]     Checking block-buffer v0.10.4
[INFO] [stderr]     Checking indexmap v2.2.6
[INFO] [stderr]     Checking digest v0.10.7
[INFO] [stderr]     Checking rand_chacha v0.3.1
[INFO] [stderr]     Checking idna v0.5.0
[INFO] [stderr]    Compiling openssl-sys v0.9.102
[INFO] [stderr]     Checking tower-service v0.3.2
[INFO] [stderr]     Checking base64 v0.21.7
[INFO] [stderr]     Checking url v2.5.0
[INFO] [stderr]     Checking rand v0.8.5
[INFO] [stderr]     Checking parking v2.2.0
[INFO] [stderr]    Compiling httparse v1.8.0
[INFO] [stderr]     Checking concurrent-queue v2.4.0
[INFO] [stderr]    Compiling openssl v0.10.64
[INFO] [stderr]     Checking minimal-lexical v0.2.1
[INFO] [stderr]    Compiling regex-automata v0.4.6
[INFO] [stderr]     Checking http v0.2.12
[INFO] [stderr]     Checking nom v7.1.3
[INFO] [stderr]     Checking cpufeatures v0.2.12
[INFO] [stderr]    Compiling native-tls v0.2.11
[INFO] [stderr]    Compiling either v1.11.0
[INFO] [stderr]    Compiling itertools v0.12.1
[INFO] [stderr]    Compiling anyhow v1.0.86
[INFO] [stderr]     Checking spin v0.9.8
[INFO] [stderr]    Compiling indexmap v1.9.3
[INFO] [stderr]    Compiling ucd-trie v0.1.6
[INFO] [stderr]     Checking tower-layer v0.3.2
[INFO] [stderr]    Compiling nom v4.2.3
[INFO] [stderr]     Checking http-body v0.4.6
[INFO] [stderr]     Checking hmac v0.12.1
[INFO] [stderr]    Compiling ring v0.17.8
[INFO] [stderr]    Compiling time-core v0.1.2
[INFO] [stderr]     Checking hashbrown v0.12.3
[INFO] [stderr]     Checking powerfmt v0.2.0
[INFO] [stderr]    Compiling num-conv v0.1.0
[INFO] [stderr]    Compiling time-macros v0.2.18
[INFO] [stderr]     Checking block-padding v0.3.3
[INFO] [stderr]    Compiling rustix v0.38.32
[INFO] [stderr]     Checking event-listener v2.5.3
[INFO] [stderr]     Checking iana-time-zone v0.1.60
[INFO] [stderr]     Checking inout v0.1.3
[INFO] [stderr]     Checking sync_wrapper v0.1.2
[INFO] [stderr]    Compiling linux-raw-sys v0.4.13
[INFO] [stderr]    Compiling regex v1.10.4
[INFO] [stderr]    Compiling prettyplease v0.2.17
[INFO] [stderr]    Compiling serde_derive v1.0.203
[INFO] [stderr]    Compiling futures-macro v0.3.30
[INFO] [stderr]    Compiling tracing-attributes v0.1.27
[INFO] [stderr]    Compiling tokio-macros v2.2.0
[INFO] [stderr]    Compiling thiserror-impl v1.0.58
[INFO] [stderr]    Compiling async-trait v0.1.80
[INFO] [stderr]    Compiling openssl-macros v0.1.1
[INFO] [stderr]     Checking futures-util v0.3.30
[INFO] [stderr]     Checking tokio v1.37.0
[INFO] [stderr]    Compiling pin-project-internal v1.1.5
[INFO] [stderr]     Checking tracing v0.1.40
[INFO] [stderr]    Compiling prost-derive v0.12.6
[INFO] [stderr]    Compiling pest v2.7.9
[INFO] [stderr]     Checking pin-project v1.1.5
[INFO] [stderr]    Compiling prost v0.12.6
[INFO] [stderr]    Compiling pest_meta v2.7.9
[INFO] [stderr]     Checking futures-executor v0.3.30
[INFO] [stderr]     Checking futures v0.3.30
[INFO] [stderr]     Checking cipher v0.4.4
[INFO] [stderr]     Checking num-integer v0.1.46
[INFO] [stderr]    Compiling pest_generator v2.7.9
[INFO] [stderr]     Checking http v1.1.0
[INFO] [stderr]    Compiling proc-macro-error-attr v1.0.4
[INFO] [stderr]    Compiling fixedbitset v0.4.2
[INFO] [stderr]    Compiling rust_decimal v1.35.0
[INFO] [stderr]    Compiling fastrand v2.0.2
[INFO] [stderr]     Checking http-body v1.0.0
[INFO] [stderr]    Compiling petgraph v0.6.5
[INFO] [stderr]     Checking num-bigint v0.4.5
[INFO] [stderr]    Compiling pest_derive v2.7.9
[INFO] [stderr]    Compiling tempfile v3.10.1
[INFO] [stderr]     Checking tokio-util v0.7.11
[INFO] [stderr]     Checking tokio-stream v0.1.15
[INFO] [stderr]    Compiling prost-types v0.12.6
[INFO] [stderr]     Checking h2 v0.3.26
[INFO] [stderr]     Checking tower v0.4.13
[INFO] [stderr]    Compiling async-stream-impl v0.3.5
[INFO] [stderr]     Checking event-listener v4.0.3
[INFO] [stderr]    Compiling axum-core v0.3.4
[INFO] [stderr]     Checking crossbeam-epoch v0.9.18
[INFO] [stderr]    Compiling unicase v2.7.0
[INFO] [stderr]     Checking deranged v0.3.11
[INFO] [stderr]     Checking chrono v0.4.37
[INFO] [stderr]     Checking uuid v1.8.0
[INFO] [stderr]    Compiling proc-macro-error v1.0.4
[INFO] [stderr]    Compiling same-file v1.0.6
[INFO] [stderr]     Checking arrayvec v0.7.4
[INFO] [stderr]    Compiling semver v1.0.22
[INFO] [stderr]    Compiling multimap v0.10.0
[INFO] [stderr]    Compiling rayon-core v1.12.1
[INFO] [stderr]     Checking matchit v0.7.3
[INFO] [stderr]    Compiling rustls v0.21.10
[INFO] [stderr]     Checking time v0.3.36
[INFO] [stderr]    Compiling prost-build v0.12.6
[INFO] [stderr]    Compiling walkdir v2.5.0
[INFO] [stderr]     Checking crossbeam-deque v0.8.5
[INFO] [stderr]     Checking async-stream v0.3.5
[INFO] [stderr]     Checking event-listener-strategy v0.4.0
[INFO] [stderr]     Checking bigdecimal v0.3.1
[INFO] [stderr]     Checking futures-lite v2.3.0
[INFO] [stderr]     Checking rustls-webpki v0.101.7
[INFO] [stderr]     Checking sct v0.7.1
[INFO] [stderr]     Checking event-listener v5.3.0
[INFO] [stderr]     Checking rustls-pemfile v1.0.4
[INFO] [stderr]    Compiling axum v0.6.20
[INFO] [stderr]    Compiling io-lifetimes v1.0.11
[INFO] [stderr]    Compiling quick-error v1.2.3
[INFO] [stderr]    Compiling cookie-factory v0.2.4
[INFO] [stderr]     Checking unicode_categories v0.1.1
[INFO] [stderr]     Checking crc-catalog v2.4.0
[INFO] [stderr]     Checking crc v3.2.1
[INFO] [stderr]     Checking sqlformat v0.2.3
[INFO] [stderr]    Compiling handlebars v1.1.0
[INFO] [stderr]     Checking event-listener-strategy v0.5.1
[INFO] [stderr]     Checking rustls-native-certs v0.6.3
[INFO] [stderr]    Compiling amq-protocol-types v1.2.0
[INFO] [stderr]     Checking async-lock v3.3.0
[INFO] [stderr]    Compiling tonic-build v0.11.0
[INFO] [stderr]     Checking hyper v0.14.28
[INFO] [stderr]    Compiling toml v0.5.11
[INFO] [stderr]     Checking tokio-io-timeout v1.2.0
[INFO] [stderr]     Checking rc2 v0.8.1
[INFO] [stderr]     Checking cbc v0.1.2
[INFO] [stderr]     Checking des v0.8.1
[INFO] [stderr]     Checking cookie-factory v0.3.3
[INFO] [stderr]     Checking sha1 v0.10.6
[INFO] [stderr]     Checking sha2 v0.10.8
[INFO] [stderr]     Checking atoi v2.0.0
[INFO] [stderr]     Checking md-5 v0.10.6
[INFO] [stderr]     Checking hashlink v0.8.4
[INFO] [stderr]     Checking futures-intrusive v0.5.0
[INFO] [stderr]     Checking crossbeam-queue v0.3.11
[INFO] [stderr]    Compiling polling v2.8.0
[INFO] [stderr]     Checking yasna v0.5.2
[INFO] [stderr]     Checking byteorder v1.5.0
[INFO] [stderr]     Checking async-task v4.7.0
[INFO] [stderr]    Compiling rustix v0.37.27
[INFO] [stderr]     Checking hex v0.4.3
[INFO] [stderr]     Checking finl_unicode v1.2.0
[INFO] [stderr]    Compiling darling_core v0.20.9
[INFO] [stderr]     Checking piper v0.2.1
[INFO] [stderr]     Checking p12 v0.6.3
[INFO] [stderr]    Compiling cargo-lock v8.0.3
[INFO] [stderr]     Checking stringprep v0.1.4
[INFO] [stderr]     Checking amq-protocol-types v7.1.2
[INFO] [stderr]     Checking rustls-connector v0.18.5
[INFO] [stderr]    Compiling grpc-example v0.1.0 (/opt/rustwide/workdir/grpc-example)
[INFO] [stderr]    Compiling amq-protocol-codegen v1.4.0
[INFO] [stderr]     Checking rayon v1.10.0
[INFO] [stderr]     Checking sqlx-core v0.7.4
[INFO] [stderr]     Checking polling v3.6.0
[INFO] [stderr]     Checking async-channel v2.2.1
[INFO] [stderr]     Checking doc-comment v0.3.3
[INFO] [stderr]     Checking http-body-util v0.1.1
[INFO] [stderr]     Checking hkdf v0.12.4
[INFO] [stderr]    Compiling axum-core v0.4.3
[INFO] [stderr]    Compiling lz4-sys v1.9.4
[INFO] [stderr]    Compiling async-io v1.13.0
[INFO] [stderr]     Checking linux-raw-sys v0.3.8
[INFO] [stderr]     Checking dotenvy v0.15.7
[INFO] [stderr]     Checking whoami v1.5.1
[INFO] [stderr]     Checking home v0.5.9
[INFO] [stderr]     Checking static_assertions v1.1.0
[INFO] [stderr]     Checking matches v0.1.10
[INFO] [stderr]     Checking waker-fn v1.1.1
[INFO] [stderr]     Checking fastrand v1.9.0
[INFO] [stderr]     Checking net2 v0.2.39
[INFO] [stderr]     Checking idna v0.1.5
[INFO] [stderr]     Checking futures-lite v1.13.0
[INFO] [stderr]     Checking hyper-timeout v0.4.1
[INFO] [stderr]    Compiling amq-protocol v1.4.0
[INFO] [stderr]     Checking sqlx-postgres v0.7.4
[INFO] [stderr]    Compiling darling_macro v0.20.9
[INFO] [stderr]    Compiling mime_guess v2.0.4
[INFO] [stderr]     Checking blocking v1.5.1
[INFO] [stderr]     Checking async-io v2.3.2
[INFO] [stdout] error[E0277]: the trait bound `!: sqlx_core::io::Decode<'_>` is not satisfied
[INFO] [stdout]   --> /opt/rustwide/cargo-home/registry/src/index.crates.io-1949cf8c6b5b557f/sqlx-postgres-0.7.4/src/connection/executor.rs:68:10
[INFO] [stdout]    |
[INFO] [stdout] 68 |         .recv_expect(MessageFormat::ParseComplete)
[INFO] [stdout]    |          ^^^^^^^^^^^ the trait `sqlx_core::io::Decode<'_>` is not implemented for `!`
[INFO] [stdout]    |
[INFO] [stdout]    = help: the following other types implement trait `sqlx_core::io::Decode<'de, Context>`:
[INFO] [stdout]              ()
[INFO] [stdout]              Authentication
[INFO] [stdout]              AuthenticationSaslContinue
[INFO] [stdout]              AuthenticationSaslFinal
[INFO] [stdout]              BackendKeyData
[INFO] [stdout]              CommandComplete
[INFO] [stdout]              CopyData<sqlx_core::bytes::Bytes>
[INFO] [stdout]              CopyDone
[INFO] [stdout]            and 10 others
[INFO] [stdout]    = note: this error might have been caused by changes to Rust's type-inference algorithm (see issue #148922 <https://github.com/rust-lang/rust/issues/148922> for more information)
[INFO] [stdout]    = help: you might have intended to use the type `()` here instead
[INFO] [stdout] note: required by a bound in `PgStream::recv_expect`
[INFO] [stdout]   --> /opt/rustwide/cargo-home/registry/src/index.crates.io-1949cf8c6b5b557f/sqlx-postgres-0.7.4/src/connection/stream.rs:68:45
[INFO] [stdout]    |
[INFO] [stdout] 41 | impl PgStream {
[INFO] [stdout] ...
[INFO] [stdout] 68 |     pub(crate) async fn recv_expect<'de, T: Decode<'de>>(
[INFO] [stdout]    |                                             ^^^^^^^^^^^ required by this bound in `PgStream::recv_expect`
[INFO] [stdout] 
[INFO] [stdout] 
[INFO] [stdout] error[E0277]: the trait bound `!: sqlx_core::io::Decode<'_>` is not satisfied
[INFO] [stdout]   --> /opt/rustwide/cargo-home/registry/src/index.crates.io-1949cf8c6b5b557f/sqlx-postgres-0.7.4/src/connection/executor.rs:66:13
[INFO] [stdout]    |
[INFO] [stdout] 66 |       let _ = conn
[INFO] [stdout]    |  _____________^
[INFO] [stdout] 67 | |         .stream
[INFO] [stdout] 68 | |         .recv_expect(MessageFormat::ParseComplete)
[INFO] [stdout]    | |__________________________________________________^ the trait `sqlx_core::io::Decode<'_>` is not implemented for `!`
[INFO] [stdout]    |
[INFO] [stdout]    = help: the following other types implement trait `sqlx_core::io::Decode<'de, Context>`:
[INFO] [stdout]              ()
[INFO] [stdout]              Authentication
[INFO] [stdout]              AuthenticationSaslContinue
[INFO] [stdout]              AuthenticationSaslFinal
[INFO] [stdout]              BackendKeyData
[INFO] [stdout]              CommandComplete
[INFO] [stdout]              CopyData<sqlx_core::bytes::Bytes>
[INFO] [stdout]              CopyDone
[INFO] [stdout]            and 10 others
[INFO] [stdout]    = note: this error might have been caused by changes to Rust's type-inference algorithm (see issue #148922 <https://github.com/rust-lang/rust/issues/148922> for more information)
[INFO] [stdout]    = help: you might have intended to use the type `()` here instead
[INFO] [stdout] note: required by a bound in `PgStream::recv_expect`
[INFO] [stdout]   --> /opt/rustwide/cargo-home/registry/src/index.crates.io-1949cf8c6b5b557f/sqlx-postgres-0.7.4/src/connection/stream.rs:68:45
[INFO] [stdout]    |
[INFO] [stdout] 41 | impl PgStream {
[INFO] [stdout] ...
[INFO] [stdout] 68 |     pub(crate) async fn recv_expect<'de, T: Decode<'de>>(
[INFO] [stdout]    |                                             ^^^^^^^^^^^ required by this bound in `PgStream::recv_expect`
[INFO] [stdout] 
[INFO] [stdout] 
[INFO] [stdout] error[E0277]: the trait bound `!: sqlx_core::io::Decode<'_>` is not satisfied
[INFO] [stdout]   --> /opt/rustwide/cargo-home/registry/src/index.crates.io-1949cf8c6b5b557f/sqlx-postgres-0.7.4/src/connection/executor.rs:69:10
[INFO] [stdout]    |
[INFO] [stdout] 69 |         .await?;
[INFO] [stdout]    |          ^^^^^ the trait `sqlx_core::io::Decode<'_>` is not implemented for `!`
[INFO] [stdout]    |
[INFO] [stdout]    = help: the following other types implement trait `sqlx_core::io::Decode<'de, Context>`:
[INFO] [stdout]              ()
[INFO] [stdout]              Authentication
[INFO] [stdout]              AuthenticationSaslContinue
[INFO] [stdout]              AuthenticationSaslFinal
[INFO] [stdout]              BackendKeyData
[INFO] [stdout]              CommandComplete
[INFO] [stdout]              CopyData<sqlx_core::bytes::Bytes>
[INFO] [stdout]              CopyDone
[INFO] [stdout]            and 10 others
[INFO] [stdout]    = note: this error might have been caused by changes to Rust's type-inference algorithm (see issue #148922 <https://github.com/rust-lang/rust/issues/148922> for more information)
[INFO] [stdout]    = help: you might have intended to use the type `()` here instead
[INFO] [stdout] note: required by a bound in `PgStream::recv_expect`
[INFO] [stdout]   --> /opt/rustwide/cargo-home/registry/src/index.crates.io-1949cf8c6b5b557f/sqlx-postgres-0.7.4/src/connection/stream.rs:68:45
[INFO] [stdout]    |
[INFO] [stdout] 41 | impl PgStream {
[INFO] [stdout] ...
[INFO] [stdout] 68 |     pub(crate) async fn recv_expect<'de, T: Decode<'de>>(
[INFO] [stdout]    |                                             ^^^^^^^^^^^ required by this bound in `PgStream::recv_expect`
[INFO] [stdout] 
[INFO] [stdout] 
[INFO] [stderr]    Compiling built v0.5.2
[INFO] [stderr]     Checking amq-protocol-uri v7.1.2
[INFO] [stderr]     Checking tcp-stream v0.26.1
[INFO] [stdout] error[E0277]: the trait bound `!: sqlx_core::io::Decode<'_>` is not satisfied
[INFO] [stdout]    --> /opt/rustwide/cargo-home/registry/src/index.crates.io-1949cf8c6b5b557f/sqlx-postgres-0.7.4/src/copy.rs:280:30
[INFO] [stdout]     |
[INFO] [stdout] 280 | ...                   .recv_expect(MessageFormat::ReadyForQuery)
[INFO] [stdout]     |                        ^^^^^^^^^^^ the trait `sqlx_core::io::Decode<'_>` is not implemented for `!`
[INFO] [stdout]     |
[INFO] [stdout]     = help: the following other types implement trait `sqlx_core::io::Decode<'de, Context>`:
[INFO] [stdout]               ()
[INFO] [stdout]               Authentication
[INFO] [stdout]               AuthenticationSaslContinue
[INFO] [stdout]               AuthenticationSaslFinal
[INFO] [stdout]               BackendKeyData
[INFO] [stdout]               CommandComplete
[INFO] [stdout]               CopyData<sqlx_core::bytes::Bytes>
[INFO] [stdout]               CopyDone
[INFO] [stdout]             and 10 others
[INFO] [stdout]     = note: this error might have been caused by changes to Rust's type-inference algorithm (see issue #148922 <https://github.com/rust-lang/rust/issues/148922> for more information)
[INFO] [stdout]     = help: you might have intended to use the type `()` here instead
[INFO] [stdout] note: required by a bound in `PgStream::recv_expect`
[INFO] [stdout]    --> /opt/rustwide/cargo-home/registry/src/index.crates.io-1949cf8c6b5b557f/sqlx-postgres-0.7.4/src/connection/stream.rs:68:45
[INFO] [stdout]     |
[INFO] [stdout]  41 | impl PgStream {
[INFO] [stdout] ...
[INFO] [stdout]  68 |     pub(crate) async fn recv_expect<'de, T: Decode<'de>>(
[INFO] [stdout]     |                                             ^^^^^^^^^^^ required by this bound in `PgStream::recv_expect`
[INFO] [stdout] 
[INFO] [stdout] 
[INFO] [stdout] error[E0277]: the trait bound `!: sqlx_core::io::Decode<'_>` is not satisfied
[INFO] [stdout]    --> /opt/rustwide/cargo-home/registry/src/index.crates.io-1949cf8c6b5b557f/sqlx-postgres-0.7.4/src/copy.rs:279:25
[INFO] [stdout]     |
[INFO] [stdout] 279 | /                         conn.stream
[INFO] [stdout] 280 | |                             .recv_expect(MessageFormat::ReadyForQuery)
[INFO] [stdout]     | |______________________________________________________________________^ the trait `sqlx_core::io::Decode<'_>` is not implemented for `!`
[INFO] [stdout]     |
[INFO] [stdout]     = help: the following other types implement trait `sqlx_core::io::Decode<'de, Context>`:
[INFO] [stdout]               ()
[INFO] [stdout]               Authentication
[INFO] [stdout]               AuthenticationSaslContinue
[INFO] [stdout]               AuthenticationSaslFinal
[INFO] [stdout]               BackendKeyData
[INFO] [stdout]               CommandComplete
[INFO] [stdout]               CopyData<sqlx_core::bytes::Bytes>
[INFO] [stdout]               CopyDone
[INFO] [stdout]             and 10 others
[INFO] [stdout]     = note: this error might have been caused by changes to Rust's type-inference algorithm (see issue #148922 <https://github.com/rust-lang/rust/issues/148922> for more information)
[INFO] [stdout]     = help: you might have intended to use the type `()` here instead
[INFO] [stdout] note: required by a bound in `PgStream::recv_expect`
[INFO] [stdout]    --> /opt/rustwide/cargo-home/registry/src/index.crates.io-1949cf8c6b5b557f/sqlx-postgres-0.7.4/src/connection/stream.rs:68:45
[INFO] [stdout]     |
[INFO] [stdout]  41 | impl PgStream {
[INFO] [stdout] ...
[INFO] [stdout]  68 |     pub(crate) async fn recv_expect<'de, T: Decode<'de>>(
[INFO] [stdout]     |                                             ^^^^^^^^^^^ required by this bound in `PgStream::recv_expect`
[INFO] [stdout] 
[INFO] [stdout] 
[INFO] [stdout] error[E0277]: the trait bound `!: sqlx_core::io::Decode<'_>` is not satisfied
[INFO] [stdout]    --> /opt/rustwide/cargo-home/registry/src/index.crates.io-1949cf8c6b5b557f/sqlx-postgres-0.7.4/src/copy.rs:281:30
[INFO] [stdout]     |
[INFO] [stdout] 281 | ...                   .await?;
[INFO] [stdout]     |                        ^^^^^ the trait `sqlx_core::io::Decode<'_>` is not implemented for `!`
[INFO] [stdout]     |
[INFO] [stdout]     = help: the following other types implement trait `sqlx_core::io::Decode<'de, Context>`:
[INFO] [stdout]               ()
[INFO] [stdout]               Authentication
[INFO] [stdout]               AuthenticationSaslContinue
[INFO] [stdout]               AuthenticationSaslFinal
[INFO] [stdout]               BackendKeyData
[INFO] [stdout]               CommandComplete
[INFO] [stdout]               CopyData<sqlx_core::bytes::Bytes>
[INFO] [stdout]               CopyDone
[INFO] [stdout]             and 10 others
[INFO] [stdout]     = note: this error might have been caused by changes to Rust's type-inference algorithm (see issue #148922 <https://github.com/rust-lang/rust/issues/148922> for more information)
[INFO] [stdout]     = help: you might have intended to use the type `()` here instead
[INFO] [stdout] note: required by a bound in `PgStream::recv_expect`
[INFO] [stdout]    --> /opt/rustwide/cargo-home/registry/src/index.crates.io-1949cf8c6b5b557f/sqlx-postgres-0.7.4/src/connection/stream.rs:68:45
[INFO] [stdout]     |
[INFO] [stdout]  41 | impl PgStream {
[INFO] [stdout] ...
[INFO] [stdout]  68 |     pub(crate) async fn recv_expect<'de, T: Decode<'de>>(
[INFO] [stdout]     |                                             ^^^^^^^^^^^ required by this bound in `PgStream::recv_expect`
[INFO] [stdout] 
[INFO] [stdout] 
[INFO] [stdout] error[E0277]: the trait bound `!: sqlx_core::io::Decode<'_>` is not satisfied
[INFO] [stdout]    --> /opt/rustwide/cargo-home/registry/src/index.crates.io-1949cf8c6b5b557f/sqlx-postgres-0.7.4/src/copy.rs:314:14
[INFO] [stdout]     |
[INFO] [stdout] 314 |             .recv_expect(MessageFormat::ReadyForQuery)
[INFO] [stdout]     |              ^^^^^^^^^^^ the trait `sqlx_core::io::Decode<'_>` is not implemented for `!`
[INFO] [stdout]     |
[INFO] [stdout]     = help: the following other types implement trait `sqlx_core::io::Decode<'de, Context>`:
[INFO] [stdout]               ()
[INFO] [stdout]               Authentication
[INFO] [stdout]               AuthenticationSaslContinue
[INFO] [stdout]               AuthenticationSaslFinal
[INFO] [stdout]               BackendKeyData
[INFO] [stdout]               CommandComplete
[INFO] [stdout]               CopyData<sqlx_core::bytes::Bytes>
[INFO] [stdout]               CopyDone
[INFO] [stdout]             and 10 others
[INFO] [stdout]     = note: this error might have been caused by changes to Rust's type-inference algorithm (see issue #148922 <https://github.com/rust-lang/rust/issues/148922> for more information)
[INFO] [stdout]     = help: you might have intended to use the type `()` here instead
[INFO] [stdout] note: required by a bound in `PgStream::recv_expect`
[INFO] [stdout]    --> /opt/rustwide/cargo-home/registry/src/index.crates.io-1949cf8c6b5b557f/sqlx-postgres-0.7.4/src/connection/stream.rs:68:45
[INFO] [stdout]     |
[INFO] [stdout]  41 | impl PgStream {
[INFO] [stdout] ...
[INFO] [stdout]  68 |     pub(crate) async fn recv_expect<'de, T: Decode<'de>>(
[INFO] [stdout]     |                                             ^^^^^^^^^^^ required by this bound in `PgStream::recv_expect`
[INFO] [stdout] 
[INFO] [stdout] 
[INFO] [stdout] error[E0277]: the trait bound `!: sqlx_core::io::Decode<'_>` is not satisfied
[INFO] [stdout]    --> /opt/rustwide/cargo-home/registry/src/index.crates.io-1949cf8c6b5b557f/sqlx-postgres-0.7.4/src/copy.rs:313:9
[INFO] [stdout]     |
[INFO] [stdout] 313 | /         conn.stream
[INFO] [stdout] 314 | |             .recv_expect(MessageFormat::ReadyForQuery)
[INFO] [stdout]     | |______________________________________________________^ the trait `sqlx_core::io::Decode<'_>` is not implemented for `!`
[INFO] [stdout]     |
[INFO] [stdout]     = help: the following other types implement trait `sqlx_core::io::Decode<'de, Context>`:
[INFO] [stdout]               ()
[INFO] [stdout]               Authentication
[INFO] [stdout]               AuthenticationSaslContinue
[INFO] [stdout]               AuthenticationSaslFinal
[INFO] [stdout]               BackendKeyData
[INFO] [stdout]               CommandComplete
[INFO] [stdout]               CopyData<sqlx_core::bytes::Bytes>
[INFO] [stdout]               CopyDone
[INFO] [stdout]             and 10 others
[INFO] [stdout]     = note: this error might have been caused by changes to Rust's type-inference algorithm (see issue #148922 <https://github.com/rust-lang/rust/issues/148922> for more information)
[INFO] [stdout]     = help: you might have intended to use the type `()` here instead
[INFO] [stdout] note: required by a bound in `PgStream::recv_expect`
[INFO] [stdout]    --> /opt/rustwide/cargo-home/registry/src/index.crates.io-1949cf8c6b5b557f/sqlx-postgres-0.7.4/src/connection/stream.rs:68:45
[INFO] [stdout]     |
[INFO] [stdout]  41 | impl PgStream {
[INFO] [stdout] ...
[INFO] [stdout]  68 |     pub(crate) async fn recv_expect<'de, T: Decode<'de>>(
[INFO] [stdout]     |                                             ^^^^^^^^^^^ required by this bound in `PgStream::recv_expect`
[INFO] [stdout] 
[INFO] [stdout] 
[INFO] [stdout] error[E0277]: the trait bound `!: sqlx_core::io::Decode<'_>` is not satisfied
[INFO] [stdout]    --> /opt/rustwide/cargo-home/registry/src/index.crates.io-1949cf8c6b5b557f/sqlx-postgres-0.7.4/src/copy.rs:315:14
[INFO] [stdout]     |
[INFO] [stdout] 315 |             .await?;
[INFO] [stdout]     |              ^^^^^ the trait `sqlx_core::io::Decode<'_>` is not implemented for `!`
[INFO] [stdout]     |
[INFO] [stdout]     = help: the following other types implement trait `sqlx_core::io::Decode<'de, Context>`:
[INFO] [stdout]               ()
[INFO] [stdout]               Authentication
[INFO] [stdout]               AuthenticationSaslContinue
[INFO] [stdout]               AuthenticationSaslFinal
[INFO] [stdout]               BackendKeyData
[INFO] [stdout]               CommandComplete
[INFO] [stdout]               CopyData<sqlx_core::bytes::Bytes>
[INFO] [stdout]               CopyDone
[INFO] [stdout]             and 10 others
[INFO] [stdout]     = note: this error might have been caused by changes to Rust's type-inference algorithm (see issue #148922 <https://github.com/rust-lang/rust/issues/148922> for more information)
[INFO] [stdout]     = help: you might have intended to use the type `()` here instead
[INFO] [stdout] note: required by a bound in `PgStream::recv_expect`
[INFO] [stdout]    --> /opt/rustwide/cargo-home/registry/src/index.crates.io-1949cf8c6b5b557f/sqlx-postgres-0.7.4/src/connection/stream.rs:68:45
[INFO] [stdout]     |
[INFO] [stdout]  41 | impl PgStream {
[INFO] [stdout] ...
[INFO] [stdout]  68 |     pub(crate) async fn recv_expect<'de, T: Decode<'de>>(
[INFO] [stdout]     |                                             ^^^^^^^^^^^ required by this bound in `PgStream::recv_expect`
[INFO] [stdout] 
[INFO] [stdout] 
[INFO] [stdout] error[E0277]: the trait bound `!: sqlx_core::io::Decode<'_>` is not satisfied
[INFO] [stdout]    --> /opt/rustwide/cargo-home/registry/src/index.crates.io-1949cf8c6b5b557f/sqlx-postgres-0.7.4/src/copy.rs:350:33
[INFO] [stdout]     |
[INFO] [stdout] 350 |                     conn.stream.recv_expect(MessageFormat::CommandComplete).await?;
[INFO] [stdout]     |                                 ^^^^^^^^^^^ the trait `sqlx_core::io::Decode<'_>` is not implemented for `!`
[INFO] [stdout]     |
[INFO] [stdout]     = help: the following other types implement trait `sqlx_core::io::Decode<'de, Context>`:
[INFO] [stdout]               ()
[INFO] [stdout]               Authentication
[INFO] [stdout]               AuthenticationSaslContinue
[INFO] [stdout]               AuthenticationSaslFinal
[INFO] [stdout]               BackendKeyData
[INFO] [stdout]               CommandComplete
[INFO] [stdout]               CopyData<sqlx_core::bytes::Bytes>
[INFO] [stdout]               CopyDone
[INFO] [stdout]             and 10 others
[INFO] [stdout]     = note: this error might have been caused by changes to Rust's type-inference algorithm (see issue #148922 <https://github.com/rust-lang/rust/issues/148922> for more information)
[INFO] [stdout]     = help: you might have intended to use the type `()` here instead
[INFO] [stdout] note: required by a bound in `PgStream::recv_expect`
[INFO] [stdout]    --> /opt/rustwide/cargo-home/registry/src/index.crates.io-1949cf8c6b5b557f/sqlx-postgres-0.7.4/src/connection/stream.rs:68:45
[INFO] [stdout]     |
[INFO] [stdout]  41 | impl PgStream {
[INFO] [stdout] ...
[INFO] [stdout]  68 |     pub(crate) async fn recv_expect<'de, T: Decode<'de>>(
[INFO] [stdout]     |                                             ^^^^^^^^^^^ required by this bound in `PgStream::recv_expect`
[INFO] [stdout] 
[INFO] [stdout] 
[INFO] [stdout] error[E0277]: the trait bound `!: sqlx_core::io::Decode<'_>` is not satisfied
[INFO] [stdout]    --> /opt/rustwide/cargo-home/registry/src/index.crates.io-1949cf8c6b5b557f/sqlx-postgres-0.7.4/src/copy.rs:350:21
[INFO] [stdout]     |
[INFO] [stdout] 350 |                     conn.stream.recv_expect(MessageFormat::CommandComplete).await?;
[INFO] [stdout]     |                     ^^^^^^^^^^^^^^^^^^^^^^^^^^^^^^^^^^^^^^^^^^^^^^^^^^^^^^^ the trait `sqlx_core::io::Decode<'_>` is not implemented for `!`
[INFO] [stdout]     |
[INFO] [stdout]     = help: the following other types implement trait `sqlx_core::io::Decode<'de, Context>`:
[INFO] [stdout]               ()
[INFO] [stdout]               Authentication
[INFO] [stdout]               AuthenticationSaslContinue
[INFO] [stdout]               AuthenticationSaslFinal
[INFO] [stdout]               BackendKeyData
[INFO] [stdout]               CommandComplete
[INFO] [stdout]               CopyData<sqlx_core::bytes::Bytes>
[INFO] [stdout]               CopyDone
[INFO] [stdout]             and 10 others
[INFO] [stdout]     = note: this error might have been caused by changes to Rust's type-inference algorithm (see issue #148922 <https://github.com/rust-lang/rust/issues/148922> for more information)
[INFO] [stdout]     = help: you might have intended to use the type `()` here instead
[INFO] [stdout] note: required by a bound in `PgStream::recv_expect`
[INFO] [stdout]    --> /opt/rustwide/cargo-home/registry/src/index.crates.io-1949cf8c6b5b557f/sqlx-postgres-0.7.4/src/connection/stream.rs:68:45
[INFO] [stdout]     |
[INFO] [stdout]  41 | impl PgStream {
[INFO] [stdout] ...
[INFO] [stdout]  68 |     pub(crate) async fn recv_expect<'de, T: Decode<'de>>(
[INFO] [stdout]     |                                             ^^^^^^^^^^^ required by this bound in `PgStream::recv_expect`
[INFO] [stdout] 
[INFO] [stdout] 
[INFO] [stdout] error[E0277]: the trait bound `!: sqlx_core::io::Decode<'_>` is not satisfied
[INFO] [stdout]    --> /opt/rustwide/cargo-home/registry/src/index.crates.io-1949cf8c6b5b557f/sqlx-postgres-0.7.4/src/copy.rs:351:33
[INFO] [stdout]     |
[INFO] [stdout] 351 |                     conn.stream.recv_expect(MessageFormat::ReadyForQuery).await?;
[INFO] [stdout]     |                                 ^^^^^^^^^^^ the trait `sqlx_core::io::Decode<'_>` is not implemented for `!`
[INFO] [stdout]     |
[INFO] [stdout]     = help: the following other types implement trait `sqlx_core::io::Decode<'de, Context>`:
[INFO] [stdout]               ()
[INFO] [stdout]               Authentication
[INFO] [stdout]               AuthenticationSaslContinue
[INFO] [stdout]               AuthenticationSaslFinal
[INFO] [stdout]               BackendKeyData
[INFO] [stdout]               CommandComplete
[INFO] [stdout]               CopyData<sqlx_core::bytes::Bytes>
[INFO] [stdout]               CopyDone
[INFO] [stdout]             and 10 others
[INFO] [stdout]     = note: this error might have been caused by changes to Rust's type-inference algorithm (see issue #148922 <https://github.com/rust-lang/rust/issues/148922> for more information)
[INFO] [stdout]     = help: you might have intended to use the type `()` here instead
[INFO] [stdout] note: required by a bound in `PgStream::recv_expect`
[INFO] [stdout]    --> /opt/rustwide/cargo-home/registry/src/index.crates.io-1949cf8c6b5b557f/sqlx-postgres-0.7.4/src/connection/stream.rs:68:45
[INFO] [stdout]     |
[INFO] [stdout]  41 | impl PgStream {
[INFO] [stdout] ...
[INFO] [stdout]  68 |     pub(crate) async fn recv_expect<'de, T: Decode<'de>>(
[INFO] [stdout]     |                                             ^^^^^^^^^^^ required by this bound in `PgStream::recv_expect`
[INFO] [stdout] 
[INFO] [stdout] 
[INFO] [stdout] error[E0277]: the trait bound `!: sqlx_core::io::Decode<'_>` is not satisfied
[INFO] [stdout]    --> /opt/rustwide/cargo-home/registry/src/index.crates.io-1949cf8c6b5b557f/sqlx-postgres-0.7.4/src/copy.rs:351:21
[INFO] [stdout]     |
[INFO] [stdout] 351 |                     conn.stream.recv_expect(MessageFormat::ReadyForQuery).await?;
[INFO] [stdout]     |                     ^^^^^^^^^^^^^^^^^^^^^^^^^^^^^^^^^^^^^^^^^^^^^^^^^^^^^ the trait `sqlx_core::io::Decode<'_>` is not implemented for `!`
[INFO] [stdout]     |
[INFO] [stdout]     = help: the following other types implement trait `sqlx_core::io::Decode<'de, Context>`:
[INFO] [stdout]               ()
[INFO] [stdout]               Authentication
[INFO] [stdout]               AuthenticationSaslContinue
[INFO] [stdout]               AuthenticationSaslFinal
[INFO] [stdout]               BackendKeyData
[INFO] [stdout]               CommandComplete
[INFO] [stdout]               CopyData<sqlx_core::bytes::Bytes>
[INFO] [stdout]               CopyDone
[INFO] [stdout]             and 10 others
[INFO] [stdout]     = note: this error might have been caused by changes to Rust's type-inference algorithm (see issue #148922 <https://github.com/rust-lang/rust/issues/148922> for more information)
[INFO] [stdout]     = help: you might have intended to use the type `()` here instead
[INFO] [stdout] note: required by a bound in `PgStream::recv_expect`
[INFO] [stdout]    --> /opt/rustwide/cargo-home/registry/src/index.crates.io-1949cf8c6b5b557f/sqlx-postgres-0.7.4/src/connection/stream.rs:68:45
[INFO] [stdout]     |
[INFO] [stdout]  41 | impl PgStream {
[INFO] [stdout] ...
[INFO] [stdout]  68 |     pub(crate) async fn recv_expect<'de, T: Decode<'de>>(
[INFO] [stdout]     |                                             ^^^^^^^^^^^ required by this bound in `PgStream::recv_expect`
[INFO] [stdout] 
[INFO] [stdout] 
[INFO] [stdout] error[E0277]: the trait bound `!: sqlx_core::io::Decode<'_>` is not satisfied
[INFO] [stdout]    --> /opt/rustwide/cargo-home/registry/src/index.crates.io-1949cf8c6b5b557f/sqlx-postgres-0.7.4/src/copy.rs:350:77
[INFO] [stdout]     |
[INFO] [stdout] 350 |                     conn.stream.recv_expect(MessageFormat::CommandComplete).await?;
[INFO] [stdout]     |                                                                             ^^^^^ the trait `sqlx_core::io::Decode<'_>` is not implemented for `!`
[INFO] [stdout]     |
[INFO] [stdout]     = help: the following other types implement trait `sqlx_core::io::Decode<'de, Context>`:
[INFO] [stdout]               ()
[INFO] [stdout]               Authentication
[INFO] [stdout]               AuthenticationSaslContinue
[INFO] [stdout]               AuthenticationSaslFinal
[INFO] [stdout]               BackendKeyData
[INFO] [stdout]               CommandComplete
[INFO] [stdout]               CopyData<sqlx_core::bytes::Bytes>
[INFO] [stdout]               CopyDone
[INFO] [stdout]             and 10 others
[INFO] [stdout]     = note: this error might have been caused by changes to Rust's type-inference algorithm (see issue #148922 <https://github.com/rust-lang/rust/issues/148922> for more information)
[INFO] [stdout]     = help: you might have intended to use the type `()` here instead
[INFO] [stdout] note: required by a bound in `PgStream::recv_expect`
[INFO] [stdout]    --> /opt/rustwide/cargo-home/registry/src/index.crates.io-1949cf8c6b5b557f/sqlx-postgres-0.7.4/src/connection/stream.rs:68:45
[INFO] [stdout]     |
[INFO] [stdout]  41 | impl PgStream {
[INFO] [stdout] ...
[INFO] [stdout]  68 |     pub(crate) async fn recv_expect<'de, T: Decode<'de>>(
[INFO] [stdout]     |                                             ^^^^^^^^^^^ required by this bound in `PgStream::recv_expect`
[INFO] [stdout] 
[INFO] [stdout] 
[INFO] [stdout] error[E0277]: the trait bound `!: sqlx_core::io::Decode<'_>` is not satisfied
[INFO] [stdout]    --> /opt/rustwide/cargo-home/registry/src/index.crates.io-1949cf8c6b5b557f/sqlx-postgres-0.7.4/src/copy.rs:351:75
[INFO] [stdout]     |
[INFO] [stdout] 351 |                     conn.stream.recv_expect(MessageFormat::ReadyForQuery).await?;
[INFO] [stdout]     |                                                                           ^^^^^ the trait `sqlx_core::io::Decode<'_>` is not implemented for `!`
[INFO] [stdout]     |
[INFO] [stdout]     = help: the following other types implement trait `sqlx_core::io::Decode<'de, Context>`:
[INFO] [stdout]               ()
[INFO] [stdout]               Authentication
[INFO] [stdout]               AuthenticationSaslContinue
[INFO] [stdout]               AuthenticationSaslFinal
[INFO] [stdout]               BackendKeyData
[INFO] [stdout]               CommandComplete
[INFO] [stdout]               CopyData<sqlx_core::bytes::Bytes>
[INFO] [stdout]               CopyDone
[INFO] [stdout]             and 10 others
[INFO] [stdout]     = note: this error might have been caused by changes to Rust's type-inference algorithm (see issue #148922 <https://github.com/rust-lang/rust/issues/148922> for more information)
[INFO] [stdout]     = help: you might have intended to use the type `()` here instead
[INFO] [stdout] note: required by a bound in `PgStream::recv_expect`
[INFO] [stdout]    --> /opt/rustwide/cargo-home/registry/src/index.crates.io-1949cf8c6b5b557f/sqlx-postgres-0.7.4/src/connection/stream.rs:68:45
[INFO] [stdout]     |
[INFO] [stdout]  41 | impl PgStream {
[INFO] [stdout] ...
[INFO] [stdout]  68 |     pub(crate) async fn recv_expect<'de, T: Decode<'de>>(
[INFO] [stdout]     |                                             ^^^^^^^^^^^ required by this bound in `PgStream::recv_expect`
[INFO] [stdout] 
[INFO] [stdout] 
[INFO] [stderr]     Checking async-executor v1.11.0
[INFO] [stderr]    Compiling derivative v2.2.0
[INFO] [stderr]    Compiling inherent v1.0.11
[INFO] [stderr]     Checking async-lock v2.8.0
[INFO] [stderr]     Checking ordered-float v3.9.2
[INFO] [stderr]    Compiling clickhouse-rs-cityhash-sys v0.1.2
[INFO] [stderr]     Checking socket2 v0.4.10
[INFO] [stderr]     Checking iovec v0.1.4
[INFO] [stderr]    Compiling cookie v0.18.1
[INFO] [stderr]    Compiling unicode-segmentation v1.11.0
[INFO] [stderr]    Compiling amq-protocol v7.1.2
[INFO] [stderr]     Checking url v1.7.2
[INFO] [stderr]     Checking mio v0.6.23
[INFO] [stderr]    Compiling heck v0.3.3
[INFO] [stderr]     Checking async-global-executor v2.4.1
[INFO] [stderr]    Compiling amiquip v0.4.2
[INFO] [stdout] For more information about this error, try `rustc --explain E0277`.
[INFO] [stdout] 
[INFO] [stderr] error: could not compile `sqlx-postgres` (lib) due to 15 previous errors
[INFO] [stderr] warning: build failed, waiting for other jobs to finish...
[INFO] running `Command { std: "docker" "inspect" "58b7db16f348ea9a0d9d46507c7497862f0ed3bc8ca31ffb3d7ac5720569db3d", kill_on_drop: false }`
[INFO] running `Command { std: "docker" "rm" "-f" "58b7db16f348ea9a0d9d46507c7497862f0ed3bc8ca31ffb3d7ac5720569db3d", kill_on_drop: false }`
[INFO] [stdout] 58b7db16f348ea9a0d9d46507c7497862f0ed3bc8ca31ffb3d7ac5720569db3d
