[INFO] cloning repository https://github.com/v0iiid/email-queue
[INFO] running `Command { std: "git" "-c" "credential.helper=" "-c" "credential.helper=/workspace/cargo-home/bin/git-credential-null" "clone" "--bare" "https://github.com/v0iiid/email-queue" "/workspace/cache/git-repos/https%3A%2F%2Fgithub.com%2Fv0iiid%2Femail-queue", kill_on_drop: false }`
[INFO] [stderr] Cloning into bare repository '/workspace/cache/git-repos/https%3A%2F%2Fgithub.com%2Fv0iiid%2Femail-queue'...
[INFO] running `Command { std: "git" "rev-parse" "HEAD", kill_on_drop: false }`
[INFO] [stdout] 9ae6394e3d3c668304d05dafa51c54773e54128d
[INFO] documenting v0iiid/email-queue against 1.100.0-beta.1 for beta-rustdoc-1.100
[INFO] running `Command { std: "git" "clone" "/workspace/cache/git-repos/https%3A%2F%2Fgithub.com%2Fv0iiid%2Femail-queue" "/workspace/builds/worker-6-tc2/source", kill_on_drop: false }`
[INFO] [stderr] Cloning into '/workspace/builds/worker-6-tc2/source'...
[INFO] [stderr] done.
[INFO] started tweaking git repo https://github.com/v0iiid/email-queue
[INFO] finished tweaking git repo https://github.com/v0iiid/email-queue
[INFO] tweaked toml for git repo https://github.com/v0iiid/email-queue written to /workspace/builds/worker-6-tc2/source/Cargo.toml
[INFO] validating manifest of git repo https://github.com/v0iiid/email-queue on toolchain 1.100.0-beta.1
[INFO] running `Command { std: CARGO_HOME="/workspace/cargo-home" RUSTUP_HOME="/workspace/rustup-home" "/workspace/cargo-home/bin/cargo" "+1.100.0-beta.1" "metadata" "--manifest-path" "Cargo.toml" "--no-deps", kill_on_drop: false }`
[INFO] crate git repo https://github.com/v0iiid/email-queue already has a lockfile, it will not be regenerated
[INFO] running `Command { std: CARGO_HOME="/workspace/cargo-home" RUSTUP_HOME="/workspace/rustup-home" "/workspace/cargo-home/bin/cargo" "+1.100.0-beta.1" "fetch" "--manifest-path" "Cargo.toml", kill_on_drop: false }`
[INFO] running `Command { std: "docker" "create" "-v" "/var/lib/crater-agent-workspace/builds/worker-6-tc2/source:/opt/rustwide/workdir:ro,Z" "-v" "/var/lib/crater-agent-workspace/builds/worker-6-tc2/target:/opt/rustwide/target:rw,Z" "-v" "/var/lib/crater-agent-workspace/cargo-home:/opt/rustwide/cargo-home:ro,Z" "-v" "/var/lib/crater-agent-workspace/rustup-home:/opt/rustwide/rustup-home:ro,Z" "-m" "1610612736" "--network" "none" "ghcr.io/rust-lang/crates-build-env/linux@sha256:3111399a4047eeb3a02b7a90e478d715f38a8c6669b5c4b49d30a17385265909" "sleep" "infinity", kill_on_drop: false }`
[INFO] [stdout] ebb26b6c4eaff12e6f6d48869af2f4f2376d711537404caf2bd7d8792d86f454
[INFO] running `Command { std: "docker" "start" "ebb26b6c4eaff12e6f6d48869af2f4f2376d711537404caf2bd7d8792d86f454", kill_on_drop: false }`
[INFO] running `Command { std: "docker" "inspect" "ebb26b6c4eaff12e6f6d48869af2f4f2376d711537404caf2bd7d8792d86f454", kill_on_drop: false }`
[INFO] running `Command { std: "docker" "exec" "-e" "SOURCE_DIR=/opt/rustwide/workdir" "-e" "CARGO_HOME=/opt/rustwide/cargo-home" "-e" "RUSTUP_HOME=/opt/rustwide/rustup-home" "-e" "CARGO_TARGET_DIR=/opt/rustwide/target" "-w" "/opt/rustwide/workdir" "--user" "0:0" "ebb26b6c4eaff12e6f6d48869af2f4f2376d711537404caf2bd7d8792d86f454" "/opt/rustwide/cargo-home/bin/cargo" "+1.100.0-beta.1" "metadata" "--no-deps" "--format-version=1", kill_on_drop: false }`
[INFO] running `Command { std: "docker" "inspect" "ebb26b6c4eaff12e6f6d48869af2f4f2376d711537404caf2bd7d8792d86f454", kill_on_drop: false }`
[INFO] running `Command { std: "docker" "exec" "-e" "SOURCE_DIR=/opt/rustwide/workdir" "-e" "CARGO_HOME=/opt/rustwide/cargo-home" "-e" "RUSTUP_HOME=/opt/rustwide/rustup-home" "-e" "CARGO_TARGET_DIR=/opt/rustwide/target" "-e" "CARGO_INCREMENTAL=0" "-e" "RUST_BACKTRACE=full" "-e" "RUSTFLAGS=--cap-lints=warn" "-e" "RUSTDOCFLAGS=--cap-lints=warn" "-w" "/opt/rustwide/workdir" "--user" "0:0" "ebb26b6c4eaff12e6f6d48869af2f4f2376d711537404caf2bd7d8792d86f454" "/opt/rustwide/cargo-home/bin/cargo" "+1.100.0-beta.1" "doc" "--frozen" "--no-deps" "--document-private-items" "--message-format=json", kill_on_drop: false }`
[INFO] [stderr]    Compiling zerocopy v0.8.42
[INFO] [stderr]     Checking futures-channel v0.3.32
[INFO] [stderr]     Checking getrandom v0.3.4
[INFO] [stderr]    Compiling num-traits v0.2.19
[INFO] [stderr]     Checking parking_lot_core v0.9.12
[INFO] [stderr]    Compiling thiserror-impl v2.0.18
[INFO] [stderr]     Checking serde v1.0.228
[INFO] [stderr]     Checking serde_json v1.0.149
[INFO] [stderr]     Checking tracing-core v0.1.36
[INFO] [stderr]     Checking futures-timer v3.0.3
[INFO] [stderr]     Checking fastrand v2.3.0
[INFO] [stderr]     Checking arc-swap v1.8.2
[INFO] [stderr]    Compiling async-trait v0.1.89
[INFO] [stderr]     Checking socket2 v0.5.10
[INFO] [stderr]     Checking potential_utf v0.1.4
[INFO] [stderr]     Checking icu_locale_core v2.1.1
[INFO] [stderr]     Checking icu_collections v2.1.1
[INFO] [stderr]     Checking futures-util v0.3.32
[INFO] [stderr]     Checking parking_lot v0.12.5
[INFO] [stderr]     Checking backon v1.6.0
[INFO] [stderr]     Checking rand_core v0.9.5
[INFO] [stderr]     Checking tracing v0.1.44
[INFO] [stderr]     Checking tokio v1.50.0
[INFO] [stderr]     Checking tracing-futures v0.2.5
[INFO] [stderr]     Checking num-integer v0.1.46
[INFO] [stderr]     Checking chrono v0.4.44
[INFO] [stderr]     Checking icu_provider v2.1.1
[INFO] [stderr]     Checking thiserror v2.0.18
[INFO] [stderr]     Checking num-bigint v0.4.6
[INFO] [stderr]     Checking icu_properties v2.1.2
[INFO] [stderr]     Checking icu_normalizer v2.1.1
[INFO] [stderr]     Checking idna_adapter v1.2.1
[INFO] [stderr]     Checking idna v1.1.0
[INFO] [stderr]     Checking url v2.5.8
[INFO] [stderr]     Checking futures-executor v0.3.32
[INFO] [stderr]     Checking tower v0.5.3
[INFO] [stderr]     Checking futures v0.3.32
[INFO] [stderr]     Checking ppv-lite86 v0.2.21
[INFO] [stderr]     Checking tokio-util v0.7.18
[INFO] [stderr]     Checking rand_chacha v0.9.0
[INFO] [stderr]     Checking rand v0.9.2
[INFO] [stderr]     Checking combine v4.6.7
[INFO] [stderr]     Checking ulid v1.2.1
[INFO] [stderr]     Checking apalis-core v0.6.4
[INFO] [stderr]     Checking apalis v0.6.4
[INFO] [stderr]     Checking redis v0.27.6
[INFO] [stderr]     Checking apalis-redis v0.6.4
[INFO] [stdout] error[E0277]: the trait bound `!: FromRedisValue` is not satisfied
[INFO] [stdout]    --> /opt/rustwide/cargo-home/registry/src/index.crates.io-1949cf8c6b5b557f/apalis-redis-0.6.4/src/storage.rs:712:14
[INFO] [stdout]     |
[INFO] [stdout] 712 |             .invoke_async(conn)
[INFO] [stdout]     |              ^^^^^^^^^^^^ the trait `FromRedisValue` is not implemented for `!`
[INFO] [stdout]     |
[INFO] [stdout]     = help: the following other types implement trait `FromRedisValue`:
[INFO] [stdout]               ()
[INFO] [stdout]               (T12,)
[INFO] [stdout]               (T11, T12)
[INFO] [stdout]               (T10, T11, T12)
[INFO] [stdout]               (T9, T10, T11, T12)
[INFO] [stdout]               (T8, T9, T10, T11, T12)
[INFO] [stdout]               (T7, T8, T9, T10, T11, T12)
[INFO] [stdout]               (T6, T7, T8, T9, T10, T11, T12)
[INFO] [stdout]             and 51 others
[INFO] [stdout]     = note: this error might have been caused by changes to Rust's type-inference algorithm (see issue #148922 <https://github.com/rust-lang/rust/issues/148922> for more information)
[INFO] [stdout]     = help: you might have intended to use the type `()` here instead
[INFO] [stdout] note: required by a bound in `ScriptInvocation::<'a>::invoke_async`
[INFO] [stdout]    --> /opt/rustwide/cargo-home/registry/src/index.crates.io-1949cf8c6b5b557f/redis-0.27.6/src/script.rs:162:34
[INFO] [stdout]     |
[INFO] [stdout] 119 | impl<'a> ScriptInvocation<'a> {
[INFO] [stdout] ...
[INFO] [stdout] 162 |     pub async fn invoke_async<T: FromRedisValue>(
[INFO] [stdout]     |                                  ^^^^^^^^^^^^^^ required by this bound in `ScriptInvocation::<'a>::invoke_async`
[INFO] [stdout] 
[INFO] [stdout] 
[INFO] [stdout] error[E0277]: the trait bound `!: FromRedisValue` is not satisfied
[INFO] [stdout]    --> /opt/rustwide/cargo-home/registry/src/index.crates.io-1949cf8c6b5b557f/apalis-redis-0.6.4/src/storage.rs:733:14
[INFO] [stdout]     |
[INFO] [stdout] 733 |             .invoke_async(&mut self.conn)
[INFO] [stdout]     |              ^^^^^^^^^^^^ the trait `FromRedisValue` is not implemented for `!`
[INFO] [stdout]     |
[INFO] [stdout]     = help: the following other types implement trait `FromRedisValue`:
[INFO] [stdout]               ()
[INFO] [stdout]               (T12,)
[INFO] [stdout]               (T11, T12)
[INFO] [stdout]               (T10, T11, T12)
[INFO] [stdout]               (T9, T10, T11, T12)
[INFO] [stdout]               (T8, T9, T10, T11, T12)
[INFO] [stdout]               (T7, T8, T9, T10, T11, T12)
[INFO] [stdout]               (T6, T7, T8, T9, T10, T11, T12)
[INFO] [stdout]             and 51 others
[INFO] [stdout]     = note: this error might have been caused by changes to Rust's type-inference algorithm (see issue #148922 <https://github.com/rust-lang/rust/issues/148922> for more information)
[INFO] [stdout]     = help: you might have intended to use the type `()` here instead
[INFO] [stdout] note: required by a bound in `ScriptInvocation::<'a>::invoke_async`
[INFO] [stdout]    --> /opt/rustwide/cargo-home/registry/src/index.crates.io-1949cf8c6b5b557f/redis-0.27.6/src/script.rs:162:34
[INFO] [stdout]     |
[INFO] [stdout] 119 | impl<'a> ScriptInvocation<'a> {
[INFO] [stdout] ...
[INFO] [stdout] 162 |     pub async fn invoke_async<T: FromRedisValue>(
[INFO] [stdout]     |                                  ^^^^^^^^^^^^^^ required by this bound in `ScriptInvocation::<'a>::invoke_async`
[INFO] [stdout] 
[INFO] [stdout] 
[INFO] [stdout] error[E0277]: the trait bound `!: FromRedisValue` is not satisfied
[INFO] [stdout]    --> /opt/rustwide/cargo-home/registry/src/index.crates.io-1949cf8c6b5b557f/apalis-redis-0.6.4/src/storage.rs:802:14
[INFO] [stdout]     |
[INFO] [stdout] 802 |             .query_async(&mut self.conn)
[INFO] [stdout]     |              ^^^^^^^^^^^ the trait `FromRedisValue` is not implemented for `!`
[INFO] [stdout]     |
[INFO] [stdout]     = help: the following other types implement trait `FromRedisValue`:
[INFO] [stdout]               ()
[INFO] [stdout]               (T12,)
[INFO] [stdout]               (T11, T12)
[INFO] [stdout]               (T10, T11, T12)
[INFO] [stdout]               (T9, T10, T11, T12)
[INFO] [stdout]               (T8, T9, T10, T11, T12)
[INFO] [stdout]               (T7, T8, T9, T10, T11, T12)
[INFO] [stdout]               (T6, T7, T8, T9, T10, T11, T12)
[INFO] [stdout]             and 51 others
[INFO] [stdout]     = note: this error might have been caused by changes to Rust's type-inference algorithm (see issue #148922 <https://github.com/rust-lang/rust/issues/148922> for more information)
[INFO] [stdout]     = help: you might have intended to use the type `()` here instead
[INFO] [stdout] note: required by a bound in `Cmd::query_async`
[INFO] [stdout]    --> /opt/rustwide/cargo-home/registry/src/index.crates.io-1949cf8c6b5b557f/redis-0.27.6/src/cmd.rs:434:33
[INFO] [stdout]     |
[INFO] [stdout] 316 | impl Cmd {
[INFO] [stdout] ...
[INFO] [stdout] 434 |     pub async fn query_async<T: FromRedisValue>(
[INFO] [stdout]     |                                 ^^^^^^^^^^^^^^ required by this bound in `Cmd::query_async`
[INFO] [stdout] 
[INFO] [stdout] 
[INFO] [stdout] error[E0277]: the trait bound `!: FromRedisValue` is not satisfied
[INFO] [stdout]    --> /opt/rustwide/cargo-home/registry/src/index.crates.io-1949cf8c6b5b557f/apalis-redis-0.6.4/src/storage.rs:808:14
[INFO] [stdout]     |
[INFO] [stdout] 808 |             .query_async(&mut self.conn)
[INFO] [stdout]     |              ^^^^^^^^^^^ the trait `FromRedisValue` is not implemented for `!`
[INFO] [stdout]     |
[INFO] [stdout]     = help: the following other types implement trait `FromRedisValue`:
[INFO] [stdout]               ()
[INFO] [stdout]               (T12,)
[INFO] [stdout]               (T11, T12)
[INFO] [stdout]               (T10, T11, T12)
[INFO] [stdout]               (T9, T10, T11, T12)
[INFO] [stdout]               (T8, T9, T10, T11, T12)
[INFO] [stdout]               (T7, T8, T9, T10, T11, T12)
[INFO] [stdout]               (T6, T7, T8, T9, T10, T11, T12)
[INFO] [stdout]             and 51 others
[INFO] [stdout]     = note: this error might have been caused by changes to Rust's type-inference algorithm (see issue #148922 <https://github.com/rust-lang/rust/issues/148922> for more information)
[INFO] [stdout]     = help: you might have intended to use the type `()` here instead
[INFO] [stdout] note: required by a bound in `Cmd::query_async`
[INFO] [stdout]    --> /opt/rustwide/cargo-home/registry/src/index.crates.io-1949cf8c6b5b557f/redis-0.27.6/src/cmd.rs:434:33
[INFO] [stdout]     |
[INFO] [stdout] 316 | impl Cmd {
[INFO] [stdout] ...
[INFO] [stdout] 434 |     pub async fn query_async<T: FromRedisValue>(
[INFO] [stdout]     |                                 ^^^^^^^^^^^^^^ required by this bound in `Cmd::query_async`
[INFO] [stdout] 
[INFO] [stdout] 
[INFO] [stdout] error[E0277]: the trait bound `!: FromRedisValue` is not satisfied
[INFO] [stdout]    --> /opt/rustwide/cargo-home/registry/src/index.crates.io-1949cf8c6b5b557f/apalis-redis-0.6.4/src/storage.rs:860:26
[INFO] [stdout]     |
[INFO] [stdout] 860 |                         .query_async(conn)
[INFO] [stdout]     |                          ^^^^^^^^^^^ the trait `FromRedisValue` is not implemented for `!`
[INFO] [stdout]     |
[INFO] [stdout]     = help: the following other types implement trait `FromRedisValue`:
[INFO] [stdout]               ()
[INFO] [stdout]               (T12,)
[INFO] [stdout]               (T11, T12)
[INFO] [stdout]               (T10, T11, T12)
[INFO] [stdout]               (T9, T10, T11, T12)
[INFO] [stdout]               (T8, T9, T10, T11, T12)
[INFO] [stdout]               (T7, T8, T9, T10, T11, T12)
[INFO] [stdout]               (T6, T7, T8, T9, T10, T11, T12)
[INFO] [stdout]             and 51 others
[INFO] [stdout]     = note: this error might have been caused by changes to Rust's type-inference algorithm (see issue #148922 <https://github.com/rust-lang/rust/issues/148922> for more information)
[INFO] [stdout]     = help: you might have intended to use the type `()` here instead
[INFO] [stdout] note: required by a bound in `Cmd::query_async`
[INFO] [stdout]    --> /opt/rustwide/cargo-home/registry/src/index.crates.io-1949cf8c6b5b557f/redis-0.27.6/src/cmd.rs:434:33
[INFO] [stdout]     |
[INFO] [stdout] 316 | impl Cmd {
[INFO] [stdout] ...
[INFO] [stdout] 434 |     pub async fn query_async<T: FromRedisValue>(
[INFO] [stdout]     |                                 ^^^^^^^^^^^^^^ required by this bound in `Cmd::query_async`
[INFO] [stdout] 
[INFO] [stdout] 
[INFO] [stdout] For more information about this error, try `rustc --explain E0277`.
[INFO] [stdout] 
[INFO] [stderr] error: could not compile `apalis-redis` (lib) due to 5 previous errors
[INFO] running `Command { std: "docker" "inspect" "ebb26b6c4eaff12e6f6d48869af2f4f2376d711537404caf2bd7d8792d86f454", kill_on_drop: false }`
[INFO] running `Command { std: "docker" "rm" "-f" "ebb26b6c4eaff12e6f6d48869af2f4f2376d711537404caf2bd7d8792d86f454", kill_on_drop: false }`
[INFO] [stdout] ebb26b6c4eaff12e6f6d48869af2f4f2376d711537404caf2bd7d8792d86f454
