[INFO] cloning repository https://github.com/satans404/CS330-library
[INFO] running `Command { std: "git" "-c" "credential.helper=" "-c" "credential.helper=/workspace/cargo-home/bin/git-credential-null" "clone" "--bare" "https://github.com/satans404/CS330-library" "/workspace/cache/git-repos/https%3A%2F%2Fgithub.com%2Fsatans404%2FCS330-library", kill_on_drop: false }`
[INFO] [stderr] Cloning into bare repository '/workspace/cache/git-repos/https%3A%2F%2Fgithub.com%2Fsatans404%2FCS330-library'...
[INFO] running `Command { std: "git" "rev-parse" "HEAD", kill_on_drop: false }`
[INFO] [stdout] 30f98ade9707e585953860623fafd21721307d8d
[INFO] documenting satans404/CS330-library against 1.100.0-beta.1 for beta-rustdoc-1.100
[INFO] running `Command { std: "git" "clone" "/workspace/cache/git-repos/https%3A%2F%2Fgithub.com%2Fsatans404%2FCS330-library" "/workspace/builds/worker-3-tc2/source", kill_on_drop: false }`
[INFO] [stderr] Cloning into '/workspace/builds/worker-3-tc2/source'...
[INFO] [stderr] done.
[INFO] started tweaking git repo https://github.com/satans404/CS330-library
[INFO] finished tweaking git repo https://github.com/satans404/CS330-library
[INFO] tweaked toml for git repo https://github.com/satans404/CS330-library written to /workspace/builds/worker-3-tc2/source/Cargo.toml
[INFO] validating manifest of git repo https://github.com/satans404/CS330-library on toolchain 1.100.0-beta.1
[INFO] running `Command { std: CARGO_HOME="/workspace/cargo-home" RUSTUP_HOME="/workspace/rustup-home" "/workspace/cargo-home/bin/cargo" "+1.100.0-beta.1" "metadata" "--manifest-path" "Cargo.toml" "--no-deps", kill_on_drop: false }`
[INFO] crate git repo https://github.com/satans404/CS330-library already has a lockfile, it will not be regenerated
[INFO] running `Command { std: CARGO_HOME="/workspace/cargo-home" RUSTUP_HOME="/workspace/rustup-home" "/workspace/cargo-home/bin/cargo" "+1.100.0-beta.1" "fetch" "--manifest-path" "Cargo.toml", kill_on_drop: false }`
[INFO] running `Command { std: "docker" "create" "-v" "/var/lib/crater-agent-workspace/builds/worker-3-tc2/source:/opt/rustwide/workdir:ro,Z" "-v" "/var/lib/crater-agent-workspace/builds/worker-3-tc2/target:/opt/rustwide/target:rw,Z" "-v" "/var/lib/crater-agent-workspace/cargo-home:/opt/rustwide/cargo-home:ro,Z" "-v" "/var/lib/crater-agent-workspace/rustup-home:/opt/rustwide/rustup-home:ro,Z" "-m" "1610612736" "--network" "none" "ghcr.io/rust-lang/crates-build-env/linux@sha256:77db811e55d90add9212f6832c23229e3de5f1c1f9905e8cb07319ea15df73ac" "sleep" "infinity", kill_on_drop: false }`
[INFO] [stdout] c600a47b2f937c62f53589e825e129ca60e048853a11aae0103560f995fcf661
[INFO] running `Command { std: "docker" "start" "c600a47b2f937c62f53589e825e129ca60e048853a11aae0103560f995fcf661", kill_on_drop: false }`
[INFO] running `Command { std: "docker" "inspect" "c600a47b2f937c62f53589e825e129ca60e048853a11aae0103560f995fcf661", kill_on_drop: false }`
[INFO] running `Command { std: "docker" "exec" "-e" "SOURCE_DIR=/opt/rustwide/workdir" "-e" "CARGO_HOME=/opt/rustwide/cargo-home" "-e" "RUSTUP_HOME=/opt/rustwide/rustup-home" "-e" "CARGO_TARGET_DIR=/opt/rustwide/target" "-w" "/opt/rustwide/workdir" "--user" "0:0" "c600a47b2f937c62f53589e825e129ca60e048853a11aae0103560f995fcf661" "/opt/rustwide/cargo-home/bin/cargo" "+1.100.0-beta.1" "metadata" "--no-deps" "--format-version=1", kill_on_drop: false }`
[INFO] running `Command { std: "docker" "inspect" "c600a47b2f937c62f53589e825e129ca60e048853a11aae0103560f995fcf661", kill_on_drop: false }`
[INFO] running `Command { std: "docker" "exec" "-e" "SOURCE_DIR=/opt/rustwide/workdir" "-e" "CARGO_HOME=/opt/rustwide/cargo-home" "-e" "RUSTUP_HOME=/opt/rustwide/rustup-home" "-e" "CARGO_TARGET_DIR=/opt/rustwide/target" "-e" "CARGO_INCREMENTAL=0" "-e" "RUST_BACKTRACE=full" "-e" "RUSTFLAGS=--cap-lints=warn" "-e" "RUSTDOCFLAGS=--cap-lints=warn" "-w" "/opt/rustwide/workdir" "--user" "0:0" "c600a47b2f937c62f53589e825e129ca60e048853a11aae0103560f995fcf661" "/opt/rustwide/cargo-home/bin/cargo" "+1.100.0-beta.1" "doc" "--frozen" "--no-deps" "--document-private-items" "--message-format=json", kill_on_drop: false }`
[INFO] [stderr]    Compiling proc-macro2 v1.0.38
[INFO] [stderr]    Compiling unicode-xid v0.2.3
[INFO] [stderr]    Compiling syn v1.0.92
[INFO] [stderr]    Compiling libc v0.2.125
[INFO] [stderr]    Compiling serde_derive v1.0.137
[INFO] [stderr]    Compiling typenum v1.15.0
[INFO] [stderr]    Compiling generic-array v0.14.5
[INFO] [stderr]    Compiling serde v1.0.137
[INFO] [stderr]     Checking once_cell v1.10.0
[INFO] [stderr]    Compiling futures-core v0.3.21
[INFO] [stderr]    Compiling memchr v2.5.0
[INFO] [stderr]     Checking lazy_static v1.4.0
[INFO] [stderr]     Checking bytes v1.1.0
[INFO] [stderr]     Checking futures-sink v0.3.21
[INFO] [stderr]    Compiling standback v0.2.17
[INFO] [stderr]    Compiling libm v0.2.2
[INFO] [stderr]    Compiling num-traits v0.2.15
[INFO] [stderr]    Compiling ahash v0.7.6
[INFO] [stderr]    Compiling futures-task v0.3.21
[INFO] [stderr]    Compiling futures-channel v0.3.21
[INFO] [stderr]    Compiling futures-util v0.3.21
[INFO] [stderr]     Checking itoa v1.0.1
[INFO] [stderr]    Compiling indexmap v1.8.1
[INFO] [stderr]    Compiling num-integer v0.1.45
[INFO] [stderr]    Compiling proc-macro2-diagnostics v0.9.1
[INFO] [stderr]     Checking slab v0.4.6
[INFO] [stderr]    Compiling const_fn v0.4.9
[INFO] [stderr]     Checking futures-io v0.3.21
[INFO] [stderr]    Compiling ring v0.16.20
[INFO] [stderr]    Compiling crossbeam-utils v0.8.8
[INFO] [stderr]    Compiling log v0.4.17
[INFO] [stderr]     Checking tracing-core v0.1.26
[INFO] [stderr]     Checking cpufeatures v0.2.2
[INFO] [stderr]    Compiling async-trait v0.1.53
[INFO] [stderr]     Checking unicode-normalization v0.1.19
[INFO] [stderr]    Compiling time v0.2.27
[INFO] [stderr]     Checking base64ct v1.5.0
[INFO] [stderr]     Checking pem-rfc7468 v0.3.1
[INFO] [stderr]    Compiling ref-cast v1.0.7
[INFO] [stderr]    Compiling socket2 v0.4.4
[INFO] [stderr]    Compiling mio v0.8.2
[INFO] [stderr]    Compiling serde_json v1.0.81
[INFO] [stderr]     Checking const-oid v0.7.1
[INFO] [stderr]    Compiling maplit v1.0.2
[INFO] [stderr]    Compiling quote v1.0.18
[INFO] [stderr]    Compiling http v0.2.7
[INFO] [stderr]    Compiling pest_meta v2.1.3
[INFO] [stderr]     Checking spin v0.9.3
[INFO] [stderr]     Checking getrandom v0.2.6
[INFO] [stderr]     Checking num_cpus v1.13.1
[INFO] [stderr]     Checking signal-hook-registry v1.4.0
[INFO] [stderr]     Checking parking_lot_core v0.8.5
[INFO] [stderr]     Checking time v0.1.43
[INFO] [stderr]     Checking rand_core v0.6.3
[INFO] [stderr]    Compiling tokio v1.18.1
[INFO] [stderr]    Compiling num-iter v0.1.43
[INFO] [stderr]     Checking parking_lot v0.11.2
[INFO] [stderr]     Checking idna v0.2.3
[INFO] [stderr]     Checking hashbrown v0.11.2
[INFO] [stderr]     Checking rand_chacha v0.3.1
[INFO] [stderr]     Checking zeroize v1.5.5
[INFO] [stderr]    Compiling crossbeam-queue v0.3.5
[INFO] [stderr]    Compiling tinyvec_macros v0.1.0
[INFO] [stderr]     Checking cpuid-bool v0.2.0
[INFO] [stderr]     Checking ryu v1.0.9
[INFO] [stderr]    Compiling tinyvec v1.6.0
[INFO] [stderr]     Checking url v2.2.2
[INFO] [stderr]     Checking rand v0.8.5
[INFO] [stderr]    Compiling num-bigint v0.3.3
[INFO] [stderr]    Compiling uncased v0.9.6
[INFO] [stderr]    Compiling cookie v0.15.1
[INFO] [stderr]    Compiling smallvec v1.8.0
[INFO] [stderr]    Compiling proc-macro2 v0.4.30
[INFO] [stderr]    Compiling num-bigint-dig v0.8.1
[INFO] [stderr]    Compiling matches v0.1.9
[INFO] [stderr]    Compiling libsqlite3-sys v0.24.2
[INFO] [stderr]    Compiling want v0.3.0
[INFO] [stderr]    Compiling lock_api v0.4.7
[INFO] [stderr]    Compiling http-body v0.4.4
[INFO] [stderr]     Checking aho-corasick v0.7.18
[INFO] [stderr]    Compiling httparse v1.7.1
[INFO] [stderr]    Compiling crossbeam-epoch v0.9.8
[INFO] [stderr]     Checking byteorder v1.4.3
[INFO] [stderr]    Compiling unicode-bidi v0.3.8
[INFO] [stderr]    Compiling rust_decimal v1.23.1
[INFO] [stderr]    Compiling inlinable_string v0.1.15
[INFO] [stderr]     Checking nom v7.1.1
[INFO] [stderr]    Compiling form_urlencoded v1.0.1
[INFO] [stderr]     Checking dirs-sys v0.3.7
[INFO] [stderr]    Compiling stable-pattern v0.1.0
[INFO] [stderr]    Compiling atomic v0.5.1
[INFO] [stderr]    Compiling figment v0.10.6
[INFO] [stderr]    Compiling multer v2.0.2
[INFO] [stderr]    Compiling unicase v2.6.0
[INFO] [stderr]    Compiling state v0.5.3
[INFO] [stderr]     Checking crypto-common v0.1.3
[INFO] [stderr]     Checking block-buffer v0.10.2
[INFO] [stderr]     Checking crypto-bigint v0.3.2
[INFO] [stderr]     Checking cipher v0.2.5
[INFO] [stderr]     Checking digest v0.9.0
[INFO] [stderr]     Checking universal-hash v0.4.1
[INFO] [stderr]     Checking crypto-mac v0.10.1
[INFO] [stderr]     Checking block-buffer v0.9.0
[INFO] [stderr]     Checking polyval v0.4.5
[INFO] [stderr]     Checking digest v0.10.3
[INFO] [stderr]     Checking aead v0.3.2
[INFO] [stderr]     Checking unicode_categories v0.1.1
[INFO] [stderr]     Checking hmac v0.10.1
[INFO] [stderr]     Checking ghash v0.3.1
[INFO] [stderr]     Checking aes-soft v0.6.4
[INFO] [stderr]     Checking ctr v0.6.0
[INFO] [stderr]     Checking sha2 v0.9.9
[INFO] [stderr]     Checking hkdf v0.10.0
[INFO] [stderr]     Checking hmac v0.12.1
[INFO] [stderr]    Compiling syn v0.15.44
[INFO] [stderr]     Checking crc-catalog v1.1.1
[INFO] [stderr]     Checking hkdf v0.12.3
[INFO] [stderr]     Checking sha-1 v0.10.0
[INFO] [stderr]     Checking crc v2.1.0
[INFO] [stderr]     Checking regex v1.5.5
[INFO] [stderr]     Checking md-5 v0.10.1
[INFO] [stderr]     Checking sha2 v0.10.2
[INFO] [stderr]     Checking aes v0.6.0
[INFO] [stderr]     Checking dirs v4.0.0
[INFO] [stderr]     Checking aes-gcm v0.8.0
[INFO] [stderr]    Compiling quote v0.6.13
[INFO] [stderr]     Checking hashlink v0.7.0
[INFO] [stderr]     Checking atoi v0.4.0
[INFO] [stderr]     Checking futures-intrusive v0.4.0
[INFO] [stderr]     Checking stringprep v0.1.2
[INFO] [stderr]    Compiling rocket v0.5.0-rc.1
[INFO] [stderr]     Checking der v0.5.1
[INFO] [stderr]     Checking event-listener v2.5.2
[INFO] [stderr]     Checking bitflags v1.3.2
[INFO] [stderr]     Checking fastrand v1.7.0
[INFO] [stderr]    Compiling paste v1.0.7
[INFO] [stderr]     Checking whoami v1.2.1
[INFO] [stderr]    Compiling base64 v0.13.0
[INFO] [stderr]     Checking sha1_smol v1.0.0
[INFO] [stderr]     Checking tempfile v3.3.0
[INFO] [stderr]     Checking sha1 v0.6.1
[INFO] [stderr]     Checking crossbeam-deque v0.8.1
[INFO] [stderr]     Checking dashmap v4.0.2
[INFO] [stderr]     Checking atty v0.2.14
[INFO] [stderr]     Checking rand v0.4.6
[INFO] [stderr]     Checking crossbeam-channel v0.5.4
[INFO] [stderr]     Checking itoa v0.4.8
[INFO] [stderr]     Checking retain_mut v0.1.7
[INFO] [stderr]     Checking dtoa v0.4.8
[INFO] [stderr]     Checking serde v0.9.15
[INFO] [stderr]     Checking webpki v0.21.4
[INFO] [stderr]     Checking sct v0.6.1
[INFO] [stderr]     Checking crossbeam v0.8.1
[INFO] [stderr]     Checking rustls v0.19.1
[INFO] [stderr]     Checking webpki-roots v0.21.1
[INFO] [stderr]     Checking rand v0.3.23
[INFO] [stderr]     Checking spki v0.5.4
[INFO] [stderr]     Checking pkcs8 v0.8.0
[INFO] [stderr]     Checking pkcs1 v0.3.3
[INFO] [stderr]     Checking rsa v0.6.1
[INFO] [stderr]    Compiling dlopen_derive v0.1.4
[INFO] [stderr]     Checking dlopen v0.1.8
[INFO] [stderr]    Compiling pest_generator v2.1.3
[INFO] [stderr]     Checking uuid v0.4.0
[INFO] [stderr]    Compiling devise_core v0.3.1
[INFO] [stderr]    Compiling tokio-macros v1.7.0
[INFO] [stderr]    Compiling tracing-attributes v0.1.21
[INFO] [stderr]    Compiling time-macros-impl v0.1.2
[INFO] [stderr]    Compiling futures-macro v0.3.21
[INFO] [stderr]    Compiling thiserror-impl v1.0.31
[INFO] [stderr]    Compiling pear_codegen v0.2.3
[INFO] [stderr]    Compiling ref-cast-impl v1.0.7
[INFO] [stderr]    Compiling pest_derive v2.1.0
[INFO] [stderr]    Compiling pin-project-internal v1.0.10
[INFO] [stderr]    Compiling async-stream-impl v0.3.3
[INFO] [stderr]    Compiling devise_codegen v0.3.1
[INFO] [stderr]     Checking time-macros v0.1.1
[INFO] [stderr]     Checking async-stream v0.3.3
[INFO] [stderr]    Compiling devise v0.3.1
[INFO] [stderr]    Compiling pear v0.2.3
[INFO] [stderr]     Checking pin-project v1.0.10
[INFO] [stderr]    Compiling thiserror v1.0.31
[INFO] [stderr]     Checking tracing v0.1.34
[INFO] [stderr]     Checking flume v0.10.12
[INFO] [stderr]    Compiling tokio-util v0.7.1
[INFO] [stderr]    Compiling h2 v0.3.13
[INFO] [stderr]     Checking futures-executor v0.3.21
[INFO] [stderr]     Checking tokio-stream v0.1.8
[INFO] [stderr]     Checking tokio-util v0.6.9
[INFO] [stderr]     Checking tokio-rustls v0.22.0
[INFO] [stderr]     Checking deadpool-runtime v0.1.2
[INFO] [stderr]     Checking futures v0.3.21
[INFO] [stderr]     Checking sqlx-rt v0.5.13
[INFO] [stderr]     Checking combine v4.6.4
[INFO] [stderr]    Compiling hyper v0.14.18
[INFO] [stderr]     Checking either v1.6.1
[INFO] [stderr]     Checking chrono v0.4.19
[INFO] [stderr]     Checking uuid v0.8.2
[INFO] [stderr]     Checking serde_bytes v0.11.6
[INFO] [stderr]     Checking bit-vec v0.6.3
[INFO] [stderr]     Checking toml v0.5.9
[INFO] [stderr]     Checking bigdecimal v0.2.2
[INFO] [stderr]     Checking ubyte v0.10.1
[INFO] [stderr]     Checking ipnetwork v0.17.0
[INFO] [stderr]     Checking itertools v0.10.3
[INFO] [stderr]     Checking deadpool v0.9.4
[INFO] [stderr]     Checking unicase_serde v0.1.0
[INFO] [stderr]    Compiling html_parser v0.6.3
[INFO] [stderr]    Compiling rocket_http v0.5.0-rc.1
[INFO] [stderr]    Compiling rbatis_sql_macro v3.0.15
[INFO] [stderr]    Compiling rbatis-macro-driver v3.1.1
[INFO] [stderr]     Checking sqlformat v0.1.8
[INFO] [stderr]     Checking rbson v2.0.3
[INFO] [stderr]     Checking fast_log v1.5.1
[INFO] [stderr]    Compiling rocket_codegen v0.5.0-rc.1
[INFO] [stderr]     Checking rbatis_sql v3.0.23
[INFO] [stderr]     Checking redis v0.21.5
[INFO] [stdout] error[E0277]: the trait bound `!: FromRedisValue` is not satisfied
[INFO] [stdout]    --> /opt/rustwide/cargo-home/registry/src/index.crates.io-1949cf8c6b5b557f/redis-0.21.5/src/script.rs:177:30
[INFO] [stdout]     |
[INFO] [stdout] 177 |                     load_cmd.query_async(con).await?;
[INFO] [stdout]     |                              ^^^^^^^^^^^ the trait `FromRedisValue` is not implemented for `!`
[INFO] [stdout]     |
[INFO] [stdout]     = help: the following other types implement trait `FromRedisValue`:
[INFO] [stdout]               ()
[INFO] [stdout]               (T12,)
[INFO] [stdout]               (T11, T12)
[INFO] [stdout]               (T10, T11, T12)
[INFO] [stdout]               (T9, T10, T11, T12)
[INFO] [stdout]               (T8, T9, T10, T11, T12)
[INFO] [stdout]               (T7, T8, T9, T10, T11, T12)
[INFO] [stdout]               (T6, T7, T8, T9, T10, T11, T12)
[INFO] [stdout]             and 41 others
[INFO] [stdout]     = note: this error might have been caused by changes to Rust's type-inference algorithm (see issue #148922 <https://github.com/rust-lang/rust/issues/148922> for more information)
[INFO] [stdout]     = help: you might have intended to use the type `()` here instead
[INFO] [stdout] note: required by a bound in `Cmd::query_async`
[INFO] [stdout]    --> /opt/rustwide/cargo-home/registry/src/index.crates.io-1949cf8c6b5b557f/redis-0.21.5/src/cmd.rs:373:36
[INFO] [stdout]     |
[INFO] [stdout] 273 | impl Cmd {
[INFO] [stdout] ...
[INFO] [stdout] 373 |     pub async fn query_async<C, T: FromRedisValue>(&self, con: &mut C) -> RedisResult<T>
[INFO] [stdout]     |                                    ^^^^^^^^^^^^^^ required by this bound in `Cmd::query_async`
[INFO] [stdout] 
[INFO] [stdout] 
[INFO] [stdout] error[E0277]: the trait bound `!: FromRedisValue` is not satisfied
[INFO] [stdout]    --> /opt/rustwide/cargo-home/registry/src/index.crates.io-1949cf8c6b5b557f/redis-0.21.5/src/script.rs:143:30
[INFO] [stdout]     |
[INFO] [stdout] 143 | ...                   .query(con)?;
[INFO] [stdout]     |                        ^^^^^ the trait `FromRedisValue` is not implemented for `!`
[INFO] [stdout]     |
[INFO] [stdout]     = help: the following other types implement trait `FromRedisValue`:
[INFO] [stdout]               ()
[INFO] [stdout]               (T12,)
[INFO] [stdout]               (T11, T12)
[INFO] [stdout]               (T10, T11, T12)
[INFO] [stdout]               (T9, T10, T11, T12)
[INFO] [stdout]               (T8, T9, T10, T11, T12)
[INFO] [stdout]               (T7, T8, T9, T10, T11, T12)
[INFO] [stdout]               (T6, T7, T8, T9, T10, T11, T12)
[INFO] [stdout]             and 41 others
[INFO] [stdout]     = note: this error might have been caused by changes to Rust's type-inference algorithm (see issue #148922 <https://github.com/rust-lang/rust/issues/148922> for more information)
[INFO] [stdout]     = help: you might have intended to use the type `()` here instead
[INFO] [stdout] note: required by a bound in `Cmd::query`
[INFO] [stdout]    --> /opt/rustwide/cargo-home/registry/src/index.crates.io-1949cf8c6b5b557f/redis-0.21.5/src/cmd.rs:363:21
[INFO] [stdout]     |
[INFO] [stdout] 273 | impl Cmd {
[INFO] [stdout] ...
[INFO] [stdout] 363 |     pub fn query<T: FromRedisValue>(&self, con: &mut dyn ConnectionLike) -> RedisResult<T> {
[INFO] [stdout]     |                     ^^^^^^^^^^^^^^ required by this bound in `Cmd::query`
[INFO] [stdout] 
[INFO] [stdout] 
[INFO] [stderr]     Checking sqlx-core v0.5.13
[INFO] [stdout] For more information about this error, try `rustc --explain E0277`.
[INFO] [stdout] 
[INFO] [stderr] error: could not compile `redis` (lib) due to 2 previous errors; 1 warning emitted
[INFO] [stderr] warning: build failed, waiting for other jobs to finish...
[INFO] [stdout] error[E0277]: the trait bound `!: io::decode::Decode<'_>` is not satisfied
[INFO] [stdout]   --> /opt/rustwide/cargo-home/registry/src/index.crates.io-1949cf8c6b5b557f/sqlx-core-0.5.13/src/postgres/connection/executor.rs:67:10
[INFO] [stdout]    |
[INFO] [stdout] 67 |         .recv_expect(MessageFormat::ParseComplete)
[INFO] [stdout]    |          ^^^^^^^^^^^ the trait `io::decode::Decode<'_>` is not implemented for `!`
[INFO] [stdout]    |
[INFO] [stdout]    = help: the following other types implement trait `io::decode::Decode<'de, Context>`:
[INFO] [stdout]              `()` implements `io::decode::Decode<'_>`
[INFO] [stdout]              `AuthSwitchRequest` implements `io::decode::Decode<'_>`
[INFO] [stdout]              `Authentication` implements `io::decode::Decode<'_>`
[INFO] [stdout]              `AuthenticationSaslContinue` implements `io::decode::Decode<'_>`
[INFO] [stdout]              `AuthenticationSaslFinal` implements `io::decode::Decode<'_>`
[INFO] [stdout]              `BackendKeyData` implements `io::decode::Decode<'_>`
[INFO] [stdout]              `BinaryRow` implements `io::decode::Decode<'de, &'de [MySqlColumn]>`
[INFO] [stdout]              `ColumnDefinition` implements `io::decode::Decode<'_, Capabilities>`
[INFO] [stdout]            and 21 others
[INFO] [stdout]    = note: this error might have been caused by changes to Rust's type-inference algorithm (see issue #148922 <https://github.com/rust-lang/rust/issues/148922> for more information)
[INFO] [stdout]    = help: you might have intended to use the type `()` here instead
[INFO] [stdout] note: required by a bound in `PgStream::recv_expect`
[INFO] [stdout]   --> /opt/rustwide/cargo-home/registry/src/index.crates.io-1949cf8c6b5b557f/sqlx-core-0.5.13/src/postgres/connection/stream.rs:64:45
[INFO] [stdout]    |
[INFO] [stdout] 38 | impl PgStream {
[INFO] [stdout] ...
[INFO] [stdout] 64 |     pub(crate) async fn recv_expect<'de, T: Decode<'de>>(
[INFO] [stdout]    |                                             ^^^^^^^^^^^ required by this bound in `PgStream::recv_expect`
[INFO] [stdout] 
[INFO] [stdout] 
[INFO] [stdout] error[E0277]: the trait bound `!: io::decode::Decode<'_>` is not satisfied
[INFO] [stdout]   --> /opt/rustwide/cargo-home/registry/src/index.crates.io-1949cf8c6b5b557f/sqlx-core-0.5.13/src/postgres/connection/executor.rs:65:13
[INFO] [stdout]    |
[INFO] [stdout] 65 |       let _ = conn
[INFO] [stdout]    |  _____________^
[INFO] [stdout] 66 | |         .stream
[INFO] [stdout] 67 | |         .recv_expect(MessageFormat::ParseComplete)
[INFO] [stdout]    | |__________________________________________________^ the trait `io::decode::Decode<'_>` is not implemented for `!`
[INFO] [stdout]    |
[INFO] [stdout]    = help: the following other types implement trait `io::decode::Decode<'de, Context>`:
[INFO] [stdout]              `()` implements `io::decode::Decode<'_>`
[INFO] [stdout]              `AuthSwitchRequest` implements `io::decode::Decode<'_>`
[INFO] [stdout]              `Authentication` implements `io::decode::Decode<'_>`
[INFO] [stdout]              `AuthenticationSaslContinue` implements `io::decode::Decode<'_>`
[INFO] [stdout]              `AuthenticationSaslFinal` implements `io::decode::Decode<'_>`
[INFO] [stdout]              `BackendKeyData` implements `io::decode::Decode<'_>`
[INFO] [stdout]              `BinaryRow` implements `io::decode::Decode<'de, &'de [MySqlColumn]>`
[INFO] [stdout]              `ColumnDefinition` implements `io::decode::Decode<'_, Capabilities>`
[INFO] [stdout]            and 21 others
[INFO] [stdout]    = note: this error might have been caused by changes to Rust's type-inference algorithm (see issue #148922 <https://github.com/rust-lang/rust/issues/148922> for more information)
[INFO] [stdout]    = help: you might have intended to use the type `()` here instead
[INFO] [stdout] note: required by a bound in `PgStream::recv_expect`
[INFO] [stdout]   --> /opt/rustwide/cargo-home/registry/src/index.crates.io-1949cf8c6b5b557f/sqlx-core-0.5.13/src/postgres/connection/stream.rs:64:45
[INFO] [stdout]    |
[INFO] [stdout] 38 | impl PgStream {
[INFO] [stdout] ...
[INFO] [stdout] 64 |     pub(crate) async fn recv_expect<'de, T: Decode<'de>>(
[INFO] [stdout]    |                                             ^^^^^^^^^^^ required by this bound in `PgStream::recv_expect`
[INFO] [stdout] 
[INFO] [stdout] 
[INFO] [stdout] error[E0277]: the trait bound `!: io::decode::Decode<'_>` is not satisfied
[INFO] [stdout]   --> /opt/rustwide/cargo-home/registry/src/index.crates.io-1949cf8c6b5b557f/sqlx-core-0.5.13/src/postgres/connection/executor.rs:68:10
[INFO] [stdout]    |
[INFO] [stdout] 68 |         .await?;
[INFO] [stdout]    |          ^^^^^ the trait `io::decode::Decode<'_>` is not implemented for `!`
[INFO] [stdout]    |
[INFO] [stdout]    = help: the following other types implement trait `io::decode::Decode<'de, Context>`:
[INFO] [stdout]              `()` implements `io::decode::Decode<'_>`
[INFO] [stdout]              `AuthSwitchRequest` implements `io::decode::Decode<'_>`
[INFO] [stdout]              `Authentication` implements `io::decode::Decode<'_>`
[INFO] [stdout]              `AuthenticationSaslContinue` implements `io::decode::Decode<'_>`
[INFO] [stdout]              `AuthenticationSaslFinal` implements `io::decode::Decode<'_>`
[INFO] [stdout]              `BackendKeyData` implements `io::decode::Decode<'_>`
[INFO] [stdout]              `BinaryRow` implements `io::decode::Decode<'de, &'de [MySqlColumn]>`
[INFO] [stdout]              `ColumnDefinition` implements `io::decode::Decode<'_, Capabilities>`
[INFO] [stdout]            and 21 others
[INFO] [stdout]    = note: this error might have been caused by changes to Rust's type-inference algorithm (see issue #148922 <https://github.com/rust-lang/rust/issues/148922> for more information)
[INFO] [stdout]    = help: you might have intended to use the type `()` here instead
[INFO] [stdout] note: required by a bound in `PgStream::recv_expect`
[INFO] [stdout]   --> /opt/rustwide/cargo-home/registry/src/index.crates.io-1949cf8c6b5b557f/sqlx-core-0.5.13/src/postgres/connection/stream.rs:64:45
[INFO] [stdout]    |
[INFO] [stdout] 38 | impl PgStream {
[INFO] [stdout] ...
[INFO] [stdout] 64 |     pub(crate) async fn recv_expect<'de, T: Decode<'de>>(
[INFO] [stdout]    |                                             ^^^^^^^^^^^ required by this bound in `PgStream::recv_expect`
[INFO] [stdout] 
[INFO] [stdout] 
[INFO] [stdout] error[E0277]: the trait bound `!: io::decode::Decode<'_>` is not satisfied
[INFO] [stdout]    --> /opt/rustwide/cargo-home/registry/src/index.crates.io-1949cf8c6b5b557f/sqlx-core-0.5.13/src/postgres/copy.rs:261:30
[INFO] [stdout]     |
[INFO] [stdout] 261 | ...                   .recv_expect(MessageFormat::ReadyForQuery)
[INFO] [stdout]     |                        ^^^^^^^^^^^ the trait `io::decode::Decode<'_>` is not implemented for `!`
[INFO] [stdout]     |
[INFO] [stdout]     = help: the following other types implement trait `io::decode::Decode<'de, Context>`:
[INFO] [stdout]               `()` implements `io::decode::Decode<'_>`
[INFO] [stdout]               `AuthSwitchRequest` implements `io::decode::Decode<'_>`
[INFO] [stdout]               `Authentication` implements `io::decode::Decode<'_>`
[INFO] [stdout]               `AuthenticationSaslContinue` implements `io::decode::Decode<'_>`
[INFO] [stdout]               `AuthenticationSaslFinal` implements `io::decode::Decode<'_>`
[INFO] [stdout]               `BackendKeyData` implements `io::decode::Decode<'_>`
[INFO] [stdout]               `BinaryRow` implements `io::decode::Decode<'de, &'de [MySqlColumn]>`
[INFO] [stdout]               `ColumnDefinition` implements `io::decode::Decode<'_, Capabilities>`
[INFO] [stdout]             and 21 others
[INFO] [stdout]     = note: this error might have been caused by changes to Rust's type-inference algorithm (see issue #148922 <https://github.com/rust-lang/rust/issues/148922> for more information)
[INFO] [stdout]     = help: you might have intended to use the type `()` here instead
[INFO] [stdout] note: required by a bound in `PgStream::recv_expect`
[INFO] [stdout]    --> /opt/rustwide/cargo-home/registry/src/index.crates.io-1949cf8c6b5b557f/sqlx-core-0.5.13/src/postgres/connection/stream.rs:64:45
[INFO] [stdout]     |
[INFO] [stdout]  38 | impl PgStream {
[INFO] [stdout] ...
[INFO] [stdout]  64 |     pub(crate) async fn recv_expect<'de, T: Decode<'de>>(
[INFO] [stdout]     |                                             ^^^^^^^^^^^ required by this bound in `PgStream::recv_expect`
[INFO] [stdout] 
[INFO] [stdout] 
[INFO] [stdout] error[E0277]: the trait bound `!: io::decode::Decode<'_>` is not satisfied
[INFO] [stdout]    --> /opt/rustwide/cargo-home/registry/src/index.crates.io-1949cf8c6b5b557f/sqlx-core-0.5.13/src/postgres/copy.rs:260:25
[INFO] [stdout]     |
[INFO] [stdout] 260 | /                         conn.stream
[INFO] [stdout] 261 | |                             .recv_expect(MessageFormat::ReadyForQuery)
[INFO] [stdout]     | |______________________________________________________________________^ the trait `io::decode::Decode<'_>` is not implemented for `!`
[INFO] [stdout]     |
[INFO] [stdout]     = help: the following other types implement trait `io::decode::Decode<'de, Context>`:
[INFO] [stdout]               `()` implements `io::decode::Decode<'_>`
[INFO] [stdout]               `AuthSwitchRequest` implements `io::decode::Decode<'_>`
[INFO] [stdout]               `Authentication` implements `io::decode::Decode<'_>`
[INFO] [stdout]               `AuthenticationSaslContinue` implements `io::decode::Decode<'_>`
[INFO] [stdout]               `AuthenticationSaslFinal` implements `io::decode::Decode<'_>`
[INFO] [stdout]               `BackendKeyData` implements `io::decode::Decode<'_>`
[INFO] [stdout]               `BinaryRow` implements `io::decode::Decode<'de, &'de [MySqlColumn]>`
[INFO] [stdout]               `ColumnDefinition` implements `io::decode::Decode<'_, Capabilities>`
[INFO] [stdout]             and 21 others
[INFO] [stdout]     = note: this error might have been caused by changes to Rust's type-inference algorithm (see issue #148922 <https://github.com/rust-lang/rust/issues/148922> for more information)
[INFO] [stdout]     = help: you might have intended to use the type `()` here instead
[INFO] [stdout] note: required by a bound in `PgStream::recv_expect`
[INFO] [stdout]    --> /opt/rustwide/cargo-home/registry/src/index.crates.io-1949cf8c6b5b557f/sqlx-core-0.5.13/src/postgres/connection/stream.rs:64:45
[INFO] [stdout]     |
[INFO] [stdout]  38 | impl PgStream {
[INFO] [stdout] ...
[INFO] [stdout]  64 |     pub(crate) async fn recv_expect<'de, T: Decode<'de>>(
[INFO] [stdout]     |                                             ^^^^^^^^^^^ required by this bound in `PgStream::recv_expect`
[INFO] [stdout] 
[INFO] [stdout] 
[INFO] [stdout] error[E0277]: the trait bound `!: io::decode::Decode<'_>` is not satisfied
[INFO] [stdout]    --> /opt/rustwide/cargo-home/registry/src/index.crates.io-1949cf8c6b5b557f/sqlx-core-0.5.13/src/postgres/copy.rs:262:30
[INFO] [stdout]     |
[INFO] [stdout] 262 | ...                   .await?;
[INFO] [stdout]     |                        ^^^^^ the trait `io::decode::Decode<'_>` is not implemented for `!`
[INFO] [stdout]     |
[INFO] [stdout]     = help: the following other types implement trait `io::decode::Decode<'de, Context>`:
[INFO] [stdout]               `()` implements `io::decode::Decode<'_>`
[INFO] [stdout]               `AuthSwitchRequest` implements `io::decode::Decode<'_>`
[INFO] [stdout]               `Authentication` implements `io::decode::Decode<'_>`
[INFO] [stdout]               `AuthenticationSaslContinue` implements `io::decode::Decode<'_>`
[INFO] [stdout]               `AuthenticationSaslFinal` implements `io::decode::Decode<'_>`
[INFO] [stdout]               `BackendKeyData` implements `io::decode::Decode<'_>`
[INFO] [stdout]               `BinaryRow` implements `io::decode::Decode<'de, &'de [MySqlColumn]>`
[INFO] [stdout]               `ColumnDefinition` implements `io::decode::Decode<'_, Capabilities>`
[INFO] [stdout]             and 21 others
[INFO] [stdout]     = note: this error might have been caused by changes to Rust's type-inference algorithm (see issue #148922 <https://github.com/rust-lang/rust/issues/148922> for more information)
[INFO] [stdout]     = help: you might have intended to use the type `()` here instead
[INFO] [stdout] note: required by a bound in `PgStream::recv_expect`
[INFO] [stdout]    --> /opt/rustwide/cargo-home/registry/src/index.crates.io-1949cf8c6b5b557f/sqlx-core-0.5.13/src/postgres/connection/stream.rs:64:45
[INFO] [stdout]     |
[INFO] [stdout]  38 | impl PgStream {
[INFO] [stdout] ...
[INFO] [stdout]  64 |     pub(crate) async fn recv_expect<'de, T: Decode<'de>>(
[INFO] [stdout]     |                                             ^^^^^^^^^^^ required by this bound in `PgStream::recv_expect`
[INFO] [stdout] 
[INFO] [stdout] 
[INFO] [stdout] error[E0277]: the trait bound `!: io::decode::Decode<'_>` is not satisfied
[INFO] [stdout]    --> /opt/rustwide/cargo-home/registry/src/index.crates.io-1949cf8c6b5b557f/sqlx-core-0.5.13/src/postgres/copy.rs:288:14
[INFO] [stdout]     |
[INFO] [stdout] 288 |             .recv_expect(MessageFormat::ReadyForQuery)
[INFO] [stdout]     |              ^^^^^^^^^^^ the trait `io::decode::Decode<'_>` is not implemented for `!`
[INFO] [stdout]     |
[INFO] [stdout]     = help: the following other types implement trait `io::decode::Decode<'de, Context>`:
[INFO] [stdout]               `()` implements `io::decode::Decode<'_>`
[INFO] [stdout]               `AuthSwitchRequest` implements `io::decode::Decode<'_>`
[INFO] [stdout]               `Authentication` implements `io::decode::Decode<'_>`
[INFO] [stdout]               `AuthenticationSaslContinue` implements `io::decode::Decode<'_>`
[INFO] [stdout]               `AuthenticationSaslFinal` implements `io::decode::Decode<'_>`
[INFO] [stdout]               `BackendKeyData` implements `io::decode::Decode<'_>`
[INFO] [stdout]               `BinaryRow` implements `io::decode::Decode<'de, &'de [MySqlColumn]>`
[INFO] [stdout]               `ColumnDefinition` implements `io::decode::Decode<'_, Capabilities>`
[INFO] [stdout]             and 21 others
[INFO] [stdout]     = note: this error might have been caused by changes to Rust's type-inference algorithm (see issue #148922 <https://github.com/rust-lang/rust/issues/148922> for more information)
[INFO] [stdout]     = help: you might have intended to use the type `()` here instead
[INFO] [stdout] note: required by a bound in `PgStream::recv_expect`
[INFO] [stdout]    --> /opt/rustwide/cargo-home/registry/src/index.crates.io-1949cf8c6b5b557f/sqlx-core-0.5.13/src/postgres/connection/stream.rs:64:45
[INFO] [stdout]     |
[INFO] [stdout]  38 | impl PgStream {
[INFO] [stdout] ...
[INFO] [stdout]  64 |     pub(crate) async fn recv_expect<'de, T: Decode<'de>>(
[INFO] [stdout]     |                                             ^^^^^^^^^^^ required by this bound in `PgStream::recv_expect`
[INFO] [stdout] 
[INFO] [stdout] 
[INFO] [stdout] error[E0277]: the trait bound `!: io::decode::Decode<'_>` is not satisfied
[INFO] [stdout]    --> /opt/rustwide/cargo-home/registry/src/index.crates.io-1949cf8c6b5b557f/sqlx-core-0.5.13/src/postgres/copy.rs:287:9
[INFO] [stdout]     |
[INFO] [stdout] 287 | /         conn.stream
[INFO] [stdout] 288 | |             .recv_expect(MessageFormat::ReadyForQuery)
[INFO] [stdout]     | |______________________________________________________^ the trait `io::decode::Decode<'_>` is not implemented for `!`
[INFO] [stdout]     |
[INFO] [stdout]     = help: the following other types implement trait `io::decode::Decode<'de, Context>`:
[INFO] [stdout]               `()` implements `io::decode::Decode<'_>`
[INFO] [stdout]               `AuthSwitchRequest` implements `io::decode::Decode<'_>`
[INFO] [stdout]               `Authentication` implements `io::decode::Decode<'_>`
[INFO] [stdout]               `AuthenticationSaslContinue` implements `io::decode::Decode<'_>`
[INFO] [stdout]               `AuthenticationSaslFinal` implements `io::decode::Decode<'_>`
[INFO] [stdout]               `BackendKeyData` implements `io::decode::Decode<'_>`
[INFO] [stdout]               `BinaryRow` implements `io::decode::Decode<'de, &'de [MySqlColumn]>`
[INFO] [stdout]               `ColumnDefinition` implements `io::decode::Decode<'_, Capabilities>`
[INFO] [stdout]             and 21 others
[INFO] [stdout]     = note: this error might have been caused by changes to Rust's type-inference algorithm (see issue #148922 <https://github.com/rust-lang/rust/issues/148922> for more information)
[INFO] [stdout]     = help: you might have intended to use the type `()` here instead
[INFO] [stdout] note: required by a bound in `PgStream::recv_expect`
[INFO] [stdout]    --> /opt/rustwide/cargo-home/registry/src/index.crates.io-1949cf8c6b5b557f/sqlx-core-0.5.13/src/postgres/connection/stream.rs:64:45
[INFO] [stdout]     |
[INFO] [stdout]  38 | impl PgStream {
[INFO] [stdout] ...
[INFO] [stdout]  64 |     pub(crate) async fn recv_expect<'de, T: Decode<'de>>(
[INFO] [stdout]     |                                             ^^^^^^^^^^^ required by this bound in `PgStream::recv_expect`
[INFO] [stdout] 
[INFO] [stdout] 
[INFO] [stdout] error[E0277]: the trait bound `!: io::decode::Decode<'_>` is not satisfied
[INFO] [stdout]    --> /opt/rustwide/cargo-home/registry/src/index.crates.io-1949cf8c6b5b557f/sqlx-core-0.5.13/src/postgres/copy.rs:289:14
[INFO] [stdout]     |
[INFO] [stdout] 289 |             .await?;
[INFO] [stdout]     |              ^^^^^ the trait `io::decode::Decode<'_>` is not implemented for `!`
[INFO] [stdout]     |
[INFO] [stdout]     = help: the following other types implement trait `io::decode::Decode<'de, Context>`:
[INFO] [stdout]               `()` implements `io::decode::Decode<'_>`
[INFO] [stdout]               `AuthSwitchRequest` implements `io::decode::Decode<'_>`
[INFO] [stdout]               `Authentication` implements `io::decode::Decode<'_>`
[INFO] [stdout]               `AuthenticationSaslContinue` implements `io::decode::Decode<'_>`
[INFO] [stdout]               `AuthenticationSaslFinal` implements `io::decode::Decode<'_>`
[INFO] [stdout]               `BackendKeyData` implements `io::decode::Decode<'_>`
[INFO] [stdout]               `BinaryRow` implements `io::decode::Decode<'de, &'de [MySqlColumn]>`
[INFO] [stdout]               `ColumnDefinition` implements `io::decode::Decode<'_, Capabilities>`
[INFO] [stdout]             and 21 others
[INFO] [stdout]     = note: this error might have been caused by changes to Rust's type-inference algorithm (see issue #148922 <https://github.com/rust-lang/rust/issues/148922> for more information)
[INFO] [stdout]     = help: you might have intended to use the type `()` here instead
[INFO] [stdout] note: required by a bound in `PgStream::recv_expect`
[INFO] [stdout]    --> /opt/rustwide/cargo-home/registry/src/index.crates.io-1949cf8c6b5b557f/sqlx-core-0.5.13/src/postgres/connection/stream.rs:64:45
[INFO] [stdout]     |
[INFO] [stdout]  38 | impl PgStream {
[INFO] [stdout] ...
[INFO] [stdout]  64 |     pub(crate) async fn recv_expect<'de, T: Decode<'de>>(
[INFO] [stdout]     |                                             ^^^^^^^^^^^ required by this bound in `PgStream::recv_expect`
[INFO] [stdout] 
[INFO] [stdout] 
[INFO] [stdout] error[E0277]: the trait bound `!: io::decode::Decode<'_>` is not satisfied
[INFO] [stdout]    --> /opt/rustwide/cargo-home/registry/src/index.crates.io-1949cf8c6b5b557f/sqlx-core-0.5.13/src/postgres/copy.rs:324:33
[INFO] [stdout]     |
[INFO] [stdout] 324 |                     conn.stream.recv_expect(MessageFormat::CommandComplete).await?;
[INFO] [stdout]     |                                 ^^^^^^^^^^^ the trait `io::decode::Decode<'_>` is not implemented for `!`
[INFO] [stdout]     |
[INFO] [stdout]     = help: the following other types implement trait `io::decode::Decode<'de, Context>`:
[INFO] [stdout]               `()` implements `io::decode::Decode<'_>`
[INFO] [stdout]               `AuthSwitchRequest` implements `io::decode::Decode<'_>`
[INFO] [stdout]               `Authentication` implements `io::decode::Decode<'_>`
[INFO] [stdout]               `AuthenticationSaslContinue` implements `io::decode::Decode<'_>`
[INFO] [stdout]               `AuthenticationSaslFinal` implements `io::decode::Decode<'_>`
[INFO] [stdout]               `BackendKeyData` implements `io::decode::Decode<'_>`
[INFO] [stdout]               `BinaryRow` implements `io::decode::Decode<'de, &'de [MySqlColumn]>`
[INFO] [stdout]               `ColumnDefinition` implements `io::decode::Decode<'_, Capabilities>`
[INFO] [stdout]             and 21 others
[INFO] [stdout]     = note: this error might have been caused by changes to Rust's type-inference algorithm (see issue #148922 <https://github.com/rust-lang/rust/issues/148922> for more information)
[INFO] [stdout]     = help: you might have intended to use the type `()` here instead
[INFO] [stdout] note: required by a bound in `PgStream::recv_expect`
[INFO] [stdout]    --> /opt/rustwide/cargo-home/registry/src/index.crates.io-1949cf8c6b5b557f/sqlx-core-0.5.13/src/postgres/connection/stream.rs:64:45
[INFO] [stdout]     |
[INFO] [stdout]  38 | impl PgStream {
[INFO] [stdout] ...
[INFO] [stdout]  64 |     pub(crate) async fn recv_expect<'de, T: Decode<'de>>(
[INFO] [stdout]     |                                             ^^^^^^^^^^^ required by this bound in `PgStream::recv_expect`
[INFO] [stdout] 
[INFO] [stdout] 
[INFO] [stdout] error[E0277]: the trait bound `!: io::decode::Decode<'_>` is not satisfied
[INFO] [stdout]    --> /opt/rustwide/cargo-home/registry/src/index.crates.io-1949cf8c6b5b557f/sqlx-core-0.5.13/src/postgres/copy.rs:324:21
[INFO] [stdout]     |
[INFO] [stdout] 324 |                     conn.stream.recv_expect(MessageFormat::CommandComplete).await?;
[INFO] [stdout]     |                     ^^^^^^^^^^^^^^^^^^^^^^^^^^^^^^^^^^^^^^^^^^^^^^^^^^^^^^^ the trait `io::decode::Decode<'_>` is not implemented for `!`
[INFO] [stdout]     |
[INFO] [stdout]     = help: the following other types implement trait `io::decode::Decode<'de, Context>`:
[INFO] [stdout]               `()` implements `io::decode::Decode<'_>`
[INFO] [stdout]               `AuthSwitchRequest` implements `io::decode::Decode<'_>`
[INFO] [stdout]               `Authentication` implements `io::decode::Decode<'_>`
[INFO] [stdout]               `AuthenticationSaslContinue` implements `io::decode::Decode<'_>`
[INFO] [stdout]               `AuthenticationSaslFinal` implements `io::decode::Decode<'_>`
[INFO] [stdout]               `BackendKeyData` implements `io::decode::Decode<'_>`
[INFO] [stdout]               `BinaryRow` implements `io::decode::Decode<'de, &'de [MySqlColumn]>`
[INFO] [stdout]               `ColumnDefinition` implements `io::decode::Decode<'_, Capabilities>`
[INFO] [stdout]             and 21 others
[INFO] [stdout]     = note: this error might have been caused by changes to Rust's type-inference algorithm (see issue #148922 <https://github.com/rust-lang/rust/issues/148922> for more information)
[INFO] [stdout]     = help: you might have intended to use the type `()` here instead
[INFO] [stdout] note: required by a bound in `PgStream::recv_expect`
[INFO] [stdout]    --> /opt/rustwide/cargo-home/registry/src/index.crates.io-1949cf8c6b5b557f/sqlx-core-0.5.13/src/postgres/connection/stream.rs:64:45
[INFO] [stdout]     |
[INFO] [stdout]  38 | impl PgStream {
[INFO] [stdout] ...
[INFO] [stdout]  64 |     pub(crate) async fn recv_expect<'de, T: Decode<'de>>(
[INFO] [stdout]     |                                             ^^^^^^^^^^^ required by this bound in `PgStream::recv_expect`
[INFO] [stdout] 
[INFO] [stdout] 
[INFO] [stdout] error[E0277]: the trait bound `!: io::decode::Decode<'_>` is not satisfied
[INFO] [stdout]    --> /opt/rustwide/cargo-home/registry/src/index.crates.io-1949cf8c6b5b557f/sqlx-core-0.5.13/src/postgres/copy.rs:325:33
[INFO] [stdout]     |
[INFO] [stdout] 325 |                     conn.stream.recv_expect(MessageFormat::ReadyForQuery).await?;
[INFO] [stdout]     |                                 ^^^^^^^^^^^ the trait `io::decode::Decode<'_>` is not implemented for `!`
[INFO] [stdout]     |
[INFO] [stdout]     = help: the following other types implement trait `io::decode::Decode<'de, Context>`:
[INFO] [stdout]               `()` implements `io::decode::Decode<'_>`
[INFO] [stdout]               `AuthSwitchRequest` implements `io::decode::Decode<'_>`
[INFO] [stdout]               `Authentication` implements `io::decode::Decode<'_>`
[INFO] [stdout]               `AuthenticationSaslContinue` implements `io::decode::Decode<'_>`
[INFO] [stdout]               `AuthenticationSaslFinal` implements `io::decode::Decode<'_>`
[INFO] [stdout]               `BackendKeyData` implements `io::decode::Decode<'_>`
[INFO] [stdout]               `BinaryRow` implements `io::decode::Decode<'de, &'de [MySqlColumn]>`
[INFO] [stdout]               `ColumnDefinition` implements `io::decode::Decode<'_, Capabilities>`
[INFO] [stdout]             and 21 others
[INFO] [stdout]     = note: this error might have been caused by changes to Rust's type-inference algorithm (see issue #148922 <https://github.com/rust-lang/rust/issues/148922> for more information)
[INFO] [stdout]     = help: you might have intended to use the type `()` here instead
[INFO] [stdout] note: required by a bound in `PgStream::recv_expect`
[INFO] [stdout]    --> /opt/rustwide/cargo-home/registry/src/index.crates.io-1949cf8c6b5b557f/sqlx-core-0.5.13/src/postgres/connection/stream.rs:64:45
[INFO] [stdout]     |
[INFO] [stdout]  38 | impl PgStream {
[INFO] [stdout] ...
[INFO] [stdout]  64 |     pub(crate) async fn recv_expect<'de, T: Decode<'de>>(
[INFO] [stdout]     |                                             ^^^^^^^^^^^ required by this bound in `PgStream::recv_expect`
[INFO] [stdout] 
[INFO] [stdout] 
[INFO] [stdout] error[E0277]: the trait bound `!: io::decode::Decode<'_>` is not satisfied
[INFO] [stdout]    --> /opt/rustwide/cargo-home/registry/src/index.crates.io-1949cf8c6b5b557f/sqlx-core-0.5.13/src/postgres/copy.rs:325:21
[INFO] [stdout]     |
[INFO] [stdout] 325 |                     conn.stream.recv_expect(MessageFormat::ReadyForQuery).await?;
[INFO] [stdout]     |                     ^^^^^^^^^^^^^^^^^^^^^^^^^^^^^^^^^^^^^^^^^^^^^^^^^^^^^ the trait `io::decode::Decode<'_>` is not implemented for `!`
[INFO] [stdout]     |
[INFO] [stdout]     = help: the following other types implement trait `io::decode::Decode<'de, Context>`:
[INFO] [stdout]               `()` implements `io::decode::Decode<'_>`
[INFO] [stdout]               `AuthSwitchRequest` implements `io::decode::Decode<'_>`
[INFO] [stdout]               `Authentication` implements `io::decode::Decode<'_>`
[INFO] [stdout]               `AuthenticationSaslContinue` implements `io::decode::Decode<'_>`
[INFO] [stdout]               `AuthenticationSaslFinal` implements `io::decode::Decode<'_>`
[INFO] [stdout]               `BackendKeyData` implements `io::decode::Decode<'_>`
[INFO] [stdout]               `BinaryRow` implements `io::decode::Decode<'de, &'de [MySqlColumn]>`
[INFO] [stdout]               `ColumnDefinition` implements `io::decode::Decode<'_, Capabilities>`
[INFO] [stdout]             and 21 others
[INFO] [stdout]     = note: this error might have been caused by changes to Rust's type-inference algorithm (see issue #148922 <https://github.com/rust-lang/rust/issues/148922> for more information)
[INFO] [stdout]     = help: you might have intended to use the type `()` here instead
[INFO] [stdout] note: required by a bound in `PgStream::recv_expect`
[INFO] [stdout]    --> /opt/rustwide/cargo-home/registry/src/index.crates.io-1949cf8c6b5b557f/sqlx-core-0.5.13/src/postgres/connection/stream.rs:64:45
[INFO] [stdout]     |
[INFO] [stdout]  38 | impl PgStream {
[INFO] [stdout] ...
[INFO] [stdout]  64 |     pub(crate) async fn recv_expect<'de, T: Decode<'de>>(
[INFO] [stdout]     |                                             ^^^^^^^^^^^ required by this bound in `PgStream::recv_expect`
[INFO] [stdout] 
[INFO] [stdout] 
[INFO] [stdout] error[E0277]: the trait bound `!: io::decode::Decode<'_>` is not satisfied
[INFO] [stdout]    --> /opt/rustwide/cargo-home/registry/src/index.crates.io-1949cf8c6b5b557f/sqlx-core-0.5.13/src/postgres/copy.rs:324:77
[INFO] [stdout]     |
[INFO] [stdout] 324 |                     conn.stream.recv_expect(MessageFormat::CommandComplete).await?;
[INFO] [stdout]     |                                                                             ^^^^^ the trait `io::decode::Decode<'_>` is not implemented for `!`
[INFO] [stdout]     |
[INFO] [stdout]     = help: the following other types implement trait `io::decode::Decode<'de, Context>`:
[INFO] [stdout]               `()` implements `io::decode::Decode<'_>`
[INFO] [stdout]               `AuthSwitchRequest` implements `io::decode::Decode<'_>`
[INFO] [stdout]               `Authentication` implements `io::decode::Decode<'_>`
[INFO] [stdout]               `AuthenticationSaslContinue` implements `io::decode::Decode<'_>`
[INFO] [stdout]               `AuthenticationSaslFinal` implements `io::decode::Decode<'_>`
[INFO] [stdout]               `BackendKeyData` implements `io::decode::Decode<'_>`
[INFO] [stdout]               `BinaryRow` implements `io::decode::Decode<'de, &'de [MySqlColumn]>`
[INFO] [stdout]               `ColumnDefinition` implements `io::decode::Decode<'_, Capabilities>`
[INFO] [stdout]             and 21 others
[INFO] [stdout]     = note: this error might have been caused by changes to Rust's type-inference algorithm (see issue #148922 <https://github.com/rust-lang/rust/issues/148922> for more information)
[INFO] [stdout]     = help: you might have intended to use the type `()` here instead
[INFO] [stdout] note: required by a bound in `PgStream::recv_expect`
[INFO] [stdout]    --> /opt/rustwide/cargo-home/registry/src/index.crates.io-1949cf8c6b5b557f/sqlx-core-0.5.13/src/postgres/connection/stream.rs:64:45
[INFO] [stdout]     |
[INFO] [stdout]  38 | impl PgStream {
[INFO] [stdout] ...
[INFO] [stdout]  64 |     pub(crate) async fn recv_expect<'de, T: Decode<'de>>(
[INFO] [stdout]     |                                             ^^^^^^^^^^^ required by this bound in `PgStream::recv_expect`
[INFO] [stdout] 
[INFO] [stdout] 
[INFO] [stdout] error[E0277]: the trait bound `!: io::decode::Decode<'_>` is not satisfied
[INFO] [stdout]    --> /opt/rustwide/cargo-home/registry/src/index.crates.io-1949cf8c6b5b557f/sqlx-core-0.5.13/src/postgres/copy.rs:325:75
[INFO] [stdout]     |
[INFO] [stdout] 325 |                     conn.stream.recv_expect(MessageFormat::ReadyForQuery).await?;
[INFO] [stdout]     |                                                                           ^^^^^ the trait `io::decode::Decode<'_>` is not implemented for `!`
[INFO] [stdout]     |
[INFO] [stdout]     = help: the following other types implement trait `io::decode::Decode<'de, Context>`:
[INFO] [stdout]               `()` implements `io::decode::Decode<'_>`
[INFO] [stdout]               `AuthSwitchRequest` implements `io::decode::Decode<'_>`
[INFO] [stdout]               `Authentication` implements `io::decode::Decode<'_>`
[INFO] [stdout]               `AuthenticationSaslContinue` implements `io::decode::Decode<'_>`
[INFO] [stdout]               `AuthenticationSaslFinal` implements `io::decode::Decode<'_>`
[INFO] [stdout]               `BackendKeyData` implements `io::decode::Decode<'_>`
[INFO] [stdout]               `BinaryRow` implements `io::decode::Decode<'de, &'de [MySqlColumn]>`
[INFO] [stdout]               `ColumnDefinition` implements `io::decode::Decode<'_, Capabilities>`
[INFO] [stdout]             and 21 others
[INFO] [stdout]     = note: this error might have been caused by changes to Rust's type-inference algorithm (see issue #148922 <https://github.com/rust-lang/rust/issues/148922> for more information)
[INFO] [stdout]     = help: you might have intended to use the type `()` here instead
[INFO] [stdout] note: required by a bound in `PgStream::recv_expect`
[INFO] [stdout]    --> /opt/rustwide/cargo-home/registry/src/index.crates.io-1949cf8c6b5b557f/sqlx-core-0.5.13/src/postgres/connection/stream.rs:64:45
[INFO] [stdout]     |
[INFO] [stdout]  38 | impl PgStream {
[INFO] [stdout] ...
[INFO] [stdout]  64 |     pub(crate) async fn recv_expect<'de, T: Decode<'de>>(
[INFO] [stdout]     |                                             ^^^^^^^^^^^ required by this bound in `PgStream::recv_expect`
[INFO] [stdout] 
[INFO] [stdout] 
[INFO] [stdout] For more information about this error, try `rustc --explain E0277`.
[INFO] [stdout] 
[INFO] [stderr] error: could not compile `sqlx-core` (lib) due to 15 previous errors
[INFO] running `Command { std: "docker" "inspect" "c600a47b2f937c62f53589e825e129ca60e048853a11aae0103560f995fcf661", kill_on_drop: false }`
[INFO] running `Command { std: "docker" "rm" "-f" "c600a47b2f937c62f53589e825e129ca60e048853a11aae0103560f995fcf661", kill_on_drop: false }`
[INFO] [stdout] c600a47b2f937c62f53589e825e129ca60e048853a11aae0103560f995fcf661
