[INFO] cloning repository https://github.com/rgwood/df-repro
[INFO] running `Command { std: "git" "-c" "credential.helper=" "-c" "credential.helper=/workspace/cargo-home/bin/git-credential-null" "clone" "--bare" "https://github.com/rgwood/df-repro" "/workspace/cache/git-repos/https%3A%2F%2Fgithub.com%2Frgwood%2Fdf-repro", kill_on_drop: false }`
[INFO] [stderr] Cloning into bare repository '/workspace/cache/git-repos/https%3A%2F%2Fgithub.com%2Frgwood%2Fdf-repro'...
[INFO] running `Command { std: "git" "rev-parse" "HEAD", kill_on_drop: false }`
[INFO] [stdout] b37b7fff6fecd5acb1528c164573efc2cbe7ac5e
[INFO] documenting rgwood/df-repro against 1.100.0-beta.1 for beta-rustdoc-1.100
[INFO] running `Command { std: "git" "clone" "/workspace/cache/git-repos/https%3A%2F%2Fgithub.com%2Frgwood%2Fdf-repro" "/workspace/builds/worker-0-tc2/source", kill_on_drop: false }`
[INFO] [stderr] Cloning into '/workspace/builds/worker-0-tc2/source'...
[INFO] [stderr] done.
[INFO] started tweaking git repo https://github.com/rgwood/df-repro
[INFO] finished tweaking git repo https://github.com/rgwood/df-repro
[INFO] tweaked toml for git repo https://github.com/rgwood/df-repro written to /workspace/builds/worker-0-tc2/source/Cargo.toml
[INFO] validating manifest of git repo https://github.com/rgwood/df-repro on toolchain 1.100.0-beta.1
[INFO] running `Command { std: CARGO_HOME="/workspace/cargo-home" RUSTUP_HOME="/workspace/rustup-home" "/workspace/cargo-home/bin/cargo" "+1.100.0-beta.1" "metadata" "--manifest-path" "Cargo.toml" "--no-deps", kill_on_drop: false }`
[INFO] crate git repo https://github.com/rgwood/df-repro already has a lockfile, it will not be regenerated
[INFO] running `Command { std: CARGO_HOME="/workspace/cargo-home" RUSTUP_HOME="/workspace/rustup-home" "/workspace/cargo-home/bin/cargo" "+1.100.0-beta.1" "fetch" "--manifest-path" "Cargo.toml", kill_on_drop: false }`
[INFO] running `Command { std: "docker" "create" "-v" "/var/lib/crater-agent-workspace/builds/worker-0-tc2/source:/opt/rustwide/workdir:ro,Z" "-v" "/var/lib/crater-agent-workspace/builds/worker-0-tc2/target:/opt/rustwide/target:rw,Z" "-v" "/var/lib/crater-agent-workspace/cargo-home:/opt/rustwide/cargo-home:ro,Z" "-v" "/var/lib/crater-agent-workspace/rustup-home:/opt/rustwide/rustup-home:ro,Z" "-m" "1610612736" "--network" "none" "ghcr.io/rust-lang/crates-build-env/linux@sha256:77db811e55d90add9212f6832c23229e3de5f1c1f9905e8cb07319ea15df73ac" "sleep" "infinity", kill_on_drop: false }`
[INFO] [stdout] eb630efd1cae658737b951ee2e2eb3187243af1acac5c5009a4fdd28c8e0c941
[INFO] running `Command { std: "docker" "start" "eb630efd1cae658737b951ee2e2eb3187243af1acac5c5009a4fdd28c8e0c941", kill_on_drop: false }`
[INFO] running `Command { std: "docker" "inspect" "eb630efd1cae658737b951ee2e2eb3187243af1acac5c5009a4fdd28c8e0c941", kill_on_drop: false }`
[INFO] running `Command { std: "docker" "exec" "-e" "SOURCE_DIR=/opt/rustwide/workdir" "-e" "CARGO_HOME=/opt/rustwide/cargo-home" "-e" "RUSTUP_HOME=/opt/rustwide/rustup-home" "-e" "CARGO_TARGET_DIR=/opt/rustwide/target" "-w" "/opt/rustwide/workdir" "--user" "0:0" "eb630efd1cae658737b951ee2e2eb3187243af1acac5c5009a4fdd28c8e0c941" "/opt/rustwide/cargo-home/bin/cargo" "+1.100.0-beta.1" "metadata" "--no-deps" "--format-version=1", kill_on_drop: false }`
[INFO] running `Command { std: "docker" "inspect" "eb630efd1cae658737b951ee2e2eb3187243af1acac5c5009a4fdd28c8e0c941", kill_on_drop: false }`
[INFO] running `Command { std: "docker" "exec" "-e" "SOURCE_DIR=/opt/rustwide/workdir" "-e" "CARGO_HOME=/opt/rustwide/cargo-home" "-e" "RUSTUP_HOME=/opt/rustwide/rustup-home" "-e" "CARGO_TARGET_DIR=/opt/rustwide/target" "-e" "CARGO_INCREMENTAL=0" "-e" "RUST_BACKTRACE=full" "-e" "RUSTFLAGS=--cap-lints=warn" "-e" "RUSTDOCFLAGS=--cap-lints=warn" "-w" "/opt/rustwide/workdir" "--user" "0:0" "eb630efd1cae658737b951ee2e2eb3187243af1acac5c5009a4fdd28c8e0c941" "/opt/rustwide/cargo-home/bin/cargo" "+1.100.0-beta.1" "doc" "--frozen" "--no-deps" "--document-private-items" "--message-format=json", kill_on_drop: false }`
[INFO] [stderr]    Compiling libc v0.2.142
[INFO] [stderr]    Compiling proc-macro2 v1.0.56
[INFO] [stderr]    Compiling unicode-ident v1.0.8
[INFO] [stderr]    Compiling libm v0.2.6
[INFO] [stderr]    Compiling quote v1.0.26
[INFO] [stderr]    Compiling num-traits v0.2.15
[INFO] [stderr]     Checking once_cell v1.17.1
[INFO] [stderr]    Compiling siphasher v0.3.10
[INFO] [stderr]    Compiling pkg-config v0.3.27
[INFO] [stderr]    Compiling rand_core v0.6.4
[INFO] [stderr]    Compiling phf_shared v0.11.1
[INFO] [stderr]    Compiling num-bigint v0.4.3
[INFO] [stderr]    Compiling regex-syntax v0.7.1
[INFO] [stderr]    Compiling rand v0.8.5
[INFO] [stderr]    Compiling num-iter v0.1.43
[INFO] [stderr]    Compiling num-rational v0.4.1
[INFO] [stderr]    Compiling jobserver v0.1.26
[INFO] [stderr]    Compiling phf v0.11.1
[INFO] [stderr]    Compiling ahash v0.8.3
[INFO] [stderr]     Checking iana-time-zone v0.1.56
[INFO] [stderr]    Compiling cc v1.0.79
[INFO] [stderr]    Compiling phf_generator v0.11.1
[INFO] [stderr]    Compiling syn v1.0.109
[INFO] [stderr]    Compiling phf_codegen v0.11.1
[INFO] [stderr]    Compiling syn v2.0.15
[INFO] [stderr]     Checking arrow-schema v37.0.0
[INFO] [stderr]     Checking lexical-util v0.8.5
[INFO] [stderr]    Compiling futures-core v0.3.28
[INFO] [stderr]     Checking num-integer v0.1.45
[INFO] [stderr]     Checking num-complex v0.4.3
[INFO] [stderr]     Checking getrandom v0.2.9
[INFO] [stderr]    Compiling regex v1.8.1
[INFO] [stderr]     Checking chrono v0.4.24
[INFO] [stderr]     Checking half v2.2.1
[INFO] [stderr]     Checking hashbrown v0.13.2
[INFO] [stderr]    Compiling heck v0.4.1
[INFO] [stderr]    Compiling zstd-sys v2.0.8+zstd.1.5.5
[INFO] [stderr]    Compiling lock_api v0.4.9
[INFO] [stderr]    Compiling rustversion v1.0.12
[INFO] [stderr]    Compiling parking_lot_core v0.9.7
[INFO] [stderr]     Checking smallvec v1.10.0
[INFO] [stderr]    Compiling parse-zoneinfo v0.3.0
[INFO] [stderr]    Compiling semver v1.0.17
[INFO] [stderr]     Checking lexical-parse-integer v0.8.6
[INFO] [stderr]     Checking lexical-write-integer v0.8.5
[INFO] [stderr]    Compiling chrono-tz-build v0.1.0
[INFO] [stderr]     Checking lexical-write-float v0.8.5
[INFO] [stderr]     Checking num v0.4.0
[INFO] [stderr]     Checking arrow-buffer v37.0.0
[INFO] [stderr]     Checking lexical-parse-float v0.8.5
[INFO] [stderr]    Compiling tokio v1.28.0
[INFO] [stderr]    Compiling slab v0.4.8
[INFO] [stderr]    Compiling serde v1.0.160
[INFO] [stderr]     Checking arrow-data v37.0.0
[INFO] [stderr]     Checking futures-sink v0.3.28
[INFO] [stderr]    Compiling futures-channel v0.3.28
[INFO] [stderr]     Checking strum v0.24.1
[INFO] [stderr]    Compiling futures-task v0.3.28
[INFO] [stderr]    Compiling chrono-tz v0.8.2
[INFO] [stderr]     Checking unicode-width v0.1.10
[INFO] [stderr]    Compiling rustc_version v0.4.0
[INFO] [stderr]     Checking parking_lot v0.12.1
[INFO] [stderr]     Checking num_cpus v1.15.0
[INFO] [stderr]     Checking lexical-core v0.8.5
[INFO] [stderr]    Compiling futures-util v0.3.28
[INFO] [stderr]     Checking futures-io v0.3.28
[INFO] [stderr]    Compiling flatbuffers v23.1.21
[INFO] [stderr]    Compiling indexmap v1.9.3
[INFO] [stderr]    Compiling typenum v1.16.0
[INFO] [stderr]     Checking itoa v1.0.6
[INFO] [stderr]     Checking ryu v1.0.13
[INFO] [stderr]    Compiling lz4-sys v1.9.4
[INFO] [stderr]     Checking aho-corasick v1.0.1
[INFO] [stderr]     Checking tracing-core v0.1.30
[INFO] [stderr]    Compiling serde_json v1.0.96
[INFO] [stderr]    Compiling doc-comment v0.3.3
[INFO] [stderr]    Compiling zstd-safe v6.0.5+zstd.1.5.4
[INFO] [stderr]     Checking alloc-stdlib v0.2.2
[INFO] [stderr]     Checking miniz_oxide v0.7.1
[INFO] [stderr]     Checking unicode-normalization v0.1.22
[INFO] [stderr]     Checking csv-core v0.1.10
[INFO] [stderr]     Checking percent-encoding v2.2.0
[INFO] [stderr]     Checking unicode-bidi v0.3.13
[INFO] [stderr]    Compiling async-trait v0.1.68
[INFO] [stderr]    Compiling paste v1.0.12
[INFO] [stderr]    Compiling snap v1.1.0
[INFO] [stderr]     Checking idna v0.3.0
[INFO] [stderr]     Checking form_urlencoded v1.1.0
[INFO] [stderr]     Checking flate2 v1.0.26
[INFO] [stderr]    Compiling tokio-macros v2.1.0
[INFO] [stderr]    Compiling futures-macro v0.3.28
[INFO] [stderr]    Compiling strum_macros v0.24.3
[INFO] [stderr]    Compiling snafu-derive v0.7.4
[INFO] [stderr]     Checking csv v1.2.1
[INFO] [stderr]    Compiling tracing-attributes v0.1.24
[INFO] [stderr]     Checking arrow-array v37.0.0
[INFO] [stderr]     Checking comfy-table v6.1.4
[INFO] [stderr]     Checking generic-array v0.14.7
[INFO] [stderr]     Checking brotli-decompressor v2.3.4
[INFO] [stderr]     Checking ordered-float v2.10.0
[INFO] [stderr]     Checking either v1.8.1
[INFO] [stderr]     Checking regex-syntax v0.6.29
[INFO] [stderr]     Checking walkdir v2.3.3
[INFO] [stderr]     Checking tracing v0.1.37
[INFO] [stderr]     Checking thrift v0.17.0
[INFO] [stderr]     Checking itertools v0.10.5
[INFO] [stderr]     Checking brotli v3.3.4
[INFO] [stderr]     Checking arrow-select v37.0.0
[INFO] [stderr]     Checking arrow-row v37.0.0
[INFO] [stderr]     Checking arrow-cast v37.0.0
[INFO] [stderr]     Checking arrow-ord v37.0.0
[INFO] [stderr]     Checking arrow-arith v37.0.0
[INFO] [stderr]     Checking snafu v0.7.4
[INFO] [stderr]     Checking futures-executor v0.3.28
[INFO] [stderr]     Checking url v2.3.1
[INFO] [stderr]     Checking futures v0.3.28
[INFO] [stderr]     Checking arrow-ipc v37.0.0
[INFO] [stderr]     Checking arrow-json v37.0.0
[INFO] [stderr]     Checking arrow-string v37.0.0
[INFO] [stderr]     Checking arrow-csv v37.0.0
[INFO] [stderr]    Compiling sqlparser_derive v0.1.1
[INFO] [stderr]     Checking twox-hash v1.6.3
[INFO] [stderr]     Checking base64 v0.21.0
[INFO] [stderr]    Compiling seq-macro v0.3.3
[INFO] [stderr]     Checking sqlparser v0.33.0
[INFO] [stderr]     Checking block-buffer v0.10.4
[INFO] [stderr]     Checking crypto-common v0.1.6
[INFO] [stderr]     Checking digest v0.10.6
[INFO] [stderr]     Checking rand_chacha v0.3.1
[INFO] [stderr]    Compiling io-lifetimes v1.0.10
[INFO] [stderr]    Compiling bzip2-sys v0.1.11+1.0.8
[INFO] [stderr]     Checking arrow v37.0.0
[INFO] [stderr]    Compiling lzma-sys v0.1.20
[INFO] [stderr]     Checking object_store v0.5.6
[INFO] [stderr]    Compiling blake3 v1.3.3
[INFO] [stderr]    Compiling rustix v0.37.19
[INFO] [stderr]    Compiling zstd-safe v5.0.2+zstd.1.5.2
[INFO] [stderr]     Checking fixedbitset v0.4.2
[INFO] [stderr]     Checking cpufeatures v0.2.7
[INFO] [stderr]     Checking linux-raw-sys v0.3.7
[INFO] [stderr]     Checking arrayref v0.3.7
[INFO] [stderr]     Checking arrayvec v0.7.2
[INFO] [stderr]     Checking constant_time_eq v0.2.5
[INFO] [stderr]     Checking petgraph v0.6.3
[INFO] [stderr]     Checking sha2 v0.10.6
[INFO] [stderr]     Checking blake2 v0.10.6
[INFO] [stderr]     Checking md-5 v0.10.5
[INFO] [stderr]     Checking uuid v1.3.2
[INFO] [stderr]     Checking unicode-segmentation v1.10.1
[INFO] [stderr]     Checking fastrand v1.9.0
[INFO] [stderr]     Checking xz2 v0.1.7
[INFO] [stderr]     Checking bzip2 v0.4.4
[INFO] [stderr]     Checking dashmap v5.4.0
[INFO] [stderr]     Checking overload v0.1.1
[INFO] [stderr]     Checking tokio-stream v0.1.14
[INFO] [stderr]     Checking nu-ansi-term v0.46.0
[INFO] [stderr]     Checking tokio-util v0.7.8
[INFO] [stderr]     Checking tracing-log v0.1.3
[INFO] [stderr]     Checking thread_local v1.1.7
[INFO] [stderr]     Checking glob v0.3.1
[INFO] [stderr]     Checking tracing-subscriber v0.3.17
[INFO] [stderr]     Checking tempfile v3.5.0
[INFO] [stderr]     Checking zstd v0.12.3+zstd.1.5.2
[INFO] [stderr]     Checking zstd v0.11.2+zstd.1.5.2
[INFO] [stderr]     Checking async-compression v0.3.15
[INFO] [stderr]     Checking lz4 v1.24.0
[INFO] [stderr]     Checking parquet v37.0.0
[INFO] [stderr]     Checking datafusion-common v23.0.0
[INFO] [stderr]     Checking datafusion-expr v23.0.0
[INFO] [stderr]     Checking datafusion-row v23.0.0
[INFO] [stderr]     Checking datafusion-physical-expr v23.0.0
[INFO] [stderr]     Checking datafusion-sql v23.0.0
[INFO] [stderr]     Checking datafusion-execution v23.0.0
[INFO] [stderr]     Checking datafusion-optimizer v23.0.0
[INFO] [stderr]     Checking datafusion v23.0.0
[INFO] [stdout] error[E0277]: the trait bound `!: std::default::Default` is not satisfied
[INFO] [stdout]    --> /opt/rustwide/cargo-home/registry/src/index.crates.io-1949cf8c6b5b557f/datafusion-23.0.0/src/physical_plan/file_format/parquet.rs:745:22
[INFO] [stdout]     |
[INFO] [stdout] 745 |                     .try_collect()
[INFO] [stdout]     |                      ^^^^^^^^^^^ the trait `std::default::Default` is not implemented for `!`
[INFO] [stdout]     |
[INFO] [stdout]     = note: this error might have been caused by changes to Rust's type-inference algorithm (see issue #148922 <https://github.com/rust-lang/rust/issues/148922> for more information)
[INFO] [stdout]     = help: you might have intended to use the type `()` here instead
[INFO] [stdout] note: required by a bound in `futures::TryStreamExt::try_collect`
[INFO] [stdout]    --> /opt/rustwide/cargo-home/registry/src/index.crates.io-1949cf8c6b5b557f/futures-util-0.3.28/src/stream/try_stream/mod.rs:589:23
[INFO] [stdout]     |
[INFO] [stdout] 166 | pub trait TryStreamExt: TryStream {
[INFO] [stdout] ...
[INFO] [stdout] 589 |     fn try_collect<C: Default + Extend<Self::Ok>>(self) -> TryCollect<Self, C>
[INFO] [stdout]     |                       ^^^^^^^ required by this bound in `TryStreamExt::try_collect`
[INFO] [stdout] 
[INFO] [stdout] 
[INFO] [stdout] error[E0277]: the trait bound `!: Extend<()>` is not satisfied
[INFO] [stdout]    --> /opt/rustwide/cargo-home/registry/src/index.crates.io-1949cf8c6b5b557f/datafusion-23.0.0/src/physical_plan/file_format/parquet.rs:745:22
[INFO] [stdout]     |
[INFO] [stdout] 745 |                     .try_collect()
[INFO] [stdout]     |                      ^^^^^^^^^^^ the trait `Extend<()>` is not implemented for `!`
[INFO] [stdout]     |
[INFO] [stdout] help: the trait `Extend<()>` is implemented for `()`
[INFO] [stdout]    --> /rustc/e3feeb59cd1bdd011a2bfcc0747b55125d9b8527/library/core/src/iter/traits/collect.rs:454:0
[INFO] [stdout]     = note: this error might have been caused by changes to Rust's type-inference algorithm (see issue #148922 <https://github.com/rust-lang/rust/issues/148922> for more information)
[INFO] [stdout]     = help: you might have intended to use the type `()` here instead
[INFO] [stdout] note: the method call chain might not have had the expected associated types
[INFO] [stdout]    --> /opt/rustwide/cargo-home/registry/src/index.crates.io-1949cf8c6b5b557f/datafusion-23.0.0/src/physical_plan/file_format/parquet.rs:742:22
[INFO] [stdout]     |
[INFO] [stdout] 738 |           let stream = plan.execute(i, task_ctx.clone())?;
[INFO] [stdout]     |                        ---------------------------------- this expression has type `Pin<Box<dyn RecordBatchStream + Send>>`
[INFO] [stdout] ...
[INFO] [stdout] 742 |                       .map(|batch| {
[INFO] [stdout]     |  ______________________^
[INFO] [stdout] 743 | |                         writer.write(&batch?).map_err(DataFusionError::ParquetError)
[INFO] [stdout] 744 | |                     })
[INFO] [stdout]     | |______________________^ `TryStream::Ok` is `()` here
[INFO] [stdout] note: required by a bound in `futures::TryStreamExt::try_collect`
[INFO] [stdout]    --> /opt/rustwide/cargo-home/registry/src/index.crates.io-1949cf8c6b5b557f/futures-util-0.3.28/src/stream/try_stream/mod.rs:589:33
[INFO] [stdout]     |
[INFO] [stdout] 166 | pub trait TryStreamExt: TryStream {
[INFO] [stdout] ...
[INFO] [stdout] 589 |     fn try_collect<C: Default + Extend<Self::Ok>>(self) -> TryCollect<Self, C>
[INFO] [stdout]     |                                 ^^^^^^^^^^^^^^^^ required by this bound in `TryStreamExt::try_collect`
[INFO] [stdout] 
[INFO] [stdout] 
[INFO] [stdout] error[E0277]: the trait bound `!: std::default::Default` is not satisfied
[INFO] [stdout]    --> /opt/rustwide/cargo-home/registry/src/index.crates.io-1949cf8c6b5b557f/datafusion-23.0.0/src/physical_plan/file_format/parquet.rs:746:22
[INFO] [stdout]     |
[INFO] [stdout] 746 |                     .await
[INFO] [stdout]     |                      ^^^^^ the trait `std::default::Default` is not implemented for `!`
[INFO] [stdout]     |
[INFO] [stdout]     = note: this error might have been caused by changes to Rust's type-inference algorithm (see issue #148922 <https://github.com/rust-lang/rust/issues/148922> for more information)
[INFO] [stdout]     = help: you might have intended to use the type `()` here instead
[INFO] [stdout]     = note: required for `TryCollect<Map<Pin<Box<_>>, {closure@...}>, !>` to implement `futures::Future`
[INFO] [stdout]     = note: the full name for the type has been written to '/opt/rustwide/target/debug/build/datafusion/eab0c6a604961d63/out/datafusion-eab0c6a604961d63.long-type-5259966407492801822.txt'
[INFO] [stdout]     = note: consider using `--verbose` to print the full type name to the console
[INFO] [stdout] 
[INFO] [stdout] 
[INFO] [stdout] error[E0277]: the trait bound `!: Extend<()>` is not satisfied
[INFO] [stdout]    --> /opt/rustwide/cargo-home/registry/src/index.crates.io-1949cf8c6b5b557f/datafusion-23.0.0/src/physical_plan/file_format/parquet.rs:746:22
[INFO] [stdout]     |
[INFO] [stdout] 746 |                     .await
[INFO] [stdout]     |                      ^^^^^ the trait `Extend<()>` is not implemented for `!`
[INFO] [stdout]     |
[INFO] [stdout] help: the trait `Extend<()>` is implemented for `()`
[INFO] [stdout]    --> /rustc/e3feeb59cd1bdd011a2bfcc0747b55125d9b8527/library/core/src/iter/traits/collect.rs:454:0
[INFO] [stdout]     = note: this error might have been caused by changes to Rust's type-inference algorithm (see issue #148922 <https://github.com/rust-lang/rust/issues/148922> for more information)
[INFO] [stdout]     = help: you might have intended to use the type `()` here instead
[INFO] [stdout]     = note: required for `TryCollect<Map<Pin<Box<_>>, {closure@...}>, !>` to implement `futures::Future`
[INFO] [stdout]     = note: the full name for the type has been written to '/opt/rustwide/target/debug/build/datafusion/eab0c6a604961d63/out/datafusion-eab0c6a604961d63.long-type-5259966407492801822.txt'
[INFO] [stdout]     = note: consider using `--verbose` to print the full type name to the console
[INFO] [stdout] 
[INFO] [stdout] 
[INFO] [stdout] For more information about this error, try `rustc --explain E0277`.
[INFO] [stdout] 
[INFO] [stderr] error: could not compile `datafusion` (lib) due to 4 previous errors
[INFO] running `Command { std: "docker" "inspect" "eb630efd1cae658737b951ee2e2eb3187243af1acac5c5009a4fdd28c8e0c941", kill_on_drop: false }`
[INFO] running `Command { std: "docker" "rm" "-f" "eb630efd1cae658737b951ee2e2eb3187243af1acac5c5009a4fdd28c8e0c941", kill_on_drop: false }`
[INFO] [stdout] eb630efd1cae658737b951ee2e2eb3187243af1acac5c5009a4fdd28c8e0c941
