[INFO] cloning repository https://github.com/ratnadeep007/skyflake
[INFO] running `Command { std: "git" "-c" "credential.helper=" "-c" "credential.helper=/workspace/cargo-home/bin/git-credential-null" "clone" "--bare" "https://github.com/ratnadeep007/skyflake" "/workspace/cache/git-repos/https%3A%2F%2Fgithub.com%2Fratnadeep007%2Fskyflake", kill_on_drop: false }`
[INFO] [stderr] Cloning into bare repository '/workspace/cache/git-repos/https%3A%2F%2Fgithub.com%2Fratnadeep007%2Fskyflake'...
[INFO] running `Command { std: "git" "rev-parse" "HEAD", kill_on_drop: false }`
[INFO] [stdout] 56378177ae23d76359464b28593fd20e7e844d95
[INFO] documenting ratnadeep007/skyflake against 1.100.0-beta.1 for beta-rustdoc-1.100
[INFO] running `Command { std: "git" "clone" "/workspace/cache/git-repos/https%3A%2F%2Fgithub.com%2Fratnadeep007%2Fskyflake" "/workspace/builds/worker-1-tc2/source", kill_on_drop: false }`
[INFO] [stderr] Cloning into '/workspace/builds/worker-1-tc2/source'...
[INFO] [stderr] done.
[INFO] started tweaking git repo https://github.com/ratnadeep007/skyflake
[INFO] finished tweaking git repo https://github.com/ratnadeep007/skyflake
[INFO] tweaked toml for git repo https://github.com/ratnadeep007/skyflake written to /workspace/builds/worker-1-tc2/source/Cargo.toml
[INFO] validating manifest of git repo https://github.com/ratnadeep007/skyflake on toolchain 1.100.0-beta.1
[INFO] running `Command { std: CARGO_HOME="/workspace/cargo-home" RUSTUP_HOME="/workspace/rustup-home" "/workspace/cargo-home/bin/cargo" "+1.100.0-beta.1" "metadata" "--manifest-path" "Cargo.toml" "--no-deps", kill_on_drop: false }`
[INFO] crate git repo https://github.com/ratnadeep007/skyflake already has a lockfile, it will not be regenerated
[INFO] running `Command { std: CARGO_HOME="/workspace/cargo-home" RUSTUP_HOME="/workspace/rustup-home" "/workspace/cargo-home/bin/cargo" "+1.100.0-beta.1" "fetch" "--manifest-path" "Cargo.toml", kill_on_drop: false }`
[INFO] [stderr]     Blocking waiting for file lock on package cache
[INFO] running `Command { std: "docker" "create" "-v" "/var/lib/crater-agent-workspace/builds/worker-1-tc2/source:/opt/rustwide/workdir:ro,Z" "-v" "/var/lib/crater-agent-workspace/builds/worker-1-tc2/target:/opt/rustwide/target:rw,Z" "-v" "/var/lib/crater-agent-workspace/cargo-home:/opt/rustwide/cargo-home:ro,Z" "-v" "/var/lib/crater-agent-workspace/rustup-home:/opt/rustwide/rustup-home:ro,Z" "-m" "1610612736" "--network" "none" "ghcr.io/rust-lang/crates-build-env/linux@sha256:3111399a4047eeb3a02b7a90e478d715f38a8c6669b5c4b49d30a17385265909" "sleep" "infinity", kill_on_drop: false }`
[INFO] [stdout] 0306d745ba71a5adc9ad7c5f692916df1fe7015faf16e6a1d1008e3861197eee
[INFO] running `Command { std: "docker" "start" "0306d745ba71a5adc9ad7c5f692916df1fe7015faf16e6a1d1008e3861197eee", kill_on_drop: false }`
[INFO] running `Command { std: "docker" "inspect" "0306d745ba71a5adc9ad7c5f692916df1fe7015faf16e6a1d1008e3861197eee", kill_on_drop: false }`
[INFO] running `Command { std: "docker" "exec" "-e" "SOURCE_DIR=/opt/rustwide/workdir" "-e" "CARGO_HOME=/opt/rustwide/cargo-home" "-e" "RUSTUP_HOME=/opt/rustwide/rustup-home" "-e" "CARGO_TARGET_DIR=/opt/rustwide/target" "-w" "/opt/rustwide/workdir" "--user" "0:0" "0306d745ba71a5adc9ad7c5f692916df1fe7015faf16e6a1d1008e3861197eee" "/opt/rustwide/cargo-home/bin/cargo" "+1.100.0-beta.1" "metadata" "--no-deps" "--format-version=1", kill_on_drop: false }`
[INFO] running `Command { std: "docker" "inspect" "0306d745ba71a5adc9ad7c5f692916df1fe7015faf16e6a1d1008e3861197eee", kill_on_drop: false }`
[INFO] running `Command { std: "docker" "exec" "-e" "SOURCE_DIR=/opt/rustwide/workdir" "-e" "CARGO_HOME=/opt/rustwide/cargo-home" "-e" "RUSTUP_HOME=/opt/rustwide/rustup-home" "-e" "CARGO_TARGET_DIR=/opt/rustwide/target" "-e" "CARGO_INCREMENTAL=0" "-e" "RUST_BACKTRACE=full" "-e" "RUSTFLAGS=--cap-lints=warn" "-e" "RUSTDOCFLAGS=--cap-lints=warn" "-w" "/opt/rustwide/workdir" "--user" "0:0" "0306d745ba71a5adc9ad7c5f692916df1fe7015faf16e6a1d1008e3861197eee" "/opt/rustwide/cargo-home/bin/cargo" "+1.100.0-beta.1" "doc" "--frozen" "--no-deps" "--document-private-items" "--message-format=json", kill_on_drop: false }`
[INFO] [stderr]    Compiling libc v0.2.112
[INFO] [stderr]    Compiling proc-macro2 v1.0.36
[INFO] [stderr]    Compiling syn v1.0.85
[INFO] [stderr]    Compiling memchr v2.4.1
[INFO] [stderr]     Checking smallvec v1.7.0
[INFO] [stderr]    Compiling serde v1.0.133
[INFO] [stderr]    Compiling num-traits v0.2.14
[INFO] [stderr]    Compiling num-integer v0.1.44
[INFO] [stderr]     Checking lexical-util v0.8.1
[INFO] [stderr]    Compiling num-bigint v0.4.3
[INFO] [stderr]    Compiling ppv-lite86 v0.2.16
[INFO] [stderr]    Compiling num-iter v0.1.42
[INFO] [stderr]    Compiling indexmap v1.8.0
[INFO] [stderr]    Compiling num-rational v0.4.0
[INFO] [stderr]    Compiling unicode-segmentation v1.8.0
[INFO] [stderr]    Compiling siphasher v0.3.9
[INFO] [stderr]     Checking unicode-width v0.1.9
[INFO] [stderr]    Compiling futures-core v0.3.19
[INFO] [stderr]    Compiling miniz_oxide v0.4.4
[INFO] [stderr]    Compiling heck v0.3.3
[INFO] [stderr]    Compiling serde_derive v1.0.133
[INFO] [stderr]     Checking ryu v1.0.9
[INFO] [stderr]    Compiling phf_shared v0.8.0
[INFO] [stderr]     Checking alloc-no-stdlib v2.0.3
[INFO] [stderr]    Compiling crc32fast v1.3.0
[INFO] [stderr]     Checking hashbrown v0.11.2
[INFO] [stderr]    Compiling serde_json v1.0.74
[INFO] [stderr]    Compiling zstd-safe v4.1.4+zstd.1.5.2
[INFO] [stderr]     Checking alloc-stdlib v0.2.1
[INFO] [stderr]     Checking crypto-common v0.1.3
[INFO] [stderr]     Checking lexical-parse-integer v0.8.0
[INFO] [stderr]     Checking lexical-write-integer v0.8.0
[INFO] [stderr]     Checking block-buffer v0.10.0
[INFO] [stderr]    Compiling futures-task v0.3.19
[INFO] [stderr]     Checking csv-core v0.1.10
[INFO] [stderr]     Checking aho-corasick v0.7.18
[INFO] [stderr]     Checking pin-project-lite v0.2.8
[INFO] [stderr]    Compiling parking_lot_core v0.8.5
[INFO] [stderr]    Compiling snap v1.0.5
[INFO] [stderr]     Checking integer-encoding v1.1.7
[INFO] [stderr]     Checking lexical-parse-float v0.8.2
[INFO] [stderr]     Checking regex-syntax v0.6.25
[INFO] [stderr]     Checking lexical-write-float v0.8.2
[INFO] [stderr]    Compiling quote v1.0.14
[INFO] [stderr]    Compiling jobserver v0.1.24
[INFO] [stderr]    Compiling getrandom v0.1.16
[INFO] [stderr]     Checking strum v0.22.0
[INFO] [stderr]     Checking num-complex v0.4.0
[INFO] [stderr]    Compiling rand_core v0.5.1
[INFO] [stderr]     Checking ordered-float v1.1.1
[INFO] [stderr]     Checking once_cell v1.9.0
[INFO] [stderr]    Compiling cc v1.0.72
[INFO] [stderr]    Compiling rand_pcg v0.2.1
[INFO] [stderr]    Compiling rand_chacha v0.2.2
[INFO] [stderr]    Compiling futures-channel v0.3.19
[INFO] [stderr]     Checking itoa v1.0.1
[INFO] [stderr]     Checking digest v0.10.3
[INFO] [stderr]     Checking lock_api v0.4.6
[INFO] [stderr]    Compiling rand v0.7.3
[INFO] [stderr]     Checking getrandom v0.2.3
[INFO] [stderr]     Checking num_cpus v1.13.1
[INFO] [stderr]     Checking chrono v0.4.19
[INFO] [stderr]     Checking brotli-decompressor v2.3.2
[INFO] [stderr]     Checking threadpool v1.8.1
[INFO] [stderr]    Compiling ahash v0.7.6
[INFO] [stderr]     Checking thrift v0.13.0
[INFO] [stderr]    Compiling nom v5.1.2
[INFO] [stderr]     Checking rand_core v0.6.3
[INFO] [stderr]     Checking rand_chacha v0.3.1
[INFO] [stderr]    Compiling futures-util v0.3.19
[INFO] [stderr]     Checking futures-sink v0.3.19
[INFO] [stderr]    Compiling parquet v9.0.2
[INFO] [stderr]     Checking flate2 v1.0.22
[INFO] [stderr]     Checking parquet-format v4.0.0
[INFO] [stderr]     Checking rand v0.8.4
[INFO] [stderr]     Checking lexical-core v0.8.2
[INFO] [stderr]     Checking dirs-sys v0.3.6
[INFO] [stderr]    Compiling nix v0.17.0
[INFO] [stderr]     Checking tinyvec_macros v0.1.0
[INFO] [stderr]     Checking slab v0.4.5
[INFO] [stderr]     Checking futures-io v0.3.19
[INFO] [stderr]    Compiling parking_lot_core v0.9.1
[INFO] [stderr]     Checking base64 v0.13.0
[INFO] [stderr]     Checking parking_lot v0.11.2
[INFO] [stderr]     Checking tinyvec v1.5.1
[INFO] [stderr]     Checking dirs v2.0.2
[INFO] [stderr]     Checking phf v0.8.0
[INFO] [stderr]     Checking signal-hook-registry v1.4.0
[INFO] [stderr]    Compiling phf_generator v0.8.0
[INFO] [stderr]     Checking mio v0.7.14
[INFO] [stderr]     Checking ordered-float v2.10.0
[INFO] [stderr]    Compiling phf_codegen v0.8.0
[INFO] [stderr]     Checking sqlparser v0.14.0
[INFO] [stderr]     Checking bytes v1.1.0
[INFO] [stderr]    Compiling terminfo v0.7.3
[INFO] [stderr]    Compiling async-trait v0.1.52
[INFO] [stderr]     Checking brotli v3.3.2
[INFO] [stderr]     Checking smallstr v0.2.0
[INFO] [stderr]     Checking arrayref v0.3.6
[INFO] [stderr]     Checking arrayvec v0.7.2
[INFO] [stderr]     Checking unicode-normalization v0.1.19
[INFO] [stderr]    Compiling zstd-sys v1.6.3+zstd.1.5.2
[INFO] [stderr]    Compiling lz4-sys v1.9.2
[INFO] [stderr]    Compiling blake3 v1.3.0
[INFO] [stderr]     Checking num v0.4.0
[INFO] [stderr]     Checking cpufeatures v0.2.1
[INFO] [stderr]     Checking remove_dir_all v0.5.3
[INFO] [stderr]     Checking fastrand v1.7.0
[INFO] [stderr]     Checking constant_time_eq v0.1.5
[INFO] [stderr]     Checking sha2 v0.10.2
[INFO] [stderr]     Checking parking_lot v0.12.0
[INFO] [stderr]     Checking hashbrown v0.12.0
[INFO] [stderr]     Checking tempfile v3.3.0
[INFO] [stderr]     Checking blake2 v0.10.4
[INFO] [stderr]     Checking md-5 v0.10.1
[INFO] [stderr]     Checking dirs v1.0.5
[INFO] [stderr]    Compiling paste v1.0.6
[INFO] [stderr]     Checking regex v1.5.4
[INFO] [stderr]     Checking bstr v0.2.17
[INFO] [stderr]     Checking csv v1.1.6
[INFO] [stderr]     Checking mortal v0.2.2
[INFO] [stderr]    Compiling thiserror-impl v1.0.30
[INFO] [stderr]    Compiling strum_macros v0.22.0
[INFO] [stderr]    Compiling multiversion-macros v0.6.1
[INFO] [stderr]     Checking thiserror v1.0.30
[INFO] [stderr]     Checking flatbuffers v2.0.0
[INFO] [stderr]     Checking comfy-table v5.0.0
[INFO] [stderr]    Compiling futures-macro v0.3.19
[INFO] [stderr]    Compiling tokio-macros v1.7.0
[INFO] [stderr]     Checking linefeed v0.6.0
[INFO] [stderr]     Checking multiversion v0.6.1
[INFO] [stderr]     Checking tokio v1.15.0
[INFO] [stderr]     Checking arrow v9.0.2
[INFO] [stderr]     Checking futures-executor v0.3.19
[INFO] [stderr]     Checking futures v0.3.19
[INFO] [stderr]     Checking lz4 v1.23.2
[INFO] [stderr]     Checking tokio-stream v0.1.8
[INFO] [stderr]     Checking zstd v0.10.0+zstd.1.5.2
[INFO] [stderr]     Checking datafusion-common v7.0.0
[INFO] [stderr]     Checking datafusion-expr v7.0.0
[INFO] [stderr]     Checking datafusion v7.0.0
[INFO] [stdout] error[E0277]: the trait bound `!: std::default::Default` is not satisfied
[INFO] [stdout]    --> /opt/rustwide/cargo-home/registry/src/index.crates.io-1949cf8c6b5b557f/datafusion-7.0.0/src/execution/context.rs:781:30
[INFO] [stdout]     |
[INFO] [stdout] 781 | ...                   .try_collect()
[INFO] [stdout]     |                        ^^^^^^^^^^^ the trait `std::default::Default` is not implemented for `!`
[INFO] [stdout]     |
[INFO] [stdout]     = note: this error might have been caused by changes to Rust's type-inference algorithm (see issue #148922 <https://github.com/rust-lang/rust/issues/148922> for more information)
[INFO] [stdout]     = help: you might have intended to use the type `()` here instead
[INFO] [stdout] note: required by a bound in `futures::TryStreamExt::try_collect`
[INFO] [stdout]    --> /opt/rustwide/cargo-home/registry/src/index.crates.io-1949cf8c6b5b557f/futures-util-0.3.19/src/stream/try_stream/mod.rs:580:23
[INFO] [stdout]     |
[INFO] [stdout] 157 | pub trait TryStreamExt: TryStream {
[INFO] [stdout] ...
[INFO] [stdout] 580 |     fn try_collect<C: Default + Extend<Self::Ok>>(self) -> TryCollect<Self, C>
[INFO] [stdout]     |                       ^^^^^^^ required by this bound in `TryStreamExt::try_collect`
[INFO] [stdout] 
[INFO] [stdout] 
[INFO] [stdout] error[E0277]: the trait bound `!: Extend<()>` is not satisfied
[INFO] [stdout]    --> /opt/rustwide/cargo-home/registry/src/index.crates.io-1949cf8c6b5b557f/datafusion-7.0.0/src/execution/context.rs:781:30
[INFO] [stdout]     |
[INFO] [stdout] 781 | ...                   .try_collect()
[INFO] [stdout]     |                        ^^^^^^^^^^^ the trait `Extend<()>` is not implemented for `!`
[INFO] [stdout]     |
[INFO] [stdout] help: the trait `Extend<()>` is implemented for `()`
[INFO] [stdout]    --> /rustc/e3feeb59cd1bdd011a2bfcc0747b55125d9b8527/library/core/src/iter/traits/collect.rs:454:0
[INFO] [stdout]     = note: this error might have been caused by changes to Rust's type-inference algorithm (see issue #148922 <https://github.com/rust-lang/rust/issues/148922> for more information)
[INFO] [stdout]     = help: you might have intended to use the type `()` here instead
[INFO] [stdout] note: the method call chain might not have had the expected associated types
[INFO] [stdout]    --> /opt/rustwide/cargo-home/registry/src/index.crates.io-1949cf8c6b5b557f/datafusion-7.0.0/src/execution/context.rs:780:30
[INFO] [stdout]     |
[INFO] [stdout] 777 |                     let stream = plan.execute(i, runtime.clone()).await?;
[INFO] [stdout]     |                                  --------------------------------------- this expression has type `Pin<Box<dyn RecordBatchStream + Send + Sync>>`
[INFO] [stdout] ...
[INFO] [stdout] 780 |                             .map(|batch| writer.write(&batch?))
[INFO] [stdout]     |                              ^^^^^^^^^^^^^^^^^^^^^^^^^^^^^^^^^^ `TryStream::Ok` is `()` here
[INFO] [stdout] note: required by a bound in `futures::TryStreamExt::try_collect`
[INFO] [stdout]    --> /opt/rustwide/cargo-home/registry/src/index.crates.io-1949cf8c6b5b557f/futures-util-0.3.19/src/stream/try_stream/mod.rs:580:33
[INFO] [stdout]     |
[INFO] [stdout] 157 | pub trait TryStreamExt: TryStream {
[INFO] [stdout] ...
[INFO] [stdout] 580 |     fn try_collect<C: Default + Extend<Self::Ok>>(self) -> TryCollect<Self, C>
[INFO] [stdout]     |                                 ^^^^^^^^^^^^^^^^ required by this bound in `TryStreamExt::try_collect`
[INFO] [stdout] 
[INFO] [stdout] 
[INFO] [stdout] error[E0277]: the trait bound `!: std::default::Default` is not satisfied
[INFO] [stdout]    --> /opt/rustwide/cargo-home/registry/src/index.crates.io-1949cf8c6b5b557f/datafusion-7.0.0/src/execution/context.rs:782:30
[INFO] [stdout]     |
[INFO] [stdout] 782 | ...                   .await
[INFO] [stdout]     |                        ^^^^^ the trait `std::default::Default` is not implemented for `!`
[INFO] [stdout]     |
[INFO] [stdout]     = note: this error might have been caused by changes to Rust's type-inference algorithm (see issue #148922 <https://github.com/rust-lang/rust/issues/148922> for more information)
[INFO] [stdout]     = help: you might have intended to use the type `()` here instead
[INFO] [stdout]     = note: required for `TryCollect<Map<Pin<Box<_>>, {closure@...}>, !>` to implement `futures::Future`
[INFO] [stdout]     = note: the full name for the type has been written to '/opt/rustwide/target/debug/build/datafusion/780cb4366976b874/out/datafusion-780cb4366976b874.long-type-15855727486154220685.txt'
[INFO] [stdout]     = note: consider using `--verbose` to print the full type name to the console
[INFO] [stdout] 
[INFO] [stdout] 
[INFO] [stdout] error[E0277]: the trait bound `!: Extend<()>` is not satisfied
[INFO] [stdout]    --> /opt/rustwide/cargo-home/registry/src/index.crates.io-1949cf8c6b5b557f/datafusion-7.0.0/src/execution/context.rs:782:30
[INFO] [stdout]     |
[INFO] [stdout] 782 | ...                   .await
[INFO] [stdout]     |                        ^^^^^ the trait `Extend<()>` is not implemented for `!`
[INFO] [stdout]     |
[INFO] [stdout] help: the trait `Extend<()>` is implemented for `()`
[INFO] [stdout]    --> /rustc/e3feeb59cd1bdd011a2bfcc0747b55125d9b8527/library/core/src/iter/traits/collect.rs:454:0
[INFO] [stdout]     = note: this error might have been caused by changes to Rust's type-inference algorithm (see issue #148922 <https://github.com/rust-lang/rust/issues/148922> for more information)
[INFO] [stdout]     = help: you might have intended to use the type `()` here instead
[INFO] [stdout]     = note: required for `TryCollect<Map<Pin<Box<_>>, {closure@...}>, !>` to implement `futures::Future`
[INFO] [stdout]     = note: the full name for the type has been written to '/opt/rustwide/target/debug/build/datafusion/780cb4366976b874/out/datafusion-780cb4366976b874.long-type-15855727486154220685.txt'
[INFO] [stdout]     = note: consider using `--verbose` to print the full type name to the console
[INFO] [stdout] 
[INFO] [stdout] 
[INFO] [stdout] For more information about this error, try `rustc --explain E0277`.
[INFO] [stdout] 
[INFO] [stderr] error: could not compile `datafusion` (lib) due to 4 previous errors
[INFO] running `Command { std: "docker" "inspect" "0306d745ba71a5adc9ad7c5f692916df1fe7015faf16e6a1d1008e3861197eee", kill_on_drop: false }`
[INFO] running `Command { std: "docker" "rm" "-f" "0306d745ba71a5adc9ad7c5f692916df1fe7015faf16e6a1d1008e3861197eee", kill_on_drop: false }`
[INFO] [stdout] 0306d745ba71a5adc9ad7c5f692916df1fe7015faf16e6a1d1008e3861197eee
