[INFO] cloning repository https://github.com/ranfdev/Trascri
[INFO] running `Command { std: "git" "-c" "credential.helper=" "-c" "credential.helper=/workspace/cargo-home/bin/git-credential-null" "clone" "--bare" "https://github.com/ranfdev/Trascri" "/workspace/cache/git-repos/https%3A%2F%2Fgithub.com%2Franfdev%2FTrascri", kill_on_drop: false }`
[INFO] [stderr] Cloning into bare repository '/workspace/cache/git-repos/https%3A%2F%2Fgithub.com%2Franfdev%2FTrascri'...
[INFO] running `Command { std: "git" "rev-parse" "HEAD", kill_on_drop: false }`
[INFO] [stdout] 950344383ba7efa58f5b7a0efc6d0d09b3348b23
[INFO] documenting ranfdev/Trascri against 1.100.0-beta.1 for beta-rustdoc-1.100
[INFO] running `Command { std: "git" "clone" "/workspace/cache/git-repos/https%3A%2F%2Fgithub.com%2Franfdev%2FTrascri" "/workspace/builds/worker-0-tc2/source", kill_on_drop: false }`
[INFO] [stderr] Cloning into '/workspace/builds/worker-0-tc2/source'...
[INFO] [stderr] done.
[INFO] removed /workspace/builds/worker-0-tc2/source/.cargo/config.toml
[INFO] started tweaking git repo https://github.com/ranfdev/Trascri
[INFO] finished tweaking git repo https://github.com/ranfdev/Trascri
[INFO] tweaked toml for git repo https://github.com/ranfdev/Trascri written to /workspace/builds/worker-0-tc2/source/Cargo.toml
[INFO] validating manifest of git repo https://github.com/ranfdev/Trascri on toolchain 1.100.0-beta.1
[INFO] running `Command { std: CARGO_HOME="/workspace/cargo-home" RUSTUP_HOME="/workspace/rustup-home" "/workspace/cargo-home/bin/cargo" "+1.100.0-beta.1" "metadata" "--manifest-path" "Cargo.toml" "--no-deps", kill_on_drop: false }`
[INFO] crate git repo https://github.com/ranfdev/Trascri already has a lockfile, it will not be regenerated
[INFO] running `Command { std: CARGO_HOME="/workspace/cargo-home" RUSTUP_HOME="/workspace/rustup-home" "/workspace/cargo-home/bin/cargo" "+1.100.0-beta.1" "fetch" "--manifest-path" "Cargo.toml", kill_on_drop: false }`
[INFO] [stderr]     Blocking waiting for file lock on package cache
[INFO] [stderr]     Blocking waiting for file lock on package cache
[INFO] running `Command { std: "docker" "create" "-v" "/var/lib/crater-agent-workspace/builds/worker-0-tc2/source:/opt/rustwide/workdir:ro,Z" "-v" "/var/lib/crater-agent-workspace/builds/worker-0-tc2/target:/opt/rustwide/target:rw,Z" "-v" "/var/lib/crater-agent-workspace/cargo-home:/opt/rustwide/cargo-home:ro,Z" "-v" "/var/lib/crater-agent-workspace/rustup-home:/opt/rustwide/rustup-home:ro,Z" "-m" "1610612736" "--network" "none" "ghcr.io/rust-lang/crates-build-env/linux@sha256:3111399a4047eeb3a02b7a90e478d715f38a8c6669b5c4b49d30a17385265909" "sleep" "infinity", kill_on_drop: false }`
[INFO] [stdout] 5a9aedacc1393a70e4f8d3681d288b75af5aed426bc46fc538075499a85e6d9d
[INFO] running `Command { std: "docker" "start" "5a9aedacc1393a70e4f8d3681d288b75af5aed426bc46fc538075499a85e6d9d", kill_on_drop: false }`
[INFO] running `Command { std: "docker" "inspect" "5a9aedacc1393a70e4f8d3681d288b75af5aed426bc46fc538075499a85e6d9d", kill_on_drop: false }`
[INFO] running `Command { std: "docker" "exec" "-e" "SOURCE_DIR=/opt/rustwide/workdir" "-e" "CARGO_HOME=/opt/rustwide/cargo-home" "-e" "RUSTUP_HOME=/opt/rustwide/rustup-home" "-e" "CARGO_TARGET_DIR=/opt/rustwide/target" "-w" "/opt/rustwide/workdir" "--user" "0:0" "5a9aedacc1393a70e4f8d3681d288b75af5aed426bc46fc538075499a85e6d9d" "/opt/rustwide/cargo-home/bin/cargo" "+1.100.0-beta.1" "metadata" "--no-deps" "--format-version=1", kill_on_drop: false }`
[INFO] running `Command { std: "docker" "inspect" "5a9aedacc1393a70e4f8d3681d288b75af5aed426bc46fc538075499a85e6d9d", kill_on_drop: false }`
[INFO] running `Command { std: "docker" "exec" "-e" "SOURCE_DIR=/opt/rustwide/workdir" "-e" "CARGO_HOME=/opt/rustwide/cargo-home" "-e" "RUSTUP_HOME=/opt/rustwide/rustup-home" "-e" "CARGO_TARGET_DIR=/opt/rustwide/target" "-e" "CARGO_INCREMENTAL=0" "-e" "RUST_BACKTRACE=full" "-e" "RUSTFLAGS=--cap-lints=warn" "-e" "RUSTDOCFLAGS=--cap-lints=warn" "-w" "/opt/rustwide/workdir" "--user" "0:0" "5a9aedacc1393a70e4f8d3681d288b75af5aed426bc46fc538075499a85e6d9d" "/opt/rustwide/cargo-home/bin/cargo" "+1.100.0-beta.1" "doc" "--frozen" "--no-deps" "--document-private-items" "--message-format=json", kill_on_drop: false }`
[INFO] [stderr]    Compiling serde v1.0.149
[INFO] [stderr]    Compiling libc v0.2.138
[INFO] [stderr]    Compiling pkg-config v0.3.26
[INFO] [stderr]    Compiling heck v0.4.0
[INFO] [stderr]    Compiling smallvec v1.10.0
[INFO] [stderr]    Compiling version-compare v0.1.1
[INFO] [stderr]    Compiling proc-macro2 v1.0.47
[INFO] [stderr]    Compiling quote v1.0.21
[INFO] [stderr]    Compiling unicode-ident v1.0.5
[INFO] [stderr]    Compiling syn v1.0.105
[INFO] [stderr]    Compiling thiserror v1.0.37
[INFO] [stderr]    Compiling futures-core v0.3.25
[INFO] [stderr]     Checking once_cell v1.16.0
[INFO] [stderr]    Compiling slab v0.4.7
[INFO] [stderr]     Checking futures-io v0.3.25
[INFO] [stderr]    Compiling futures-task v0.3.25
[INFO] [stderr]    Compiling futures-channel v0.3.25
[INFO] [stderr]    Compiling futures-util v0.3.25
[INFO] [stderr]    Compiling cfg-expr v0.11.0
[INFO] [stderr]     Checking futures-sink v0.3.25
[INFO] [stderr]    Compiling proc-macro-error-attr v1.0.4
[INFO] [stderr]    Compiling anyhow v1.0.66
[INFO] [stderr]    Compiling proc-macro-error v1.0.4
[INFO] [stderr]    Compiling generic-array v0.14.6
[INFO] [stderr]    Compiling serde_derive v1.0.149
[INFO] [stderr]    Compiling crossbeam-utils v0.8.14
[INFO] [stderr]    Compiling ucd-trie v0.1.5
[INFO] [stderr]    Compiling log v0.4.17
[INFO] [stderr]    Compiling num-traits v0.2.15
[INFO] [stderr]    Compiling memoffset v0.6.5
[INFO] [stderr]     Checking itoa v1.0.4
[INFO] [stderr]    Compiling gio v0.16.3
[INFO] [stderr]    Compiling lock_api v0.4.9
[INFO] [stderr]    Compiling num-integer v0.1.45
[INFO] [stderr]     Checking subtle v2.4.1
[INFO] [stderr]    Compiling io-lifetimes v1.0.3
[INFO] [stderr]    Compiling parking_lot_core v0.9.5
[INFO] [stderr]    Compiling num-rational v0.4.1
[INFO] [stderr]     Checking fastrand v1.8.0
[INFO] [stderr]    Compiling polling v2.5.1
[INFO] [stderr]    Compiling jobserver v0.1.25
[INFO] [stderr]    Compiling paste v1.0.9
[INFO] [stderr]     Checking futures-lite v1.12.0
[INFO] [stderr]     Checking cpufeatures v0.2.5
[INFO] [stderr]     Checking concurrent-queue v2.0.0
[INFO] [stderr]    Compiling cc v1.0.77
[INFO] [stderr]    Compiling rustix v0.36.4
[INFO] [stderr]     Checking tinyvec v1.6.0
[INFO] [stderr]    Compiling aho-corasick v0.7.20
[INFO] [stderr]    Compiling async-io v1.12.0
[INFO] [stderr]    Compiling async-trait v0.1.59
[INFO] [stderr]     Checking linux-raw-sys v0.1.3
[INFO] [stderr]    Compiling temp-dir v0.1.11
[INFO] [stderr]     Checking block-buffer v0.10.3
[INFO] [stderr]     Checking crypto-common v0.1.6
[INFO] [stderr]     Checking pretty-hex v0.3.0
[INFO] [stderr]    Compiling io-extras v0.17.0
[INFO] [stderr]    Compiling regex-syntax v0.6.28
[INFO] [stderr]     Checking digest v0.10.6
[INFO] [stderr]     Checking muldiv v1.0.1
[INFO] [stderr]     Checking option-operations v0.5.0
[INFO] [stderr]     Checking miniz_oxide v0.6.2
[INFO] [stderr]     Checking tracing-core v0.1.30
[INFO] [stderr]    Compiling atomic v0.5.1
[INFO] [stderr]    Compiling cap-primitives v1.0.1
[INFO] [stderr]     Checking unicode-normalization v0.1.22
[INFO] [stderr]     Checking percent-encoding v2.2.0
[INFO] [stderr]     Checking atomic_refcell v0.1.8
[INFO] [stderr]    Compiling time-core v0.1.0
[INFO] [stderr]     Checking unicode-bidi v0.3.8
[INFO] [stderr]     Checking async-lock v2.6.0
[INFO] [stderr]    Compiling crossbeam-queue v0.3.8
[INFO] [stderr]    Compiling rustls v0.20.7
[INFO] [stderr]    Compiling serde_json v1.0.89
[INFO] [stderr]     Checking async-task v4.3.0
[INFO] [stderr]    Compiling ring v0.16.20
[INFO] [stderr]    Compiling zstd-sys v2.0.4+zstd.1.5.2
[INFO] [stderr]     Checking getrandom v0.2.8
[INFO] [stderr]     Checking rand_core v0.6.4
[INFO] [stderr]    Compiling bzip2-sys v0.1.11+1.0.8
[INFO] [stderr]     Checking parking_lot v0.12.1
[INFO] [stderr]     Checking rand_chacha v0.3.1
[INFO] [stderr]     Checking socket2 v0.4.7
[INFO] [stderr]     Checking dirs-sys v0.3.7
[INFO] [stderr]    Compiling gettext-sys v0.21.3
[INFO] [stderr]     Checking sha1_smol v1.0.0
[INFO] [stderr]     Checking base64ct v1.5.3
[INFO] [stderr]     Checking password-hash v0.4.2
[INFO] [stderr]     Checking sha1 v0.6.1
[INFO] [stderr]     Checking dirs v4.0.0
[INFO] [stderr]     Checking rand v0.8.5
[INFO] [stderr]     Checking async-broadcast v0.4.1
[INFO] [stderr]     Checking regex v1.7.0
[INFO] [stderr]     Checking idna v0.3.0
[INFO] [stderr]     Checking nix v0.23.2
[INFO] [stderr]    Compiling toml v0.5.9
[INFO] [stderr]     Checking async-executor v1.5.0
[INFO] [stderr]    Compiling time-macros v0.2.6
[INFO] [stderr]     Checking form_urlencoded v1.1.0
[INFO] [stderr]     Checking flate2 v1.0.25
[INFO] [stderr]     Checking sha2 v0.10.6
[INFO] [stderr]     Checking hmac v0.12.1
[INFO] [stderr]     Checking cipher v0.3.0
[INFO] [stderr]     Checking async-channel v1.8.0
[INFO] [stderr]     Checking ordered-stream v0.0.1
[INFO] [stderr]     Checking ipnet v2.5.1
[INFO] [stderr]     Checking ryu v1.0.11
[INFO] [stderr]     Checking ambient-authority v0.0.1
[INFO] [stderr]    Compiling cap-std v1.0.1
[INFO] [stderr]     Checking fs-set-times v0.18.0
[INFO] [stderr]     Checking aes v0.7.5
[INFO] [stderr]     Checking pbkdf2 v0.11.0
[INFO] [stderr]     Checking url v2.3.1
[INFO] [stderr]     Checking bzip2 v0.4.3
[INFO] [stderr]     Checking sha1 v0.10.5
[INFO] [stderr]     Checking chunked_transfer v1.4.0
[INFO] [stderr]     Checking pollster v0.2.5
[INFO] [stderr]     Checking locale_config v0.3.0
[INFO] [stderr]     Checking vosk-sys v0.1.1
[INFO] [stderr]     Checking byte-slice-cast v1.2.2
[INFO] [stderr]     Checking gettext-rs v0.7.0
[INFO] [stderr]     Checking time v0.3.17
[INFO] [stderr]    Compiling system-deps v6.0.3
[INFO] [stderr]    Compiling glib-sys v0.16.3
[INFO] [stderr]    Compiling gobject-sys v0.16.3
[INFO] [stderr]    Compiling gio-sys v0.16.3
[INFO] [stderr]    Compiling gdk-pixbuf-sys v0.16.3
[INFO] [stderr]    Compiling pango-sys v0.16.3
[INFO] [stderr]    Compiling cairo-sys-rs v0.16.3
[INFO] [stderr]    Compiling gstreamer-sys v0.19.2
[INFO] [stderr]    Compiling gdk4-sys v0.5.3
[INFO] [stderr]    Compiling graphene-sys v0.16.3
[INFO] [stderr]    Compiling gstreamer-base-sys v0.19.3
[INFO] [stderr]    Compiling gsk4-sys v0.5.3
[INFO] [stderr]    Compiling gtk4-sys v0.5.3
[INFO] [stderr]    Compiling libadwaita-sys v0.2.1
[INFO] [stderr]    Compiling gstreamer-audio-sys v0.19.2
[INFO] [stderr]    Compiling gstreamer-app-sys v0.19.2
[INFO] [stderr]    Compiling thiserror-impl v1.0.37
[INFO] [stderr]    Compiling futures-macro v0.3.25
[INFO] [stderr]    Compiling enumflags2_derive v0.7.4
[INFO] [stderr]    Compiling tracing-attributes v0.1.23
[INFO] [stderr]    Compiling pin-project-internal v1.0.12
[INFO] [stderr]    Compiling serde_repr v0.1.9
[INFO] [stderr]    Compiling async-recursion v0.3.2
[INFO] [stderr]    Compiling derivative v2.2.0
[INFO] [stderr]     Checking webpki v0.22.0
[INFO] [stderr]     Checking sct v0.7.0
[INFO] [stderr]    Compiling proc-macro-crate v1.2.1
[INFO] [stderr]    Compiling pest v2.5.1
[INFO] [stderr]     Checking webpki-roots v0.22.5
[INFO] [stderr]     Checking tracing v0.1.37
[INFO] [stderr]     Checking pin-project v1.0.12
[INFO] [stderr]     Checking postage v0.5.0
[INFO] [stderr]    Compiling glib-macros v0.16.3
[INFO] [stderr]    Compiling zvariant_derive v3.9.0
[INFO] [stderr]    Compiling zbus_macros v2.3.2
[INFO] [stderr]    Compiling gtk4-macros v0.5.3
[INFO] [stderr]    Compiling semver-parser v0.10.2
[INFO] [stderr]    Compiling zstd-safe v5.0.2+zstd.1.5.2
[INFO] [stderr]     Checking zstd v0.11.2+zstd.1.5.2
[INFO] [stderr]    Compiling semver v0.11.0
[INFO] [stderr]     Checking zip v0.6.3
[INFO] [stderr]    Compiling rustc_version v0.3.3
[INFO] [stderr]    Compiling field-offset v0.3.4
[INFO] [stderr]     Checking ureq v2.5.0
[INFO] [stderr]     Checking futures-executor v0.3.25
[INFO] [stderr]     Checking glib v0.16.5
[INFO] [stderr]     Checking futures v0.3.25
[INFO] [stderr]     Checking enumflags2 v0.7.5
[INFO] [stderr]     Checking zvariant v3.9.0
[INFO] [stderr]     Checking vosk v0.2.0
[INFO] [stderr]     Checking zbus_names v2.4.0
[INFO] [stderr]     Checking zbus v2.3.2
[INFO] [stderr]     Checking cairo-rs v0.16.3
[INFO] [stderr]     Checking graphene-rs v0.16.3
[INFO] [stderr]     Checking gstreamer v0.19.3
[INFO] [stderr]     Checking ashpd v0.3.2
[INFO] [stdout] error[E0277]: the trait bound `for<'de> !: Deserialize<'de>` is not satisfied
[INFO] [stdout]    --> /opt/rustwide/cargo-home/registry/src/index.crates.io-1949cf8c6b5b557f/ashpd-0.3.2/src/desktop/dynamic_launcher.rs:213:9
[INFO] [stdout]     |
[INFO] [stdout] 213 | /         call_method(
[INFO] [stdout] 214 | |             self.inner(),
[INFO] [stdout] 215 | |             "Install",
[INFO] [stdout] 216 | |             &(token, desktop_file_id, desktop_entry, options),
[INFO] [stdout] 217 | |         )
[INFO] [stdout]     | |_________^ the trait `for<'de> Deserialize<'de>` is not implemented for `!`
[INFO] [stdout]     |
[INFO] [stdout]     = help: the following other types implement trait `Deserialize<'de>`:
[INFO] [stdout]               `&'a [u8]` implements `Deserialize<'de>`
[INFO] [stdout]               `&'a std::path::Path` implements `Deserialize<'de>`
[INFO] [stdout]               `&'a str` implements `Deserialize<'de>`
[INFO] [stdout]               `()` implements `Deserialize<'de>`
[INFO] [stdout]               `(T0, T1)` implements `Deserialize<'de>`
[INFO] [stdout]               `(T0, T1, T2)` implements `Deserialize<'de>`
[INFO] [stdout]               `(T0, T1, T2, T3)` implements `Deserialize<'de>`
[INFO] [stdout]               `(T0, T1, T2, T3, T4)` implements `Deserialize<'de>`
[INFO] [stdout]             and 210 others
[INFO] [stdout]     = note: this error might have been caused by changes to Rust's type-inference algorithm (see issue #148922 <https://github.com/rust-lang/rust/issues/148922> for more information)
[INFO] [stdout]     = help: you might have intended to use the type `()` here instead
[INFO] [stdout] note: required by a bound in `call_method`
[INFO] [stdout]    --> /opt/rustwide/cargo-home/registry/src/index.crates.io-1949cf8c6b5b557f/ashpd-0.3.2/src/helpers.rs:129:8
[INFO] [stdout]     |
[INFO] [stdout] 123 | pub(crate) async fn call_method<R, B>(
[INFO] [stdout] ...
[INFO] [stdout] 129 |     R: for<'de> Deserialize<'de> + Type,
[INFO] [stdout]     |        ^^^^^^^^^^^^^^^^^^^^^^^^^ required by this bound in `call_method`
[INFO] [stdout] 
[INFO] [stdout] 
[INFO] [stdout] error[E0277]: the trait bound `!: zbus::zvariant::Type` is not satisfied
[INFO] [stdout]    --> /opt/rustwide/cargo-home/registry/src/index.crates.io-1949cf8c6b5b557f/ashpd-0.3.2/src/desktop/dynamic_launcher.rs:213:9
[INFO] [stdout]     |
[INFO] [stdout] 213 | /         call_method(
[INFO] [stdout] 214 | |             self.inner(),
[INFO] [stdout] 215 | |             "Install",
[INFO] [stdout] 216 | |             &(token, desktop_file_id, desktop_entry, options),
[INFO] [stdout] 217 | |         )
[INFO] [stdout]     | |_________^ the trait `zbus::zvariant::Type` is not implemented for `!`
[INFO] [stdout]     |
[INFO] [stdout]     = help: the following other types implement trait `zbus::zvariant::Type`:
[INFO] [stdout]               &T
[INFO] [stdout]               &mut T
[INFO] [stdout]               ()
[INFO] [stdout]               (T0, T1)
[INFO] [stdout]               (T0, T1, T2)
[INFO] [stdout]               (T0, T1, T2, T3)
[INFO] [stdout]               (T0, T1, T2, T3, T4)
[INFO] [stdout]               (T0, T1, T2, T3, T4, T5)
[INFO] [stdout]             and 149 others
[INFO] [stdout]     = note: this error might have been caused by changes to Rust's type-inference algorithm (see issue #148922 <https://github.com/rust-lang/rust/issues/148922> for more information)
[INFO] [stdout]     = help: you might have intended to use the type `()` here instead
[INFO] [stdout] note: required by a bound in `call_method`
[INFO] [stdout]    --> /opt/rustwide/cargo-home/registry/src/index.crates.io-1949cf8c6b5b557f/ashpd-0.3.2/src/helpers.rs:129:36
[INFO] [stdout]     |
[INFO] [stdout] 123 | pub(crate) async fn call_method<R, B>(
[INFO] [stdout] ...
[INFO] [stdout] 129 |     R: for<'de> Deserialize<'de> + Type,
[INFO] [stdout]     |                                    ^^^^ required by this bound in `call_method`
[INFO] [stdout] 
[INFO] [stdout] 
[INFO] [stdout] error[E0277]: the trait bound `for<'de> !: Deserialize<'de>` is not satisfied
[INFO] [stdout]    --> /opt/rustwide/cargo-home/registry/src/index.crates.io-1949cf8c6b5b557f/ashpd-0.3.2/src/desktop/dynamic_launcher.rs:230:9
[INFO] [stdout]     |
[INFO] [stdout] 230 |         call_method(self.inner(), "Uninstall", &(desktop_file_id, options)).await?;
[INFO] [stdout]     |         ^^^^^^^^^^^^^^^^^^^^^^^^^^^^^^^^^^^^^^^^^^^^^^^^^^^^^^^^^^^^^^^^^^^ the trait `for<'de> Deserialize<'de>` is not implemented for `!`
[INFO] [stdout]     |
[INFO] [stdout]     = help: the following other types implement trait `Deserialize<'de>`:
[INFO] [stdout]               `&'a [u8]` implements `Deserialize<'de>`
[INFO] [stdout]               `&'a std::path::Path` implements `Deserialize<'de>`
[INFO] [stdout]               `&'a str` implements `Deserialize<'de>`
[INFO] [stdout]               `()` implements `Deserialize<'de>`
[INFO] [stdout]               `(T0, T1)` implements `Deserialize<'de>`
[INFO] [stdout]               `(T0, T1, T2)` implements `Deserialize<'de>`
[INFO] [stdout]               `(T0, T1, T2, T3)` implements `Deserialize<'de>`
[INFO] [stdout]               `(T0, T1, T2, T3, T4)` implements `Deserialize<'de>`
[INFO] [stdout]             and 210 others
[INFO] [stdout]     = note: this error might have been caused by changes to Rust's type-inference algorithm (see issue #148922 <https://github.com/rust-lang/rust/issues/148922> for more information)
[INFO] [stdout]     = help: you might have intended to use the type `()` here instead
[INFO] [stdout] note: required by a bound in `call_method`
[INFO] [stdout]    --> /opt/rustwide/cargo-home/registry/src/index.crates.io-1949cf8c6b5b557f/ashpd-0.3.2/src/helpers.rs:129:8
[INFO] [stdout]     |
[INFO] [stdout] 123 | pub(crate) async fn call_method<R, B>(
[INFO] [stdout] ...
[INFO] [stdout] 129 |     R: for<'de> Deserialize<'de> + Type,
[INFO] [stdout]     |        ^^^^^^^^^^^^^^^^^^^^^^^^^ required by this bound in `call_method`
[INFO] [stdout] 
[INFO] [stdout] 
[INFO] [stdout] error[E0277]: the trait bound `!: zbus::zvariant::Type` is not satisfied
[INFO] [stdout]    --> /opt/rustwide/cargo-home/registry/src/index.crates.io-1949cf8c6b5b557f/ashpd-0.3.2/src/desktop/dynamic_launcher.rs:230:9
[INFO] [stdout]     |
[INFO] [stdout] 230 |         call_method(self.inner(), "Uninstall", &(desktop_file_id, options)).await?;
[INFO] [stdout]     |         ^^^^^^^^^^^^^^^^^^^^^^^^^^^^^^^^^^^^^^^^^^^^^^^^^^^^^^^^^^^^^^^^^^^ the trait `zbus::zvariant::Type` is not implemented for `!`
[INFO] [stdout]     |
[INFO] [stdout]     = help: the following other types implement trait `zbus::zvariant::Type`:
[INFO] [stdout]               &T
[INFO] [stdout]               &mut T
[INFO] [stdout]               ()
[INFO] [stdout]               (T0, T1)
[INFO] [stdout]               (T0, T1, T2)
[INFO] [stdout]               (T0, T1, T2, T3)
[INFO] [stdout]               (T0, T1, T2, T3, T4)
[INFO] [stdout]               (T0, T1, T2, T3, T4, T5)
[INFO] [stdout]             and 149 others
[INFO] [stdout]     = note: this error might have been caused by changes to Rust's type-inference algorithm (see issue #148922 <https://github.com/rust-lang/rust/issues/148922> for more information)
[INFO] [stdout]     = help: you might have intended to use the type `()` here instead
[INFO] [stdout] note: required by a bound in `call_method`
[INFO] [stdout]    --> /opt/rustwide/cargo-home/registry/src/index.crates.io-1949cf8c6b5b557f/ashpd-0.3.2/src/helpers.rs:129:36
[INFO] [stdout]     |
[INFO] [stdout] 123 | pub(crate) async fn call_method<R, B>(
[INFO] [stdout] ...
[INFO] [stdout] 129 |     R: for<'de> Deserialize<'de> + Type,
[INFO] [stdout]     |                                    ^^^^ required by this bound in `call_method`
[INFO] [stdout] 
[INFO] [stdout] 
[INFO] [stdout] For more information about this error, try `rustc --explain E0277`.
[INFO] [stdout] 
[INFO] [stderr] error: could not compile `ashpd` (lib) due to 4 previous errors
[INFO] [stderr] warning: build failed, waiting for other jobs to finish...
[INFO] running `Command { std: "docker" "inspect" "5a9aedacc1393a70e4f8d3681d288b75af5aed426bc46fc538075499a85e6d9d", kill_on_drop: false }`
[INFO] running `Command { std: "docker" "rm" "-f" "5a9aedacc1393a70e4f8d3681d288b75af5aed426bc46fc538075499a85e6d9d", kill_on_drop: false }`
[INFO] [stdout] 5a9aedacc1393a70e4f8d3681d288b75af5aed426bc46fc538075499a85e6d9d
