[INFO] cloning repository https://github.com/qiaojinxia/rust_web
[INFO] running `Command { std: "git" "-c" "credential.helper=" "-c" "credential.helper=/workspace/cargo-home/bin/git-credential-null" "clone" "--bare" "https://github.com/qiaojinxia/rust_web" "/workspace/cache/git-repos/https%3A%2F%2Fgithub.com%2Fqiaojinxia%2Frust_web", kill_on_drop: false }`
[INFO] [stderr] Cloning into bare repository '/workspace/cache/git-repos/https%3A%2F%2Fgithub.com%2Fqiaojinxia%2Frust_web'...
[INFO] running `Command { std: "git" "rev-parse" "HEAD", kill_on_drop: false }`
[INFO] [stdout] 88f5c5eb9329cae7168f8a83df23998bf2c38827
[INFO] documenting qiaojinxia/rust_web against 1.100.0-beta.1 for beta-rustdoc-1.100
[INFO] running `Command { std: "git" "clone" "/workspace/cache/git-repos/https%3A%2F%2Fgithub.com%2Fqiaojinxia%2Frust_web" "/workspace/builds/worker-1-tc2/source", kill_on_drop: false }`
[INFO] [stderr] Cloning into '/workspace/builds/worker-1-tc2/source'...
[INFO] [stderr] done.
[INFO] started tweaking git repo https://github.com/qiaojinxia/rust_web
[INFO] finished tweaking git repo https://github.com/qiaojinxia/rust_web
[INFO] tweaked toml for git repo https://github.com/qiaojinxia/rust_web written to /workspace/builds/worker-1-tc2/source/Cargo.toml
[INFO] validating manifest of git repo https://github.com/qiaojinxia/rust_web on toolchain 1.100.0-beta.1
[INFO] running `Command { std: CARGO_HOME="/workspace/cargo-home" RUSTUP_HOME="/workspace/rustup-home" "/workspace/cargo-home/bin/cargo" "+1.100.0-beta.1" "metadata" "--manifest-path" "Cargo.toml" "--no-deps", kill_on_drop: false }`
[INFO] running `Command { std: CARGO_HOME="/workspace/cargo-home" RUSTUP_HOME="/workspace/rustup-home" "/workspace/cargo-home/bin/cargo" "+1.100.0-beta.1" "generate-lockfile" "--manifest-path" "Cargo.toml", kill_on_drop: false }`
[INFO] [stderr]     Updating crates.io index
[INFO] [stderr]      Locking 425 packages to highest compatible versions
[INFO] [stderr]       Adding actix-session v0.9.0 (available: v0.11.0)
[INFO] [stderr]       Adding argon2 v0.5.3 (available: v0.6.0)
[INFO] [stderr]       Adding bcrypt v0.15.1 (available: v0.19.3)
[INFO] [stderr]       Adding generic-array v0.14.7 (available: v0.14.9)
[INFO] [stderr]       Adding jsonwebtoken v9.3.1 (available: v11.1.0)
[INFO] [stderr]       Adding mockall v0.12.1 (available: v0.15.0)
[INFO] [stderr]       Adding redis-async v0.17.2 (available: v0.18.0)
[INFO] [stderr]       Adding sea-orm v0.12.15 (available: v2.0.4)
[INFO] [stderr]       Adding signal-hook v0.3.18 (available: v0.4.5)
[INFO] [stderr]       Adding thiserror v1.0.69 (available: v2.0.21)
[INFO] [stderr]       Adding toml v0.8.23 (available: v1.1.7+spec-1.1.0)
[INFO] [stderr]       Adding validator v0.18.1 (available: v0.21.0)
[INFO] running `Command { std: CARGO_HOME="/workspace/cargo-home" RUSTUP_HOME="/workspace/rustup-home" "/workspace/cargo-home/bin/cargo" "+1.100.0-beta.1" "fetch" "--manifest-path" "Cargo.toml", kill_on_drop: false }`
[INFO] running `Command { std: "docker" "create" "-v" "/var/lib/crater-agent-workspace/builds/worker-1-tc2/source:/opt/rustwide/workdir:ro,Z" "-v" "/var/lib/crater-agent-workspace/builds/worker-1-tc2/target:/opt/rustwide/target:rw,Z" "-v" "/var/lib/crater-agent-workspace/cargo-home:/opt/rustwide/cargo-home:ro,Z" "-v" "/var/lib/crater-agent-workspace/rustup-home:/opt/rustwide/rustup-home:ro,Z" "-m" "1610612736" "--network" "none" "ghcr.io/rust-lang/crates-build-env/linux@sha256:77db811e55d90add9212f6832c23229e3de5f1c1f9905e8cb07319ea15df73ac" "sleep" "infinity", kill_on_drop: false }`
[INFO] [stdout] d87d1a73981718bff5532fe802fd074d06ca5604f168958989bca44b788f35b0
[INFO] running `Command { std: "docker" "start" "d87d1a73981718bff5532fe802fd074d06ca5604f168958989bca44b788f35b0", kill_on_drop: false }`
[INFO] running `Command { std: "docker" "inspect" "d87d1a73981718bff5532fe802fd074d06ca5604f168958989bca44b788f35b0", kill_on_drop: false }`
[INFO] running `Command { std: "docker" "exec" "-e" "SOURCE_DIR=/opt/rustwide/workdir" "-e" "CARGO_HOME=/opt/rustwide/cargo-home" "-e" "RUSTUP_HOME=/opt/rustwide/rustup-home" "-e" "CARGO_TARGET_DIR=/opt/rustwide/target" "-w" "/opt/rustwide/workdir" "--user" "0:0" "d87d1a73981718bff5532fe802fd074d06ca5604f168958989bca44b788f35b0" "/opt/rustwide/cargo-home/bin/cargo" "+1.100.0-beta.1" "metadata" "--no-deps" "--format-version=1", kill_on_drop: false }`
[INFO] running `Command { std: "docker" "inspect" "d87d1a73981718bff5532fe802fd074d06ca5604f168958989bca44b788f35b0", kill_on_drop: false }`
[INFO] running `Command { std: "docker" "exec" "-e" "SOURCE_DIR=/opt/rustwide/workdir" "-e" "CARGO_HOME=/opt/rustwide/cargo-home" "-e" "RUSTUP_HOME=/opt/rustwide/rustup-home" "-e" "CARGO_TARGET_DIR=/opt/rustwide/target" "-e" "CARGO_INCREMENTAL=0" "-e" "RUST_BACKTRACE=full" "-e" "RUSTFLAGS=--cap-lints=warn" "-e" "RUSTDOCFLAGS=--cap-lints=warn" "-w" "/opt/rustwide/workdir" "--user" "0:0" "d87d1a73981718bff5532fe802fd074d06ca5604f168958989bca44b788f35b0" "/opt/rustwide/cargo-home/bin/cargo" "+1.100.0-beta.1" "doc" "--frozen" "--no-deps" "--document-private-items" "--message-format=json", kill_on_drop: false }`
[INFO] [stderr]    Compiling unicode-ident v1.0.26
[INFO] [stderr]    Compiling libc v0.2.190
[INFO] [stderr]     Checking cfg-if v1.0.5
[INFO] [stderr]    Compiling serde_core v1.0.229
[INFO] [stderr]     Checking smallvec v1.16.2
[INFO] [stderr]    Compiling find-msvc-tools v0.1.14
[INFO] [stderr]    Compiling serde v1.0.229
[INFO] [stderr]    Compiling zerocopy v0.8.62
[INFO] [stderr]    Compiling num-traits v0.2.19
[INFO] [stderr]    Compiling proc-macro2 v1.0.107
[INFO] [stderr]     Checking futures-channel v0.3.34
[INFO] [stderr]     Checking futures-io v0.3.34
[INFO] [stderr]     Checking tracing-core v0.1.36
[INFO] [stderr]    Compiling time-macros v0.2.32
[INFO] [stderr]    Compiling quote v1.0.47
[INFO] [stderr]     Checking powerfmt v0.2.1
[INFO] [stderr]    Compiling syn v3.0.6
[INFO] [stderr]    Compiling syn v2.0.119
[INFO] [stderr]     Checking indexmap v2.14.2
[INFO] [stderr]     Checking num-integer v0.1.47
[INFO] [stderr]     Checking inout v0.1.4
[INFO] [stderr]    Compiling jobserver v0.1.35
[INFO] [stderr]     Checking zeroize v1.9.1
[INFO] [stderr]    Compiling syn v1.0.109
[INFO] [stderr]     Checking getrandom v0.2.17
[INFO] [stderr]     Checking errno v0.3.14
[INFO] [stderr]    Compiling cc v1.6.0
[INFO] [stderr]     Checking parking_lot_core v0.9.12
[INFO] [stderr]     Checking signal-hook-registry v1.4.8
[INFO] [stderr]     Checking rand_core v0.6.4
[INFO] [stderr]     Checking mio v1.2.4
[INFO] [stderr]     Checking crypto-common v0.1.7
[INFO] [stderr]     Checking socket2 v0.6.5
[INFO] [stderr]     Checking parking_lot v0.12.5
[INFO] [stderr]     Checking digest v0.10.7
[INFO] [stderr]     Checking bitflags v2.13.2
[INFO] [stderr]     Checking deranged v0.5.8
[INFO] [stderr]     Checking serde_json v1.0.151
[INFO] [stderr]    Compiling crossbeam-utils v0.8.23
[INFO] [stderr]     Checking sha2 v0.10.9
[INFO] [stderr]     Checking hmac v0.12.1
[INFO] [stderr]     Checking cipher v0.4.4
[INFO] [stderr]     Checking aho-corasick v1.1.5
[INFO] [stderr]     Checking cpufeatures v0.3.1
[INFO] [stderr]     Checking rand_core v0.10.1
[INFO] [stderr]    Compiling getrandom v0.4.3
[INFO] [stderr]     Checking hkdf v0.12.4
[INFO] [stderr]     Checking time v0.3.55
[INFO] [stderr]     Checking regex-automata v0.4.18
[INFO] [stderr]     Checking pem-rfc7468 v0.7.0
[INFO] [stderr]     Checking num-bigint v0.4.8
[INFO] [stderr]    Compiling openssl-sys v0.9.117
[INFO] [stderr]    Compiling zstd-sys v2.1.0+zstd.1.5.7
[INFO] [stderr]     Checking ppv-lite86 v0.2.21
[INFO] [stderr]     Checking hybrid-array v0.4.15
[INFO] [stderr]     Checking rand_chacha v0.3.1
[INFO] [stderr]    Compiling synstructure v0.14.0
[INFO] [stderr]     Checking rand v0.8.8
[INFO] [stderr]     Checking regex v1.13.1
[INFO] [stderr]     Checking der v0.7.10
[INFO] [stderr]     Checking getrandom v0.3.4
[INFO] [stderr]     Checking chacha20 v0.10.2
[INFO] [stderr]     Checking universal-hash v0.5.1
[INFO] [stderr]    Compiling openssl v0.10.81
[INFO] [stderr]     Checking tinyvec v1.13.3
[INFO] [stderr]     Checking local-waker v0.1.4
[INFO] [stderr]    Compiling rust_decimal v1.43.0
[INFO] [stderr]    Compiling zstd-safe v7.3.0
[INFO] [stderr]    Compiling crc32fast v1.5.2
[INFO] [stderr]     Checking spin v0.9.9
[INFO] [stderr]     Checking http v0.2.12
[INFO] [stderr]     Checking lazy_static v1.5.1
[INFO] [stderr]     Checking rand v0.10.3
[INFO] [stderr]     Checking polyval v0.6.2
[INFO] [stderr]    Compiling tracing-attributes v0.1.31
[INFO] [stderr]    Compiling openssl-macros v0.1.1
[INFO] [stderr]     Checking unicode-normalization v0.1.25
[INFO] [stderr]     Checking ahash v0.8.12
[INFO] [stderr]     Checking spki v0.7.3
[INFO] [stderr]     Checking crypto-common v0.2.2
[INFO] [stderr]     Checking block-buffer v0.12.1
[INFO] [stderr]    Compiling encoding_rs v0.8.42
[INFO] [stderr]     Checking actix-service v2.0.3
[INFO] [stderr]     Checking arrayvec v0.7.8
[INFO] [stderr]     Checking unicode-bidi v0.3.18
[INFO] [stderr]    Compiling zerofrom-derive v0.1.8
[INFO] [stderr]    Compiling tokio-macros v2.7.2
[INFO] [stderr]    Compiling yoke-derive v0.8.4
[INFO] [stderr]    Compiling serde_derive v1.0.229
[INFO] [stderr]    Compiling zerovec-derive v0.11.6
[INFO] [stderr]    Compiling displaydoc v0.2.7
[INFO] [stderr]     Checking tokio v1.53.2
[INFO] [stderr]    Compiling futures-macro v0.3.34
[INFO] [stderr]     Checking tracing v0.1.44
[INFO] [stderr]    Compiling actix-macros v0.2.5
[INFO] [stderr]     Checking zerofrom v0.1.8
[INFO] [stderr]     Checking futures-util v0.3.34
[INFO] [stderr]    Compiling bytes v1.12.1
[INFO] [stderr]     Checking yoke v0.8.3
[INFO] [stderr]     Checking zerovec v0.11.8
[INFO] [stderr]     Checking zerotrie v0.2.5
[INFO] [stderr]     Checking byteorder v1.5.0
[INFO] [stderr]    Compiling native-tls v0.2.18
[INFO] [stderr]    Compiling pin-project-lite v0.2.17
[INFO] [stderr]    Compiling num-bigint-dig v0.8.6
[INFO] [stderr]     Checking tinystr v0.8.4
[INFO] [stderr]     Checking potential_utf v0.1.6
[INFO] [stderr]     Checking nom v7.1.3
[INFO] [stderr]     Checking icu_collections v2.3.0
[INFO] [stderr]     Checking icu_locale_core v2.3.0
[INFO] [stderr]    Compiling bytestring v1.5.1
[INFO] [stderr]    Compiling derive_more-impl v2.1.1
[INFO] [stderr]     Checking digest v0.11.3
[INFO] [stderr]     Checking icu_provider v2.3.1
[INFO] [stderr]     Checking icu_properties v2.3.0
[INFO] [stderr]     Checking icu_normalizer v2.3.0
[INFO] [stderr]     Checking hashbrown v0.14.5
[INFO] [stderr]     Checking pkcs8 v0.10.2
[INFO] [stderr]     Checking chrono v0.4.45
[INFO] [stderr]    Compiling proc-macro-error-attr v1.0.4
[INFO] [stderr]     Checking idna_adapter v1.2.2
[INFO] [stderr]     Checking idna v1.1.0
[INFO] [stderr]     Checking ghash v0.5.1
[INFO] [stderr]    Compiling thiserror-impl v1.0.69
[INFO] [stderr]     Checking actix-utils v3.0.2
[INFO] [stderr]     Checking url v2.5.8
[INFO] [stderr]     Checking bigdecimal v0.3.1
[INFO] [stderr]     Checking ctr v0.9.2
[INFO] [stderr]     Checking tokio-util v0.7.19
[INFO] [stderr]     Checking actix-rt v2.15.0
[INFO] [stderr]     Checking aes v0.8.4
[INFO] [stderr]     Checking aead v0.5.2
[INFO] [stderr]     Checking uuid v1.27.0
[INFO] [stderr]     Checking num-iter v0.1.46
[INFO] [stderr]    Compiling cookie v0.16.2
[INFO] [stderr]     Checking crc-catalog v2.5.0
[INFO] [stderr]     Checking simdutf8 v0.1.5
[INFO] [stderr]    Compiling multiversion_no_op v1.0.0
[INFO] [stderr]     Checking openssl-probe v0.2.1
[INFO] [stderr]     Checking unicode_categories v0.1.1
[INFO] [stderr]    Compiling regex-lite v0.1.9
[INFO] [stderr]     Checking core_detect v1.0.0
[INFO] [stderr]     Checking derive_more v2.1.1
[INFO] [stderr]     Checking aes-gcm v0.10.3
[INFO] [stderr]     Checking thiserror v1.0.69
[INFO] [stderr]     Checking h2 v0.3.27
[INFO] [stderr]     Checking sqlformat v0.2.6
[INFO] [stderr]     Checking actix-codec v0.5.4
[INFO] [stderr]     Checking crc v3.4.0
[INFO] [stderr]     Checking tokio-stream v0.1.19
[INFO] [stderr]    Compiling actix-router v0.5.4
[INFO] [stderr]     Checking flate2 v1.1.10
[INFO] [stderr]     Checking brotli v8.0.4
[INFO] [stderr]    Compiling proc-macro-error v1.0.4
[INFO] [stderr]     Checking hashlink v0.8.4
[INFO] [stderr]     Checking pkcs1 v0.7.5
[INFO] [stderr]     Checking either v1.19.0
[INFO] [stderr]     Checking sha1 v0.11.0
[INFO] [stderr]     Checking local-channel v0.1.5
[INFO] [stderr]     Checking crossbeam-queue v0.3.14
[INFO] [stderr]     Checking futures-intrusive v0.5.0
[INFO] [stderr]     Checking signature v2.2.0
[INFO] [stderr]     Checking atoi v2.0.0
[INFO] [stderr]     Checking impl-more v0.3.8
[INFO] [stderr]     Checking unicode-properties v0.1.4
[INFO] [stderr]     Checking language-tags v0.3.2
[INFO] [stderr]     Checking foldhash v0.2.0
[INFO] [stderr]    Compiling darling_core v0.20.11
[INFO] [stderr]     Checking stringprep v0.1.5
[INFO] [stderr]     Checking rsa v0.9.10
[INFO] [stderr]    Compiling actix-web-codegen v4.4.0
[INFO] [stderr]     Checking serde_urlencoded v0.7.1
[INFO] [stderr]     Checking actix-server v2.9.8
[INFO] [stderr]     Checking futures-executor v0.3.34
[INFO] [stderr]    Compiling pin-project-internal v1.1.13
[INFO] [stderr]     Checking md-5 v0.10.6
[INFO] [stderr]     Checking sha1 v0.10.7
[INFO] [stderr]    Compiling thiserror v2.0.21
[INFO] [stderr]     Checking whoami v1.6.1
[INFO] [stderr]     Checking anstyle v1.0.14
[INFO] [stderr]     Checking base64 v0.21.7
[INFO] [stderr]     Checking dotenvy v0.15.7
[INFO] [stderr]    Compiling nix v0.31.3
[INFO] [stderr]     Checking pin-project v1.1.13
[INFO] [stderr]     Checking futures v0.3.34
[INFO] [stderr]    Compiling inherent v1.0.14
[INFO] [stderr]    Compiling thiserror-impl v2.0.21
[INFO] [stderr]    Compiling async-trait v0.1.92
[INFO] [stderr]    Compiling derivative v2.2.0
[INFO] [stderr]    Compiling ring v0.17.14
[INFO] [stderr]     Checking sqlx-core v0.7.4
[INFO] [stderr]     Checking ordered-float v3.9.2
[INFO] [stderr]    Compiling convert_case v0.4.0
[INFO] [stderr]     Checking predicates-core v1.0.10
[INFO] [stderr]    Compiling derive_more v0.99.20
[INFO] [stderr]     Checking anstyle-parse v1.0.0
[INFO] [stderr]    Compiling ouroboros_macro v0.17.2
[INFO] [stderr]    Compiling sea-bae v0.2.2
[INFO] [stderr]    Compiling darling_macro v0.20.11
[INFO] [stderr]    Compiling darling v0.20.11
[INFO] [stderr]     Checking combine v4.6.8
[INFO] [stderr]     Checking tokio-retry v0.3.2
[INFO] [stderr]     Checking toml_datetime v0.6.11
[INFO] [stderr]     Checking serde_spanned v0.6.9
[INFO] [stderr]     Checking sea-query v0.30.7
[INFO] [stderr]    Compiling async-stream-impl v0.3.6
[INFO] [stderr]    Compiling actix_derive v0.6.2
[INFO] [stderr]     Checking sqlx-mysql v0.7.4
[INFO] [stderr]     Checking crossbeam-channel v0.5.17
[INFO] [stderr]     Checking arc-swap v1.9.2
[INFO] [stderr]     Checking instant v0.1.13
[INFO] [stderr]     Checking aliasable v0.1.3
[INFO] [stderr]     Checking is_terminal_polyfill v1.70.2
[INFO] [stderr]     Checking anstyle-query v1.1.5
[INFO] [stderr]     Checking colorchoice v1.0.5
[INFO] [stderr]     Checking jiff-core v0.1.1
[INFO] [stderr]     Checking termtree v0.5.1
[INFO] [stderr]     Checking winnow v0.7.15
[INFO] [stderr]     Checking zstd v0.13.3
[INFO] [stderr]     Checking actix-http v3.18.12
[INFO] [stderr]     Checking predicates-tree v1.0.13
[INFO] [stderr]     Checking anstream v1.0.0
[INFO] [stderr]     Checking sqlx v0.7.4
[INFO] [stderr]     Checking jiff v0.2.38
[INFO] [stderr]     Checking sea-query-binder v0.5.0
[INFO] [stderr]     Checking actix v0.13.5
[INFO] [stderr]    Compiling validator_derive v0.18.2
[INFO] [stderr]     Checking ouroboros v0.17.2
[INFO] [stderr]    Compiling signal-hook v0.3.18
[INFO] [stderr]     Checking backoff v0.4.0
[INFO] [stderr]     Checking async-stream v0.3.6
[INFO] [stderr]    Compiling sea-orm-macros v0.12.15
[INFO] [stderr]     Checking toml_edit v0.22.27
[INFO] [stderr]     Checking simple_asn1 v0.6.4
[INFO] [stderr]     Checking predicates v3.1.4
[INFO] [stderr]     Checking anyhow v1.0.104
[INFO] [stderr]     Checking redis-async v0.16.1
[INFO] [stderr]     Checking actix-tls v3.6.1
[INFO] [stderr]     Checking actix-web v4.15.0
[INFO] [stderr]     Checking blowfish v0.9.1
[INFO] [stderr]     Checking idna v0.5.0
[INFO] [stderr]    Compiling mockall_derive v0.12.1
[INFO] [stderr]     Checking pem v3.0.6
[INFO] [stderr]     Checking env_filter v2.0.0
[INFO] [stderr]     Checking blake2 v0.10.6
[INFO] [stderr]     Checking password-hash v0.5.0
[INFO] [stderr]     Checking socket2 v0.5.10
[INFO] [stderr]     Checking fragile v2.1.0
[INFO] [stderr]     Checking strum v0.25.0
[INFO] [stderr]     Checking downcast v0.11.0
[INFO] [stderr]     Checking argon2 v0.5.3
[INFO] [stderr]     Checking toml v0.8.23
[INFO] [stderr]     Checking redis v0.24.1
[INFO] [stderr]     Checking env_logger v0.11.11
[INFO] [stderr]     Checking validator v0.18.1
[INFO] [stderr]     Checking redis-async v0.17.2
[INFO] [stderr]     Checking jsonwebtoken v9.3.1
[INFO] [stderr]     Checking bcrypt v0.15.1
[INFO] [stderr]     Checking ctrlc v3.5.2
[INFO] [stderr]     Checking sea-orm v0.12.15
[INFO] [stderr]     Checking mockall v0.12.1
[INFO] [stderr]     Checking actix-redis v0.13.1+deprecated
[INFO] [stderr]     Checking actix-cors v0.7.2
[INFO] [stderr]     Checking actix-session v0.9.0
[INFO] [stdout] error[E0277]: the trait bound `!: FromRedisValue` is not satisfied
[INFO] [stdout]    --> /opt/rustwide/cargo-home/registry/src/index.crates.io-1949cf8c6b5b557f/actix-session-0.9.0/src/storage/redis_rs.rs:164:14
[INFO] [stdout]     |
[INFO] [stdout] 164 |         self.execute_command(redis::cmd("SET").arg(&[
[INFO] [stdout]     |              ^^^^^^^^^^^^^^^ the trait `FromRedisValue` is not implemented for `!`
[INFO] [stdout]     |
[INFO] [stdout]     = help: the following other types implement trait `FromRedisValue`:
[INFO] [stdout]               ()
[INFO] [stdout]               (T12,)
[INFO] [stdout]               (T11, T12)
[INFO] [stdout]               (T10, T11, T12)
[INFO] [stdout]               (T9, T10, T11, T12)
[INFO] [stdout]               (T8, T9, T10, T11, T12)
[INFO] [stdout]               (T7, T8, T9, T10, T11, T12)
[INFO] [stdout]               (T6, T7, T8, T9, T10, T11, T12)
[INFO] [stdout]             and 33 others
[INFO] [stdout]     = note: this error might have been caused by changes to Rust's type-inference algorithm (see issue #148922 <https://github.com/rust-lang/rust/issues/148922> for more information)
[INFO] [stdout]     = help: you might have intended to use the type `()` here instead
[INFO] [stdout] note: required by a bound in `RedisSessionStore::execute_command`
[INFO] [stdout]    --> /opt/rustwide/cargo-home/registry/src/index.crates.io-1949cf8c6b5b557f/actix-session-0.9.0/src/storage/redis_rs.rs:259:33
[INFO] [stdout]     |
[INFO] [stdout] 244 | impl RedisSessionStore {
[INFO] [stdout] ...
[INFO] [stdout] 259 |     async fn execute_command<T: FromRedisValue>(&self, cmd: &mut Cmd) -> RedisResult<T> {
[INFO] [stdout]     |                                 ^^^^^^^^^^^^^^ required by this bound in `RedisSessionStore::execute_command`
[INFO] [stdout] 
[INFO] [stdout] 
[INFO] [stdout] error[E0277]: the trait bound `!: FromRedisValue` is not satisfied
[INFO] [stdout]     --> /opt/rustwide/cargo-home/registry/src/index.crates.io-1949cf8c6b5b557f/actix-session-0.9.0/src/storage/redis_rs.rs:228:14
[INFO] [stdout]      |
[INFO] [stdout]  228 |             .expire(&cache_key, ttl.whole_seconds())
[INFO] [stdout]      |              ^^^^^^ the trait `FromRedisValue` is not implemented for `!`
[INFO] [stdout]      |
[INFO] [stdout]      = help: the following other types implement trait `FromRedisValue`:
[INFO] [stdout]                ()
[INFO] [stdout]                (T12,)
[INFO] [stdout]                (T11, T12)
[INFO] [stdout]                (T10, T11, T12)
[INFO] [stdout]                (T9, T10, T11, T12)
[INFO] [stdout]                (T8, T9, T10, T11, T12)
[INFO] [stdout]                (T7, T8, T9, T10, T11, T12)
[INFO] [stdout]                (T6, T7, T8, T9, T10, T11, T12)
[INFO] [stdout]              and 33 others
[INFO] [stdout]      = note: this error might have been caused by changes to Rust's type-inference algorithm (see issue #148922 <https://github.com/rust-lang/rust/issues/148922> for more information)
[INFO] [stdout]      = help: you might have intended to use the type `()` here instead
[INFO] [stdout] note: required by a bound in `redis::AsyncCommands::expire`
[INFO] [stdout]     --> /opt/rustwide/cargo-home/registry/src/index.crates.io-1949cf8c6b5b557f/redis-0.24.1/src/commands/macros.rs:167:25
[INFO] [stdout]      |
[INFO] [stdout]  157 |           pub trait AsyncCommands : crate::aio::ConnectionLike + Send + Sized {
[INFO] [stdout] ...
[INFO] [stdout]  167 |                       RV: FromRedisValue,
[INFO] [stdout]      |                           ^^^^^^^^^^^^^^ required by this bound in `AsyncCommands::expire`
[INFO] [stdout]      |
[INFO] [stdout]     ::: /opt/rustwide/cargo-home/registry/src/index.crates.io-1949cf8c6b5b557f/redis-0.24.1/src/commands/mod.rs:41:1
[INFO] [stdout]      |
[INFO] [stdout]   41 | / implement_commands! {
[INFO] [stdout]   42 | |     'a
[INFO] [stdout] ...    |
[INFO] [stdout]  133 | |     fn expire<K: ToRedisArgs>(key: K, seconds: i64) {
[INFO] [stdout] ...    |
[INFO] [stdout] 1873 | | }
[INFO] [stdout]      | |_- in this macro invocation
[INFO] [stdout]      = note: this error originates in the macro `implement_commands` (in Nightly builds, run with -Z macro-backtrace for more info)
[INFO] [stdout] 
[INFO] [stdout] 
[INFO] [stdout] error[E0277]: the trait bound `!: FromRedisValue` is not satisfied
[INFO] [stdout]    --> /opt/rustwide/cargo-home/registry/src/index.crates.io-1949cf8c6b5b557f/actix-session-0.9.0/src/storage/redis_rs.rs:235:14
[INFO] [stdout]     |
[INFO] [stdout] 235 |         self.execute_command(redis::cmd("DEL").arg(&[&cache_key]))
[INFO] [stdout]     |              ^^^^^^^^^^^^^^^ the trait `FromRedisValue` is not implemented for `!`
[INFO] [stdout]     |
[INFO] [stdout]     = help: the following other types implement trait `FromRedisValue`:
[INFO] [stdout]               ()
[INFO] [stdout]               (T12,)
[INFO] [stdout]               (T11, T12)
[INFO] [stdout]               (T10, T11, T12)
[INFO] [stdout]               (T9, T10, T11, T12)
[INFO] [stdout]               (T8, T9, T10, T11, T12)
[INFO] [stdout]               (T7, T8, T9, T10, T11, T12)
[INFO] [stdout]               (T6, T7, T8, T9, T10, T11, T12)
[INFO] [stdout]             and 33 others
[INFO] [stdout]     = note: this error might have been caused by changes to Rust's type-inference algorithm (see issue #148922 <https://github.com/rust-lang/rust/issues/148922> for more information)
[INFO] [stdout]     = help: you might have intended to use the type `()` here instead
[INFO] [stdout] note: required by a bound in `RedisSessionStore::execute_command`
[INFO] [stdout]    --> /opt/rustwide/cargo-home/registry/src/index.crates.io-1949cf8c6b5b557f/actix-session-0.9.0/src/storage/redis_rs.rs:259:33
[INFO] [stdout]     |
[INFO] [stdout] 244 | impl RedisSessionStore {
[INFO] [stdout] ...
[INFO] [stdout] 259 |     async fn execute_command<T: FromRedisValue>(&self, cmd: &mut Cmd) -> RedisResult<T> {
[INFO] [stdout]     |                                 ^^^^^^^^^^^^^^ required by this bound in `RedisSessionStore::execute_command`
[INFO] [stdout] 
[INFO] [stdout] 
[INFO] [stdout] For more information about this error, try `rustc --explain E0277`.
[INFO] [stdout] 
[INFO] [stderr] error: could not compile `actix-session` (lib) due to 3 previous errors
[INFO] [stderr] warning: build failed, waiting for other jobs to finish...
[INFO] running `Command { std: "docker" "inspect" "d87d1a73981718bff5532fe802fd074d06ca5604f168958989bca44b788f35b0", kill_on_drop: false }`
[INFO] running `Command { std: "docker" "rm" "-f" "d87d1a73981718bff5532fe802fd074d06ca5604f168958989bca44b788f35b0", kill_on_drop: false }`
[INFO] [stdout] d87d1a73981718bff5532fe802fd074d06ca5604f168958989bca44b788f35b0
