[INFO] cloning repository https://github.com/pfernie/ws-sample
[INFO] running `Command { std: "git" "-c" "credential.helper=" "-c" "credential.helper=/workspace/cargo-home/bin/git-credential-null" "clone" "--bare" "https://github.com/pfernie/ws-sample" "/workspace/cache/git-repos/https%3A%2F%2Fgithub.com%2Fpfernie%2Fws-sample", kill_on_drop: false }`
[INFO] [stderr] Cloning into bare repository '/workspace/cache/git-repos/https%3A%2F%2Fgithub.com%2Fpfernie%2Fws-sample'...
[INFO] running `Command { std: "git" "rev-parse" "HEAD", kill_on_drop: false }`
[INFO] [stdout] 76702141689fe8595113e090fc2caa2c725ae105
[INFO] documenting pfernie/ws-sample against 1.100.0-beta.1 for beta-rustdoc-1.100
[INFO] running `Command { std: "git" "clone" "/workspace/cache/git-repos/https%3A%2F%2Fgithub.com%2Fpfernie%2Fws-sample" "/workspace/builds/worker-0-tc2/source", kill_on_drop: false }`
[INFO] [stderr] Cloning into '/workspace/builds/worker-0-tc2/source'...
[INFO] [stderr] done.
[INFO] started tweaking git repo https://github.com/pfernie/ws-sample
[INFO] finished tweaking git repo https://github.com/pfernie/ws-sample
[INFO] tweaked toml for git repo https://github.com/pfernie/ws-sample written to /workspace/builds/worker-0-tc2/source/Cargo.toml
[INFO] validating manifest of git repo https://github.com/pfernie/ws-sample on toolchain 1.100.0-beta.1
[INFO] running `Command { std: CARGO_HOME="/workspace/cargo-home" RUSTUP_HOME="/workspace/rustup-home" "/workspace/cargo-home/bin/cargo" "+1.100.0-beta.1" "metadata" "--manifest-path" "Cargo.toml" "--no-deps", kill_on_drop: false }`
[INFO] crate git repo https://github.com/pfernie/ws-sample already has a lockfile, it will not be regenerated
[INFO] running `Command { std: CARGO_HOME="/workspace/cargo-home" RUSTUP_HOME="/workspace/rustup-home" "/workspace/cargo-home/bin/cargo" "+1.100.0-beta.1" "fetch" "--manifest-path" "Cargo.toml", kill_on_drop: false }`
[INFO] running `Command { std: "docker" "create" "-v" "/var/lib/crater-agent-workspace/builds/worker-0-tc2/source:/opt/rustwide/workdir:ro,Z" "-v" "/var/lib/crater-agent-workspace/builds/worker-0-tc2/target:/opt/rustwide/target:rw,Z" "-v" "/var/lib/crater-agent-workspace/cargo-home:/opt/rustwide/cargo-home:ro,Z" "-v" "/var/lib/crater-agent-workspace/rustup-home:/opt/rustwide/rustup-home:ro,Z" "-m" "1610612736" "--network" "none" "ghcr.io/rust-lang/crates-build-env/linux@sha256:77db811e55d90add9212f6832c23229e3de5f1c1f9905e8cb07319ea15df73ac" "sleep" "infinity", kill_on_drop: false }`
[INFO] [stdout] f0e21d2b6b8c18b3dbf2356338c78446f5d4eb261527c3b21ab415fe5fdcf3c8
[INFO] running `Command { std: "docker" "start" "f0e21d2b6b8c18b3dbf2356338c78446f5d4eb261527c3b21ab415fe5fdcf3c8", kill_on_drop: false }`
[INFO] running `Command { std: "docker" "inspect" "f0e21d2b6b8c18b3dbf2356338c78446f5d4eb261527c3b21ab415fe5fdcf3c8", kill_on_drop: false }`
[INFO] running `Command { std: "docker" "exec" "-e" "SOURCE_DIR=/opt/rustwide/workdir" "-e" "CARGO_HOME=/opt/rustwide/cargo-home" "-e" "RUSTUP_HOME=/opt/rustwide/rustup-home" "-e" "CARGO_TARGET_DIR=/opt/rustwide/target" "-w" "/opt/rustwide/workdir" "--user" "0:0" "f0e21d2b6b8c18b3dbf2356338c78446f5d4eb261527c3b21ab415fe5fdcf3c8" "/opt/rustwide/cargo-home/bin/cargo" "+1.100.0-beta.1" "metadata" "--no-deps" "--format-version=1", kill_on_drop: false }`
[INFO] running `Command { std: "docker" "inspect" "f0e21d2b6b8c18b3dbf2356338c78446f5d4eb261527c3b21ab415fe5fdcf3c8", kill_on_drop: false }`
[INFO] running `Command { std: "docker" "exec" "-e" "SOURCE_DIR=/opt/rustwide/workdir" "-e" "CARGO_HOME=/opt/rustwide/cargo-home" "-e" "RUSTUP_HOME=/opt/rustwide/rustup-home" "-e" "CARGO_TARGET_DIR=/opt/rustwide/target" "-e" "CARGO_INCREMENTAL=0" "-e" "RUST_BACKTRACE=full" "-e" "RUSTFLAGS=--cap-lints=warn" "-e" "RUSTDOCFLAGS=--cap-lints=warn" "-w" "/opt/rustwide/workdir" "--user" "0:0" "f0e21d2b6b8c18b3dbf2356338c78446f5d4eb261527c3b21ab415fe5fdcf3c8" "/opt/rustwide/cargo-home/bin/cargo" "+1.100.0-beta.1" "doc" "--frozen" "--no-deps" "--document-private-items" "--message-format=json", kill_on_drop: false }`
[INFO] [stderr]    Compiling libc v0.2.58
[INFO] [stderr]    Compiling autocfg v0.1.4
[INFO] [stderr]     Checking cfg-if v0.1.9
[INFO] [stderr]    Compiling byteorder v1.3.2
[INFO] [stderr]     Checking lazy_static v1.3.0
[INFO] [stderr]     Checking rand_core v0.4.0
[INFO] [stderr]     Checking either v1.5.2
[INFO] [stderr]     Checking futures v0.1.27
[INFO] [stderr]     Checking log v0.4.6
[INFO] [stderr]    Compiling version_check v0.1.5
[INFO] [stderr]     Checking crossbeam-utils v0.6.5
[INFO] [stderr]     Checking rand_core v0.3.1
[INFO] [stderr]     Checking smallvec v0.6.10
[INFO] [stderr]     Checking fnv v1.0.6
[INFO] [stderr]    Compiling rand_pcg v0.1.2
[INFO] [stderr]    Compiling rand_chacha v0.1.1
[INFO] [stderr]    Compiling rand v0.6.5
[INFO] [stderr]     Checking rand_isaac v0.1.1
[INFO] [stderr]     Checking rand_xorshift v0.1.1
[INFO] [stderr]     Checking rand_hc v0.1.0
[INFO] [stderr]     Checking rand_jitter v0.1.4
[INFO] [stderr]    Compiling unicase v1.4.2
[INFO] [stderr]    Compiling parking_lot_core v0.4.0
[INFO] [stderr]     Checking stable_deref_trait v1.1.1
[INFO] [stderr]     Checking itoa v0.4.4
[INFO] [stderr]    Compiling typenum v1.10.0
[INFO] [stderr]    Compiling arrayvec v0.4.10
[INFO] [stderr]     Checking owning_ref v0.4.0
[INFO] [stderr]     Checking nodrop v0.1.13
[INFO] [stderr]     Checking lock_api v0.1.5
[INFO] [stderr]     Checking iovec v0.1.2
[INFO] [stderr]     Checking rand_os v0.1.3
[INFO] [stderr]     Checking num_cpus v1.10.1
[INFO] [stderr]     Checking net2 v0.2.33
[INFO] [stderr]     Checking bytes v0.4.12
[INFO] [stderr]     Checking mio v0.6.19
[INFO] [stderr]     Checking http v0.1.17
[INFO] [stderr]     Checking crossbeam-epoch v0.7.1
[INFO] [stderr]    Compiling phf_shared v0.7.24
[INFO] [stderr]    Compiling unicase v2.4.0
[INFO] [stderr]    Compiling memchr v2.2.0
[INFO] [stderr]     Checking tokio-executor v0.1.7
[INFO] [stderr]     Checking tokio-io v0.1.12
[INFO] [stderr]     Checking tokio-sync v0.1.6
[INFO] [stderr]     Checking generic-array v0.12.3
[INFO] [stderr]     Checking byte-tools v0.3.1
[INFO] [stderr]     Checking block-padding v0.1.4
[INFO] [stderr]     Checking crossbeam-deque v0.7.1
[INFO] [stderr]     Checking time v0.1.42
[INFO] [stderr]     Checking parking_lot v0.7.1
[INFO] [stderr]     Checking crossbeam-queue v0.1.2
[INFO] [stderr]     Checking unicode-normalization v0.1.8
[INFO] [stderr]    Compiling num-traits v0.2.8
[INFO] [stderr]    Compiling serde v1.0.93
[INFO] [stderr]     Checking tokio-codec v0.1.1
[INFO] [stderr]    Compiling syn v0.15.38
[INFO] [stderr]    Compiling httparse v1.3.3
[INFO] [stderr]     Checking tokio-threadpool v0.1.14
[INFO] [stderr]     Checking tokio-reactor v0.1.9
[INFO] [stderr]     Checking block-buffer v0.7.3
[INFO] [stderr]     Checking digest v0.8.0
[INFO] [stderr]    Compiling quote v0.6.12
[INFO] [stderr]     Checking mio-uds v0.6.7
[INFO] [stderr]    Compiling num-integer v0.1.41
[INFO] [stderr]     Checking opaque-debug v0.2.2
[INFO] [stderr]    Compiling ryu v0.2.8
[INFO] [stderr]     Checking ucd-util v0.1.3
[INFO] [stderr]     Checking fake-simd v0.1.2
[INFO] [stderr]    Compiling bitflags v1.1.0
[INFO] [stderr]    Compiling regex v1.1.7
[INFO] [stderr]     Checking aho-corasick v0.7.3
[INFO] [stderr]     Checking tokio-fs v0.1.6
[INFO] [stderr]     Checking sha-1 v0.8.1
[INFO] [stderr]     Checking regex-syntax v0.6.7
[INFO] [stderr]     Checking tokio-uds v0.2.5
[INFO] [stderr]     Checking mime v0.3.13
[INFO] [stderr]     Checking tokio-udp v0.1.3
[INFO] [stderr]     Checking tokio-tcp v0.1.3
[INFO] [stderr]    Compiling phf_generator v0.7.24
[INFO] [stderr]    Compiling phf_codegen v0.7.24
[INFO] [stderr]     Checking tokio-current-thread v0.1.6
[INFO] [stderr]    Compiling mime_guess v2.0.0-alpha.6
[INFO] [stderr]     Checking idna v0.1.5
[INFO] [stderr]     Checking tokio-timer v0.2.11
[INFO] [stderr]     Checking tokio-buf v0.1.1
[INFO] [stderr]     Checking string v0.2.0
[INFO] [stderr]     Checking base64 v0.10.1
[INFO] [stderr]     Checking thread_local v0.3.6
[INFO] [stderr]     Checking url v1.7.2
[INFO] [stderr]     Checking tokio-trace-core v0.2.0
[INFO] [stderr]     Checking utf8-ranges v1.0.3
[INFO] [stderr]     Checking try-lock v0.2.2
[INFO] [stderr]     Checking quick-error v1.2.2
[INFO] [stderr]     Checking indexmap v1.0.2
[INFO] [stderr]     Checking humantime v1.2.0
[INFO] [stderr]     Checking want v0.0.6
[INFO] [stderr]     Checking tokio v0.1.21
[INFO] [stderr]     Checking http-body v0.1.0
[INFO] [stderr]     Checking headers-core v0.1.1
[INFO] [stderr]     Checking phf v0.7.24
[INFO] [stderr]     Checking futures-cpupool v0.1.8
[INFO] [stderr]     Checking input_buffer v0.2.0
[INFO] [stderr]     Checking atty v0.2.11
[INFO] [stderr]     Checking h2 v0.1.24
[INFO] [stderr]     Checking dtoa v0.4.4
[INFO] [stderr]     Checking termcolor v1.0.5
[INFO] [stderr]     Checking tungstenite v0.8.1
[INFO] [stderr]     Checking chrono v0.4.7
[INFO] [stderr]     Checking urlencoding v1.0.0
[INFO] [stderr]     Checking scoped-tls v1.0.0
[INFO] [stderr]    Compiling headers-derive v0.1.0
[INFO] [stderr]     Checking env_logger v0.6.1
[INFO] [stderr]     Checking pretty_env_logger v0.3.0
[INFO] [stderr]     Checking headers v0.2.1
[INFO] [stderr]     Checking hyper v0.12.30
[INFO] [stderr]     Checking serde_json v1.0.39
[INFO] [stderr]     Checking serde_urlencoded v0.5.5
[INFO] [stderr]     Checking warp v0.1.16
[INFO] [stdout] error[E0277]: the trait bound `!: From<()>` is not satisfied
[INFO] [stdout]     --> /opt/rustwide/cargo-home/registry/src/index.crates.io-1949cf8c6b5b557f/warp-0.1.16/src/test.rs:493:30
[INFO] [stdout]      |
[INFO] [stdout]  493 |                     .forward(tx.sink_map_err(|_| ()))
[INFO] [stdout]      |                      ------- ^^^^^^^^^^^^^^^^^^^^^^^ the trait `From<()>` is not implemented for `!`
[INFO] [stdout]      |                      |
[INFO] [stdout]      |                      required by a bound introduced by this call
[INFO] [stdout]      |
[INFO] [stdout]      = note: this error might have been caused by changes to Rust's type-inference algorithm (see issue #148922 <https://github.com/rust-lang/rust/issues/148922> for more information)
[INFO] [stdout]      = help: you might have intended to use the type `()` here instead
[INFO] [stdout] note: the method call chain might not have had the expected associated types
[INFO] [stdout]     --> /opt/rustwide/cargo-home/registry/src/index.crates.io-1949cf8c6b5b557f/warp-0.1.16/src/test.rs:493:33
[INFO] [stdout]      |
[INFO] [stdout]  493 |                     .forward(tx.sink_map_err(|_| ()))
[INFO] [stdout]      |                              -- ^^^^^^^^^^^^^^^^^^^^ `Sink::SinkError` is `()` here
[INFO] [stdout]      |                              |
[INFO] [stdout]      |                              this expression has type `SplitSink<WebSocket>`
[INFO] [stdout] note: required by a bound in `futures::Stream::forward`
[INFO] [stdout]     --> /opt/rustwide/cargo-home/registry/src/index.crates.io-1949cf8c6b5b557f/futures-0.1.27/src/stream/mod.rs:1067:28
[INFO] [stdout]      |
[INFO] [stdout]  183 | pub trait Stream {
[INFO] [stdout] ...
[INFO] [stdout] 1065 |     fn forward<S>(self, sink: S) -> Forward<Self, S>
[INFO] [stdout] 1066 |         where S: Sink<SinkItem = Self::Item>,
[INFO] [stdout] 1067 |               Self::Error: From<S::SinkError>,
[INFO] [stdout]      |                            ^^^^^^^^^^^^^^^^^^ required by this bound in `Stream::forward`
[INFO] [stdout] 
[INFO] [stdout] 
[INFO] [stdout] error[E0277]: the trait bound `!: From<()>` is not satisfied
[INFO] [stdout]    --> /opt/rustwide/cargo-home/registry/src/index.crates.io-1949cf8c6b5b557f/warp-0.1.16/src/test.rs:489:29
[INFO] [stdout]     |
[INFO] [stdout] 489 |                   let write = wr_rx
[INFO] [stdout]     |  _____________________________^
[INFO] [stdout] 490 | |                     .map_err(|()| {
[INFO] [stdout] 491 | |                         unreachable!("mpsc::Receiver doesn't error");
[INFO] [stdout] 492 | |                     })
[INFO] [stdout] 493 | |                     .forward(tx.sink_map_err(|_| ()))
[INFO] [stdout] 494 | |                     .map(|_| ());
[INFO] [stdout]     | |________________________________^ the trait `From<()>` is not implemented for `!`
[INFO] [stdout]     |
[INFO] [stdout] help: the trait `futures::Future` is conditionally implemented for `Forward<T, U>`
[INFO] [stdout]    --> /opt/rustwide/cargo-home/registry/src/index.crates.io-1949cf8c6b5b557f/futures-0.1.27/src/stream/forward.rs:78:1
[INFO] [stdout]     |
[INFO] [stdout]  78 | / impl<T, U> Future for Forward<T, U>
[INFO] [stdout]  79 | |     where U: Sink<SinkItem=T::Item>,
[INFO] [stdout]  80 | |           T: Stream,
[INFO] [stdout]  81 | |           T::Error: From<U::SinkError>,
[INFO] [stdout]     | |_____________________------------------^
[INFO] [stdout]     |                       |
[INFO] [stdout]     |                       unsatisfied requirement introduced here: `<MapErr<_, {closure@...}> as Stream>::Error: From<_>`
[INFO] [stdout]     = note: this error might have been caused by changes to Rust's type-inference algorithm (see issue #148922 <https://github.com/rust-lang/rust/issues/148922> for more information)
[INFO] [stdout]     = help: you might have intended to use the type `()` here instead
[INFO] [stdout]     = note: required for `Forward<MapErr<UnboundedReceiver<Message>, {closure@...}>, _>` to implement `futures::Future`
[INFO] [stdout]     = note: the full name for the type has been written to '/opt/rustwide/target/debug/build/warp/2f97b4bf6af7c99b/out/warp-2f97b4bf6af7c99b.long-type-18007389710990353993.txt'
[INFO] [stdout]     = note: consider using `--verbose` to print the full type name to the console
[INFO] [stdout] 
[INFO] [stdout] 
[INFO] [stdout] error[E0277]: the trait bound `!: From<()>` is not satisfied
[INFO] [stdout]    --> /opt/rustwide/cargo-home/registry/src/index.crates.io-1949cf8c6b5b557f/warp-0.1.16/src/test.rs:494:22
[INFO] [stdout]     |
[INFO] [stdout] 494 |                     .map(|_| ());
[INFO] [stdout]     |                      ^^^ the trait `From<()>` is not implemented for `!`
[INFO] [stdout]     |
[INFO] [stdout] help: the trait `futures::Future` is conditionally implemented for `Forward<T, U>`
[INFO] [stdout]    --> /opt/rustwide/cargo-home/registry/src/index.crates.io-1949cf8c6b5b557f/futures-0.1.27/src/stream/forward.rs:78:1
[INFO] [stdout]     |
[INFO] [stdout]  78 | / impl<T, U> Future for Forward<T, U>
[INFO] [stdout]  79 | |     where U: Sink<SinkItem=T::Item>,
[INFO] [stdout]  80 | |           T: Stream,
[INFO] [stdout]  81 | |           T::Error: From<U::SinkError>,
[INFO] [stdout]     | |_____________________------------------^
[INFO] [stdout]     |                       |
[INFO] [stdout]     |                       unsatisfied requirement introduced here: `<MapErr<_, {closure@...}> as Stream>::Error: From<_>`
[INFO] [stdout]     = note: this error might have been caused by changes to Rust's type-inference algorithm (see issue #148922 <https://github.com/rust-lang/rust/issues/148922> for more information)
[INFO] [stdout]     = help: you might have intended to use the type `()` here instead
[INFO] [stdout]     = note: required for `Forward<MapErr<UnboundedReceiver<Message>, {closure@...}>, _>` to implement `futures::Future`
[INFO] [stdout]     = note: the full name for the type has been written to '/opt/rustwide/target/debug/build/warp/2f97b4bf6af7c99b/out/warp-2f97b4bf6af7c99b.long-type-18007389710990353993.txt'
[INFO] [stdout]     = note: consider using `--verbose` to print the full type name to the console
[INFO] [stdout] 
[INFO] [stdout] 
[INFO] [stdout] error[E0277]: the trait bound `!: From<()>` is not satisfied
[INFO] [stdout]     --> /opt/rustwide/cargo-home/registry/src/index.crates.io-1949cf8c6b5b557f/warp-0.1.16/src/test.rs:501:30
[INFO] [stdout]      |
[INFO] [stdout]  501 |                     .forward(rd_tx.sink_map_err(|_| ()))
[INFO] [stdout]      |                      ------- ^^^^^^^^^^^^^^^^^^^^^^^^^^ the trait `From<()>` is not implemented for `!`
[INFO] [stdout]      |                      |
[INFO] [stdout]      |                      required by a bound introduced by this call
[INFO] [stdout]      |
[INFO] [stdout]      = note: this error might have been caused by changes to Rust's type-inference algorithm (see issue #148922 <https://github.com/rust-lang/rust/issues/148922> for more information)
[INFO] [stdout]      = help: you might have intended to use the type `()` here instead
[INFO] [stdout] note: the method call chain might not have had the expected associated types
[INFO] [stdout]     --> /opt/rustwide/cargo-home/registry/src/index.crates.io-1949cf8c6b5b557f/warp-0.1.16/src/test.rs:501:36
[INFO] [stdout]      |
[INFO] [stdout]  501 |                     .forward(rd_tx.sink_map_err(|_| ()))
[INFO] [stdout]      |                              ----- ^^^^^^^^^^^^^^^^^^^^ `Sink::SinkError` is `()` here
[INFO] [stdout]      |                              |
[INFO] [stdout]      |                              this expression has type `UnboundedSender<Result<Message, Error>>`
[INFO] [stdout] note: required by a bound in `futures::Stream::forward`
[INFO] [stdout]     --> /opt/rustwide/cargo-home/registry/src/index.crates.io-1949cf8c6b5b557f/futures-0.1.27/src/stream/mod.rs:1067:28
[INFO] [stdout]      |
[INFO] [stdout]  183 | pub trait Stream {
[INFO] [stdout] ...
[INFO] [stdout] 1065 |     fn forward<S>(self, sink: S) -> Forward<Self, S>
[INFO] [stdout] 1066 |         where S: Sink<SinkItem = Self::Item>,
[INFO] [stdout] 1067 |               Self::Error: From<S::SinkError>,
[INFO] [stdout]      |                            ^^^^^^^^^^^^^^^^^^ required by this bound in `Stream::forward`
[INFO] [stdout] 
[INFO] [stdout] 
[INFO] [stdout] error[E0277]: the trait bound `!: From<()>` is not satisfied
[INFO] [stdout]    --> /opt/rustwide/cargo-home/registry/src/index.crates.io-1949cf8c6b5b557f/warp-0.1.16/src/test.rs:496:28
[INFO] [stdout]     |
[INFO] [stdout] 496 |                   let read = rx
[INFO] [stdout]     |  ____________________________^
[INFO] [stdout] 497 | |                     .take_while(|m| {
[INFO] [stdout] 498 | |                         futures::future::ok(!m.is_close())
[INFO] [stdout] 499 | |                     })
[INFO] [stdout] 500 | |                     .then(|result| Ok(result))
[INFO] [stdout] 501 | |                     .forward(rd_tx.sink_map_err(|_| ()))
[INFO] [stdout] 502 | |                     .map(|_| ());
[INFO] [stdout]     | |________________________________^ the trait `From<()>` is not implemented for `!`
[INFO] [stdout]     |
[INFO] [stdout] help: the trait `futures::Future` is conditionally implemented for `Forward<T, U>`
[INFO] [stdout]    --> /opt/rustwide/cargo-home/registry/src/index.crates.io-1949cf8c6b5b557f/futures-0.1.27/src/stream/forward.rs:78:1
[INFO] [stdout]     |
[INFO] [stdout]  78 | / impl<T, U> Future for Forward<T, U>
[INFO] [stdout]  79 | |     where U: Sink<SinkItem=T::Item>,
[INFO] [stdout]  80 | |           T: Stream,
[INFO] [stdout]  81 | |           T::Error: From<U::SinkError>,
[INFO] [stdout]     | |_____________________------------------^
[INFO] [stdout]     |                       |
[INFO] [stdout]     |                       unsatisfied requirement introduced here: `<Then<_, {closure@...}, _> as Stream>::Error: From<_>`
[INFO] [stdout]     = note: this error might have been caused by changes to Rust's type-inference algorithm (see issue #148922 <https://github.com/rust-lang/rust/issues/148922> for more information)
[INFO] [stdout]     = help: you might have intended to use the type `()` here instead
[INFO] [stdout]     = note: required for `Forward<Then<TakeWhile<_, {closure@...}, _>, {closure@...}, _>, _>` to implement `futures::Future`
[INFO] [stdout]     = note: the full name for the type has been written to '/opt/rustwide/target/debug/build/warp/2f97b4bf6af7c99b/out/warp-2f97b4bf6af7c99b.long-type-7326609233573949746.txt'
[INFO] [stdout]     = note: consider using `--verbose` to print the full type name to the console
[INFO] [stdout] 
[INFO] [stdout] 
[INFO] [stdout] error[E0277]: the trait bound `!: From<()>` is not satisfied
[INFO] [stdout]    --> /opt/rustwide/cargo-home/registry/src/index.crates.io-1949cf8c6b5b557f/warp-0.1.16/src/test.rs:502:22
[INFO] [stdout]     |
[INFO] [stdout] 502 |                     .map(|_| ());
[INFO] [stdout]     |                      ^^^ the trait `From<()>` is not implemented for `!`
[INFO] [stdout]     |
[INFO] [stdout] help: the trait `futures::Future` is conditionally implemented for `Forward<T, U>`
[INFO] [stdout]    --> /opt/rustwide/cargo-home/registry/src/index.crates.io-1949cf8c6b5b557f/futures-0.1.27/src/stream/forward.rs:78:1
[INFO] [stdout]     |
[INFO] [stdout]  78 | / impl<T, U> Future for Forward<T, U>
[INFO] [stdout]  79 | |     where U: Sink<SinkItem=T::Item>,
[INFO] [stdout]  80 | |           T: Stream,
[INFO] [stdout]  81 | |           T::Error: From<U::SinkError>,
[INFO] [stdout]     | |_____________________------------------^
[INFO] [stdout]     |                       |
[INFO] [stdout]     |                       unsatisfied requirement introduced here: `<Then<_, {closure@...}, _> as Stream>::Error: From<_>`
[INFO] [stdout]     = note: this error might have been caused by changes to Rust's type-inference algorithm (see issue #148922 <https://github.com/rust-lang/rust/issues/148922> for more information)
[INFO] [stdout]     = help: you might have intended to use the type `()` here instead
[INFO] [stdout]     = note: required for `Forward<Then<TakeWhile<_, {closure@...}, _>, {closure@...}, _>, _>` to implement `futures::Future`
[INFO] [stdout]     = note: the full name for the type has been written to '/opt/rustwide/target/debug/build/warp/2f97b4bf6af7c99b/out/warp-2f97b4bf6af7c99b.long-type-7326609233573949746.txt'
[INFO] [stdout]     = note: consider using `--verbose` to print the full type name to the console
[INFO] [stdout] 
[INFO] [stdout] 
[INFO] [stdout] error[E0277]: the trait bound `!: From<()>` is not satisfied
[INFO] [stdout]    --> /opt/rustwide/cargo-home/registry/src/index.crates.io-1949cf8c6b5b557f/warp-0.1.16/src/test.rs:504:35
[INFO] [stdout]     |
[INFO] [stdout] 504 |                 rt.block_on(write.join(read)).expect("websocket forward");
[INFO] [stdout]     |                                   ^^^^ the trait `From<()>` is not implemented for `!`
[INFO] [stdout]     |
[INFO] [stdout] help: the trait `futures::Future` is conditionally implemented for `futures::future::Map<A, F>`
[INFO] [stdout]    --> /opt/rustwide/cargo-home/registry/src/index.crates.io-1949cf8c6b5b557f/futures-0.1.27/src/future/map.rs:22:1
[INFO] [stdout]     |
[INFO] [stdout]  22 | / impl<U, A, F> Future for Map<A, F>
[INFO] [stdout]  23 | |     where A: Future,
[INFO] [stdout]  24 | |           F: FnOnce(A::Item) -> U,
[INFO] [stdout]     | |_________________________________-^
[INFO] [stdout]     |                                   |
[INFO] [stdout]     |                                   unsatisfied requirement introduced here: `<{closure@test.rs:502:26} as FnOnce<(_,)>>::Output == _`
[INFO] [stdout]     = note: this error might have been caused by changes to Rust's type-inference algorithm (see issue #148922 <https://github.com/rust-lang/rust/issues/148922> for more information)
[INFO] [stdout]     = help: you might have intended to use the type `()` here instead
[INFO] [stdout]     = note: required for `Forward<Then<TakeWhile<_, {closure@...}, _>, {closure@...}, _>, _>` to implement `futures::Future`
[INFO] [stdout]     = note: 1 redundant requirement hidden
[INFO] [stdout]     = note: required for `Map<Forward<Then<_, {closure@...}, _>, _>, {closure@...}>` to implement `futures::Future`
[INFO] [stdout] note: required by a bound in `futures::future::Join`
[INFO] [stdout]    --> /opt/rustwide/cargo-home/registry/src/index.crates.io-1949cf8c6b5b557f/futures-0.1.27/src/future/join.rs:17:25
[INFO] [stdout]     |
[INFO] [stdout]  17 |                     $($B: Future<Error=A::Error>),*
[INFO] [stdout]     |                           ^^^^^^^^^^^^^^^^^^^^^^ required by this bound in `Join`
[INFO] [stdout] ...
[INFO] [stdout] 117 | / generate! {
[INFO] [stdout] 118 | |     /// Future for the `join` combinator, waiting for two futures to
[INFO] [stdout] 119 | |     /// complete.
[INFO] [stdout] 120 | |     ///
[INFO] [stdout] 121 | |     /// This is created by the `Future::join` method.
[INFO] [stdout] 122 | |     (Join, new, <A, B>),
[INFO] [stdout] ...   |
[INFO] [stdout] 140 | |     (Join5, new5, <A, B, C, D, E>),
[INFO] [stdout] 141 | | }
[INFO] [stdout]     | |_- in this macro invocation
[INFO] [stdout]     = note: the full name for the type has been written to '/opt/rustwide/target/debug/build/warp/2f97b4bf6af7c99b/out/warp-2f97b4bf6af7c99b.long-type-756433788067385351.txt'
[INFO] [stdout]     = note: consider using `--verbose` to print the full type name to the console
[INFO] [stdout]     = note: this error originates in the macro `generate` (in Nightly builds, run with -Z macro-backtrace for more info)
[INFO] [stdout] 
[INFO] [stdout] 
[INFO] [stdout] For more information about this error, try `rustc --explain E0277`.
[INFO] [stdout] 
[INFO] [stderr] error: could not compile `warp` (lib) due to 7 previous errors; 5 warnings emitted
[INFO] running `Command { std: "docker" "inspect" "f0e21d2b6b8c18b3dbf2356338c78446f5d4eb261527c3b21ab415fe5fdcf3c8", kill_on_drop: false }`
[INFO] running `Command { std: "docker" "rm" "-f" "f0e21d2b6b8c18b3dbf2356338c78446f5d4eb261527c3b21ab415fe5fdcf3c8", kill_on_drop: false }`
[INFO] [stdout] f0e21d2b6b8c18b3dbf2356338c78446f5d4eb261527c3b21ab415fe5fdcf3c8
