[INFO] cloning repository https://github.com/lijiachang/spot_future_arbitrage
[INFO] running `Command { std: "git" "-c" "credential.helper=" "-c" "credential.helper=/workspace/cargo-home/bin/git-credential-null" "clone" "--bare" "https://github.com/lijiachang/spot_future_arbitrage" "/workspace/cache/git-repos/https%3A%2F%2Fgithub.com%2Flijiachang%2Fspot_future_arbitrage", kill_on_drop: false }`
[INFO] [stderr] Cloning into bare repository '/workspace/cache/git-repos/https%3A%2F%2Fgithub.com%2Flijiachang%2Fspot_future_arbitrage'...
[INFO] running `Command { std: "git" "rev-parse" "HEAD", kill_on_drop: false }`
[INFO] [stdout] 2ae789a0590f4aceeb5f08e3b235b7a30395a608
[INFO] documenting lijiachang/spot_future_arbitrage against 1.100.0-beta.1 for beta-rustdoc-1.100
[INFO] running `Command { std: "git" "clone" "/workspace/cache/git-repos/https%3A%2F%2Fgithub.com%2Flijiachang%2Fspot_future_arbitrage" "/workspace/builds/worker-0-tc2/source", kill_on_drop: false }`
[INFO] [stderr] Cloning into '/workspace/builds/worker-0-tc2/source'...
[INFO] [stderr] done.
[INFO] started tweaking git repo https://github.com/lijiachang/spot_future_arbitrage
[INFO] finished tweaking git repo https://github.com/lijiachang/spot_future_arbitrage
[INFO] tweaked toml for git repo https://github.com/lijiachang/spot_future_arbitrage written to /workspace/builds/worker-0-tc2/source/Cargo.toml
[INFO] validating manifest of git repo https://github.com/lijiachang/spot_future_arbitrage on toolchain 1.100.0-beta.1
[INFO] running `Command { std: CARGO_HOME="/workspace/cargo-home" RUSTUP_HOME="/workspace/rustup-home" "/workspace/cargo-home/bin/cargo" "+1.100.0-beta.1" "metadata" "--manifest-path" "Cargo.toml" "--no-deps", kill_on_drop: false }`
[INFO] crate git repo https://github.com/lijiachang/spot_future_arbitrage already has a lockfile, it will not be regenerated
[INFO] running `Command { std: CARGO_HOME="/workspace/cargo-home" RUSTUP_HOME="/workspace/rustup-home" "/workspace/cargo-home/bin/cargo" "+1.100.0-beta.1" "fetch" "--manifest-path" "Cargo.toml", kill_on_drop: false }`
[INFO] running `Command { std: "docker" "create" "-v" "/var/lib/crater-agent-workspace/builds/worker-0-tc2/source:/opt/rustwide/workdir:ro,Z" "-v" "/var/lib/crater-agent-workspace/builds/worker-0-tc2/target:/opt/rustwide/target:rw,Z" "-v" "/var/lib/crater-agent-workspace/cargo-home:/opt/rustwide/cargo-home:ro,Z" "-v" "/var/lib/crater-agent-workspace/rustup-home:/opt/rustwide/rustup-home:ro,Z" "-m" "1610612736" "--network" "none" "ghcr.io/rust-lang/crates-build-env/linux@sha256:3111399a4047eeb3a02b7a90e478d715f38a8c6669b5c4b49d30a17385265909" "sleep" "infinity", kill_on_drop: false }`
[INFO] [stdout] 9c1cab480fef9c67c24e9531f6b97fb4af8849dbfe84e2cc1be5ac3de318927b
[INFO] running `Command { std: "docker" "start" "9c1cab480fef9c67c24e9531f6b97fb4af8849dbfe84e2cc1be5ac3de318927b", kill_on_drop: false }`
[INFO] running `Command { std: "docker" "inspect" "9c1cab480fef9c67c24e9531f6b97fb4af8849dbfe84e2cc1be5ac3de318927b", kill_on_drop: false }`
[INFO] running `Command { std: "docker" "exec" "-e" "SOURCE_DIR=/opt/rustwide/workdir" "-e" "CARGO_HOME=/opt/rustwide/cargo-home" "-e" "RUSTUP_HOME=/opt/rustwide/rustup-home" "-e" "CARGO_TARGET_DIR=/opt/rustwide/target" "-w" "/opt/rustwide/workdir" "--user" "0:0" "9c1cab480fef9c67c24e9531f6b97fb4af8849dbfe84e2cc1be5ac3de318927b" "/opt/rustwide/cargo-home/bin/cargo" "+1.100.0-beta.1" "metadata" "--no-deps" "--format-version=1", kill_on_drop: false }`
[INFO] running `Command { std: "docker" "inspect" "9c1cab480fef9c67c24e9531f6b97fb4af8849dbfe84e2cc1be5ac3de318927b", kill_on_drop: false }`
[INFO] running `Command { std: "docker" "exec" "-e" "SOURCE_DIR=/opt/rustwide/workdir" "-e" "CARGO_HOME=/opt/rustwide/cargo-home" "-e" "RUSTUP_HOME=/opt/rustwide/rustup-home" "-e" "CARGO_TARGET_DIR=/opt/rustwide/target" "-e" "CARGO_INCREMENTAL=0" "-e" "RUST_BACKTRACE=full" "-e" "RUSTFLAGS=--cap-lints=warn" "-e" "RUSTDOCFLAGS=--cap-lints=warn" "-w" "/opt/rustwide/workdir" "--user" "0:0" "9c1cab480fef9c67c24e9531f6b97fb4af8849dbfe84e2cc1be5ac3de318927b" "/opt/rustwide/cargo-home/bin/cargo" "+1.100.0-beta.1" "doc" "--frozen" "--no-deps" "--document-private-items" "--message-format=json", kill_on_drop: false }`
[INFO] [stderr]    Compiling libc v0.2.154
[INFO] [stderr]    Compiling proc-macro2 v1.0.81
[INFO] [stderr]    Compiling serde v1.0.200
[INFO] [stderr]    Compiling cc v1.0.96
[INFO] [stderr]     Checking smallvec v1.13.2
[INFO] [stderr]     Checking memchr v2.7.2
[INFO] [stderr]    Compiling lock_api v0.4.12
[INFO] [stderr]    Compiling num-traits v0.2.18
[INFO] [stderr]    Compiling slab v0.4.9
[INFO] [stderr]    Compiling const-oid v0.9.6
[INFO] [stderr]     Checking futures-channel v0.3.30
[INFO] [stderr]    Compiling generic-array v0.14.7
[INFO] [stderr]    Compiling thiserror v1.0.59
[INFO] [stderr]     Checking futures-task v0.3.30
[INFO] [stderr]     Checking digest v0.10.7
[INFO] [stderr]    Compiling libm v0.2.8
[INFO] [stderr]    Compiling crossbeam-utils v0.8.19
[INFO] [stderr]    Compiling serde_json v1.0.116
[INFO] [stderr]    Compiling rustls v0.21.12
[INFO] [stderr]    Compiling zeroize v1.7.0
[INFO] [stderr]    Compiling num-bigint-dig v0.8.4
[INFO] [stderr]    Compiling base64ct v1.6.0
[INFO] [stderr]     Checking http v1.1.0
[INFO] [stderr]     Checking idna v0.5.0
[INFO] [stderr]     Checking allocator-api2 v0.2.18
[INFO] [stderr]    Compiling openssl v0.10.64
[INFO] [stderr]    Compiling spin v0.9.8
[INFO] [stderr]    Compiling pin-project-lite v0.2.14
[INFO] [stderr]    Compiling zerocopy v0.7.32
[INFO] [stderr]    Compiling futures-core v0.3.30
[INFO] [stderr]    Compiling unicode-normalization v0.1.23
[INFO] [stderr]    Compiling pem-rfc7468 v0.7.0
[INFO] [stderr]    Compiling block-buffer v0.10.4
[INFO] [stderr]    Compiling crypto-common v0.1.6
[INFO] [stderr]     Checking url v2.5.0
[INFO] [stderr]    Compiling getrandom v0.2.14
[INFO] [stderr]    Compiling quote v1.0.36
[INFO] [stderr]    Compiling der v0.7.9
[INFO] [stderr]    Compiling unicode-bidi v0.3.15
[INFO] [stderr]    Compiling rand_core v0.6.4
[INFO] [stderr]    Compiling ahash v0.8.11
[INFO] [stderr]    Compiling native-tls v0.2.11
[INFO] [stderr]     Checking parking_lot_core v0.9.10
[INFO] [stderr]    Compiling syn v2.0.60
[INFO] [stderr]     Checking socket2 v0.5.7
[INFO] [stderr]     Checking mio v0.8.11
[INFO] [stderr]     Checking signal-hook-registry v1.4.2
[INFO] [stderr]     Checking num_cpus v1.16.0
[INFO] [stderr]     Checking parking_lot v0.12.2
[INFO] [stderr]    Compiling hashbrown v0.14.5
[INFO] [stderr]    Compiling rand_chacha v0.3.1
[INFO] [stderr]     Checking rand v0.8.5
[INFO] [stderr]    Compiling bytes v1.6.0
[INFO] [stderr]    Compiling rust_decimal v1.35.0
[INFO] [stderr]    Compiling futures-sink v0.3.30
[INFO] [stderr]     Checking http-body v1.0.0
[INFO] [stderr]    Compiling form_urlencoded v1.2.1
[INFO] [stderr]    Compiling nom v7.1.3
[INFO] [stderr]    Compiling lazy_static v1.4.0
[INFO] [stderr]    Compiling tokio v1.37.0
[INFO] [stderr]    Compiling num-integer v0.1.46
[INFO] [stderr]    Compiling spki v0.7.3
[INFO] [stderr]    Compiling ring v0.17.8
[INFO] [stderr]    Compiling openssl-sys v0.9.102
[INFO] [stderr]    Compiling pkcs8 v0.10.2
[INFO] [stderr]    Compiling tracing-core v0.1.32
[INFO] [stderr]    Compiling arrayvec v0.7.4
[INFO] [stderr]    Compiling num-iter v0.1.44
[INFO] [stderr]    Compiling rustix v0.38.34
[INFO] [stderr]    Compiling futures-io v0.3.30
[INFO] [stderr]    Compiling base64 v0.21.7
[INFO] [stderr]    Compiling ryu v1.0.17
[INFO] [stderr]    Compiling crossbeam-queue v0.3.11
[INFO] [stderr]    Compiling rustls-pemfile v1.0.4
[INFO] [stderr]     Checking indexmap v2.2.6
[INFO] [stderr]    Compiling pkcs1 v0.7.5
[INFO] [stderr]    Compiling futures-util v0.3.30
[INFO] [stderr]    Compiling hashlink v0.8.4
[INFO] [stderr]    Compiling futures-intrusive v0.5.0
[INFO] [stderr]    Compiling atoi v2.0.0
[INFO] [stderr]    Compiling sha2 v0.10.8
[INFO] [stderr]    Compiling signature v2.2.0
[INFO] [stderr]    Compiling hmac v0.12.1
[INFO] [stderr]     Checking sha1 v0.10.6
[INFO] [stderr]    Compiling finl_unicode v1.2.0
[INFO] [stderr]    Compiling webpki-roots v0.25.4
[INFO] [stderr]    Compiling linux-raw-sys v0.4.13
[INFO] [stderr]    Compiling hkdf v0.12.4
[INFO] [stderr]    Compiling md-5 v0.10.6
[INFO] [stderr]     Checking aho-corasick v1.1.3
[INFO] [stderr]    Compiling whoami v1.5.1
[INFO] [stderr]    Compiling fastrand v2.1.0
[INFO] [stderr]    Compiling heck v0.4.1
[INFO] [stderr]    Compiling syn v1.0.109
[INFO] [stderr]     Checking http-body-util v0.1.1
[INFO] [stderr]    Compiling stringprep v0.1.4
[INFO] [stderr]    Compiling rsa v0.9.6
[INFO] [stderr]     Checking data-encoding v2.6.0
[INFO] [stderr]     Checking rustls-pki-types v1.5.0
[INFO] [stderr]     Checking iana-time-zone v0.1.60
[INFO] [stderr]     Checking winnow v0.6.7
[INFO] [stderr]     Checking ipnet v2.9.0
[INFO] [stderr]     Checking anstream v0.6.13
[INFO] [stderr]     Checking rustls-pemfile v2.1.2
[INFO] [stderr]    Compiling anyhow v1.0.82
[INFO] [stderr]     Checking sha1_smol v1.0.0
[INFO] [stderr]     Checking boolinator v2.4.0
[INFO] [stderr]     Checking dashmap v5.5.3
[INFO] [stderr]     Checking regex-automata v0.4.6
[INFO] [stderr]    Compiling serde_derive v1.0.200
[INFO] [stderr]    Compiling tracing-attributes v0.1.27
[INFO] [stderr]    Compiling tokio-macros v2.2.0
[INFO] [stderr]    Compiling futures-macro v0.3.30
[INFO] [stderr]    Compiling thiserror-impl v1.0.59
[INFO] [stderr]    Compiling openssl-macros v0.1.1
[INFO] [stderr]    Compiling pin-project-internal v1.1.5
[INFO] [stderr]    Compiling async-trait v0.1.80
[INFO] [stderr]    Compiling serde_repr v0.1.19
[INFO] [stderr]     Checking regex v1.10.4
[INFO] [stderr]     Checking env_filter v0.1.0
[INFO] [stderr]    Compiling rustls-webpki v0.101.7
[INFO] [stderr]    Compiling sct v0.7.1
[INFO] [stderr]     Checking env_logger v0.11.3
[INFO] [stderr]     Checking pin-project v1.1.5
[INFO] [stderr]     Checking tracing v0.1.40
[INFO] [stderr]    Compiling tokio-stream v0.1.15
[INFO] [stderr]     Checking futures-executor v0.3.30
[INFO] [stderr]     Checking futures v0.3.30
[INFO] [stderr]     Checking bitflags v2.5.0
[INFO] [stderr]     Checking either v1.11.0
[INFO] [stderr]     Checking toml_datetime v0.6.5
[INFO] [stderr]     Checking serde_spanned v0.6.5
[INFO] [stderr]     Checking serde_urlencoded v0.7.1
[INFO] [stderr]     Checking serde_qs v0.13.0
[INFO] [stderr]     Checking chrono v0.4.38
[INFO] [stderr]     Checking toml_edit v0.22.12
[INFO] [stderr]     Checking itertools v0.12.1
[INFO] [stderr]     Checking hyper v1.3.1
[INFO] [stderr]     Checking tower v0.4.13
[INFO] [stderr]     Checking tokio-util v0.7.10
[INFO] [stderr]     Checking hyper-util v0.1.3
[INFO] [stderr]     Checking combine v4.6.7
[INFO] [stderr]     Checking sqlformat v0.2.3
[INFO] [stderr]     Checking toml v0.8.12
[INFO] [stderr]    Compiling tempfile v3.10.1
[INFO] [stderr]     Checking tokio-native-tls v0.3.1
[INFO] [stderr]     Checking tungstenite v0.21.0
[INFO] [stderr]     Checking hyper-tls v0.6.0
[INFO] [stderr]     Checking reqwest v0.12.4
[INFO] [stderr]     Checking tokio-tungstenite v0.21.0
[INFO] [stderr]     Checking binance-rs-async v1.3.3 (https://github.com/lijiachang/binance-rs-async-ext.git#191819bb)
[INFO] [stderr]     Checking sqlx-core v0.7.4
[INFO] [stderr]     Checking redis v0.25.3
[INFO] [stdout] error[E0277]: the trait bound `!: FromRedisValue` is not satisfied
[INFO] [stdout]    --> /opt/rustwide/cargo-home/registry/src/index.crates.io-1949cf8c6b5b557f/redis-0.25.3/src/script.rs:176:37
[INFO] [stdout]     |
[INFO] [stdout] 176 |                     self.load_cmd().query_async(con).await?;
[INFO] [stdout]     |                                     ^^^^^^^^^^^ the trait `FromRedisValue` is not implemented for `!`
[INFO] [stdout]     |
[INFO] [stdout]     = help: the following other types implement trait `FromRedisValue`:
[INFO] [stdout]               ()
[INFO] [stdout]               (T12,)
[INFO] [stdout]               (T11, T12)
[INFO] [stdout]               (T10, T11, T12)
[INFO] [stdout]               (T9, T10, T11, T12)
[INFO] [stdout]               (T8, T9, T10, T11, T12)
[INFO] [stdout]               (T7, T8, T9, T10, T11, T12)
[INFO] [stdout]               (T6, T7, T8, T9, T10, T11, T12)
[INFO] [stdout]             and 45 others
[INFO] [stdout]     = note: this error might have been caused by changes to Rust's type-inference algorithm (see issue #148922 <https://github.com/rust-lang/rust/issues/148922> for more information)
[INFO] [stdout]     = help: you might have intended to use the type `()` here instead
[INFO] [stdout] note: required by a bound in `Cmd::query_async`
[INFO] [stdout]    --> /opt/rustwide/cargo-home/registry/src/index.crates.io-1949cf8c6b5b557f/redis-0.25.3/src/cmd.rs:430:36
[INFO] [stdout]     |
[INFO] [stdout] 314 | impl Cmd {
[INFO] [stdout] ...
[INFO] [stdout] 430 |     pub async fn query_async<C, T: FromRedisValue>(&self, con: &mut C) -> RedisResult<T>
[INFO] [stdout]     |                                    ^^^^^^^^^^^^^^ required by this bound in `Cmd::query_async`
[INFO] [stdout] 
[INFO] [stdout] 
[INFO] [stdout] error[E0277]: the trait bound `!: FromRedisValue` is not satisfied
[INFO] [stdout]    --> /opt/rustwide/cargo-home/registry/src/index.crates.io-1949cf8c6b5b557f/redis-0.25.3/src/script.rs:150:37
[INFO] [stdout]     |
[INFO] [stdout] 150 |                     self.load_cmd().query(con)?;
[INFO] [stdout]     |                                     ^^^^^ the trait `FromRedisValue` is not implemented for `!`
[INFO] [stdout]     |
[INFO] [stdout]     = help: the following other types implement trait `FromRedisValue`:
[INFO] [stdout]               ()
[INFO] [stdout]               (T12,)
[INFO] [stdout]               (T11, T12)
[INFO] [stdout]               (T10, T11, T12)
[INFO] [stdout]               (T9, T10, T11, T12)
[INFO] [stdout]               (T8, T9, T10, T11, T12)
[INFO] [stdout]               (T7, T8, T9, T10, T11, T12)
[INFO] [stdout]               (T6, T7, T8, T9, T10, T11, T12)
[INFO] [stdout]             and 45 others
[INFO] [stdout]     = note: this error might have been caused by changes to Rust's type-inference algorithm (see issue #148922 <https://github.com/rust-lang/rust/issues/148922> for more information)
[INFO] [stdout]     = help: you might have intended to use the type `()` here instead
[INFO] [stdout] note: required by a bound in `Cmd::query`
[INFO] [stdout]    --> /opt/rustwide/cargo-home/registry/src/index.crates.io-1949cf8c6b5b557f/redis-0.25.3/src/cmd.rs:420:21
[INFO] [stdout]     |
[INFO] [stdout] 314 | impl Cmd {
[INFO] [stdout] ...
[INFO] [stdout] 420 |     pub fn query<T: FromRedisValue>(&self, con: &mut dyn ConnectionLike) -> RedisResult<T> {
[INFO] [stdout]     |                     ^^^^^^^^^^^^^^ required by this bound in `Cmd::query`
[INFO] [stdout] 
[INFO] [stdout] 
[INFO] [stdout] error[E0277]: the trait bound `!: DeserializeOwned` is not satisfied
[INFO] [stdout]    --> /opt/rustwide/cargo-home/git/checkouts/binance-rs-async-ext-d46be0ed8cda5ef4/191819b/src/futures/account.rs:270:14
[INFO] [stdout]     |
[INFO] [stdout] 270 |             .post_signed_p(
[INFO] [stdout]     |              ^^^^^^^^^^^^^ the trait `for<'de> Deserialize<'de>` is not implemented for `!`
[INFO] [stdout]     |
[INFO] [stdout]     = help: the following other types implement trait `Deserialize<'de>`:
[INFO] [stdout]               &'a Path
[INFO] [stdout]               &'a RawValue
[INFO] [stdout]               &'a [u8]
[INFO] [stdout]               &'a str
[INFO] [stdout]               ()
[INFO] [stdout]               (T0, T1)
[INFO] [stdout]               (T0, T1, T2)
[INFO] [stdout]               (T0, T1, T2, T3)
[INFO] [stdout]             and 425 others
[INFO] [stdout]     = note: this error might have been caused by changes to Rust's type-inference algorithm (see issue #148922 <https://github.com/rust-lang/rust/issues/148922> for more information)
[INFO] [stdout]     = help: you might have intended to use the type `()` here instead
[INFO] [stdout]     = note: required for `!` to implement `DeserializeOwned`
[INFO] [stdout] note: required by a bound in `client::Client::post_signed_p`
[INFO] [stdout]    --> /opt/rustwide/cargo-home/git/checkouts/binance-rs-async-ext-d46be0ed8cda5ef4/191819b/src/client.rs:74:35
[INFO] [stdout]     |
[INFO] [stdout]  24 | impl Client {
[INFO] [stdout] ...
[INFO] [stdout]  74 |     pub async fn post_signed_p<T: de::DeserializeOwned, P: serde::Serialize>(
[INFO] [stdout]     |                                   ^^^^^^^^^^^^^^^^^^^^ required by this bound in `Client::post_signed_p`
[INFO] [stdout] 
[INFO] [stdout] 
[INFO] [stdout] error[E0277]: the trait bound `!: DeserializeOwned` is not satisfied
[INFO] [stdout]    --> /opt/rustwide/cargo-home/git/checkouts/binance-rs-async-ext-d46be0ed8cda5ef4/191819b/src/futures/account.rs:285:14
[INFO] [stdout]     |
[INFO] [stdout] 285 |             .delete_signed_p(
[INFO] [stdout]     |              ^^^^^^^^^^^^^^^ the trait `for<'de> Deserialize<'de>` is not implemented for `!`
[INFO] [stdout]     |
[INFO] [stdout]     = help: the following other types implement trait `Deserialize<'de>`:
[INFO] [stdout]               &'a Path
[INFO] [stdout]               &'a RawValue
[INFO] [stdout]               &'a [u8]
[INFO] [stdout]               &'a str
[INFO] [stdout]               ()
[INFO] [stdout]               (T0, T1)
[INFO] [stdout]               (T0, T1, T2)
[INFO] [stdout]               (T0, T1, T2, T3)
[INFO] [stdout]             and 425 others
[INFO] [stdout]     = note: this error might have been caused by changes to Rust's type-inference algorithm (see issue #148922 <https://github.com/rust-lang/rust/issues/148922> for more information)
[INFO] [stdout]     = help: you might have intended to use the type `()` here instead
[INFO] [stdout]     = note: required for `!` to implement `DeserializeOwned`
[INFO] [stdout] note: required by a bound in `client::Client::delete_signed_p`
[INFO] [stdout]    --> /opt/rustwide/cargo-home/git/checkouts/binance-rs-async-ext-d46be0ed8cda5ef4/191819b/src/client.rs:84:37
[INFO] [stdout]     |
[INFO] [stdout]  24 | impl Client {
[INFO] [stdout] ...
[INFO] [stdout]  84 |     pub async fn delete_signed_p<T: de::DeserializeOwned, P: serde::Serialize>(
[INFO] [stdout]     |                                     ^^^^^^^^^^^^^^^^^^^^ required by this bound in `Client::delete_signed_p`
[INFO] [stdout] 
[INFO] [stdout] 
[INFO] [stdout] error[E0277]: the trait bound `!: DeserializeOwned` is not satisfied
[INFO] [stdout]    --> /opt/rustwide/cargo-home/git/checkouts/binance-rs-async-ext-d46be0ed8cda5ef4/191819b/src/futures/general.rs:14:21
[INFO] [stdout]     |
[INFO] [stdout]  14 |         self.client.get("/fapi/v1/ping", None).await?;
[INFO] [stdout]     |                     ^^^ the trait `for<'de> Deserialize<'de>` is not implemented for `!`
[INFO] [stdout]     |
[INFO] [stdout]     = help: the following other types implement trait `Deserialize<'de>`:
[INFO] [stdout]               &'a Path
[INFO] [stdout]               &'a RawValue
[INFO] [stdout]               &'a [u8]
[INFO] [stdout]               &'a str
[INFO] [stdout]               ()
[INFO] [stdout]               (T0, T1)
[INFO] [stdout]               (T0, T1, T2)
[INFO] [stdout]               (T0, T1, T2, T3)
[INFO] [stdout]             and 425 others
[INFO] [stdout]     = note: this error might have been caused by changes to Rust's type-inference algorithm (see issue #148922 <https://github.com/rust-lang/rust/issues/148922> for more information)
[INFO] [stdout]     = help: you might have intended to use the type `()` here instead
[INFO] [stdout]     = note: required for `!` to implement `DeserializeOwned`
[INFO] [stdout] note: required by a bound in `client::Client::get`
[INFO] [stdout]    --> /opt/rustwide/cargo-home/git/checkouts/binance-rs-async-ext-d46be0ed8cda5ef4/191819b/src/client.rs:106:25
[INFO] [stdout]     |
[INFO] [stdout]  24 | impl Client {
[INFO] [stdout] ...
[INFO] [stdout] 106 |     pub async fn get<T: DeserializeOwned>(&self, endpoint: &str, request: Option<&str>) -> Result<T> {
[INFO] [stdout]     |                         ^^^^^^^^^^^^^^^^ required by this bound in `Client::get`
[INFO] [stdout] 
[INFO] [stdout] 
[INFO] [stdout] error[E0277]: the trait bound `!: DeserializeOwned` is not satisfied
[INFO] [stdout]    --> /opt/rustwide/cargo-home/git/checkouts/binance-rs-async-ext-d46be0ed8cda5ef4/191819b/src/coin_futures/account.rs:270:14
[INFO] [stdout]     |
[INFO] [stdout] 270 |             .post_signed_p(
[INFO] [stdout]     |              ^^^^^^^^^^^^^ the trait `for<'de> Deserialize<'de>` is not implemented for `!`
[INFO] [stdout]     |
[INFO] [stdout]     = help: the following other types implement trait `Deserialize<'de>`:
[INFO] [stdout]               &'a Path
[INFO] [stdout]               &'a RawValue
[INFO] [stdout]               &'a [u8]
[INFO] [stdout]               &'a str
[INFO] [stdout]               ()
[INFO] [stdout]               (T0, T1)
[INFO] [stdout]               (T0, T1, T2)
[INFO] [stdout]               (T0, T1, T2, T3)
[INFO] [stdout]             and 425 others
[INFO] [stdout]     = note: this error might have been caused by changes to Rust's type-inference algorithm (see issue #148922 <https://github.com/rust-lang/rust/issues/148922> for more information)
[INFO] [stdout]     = help: you might have intended to use the type `()` here instead
[INFO] [stdout]     = note: required for `!` to implement `DeserializeOwned`
[INFO] [stdout] note: required by a bound in `client::Client::post_signed_p`
[INFO] [stdout]    --> /opt/rustwide/cargo-home/git/checkouts/binance-rs-async-ext-d46be0ed8cda5ef4/191819b/src/client.rs:74:35
[INFO] [stdout]     |
[INFO] [stdout]  24 | impl Client {
[INFO] [stdout] ...
[INFO] [stdout]  74 |     pub async fn post_signed_p<T: de::DeserializeOwned, P: serde::Serialize>(
[INFO] [stdout]     |                                   ^^^^^^^^^^^^^^^^^^^^ required by this bound in `Client::post_signed_p`
[INFO] [stdout] 
[INFO] [stdout] 
[INFO] [stdout] error[E0277]: the trait bound `!: DeserializeOwned` is not satisfied
[INFO] [stdout]    --> /opt/rustwide/cargo-home/git/checkouts/binance-rs-async-ext-d46be0ed8cda5ef4/191819b/src/coin_futures/account.rs:285:14
[INFO] [stdout]     |
[INFO] [stdout] 285 |             .delete_signed_p(
[INFO] [stdout]     |              ^^^^^^^^^^^^^^^ the trait `for<'de> Deserialize<'de>` is not implemented for `!`
[INFO] [stdout]     |
[INFO] [stdout]     = help: the following other types implement trait `Deserialize<'de>`:
[INFO] [stdout]               &'a Path
[INFO] [stdout]               &'a RawValue
[INFO] [stdout]               &'a [u8]
[INFO] [stdout]               &'a str
[INFO] [stdout]               ()
[INFO] [stdout]               (T0, T1)
[INFO] [stdout]               (T0, T1, T2)
[INFO] [stdout]               (T0, T1, T2, T3)
[INFO] [stdout]             and 425 others
[INFO] [stdout]     = note: this error might have been caused by changes to Rust's type-inference algorithm (see issue #148922 <https://github.com/rust-lang/rust/issues/148922> for more information)
[INFO] [stdout]     = help: you might have intended to use the type `()` here instead
[INFO] [stdout]     = note: required for `!` to implement `DeserializeOwned`
[INFO] [stdout] note: required by a bound in `client::Client::delete_signed_p`
[INFO] [stdout]    --> /opt/rustwide/cargo-home/git/checkouts/binance-rs-async-ext-d46be0ed8cda5ef4/191819b/src/client.rs:84:37
[INFO] [stdout]     |
[INFO] [stdout]  24 | impl Client {
[INFO] [stdout] ...
[INFO] [stdout]  84 |     pub async fn delete_signed_p<T: de::DeserializeOwned, P: serde::Serialize>(
[INFO] [stdout]     |                                     ^^^^^^^^^^^^^^^^^^^^ required by this bound in `Client::delete_signed_p`
[INFO] [stdout] 
[INFO] [stdout] 
[INFO] [stderr]     Checking sqlx-mysql v0.7.4
[INFO] [stdout] For more information about this error, try `rustc --explain E0277`.
[INFO] [stdout] 
[INFO] [stderr] error: could not compile `redis` (lib) due to 2 previous errors; 1 warning emitted
[INFO] [stderr] warning: build failed, waiting for other jobs to finish...
[INFO] [stdout] For more information about this error, try `rustc --explain E0277`.
[INFO] [stdout] 
[INFO] [stderr] error: could not compile `binance-rs-async` (lib) due to 5 previous errors
[INFO] running `Command { std: "docker" "inspect" "9c1cab480fef9c67c24e9531f6b97fb4af8849dbfe84e2cc1be5ac3de318927b", kill_on_drop: false }`
[INFO] running `Command { std: "docker" "rm" "-f" "9c1cab480fef9c67c24e9531f6b97fb4af8849dbfe84e2cc1be5ac3de318927b", kill_on_drop: false }`
[INFO] [stdout] 9c1cab480fef9c67c24e9531f6b97fb4af8849dbfe84e2cc1be5ac3de318927b
