[INFO] cloning repository https://github.com/imeckler/signal-relay
[INFO] running `Command { std: "git" "-c" "credential.helper=" "-c" "credential.helper=/workspace/cargo-home/bin/git-credential-null" "clone" "--bare" "https://github.com/imeckler/signal-relay" "/workspace/cache/git-repos/https%3A%2F%2Fgithub.com%2Fimeckler%2Fsignal-relay", kill_on_drop: false }`
[INFO] [stderr] Cloning into bare repository '/workspace/cache/git-repos/https%3A%2F%2Fgithub.com%2Fimeckler%2Fsignal-relay'...
[INFO] running `Command { std: "git" "rev-parse" "HEAD", kill_on_drop: false }`
[INFO] [stdout] 1c6f791375113c2f07653829b7c848f575cfd651
[INFO] documenting imeckler/signal-relay against 1.100.0-beta.1 for beta-rustdoc-1.100
[INFO] running `Command { std: "git" "clone" "/workspace/cache/git-repos/https%3A%2F%2Fgithub.com%2Fimeckler%2Fsignal-relay" "/workspace/builds/worker-7-tc2/source", kill_on_drop: false }`
[INFO] [stderr] Cloning into '/workspace/builds/worker-7-tc2/source'...
[INFO] [stderr] done.
[INFO] removed /workspace/builds/worker-7-tc2/source/rust-toolchain
[INFO] started tweaking git repo https://github.com/imeckler/signal-relay
[INFO] finished tweaking git repo https://github.com/imeckler/signal-relay
[INFO] tweaked toml for git repo https://github.com/imeckler/signal-relay written to /workspace/builds/worker-7-tc2/source/Cargo.toml
[INFO] validating manifest of git repo https://github.com/imeckler/signal-relay on toolchain 1.100.0-beta.1
[INFO] running `Command { std: CARGO_HOME="/workspace/cargo-home" RUSTUP_HOME="/workspace/rustup-home" "/workspace/cargo-home/bin/cargo" "+1.100.0-beta.1" "metadata" "--manifest-path" "Cargo.toml" "--no-deps", kill_on_drop: false }`
[INFO] crate git repo https://github.com/imeckler/signal-relay already has a lockfile, it will not be regenerated
[INFO] running `Command { std: CARGO_HOME="/workspace/cargo-home" RUSTUP_HOME="/workspace/rustup-home" "/workspace/cargo-home/bin/cargo" "+1.100.0-beta.1" "fetch" "--manifest-path" "Cargo.toml", kill_on_drop: false }`
[INFO] [stderr]     Updating git repository `https://github.com/signalapp/boring`
[INFO] [stderr]     Updating git repository `https://github.com/signalapp/tungstenite-rs`
[INFO] [stderr]     Updating crates.io index
[INFO] [stderr]     Updating git repository `https://github.com/signalapp/libsignal.git`
[INFO] [stderr]     Updating git repository `https://github.com/apache/incubator-teaclave-sgx-sdk`
[INFO] [stderr]     Updating git repository `https://github.com/signalapp/boring`
[INFO] [stderr]     Updating git repository `https://github.com/signalapp/SparsePostQuantumRatchet.git`
[INFO] [stderr] warning: patch `boring v4.18.0 (https://github.com/signalapp/boring?tag=signal-v4.18.0#81d4aa19)` was not used in the crate graph
[INFO] [stderr]   |
[INFO] [stderr]   = help: perhaps you meant one of the following:
[INFO] [stderr]           	https://github.com/signalapp/boring
[INFO] [stderr] warning: patch `boring-sys v4.18.0 (https://github.com/signalapp/boring?tag=signal-v4.18.0#81d4aa19)` was not used in the crate graph
[INFO] [stderr]   |
[INFO] [stderr]   = help: perhaps you meant one of the following:
[INFO] [stderr]           	https://github.com/signalapp/boring
[INFO] [stderr] warning: patch `curve25519-dalek v4.1.3 (https://github.com/signalapp/curve25519-dalek?tag=signal-curve25519-4.1.3#7c6d3475)` was not used in the crate graph
[INFO] [stderr] warning: patch `tungstenite v0.27.0 (https://github.com/signalapp/tungstenite-rs?tag=signal-v0.27.0#d9409e36)` was not used in the crate graph
[INFO] [stderr] help: Check that the patched package version and available features are compatible
[INFO] [stderr]       with the dependency requirements. If the patch has a different version from
[INFO] [stderr]       what is locked in the Cargo.lock file, run `cargo update` to use the new
[INFO] [stderr]       version. This may also occur with an optional dependency that is not enabled.
[INFO] [stderr]      Locking 246 packages to highest compatible versions
[INFO] [stderr]     Updating aead v0.5.2 -> v0.6.1
[INFO] [stderr]     Updating aes v0.8.4 -> v0.9.3
[INFO] [stderr]     Updating aes-gcm-siv v0.11.1 -> v0.12.1
[INFO] [stderr]       Adding ahash v0.8.12
[INFO] [stderr]       Adding allocator-api2 v0.2.21
[INFO] [stderr]     Updating asn1 v0.21.3 -> v0.24.1
[INFO] [stderr]     Updating asn1_derive v0.21.3 -> v0.24.1
[INFO] [stderr]       Adding atoi v2.0.0
[INFO] [stderr]     Updating attest v0.1.0 (https://github.com/signalapp/libsignal.git#83690bdf) -> #4beb029d
[INFO] [stderr]     Updating bindgen v0.70.1 -> v0.72.1
[INFO] [stderr]     Updating bitflags v2.9.3 -> v2.13.2
[INFO] [stderr]       Adding block-buffer v0.12.1
[INFO] [stderr]     Updating block-padding v0.3.3 -> v0.4.2
[INFO] [stderr]       Adding boring v5.2.0 (https://github.com/signalapp/boring?tag=signal-v5.2.0#1405df0a)
[INFO] [stderr]       Adding boring-sys v5.2.0 (https://github.com/signalapp/boring?tag=signal-v5.2.0#1405df0a)
[INFO] [stderr]       Adding byteorder v1.5.0
[INFO] [stderr]     Updating bytes v1.10.1 -> v1.12.1
[INFO] [stderr]     Updating cbc v0.1.2 -> v0.2.1
[INFO] [stderr]     Updating chacha20 v0.9.1 -> v0.10.2
[INFO] [stderr]     Updating chacha20poly1305 v0.10.1 -> v0.11.0
[INFO] [stderr]     Updating chrono v0.4.41 -> v0.4.45
[INFO] [stderr]     Updating cipher v0.4.4 -> v0.5.2
[INFO] [stderr]       Adding cmov v0.5.4
[INFO] [stderr]       Adding const-oid v0.10.2
[INFO] [stderr]     Updating const-str v0.6.4 -> v1.1.0
[INFO] [stderr]     Updating core-models v0.0.3 -> v0.0.7
[INFO] [stderr]       Adding cpubits v0.1.1
[INFO] [stderr]       Adding cpufeatures v0.3.1
[INFO] [stderr]       Adding crabgrind v0.2.6
[INFO] [stderr]       Adding crc v3.4.0
[INFO] [stderr]       Adding crc-catalog v2.5.0
[INFO] [stderr]       Adding crossbeam-queue v0.3.14
[INFO] [stderr]       Adding crypto-common v0.2.2
[INFO] [stderr]     Updating ctr v0.9.2 -> v0.10.1
[INFO] [stderr]       Adding ctutils v0.4.3
[INFO] [stderr]       Adding curve25519-dalek v5.0.0
[INFO] [stderr]       Adding curve25519-dalek-derive v0.1.1
[INFO] [stderr]     Updating data-encoding v2.9.0 -> v2.11.1
[INFO] [stderr]       Adding data-encoding-macro v0.1.21
[INFO] [stderr]       Adding data-encoding-macro-internal v0.1.19
[INFO] [stderr]     Updating derive-where v1.6.0 -> v1.7.0
[INFO] [stderr]       Adding digest v0.11.3
[INFO] [stderr]     Updating displaydoc v0.2.5 -> v0.2.7
[INFO] [stderr]       Adding dotenvy v0.15.7
[INFO] [stderr]     Updating ed25519 v2.2.3 -> v3.0.0
[INFO] [stderr]     Updating ed25519-dalek v2.2.0 -> v3.0.0
[INFO] [stderr]       Adding etcetera v0.8.0
[INFO] [stderr]       Adding event-listener v2.5.3
[INFO] [stderr]     Updating fiat-crypto v0.2.9 -> v0.3.0
[INFO] [stderr]       Adding flume v0.11.1
[INFO] [stderr]       Adding foldhash v0.1.5
[INFO] [stderr]       Adding foreign-types v0.3.2
[INFO] [stderr]       Adding foreign-types-shared v0.1.1
[INFO] [stderr]       Adding form_urlencoded v1.2.2
[INFO] [stderr]       Adding futures v0.3.31 (available: v0.3.34)
[INFO] [stderr]       Adding futures-executor v0.3.31 (available: v0.3.34)
[INFO] [stderr]       Adding futures-intrusive v0.5.0
[INFO] [stderr]       Adding futures-io v0.3.34
[INFO] [stderr]       Adding getrandom v0.4.3
[INFO] [stderr]     Updating ghash v0.5.1 -> v0.6.0
[INFO] [stderr]     Updating h2 v0.4.12 -> v0.4.20
[INFO] [stderr]       Adding hashbrown v0.14.5
[INFO] [stderr]       Adding hashlink v0.8.4
[INFO] [stderr]       Adding hax-lib v0.3.7
[INFO] [stderr]       Adding hax-lib-macros v0.3.7
[INFO] [stderr]       Adding hax-lib-macros-types v0.3.7
[INFO] [stderr]       Adding heck v0.4.1
[INFO] [stderr]       Adding hkdf v0.13.0
[INFO] [stderr]       Adding hmac v0.13.0
[INFO] [stderr]     Updating hpke-rs v0.3.0 -> v0.7.0
[INFO] [stderr]     Updating hpke-rs-crypto v0.3.0 -> v0.7.0
[INFO] [stderr]       Adding httpdate v1.0.3
[INFO] [stderr]       Adding hybrid-array v0.4.10 (available: v0.4.15)
[INFO] [stderr]     Updating hyper v1.7.0 -> v1.12.0
[INFO] [stderr]     Updating hyper-util v0.1.16 -> v0.1.21
[INFO] [stderr]       Adding icu_collections v2.1.1 (available: v2.3.0)
[INFO] [stderr]       Adding icu_locale_core v2.1.1 (available: v2.3.0)
[INFO] [stderr]       Adding icu_normalizer v2.1.1 (available: v2.3.0)
[INFO] [stderr]       Adding icu_normalizer_data v2.1.1 (available: v2.3.0)
[INFO] [stderr]       Adding icu_properties v2.1.2 (available: v2.3.0)
[INFO] [stderr]       Adding icu_properties_data v2.1.2 (available: v2.3.0)
[INFO] [stderr]       Adding icu_provider v2.1.1 (available: v2.3.1)
[INFO] [stderr]       Adding idna v1.1.0
[INFO] [stderr]       Adding idna_adapter v1.2.1 (available: v1.2.2)
[INFO] [stderr]     Updating inout v0.1.4 -> v0.2.2
[INFO] [stderr]       Adding itertools v0.15.0
[INFO] [stderr]     Updating jni v0.21.1 -> v0.22.4
[INFO] [stderr]       Adding jni-macros v0.22.4
[INFO] [stderr]     Updating jni-sys v0.3.0 -> v0.4.1
[INFO] [stderr]       Adding jni-sys-macros v0.4.1
[INFO] [stderr]       Adding lazy_static v1.5.1
[INFO] [stderr]     Updating libc v0.2.175 -> v0.2.190
[INFO] [stderr]     Updating libcrux-hacl-rs v0.0.2 -> v0.0.5
[INFO] [stderr]     Updating libcrux-hmac v0.0.2 -> v0.0.8
[INFO] [stderr]       Adding libcrux-intrinsics v0.0.8
[INFO] [stderr]     Updating libcrux-macros v0.0.2 -> v0.0.3
[INFO] [stderr]     Updating libcrux-ml-kem v0.0.2 -> v0.0.10
[INFO] [stderr]     Updating libcrux-platform v0.0.2 -> v0.0.3
[INFO] [stderr]       Adding libcrux-secrets v0.0.6
[INFO] [stderr]     Updating libcrux-sha2 v0.0.2 -> v0.0.8
[INFO] [stderr]       Adding libcrux-sha3 v0.0.10
[INFO] [stderr]     Updating libcrux-traits v0.0.2 -> v0.0.8
[INFO] [stderr]       Adding libm v0.2.16
[INFO] [stderr]       Adding libredox v0.1.25
[INFO] [stderr]     Updating libsignal-account-keys v0.1.0 (https://github.com/signalapp/libsignal.git#83690bdf) -> #4beb029d
[INFO] [stderr]     Updating libsignal-core v0.1.0 (https://github.com/signalapp/libsignal.git#83690bdf) -> #4beb029d
[INFO] [stderr]       Adding libsignal-debug v0.105.0 (https://github.com/signalapp/libsignal.git#4beb029d)
[INFO] [stderr]     Updating libsignal-keytrans v0.0.1 (https://github.com/signalapp/libsignal.git#83690bdf) -> #4beb029d
[INFO] [stderr]     Updating libsignal-net v0.1.0 (https://github.com/signalapp/libsignal.git#83690bdf) -> #4beb029d
[INFO] [stderr]     Updating libsignal-net-chat v0.1.0 (https://github.com/signalapp/libsignal.git#83690bdf) -> #4beb029d
[INFO] [stderr]       Adding libsignal-net-grpc v0.1.0 (https://github.com/signalapp/libsignal.git#4beb029d)
[INFO] [stderr]     Updating libsignal-net-infra v0.1.0 (https://github.com/signalapp/libsignal.git#83690bdf) -> #4beb029d
[INFO] [stderr]     Updating libsignal-protocol v0.1.0 (https://github.com/signalapp/libsignal.git#83690bdf) -> #4beb029d
[INFO] [stderr]     Updating libsignal-svrb v0.1.0 (https://github.com/signalapp/libsignal.git#83690bdf) -> #4beb029d
[INFO] [stderr]       Adding libsqlite3-sys v0.27.0
[INFO] [stderr]       Adding litemap v0.8.3
[INFO] [stderr]       Adding md-5 v0.10.6
[INFO] [stderr]     Updating mio v1.0.4 -> v1.2.4
[INFO] [stderr]       Adding native-tls v0.2.18
[INFO] [stderr]       Adding num-bigint-dig v0.8.6
[INFO] [stderr]       Adding num-iter v0.1.46
[INFO] [stderr]       Adding openssl v0.10.81
[INFO] [stderr]       Adding openssl-probe v0.2.1
[INFO] [stderr]       Adding openssl-sys v0.9.117
[INFO] [stderr]     Updating pastey v0.1.1 -> v0.2.3
[INFO] [stderr]       Adding pem-rfc7468 v0.7.0
[INFO] [stderr]       Adding percent-encoding v2.3.2
[INFO] [stderr]     Updating petgraph v0.7.1 -> v0.8.3
[INFO] [stderr]       Adding pkcs1 v0.7.5
[INFO] [stderr]       Adding pkg-config v0.3.34
[INFO] [stderr]       Adding plain v0.2.3
[INFO] [stderr]     Updating poksho v0.7.0 (https://github.com/signalapp/libsignal.git#83690bdf) -> #4beb029d
[INFO] [stderr]     Updating poly1305 v0.8.0 -> v0.9.1
[INFO] [stderr]     Updating polyval v0.6.2 -> v0.7.3
[INFO] [stderr]       Adding potential_utf v0.1.4 (available: v0.1.6)
[INFO] [stderr]     Updating prost v0.13.5 -> v0.14.4
[INFO] [stderr]     Updating prost-build v0.13.5 -> v0.14.4
[INFO] [stderr]     Updating prost-derive v0.13.5 -> v0.14.4
[INFO] [stderr]     Updating prost-types v0.13.5 -> v0.14.4
[INFO] [stderr]       Adding r-efi v6.0.0
[INFO] [stderr]       Adding rand v0.9.5 (available: v0.10.3)
[INFO] [stderr]       Adding rand v0.10.3
[INFO] [stderr]       Adding rand_core v0.10.1
[INFO] [stderr]       Adding redox_syscall v0.9.4
[INFO] [stderr]     Updating ref-cast v1.0.24 -> v1.0.27
[INFO] [stderr]     Updating ref-cast-impl v1.0.24 -> v1.0.27
[INFO] [stderr]       Adding rsa v0.9.10
[INFO] [stderr]     Updating rustc-hash v1.1.0 -> v2.1.3
[INFO] [stderr]     Updating rustls v0.23.31 -> v0.23.45
[INFO] [stderr]     Updating rustls-platform-verifier v0.5.3 -> v0.7.1
[INFO] [stderr]     Updating rustls-platform-verifier-android v0.1.1 -> v0.2.0
[INFO] [stderr]     Updating rustls-webpki v0.103.4 -> v0.103.15
[INFO] [stderr]     Updating schannel v0.1.27 -> v0.1.29
[INFO] [stderr]     Updating security-framework v3.3.0 -> v3.7.0
[INFO] [stderr]     Updating security-framework-sys v2.14.0 -> v2.17.0
[INFO] [stderr]     Updating serde v1.0.219 -> v1.0.229
[INFO] [stderr]       Adding serde_core v1.0.229
[INFO] [stderr]     Updating serde_derive v1.0.219 -> v1.0.229
[INFO] [stderr]       Adding sgx_libc v1.1.6 (https://github.com/apache/incubator-teaclave-sgx-sdk?tag=v1.1.6#c3d82372)
[INFO] [stderr]       Adding sgx_tcrypto v1.1.6 (https://github.com/apache/incubator-teaclave-sgx-sdk?tag=v1.1.6#c3d82372)
[INFO] [stderr]       Adding sgx_trts v1.1.6 (https://github.com/apache/incubator-teaclave-sgx-sdk?tag=v1.1.6#c3d82372)
[INFO] [stderr]       Adding sgx_tse v1.1.6 (https://github.com/apache/incubator-teaclave-sgx-sdk?tag=v1.1.6#c3d82372)
[INFO] [stderr]       Adding sgx_tseal v1.1.6 (https://github.com/apache/incubator-teaclave-sgx-sdk?tag=v1.1.6#c3d82372)
[INFO] [stderr]       Adding sgx_types v1.1.6 (https://github.com/apache/incubator-teaclave-sgx-sdk?tag=v1.1.6#c3d82372)
[INFO] [stderr]       Adding sha1 v0.11.0
[INFO] [stderr]       Adding sha2 v0.11.0
[INFO] [stderr]     Updating signal-crypto v0.1.0 (https://github.com/signalapp/libsignal.git#83690bdf) -> #4beb029d
[INFO] [stderr]       Adding signature v3.0.0
[INFO] [stderr]       Adding simd_cesu8 v1.2.0
[INFO] [stderr]       Adding simdutf8 v0.1.5
[INFO] [stderr]     Updating snow v0.9.6 -> v0.10.0
[INFO] [stderr]     Updating socket2 v0.6.0 -> v0.6.5
[INFO] [stderr]       Adding spin v0.9.9
[INFO] [stderr]       Adding spqr v1.6.0 (https://github.com/signalapp/SparsePostQuantumRatchet.git?tag=v1.6.0#06959b47)
[INFO] [stderr]       Adding sqlformat v0.2.6
[INFO] [stderr]       Adding sqlx v0.7.4 (available: v0.9.0)
[INFO] [stderr]       Adding sqlx-core v0.7.4
[INFO] [stderr]       Adding sqlx-macros v0.7.4
[INFO] [stderr]       Adding sqlx-macros-core v0.7.4
[INFO] [stderr]       Adding sqlx-mysql v0.7.4
[INFO] [stderr]       Adding sqlx-postgres v0.7.4
[INFO] [stderr]       Adding sqlx-sqlite v0.7.4
[INFO] [stderr]       Adding stable_deref_trait v1.2.1
[INFO] [stderr]       Adding stringprep v0.1.5
[INFO] [stderr]     Updating strum v0.27.2 -> v0.28.0
[INFO] [stderr]     Updating strum_macros v0.27.2 -> v0.28.0
[INFO] [stderr]       Adding syn v3.0.6
[INFO] [stderr]       Adding sync_wrapper v1.0.2
[INFO] [stderr]       Adding synstructure v0.13.2
[INFO] [stderr]     Updating thiserror v2.0.16 -> v2.0.21
[INFO] [stderr]     Updating thiserror-impl v2.0.16 -> v2.0.21
[INFO] [stderr]       Adding tinystr v0.8.2 (available: v0.8.4)
[INFO] [stderr]       Adding tinyvec v1.13.3
[INFO] [stderr]     Updating tokio v1.47.1 -> v1.53.2
[INFO] [stderr]       Adding tokio-boring v5.2.0 (https://github.com/signalapp/boring?tag=signal-v5.2.0#1405df0a)
[INFO] [stderr]     Updating tokio-macros v2.5.0 -> v2.7.2
[INFO] [stderr]     Updating tokio-tungstenite v0.26.2 -> v0.29.0
[INFO] [stderr]     Updating tokio-util v0.7.16 -> v0.7.19
[INFO] [stderr]       Adding tonic v0.14.6
[INFO] [stderr]       Adding tonic-build v0.14.6
[INFO] [stderr]       Adding tonic-prost v0.14.6
[INFO] [stderr]       Adding tonic-prost-build v0.14.6
[INFO] [stderr]       Adding tower-layer v0.3.3
[INFO] [stderr]       Adding tower-service v0.3.3
[INFO] [stderr]       Adding tracing-attributes v0.1.31
[INFO] [stderr]     Updating tungstenite v0.26.2 -> v0.29.0
[INFO] [stderr]       Adding unicode-bidi v0.3.18
[INFO] [stderr]       Adding unicode-normalization v0.1.25
[INFO] [stderr]       Adding unicode-properties v0.1.4
[INFO] [stderr]       Adding unicode-segmentation v1.13.3
[INFO] [stderr]       Adding unicode_categories v0.1.1
[INFO] [stderr]     Updating universal-hash v0.5.1 -> v0.6.1
[INFO] [stderr]       Adding url v2.5.8
[INFO] [stderr]       Adding urlencoding v2.1.3
[INFO] [stderr]       Adding usernames v0.1.0 (https://github.com/signalapp/libsignal.git#4beb029d)
[INFO] [stderr]       Adding utf8_iter v1.0.4
[INFO] [stderr]       Adding vcpkg v0.2.15
[INFO] [stderr]     Updating want v0.3.1 -> v0.3.2
[INFO] [stderr]       Adding wasite v0.1.0
[INFO] [stderr]       Adding whoami v1.6.1
[INFO] [stderr]       Adding windows-link v0.2.1
[INFO] [stderr]       Adding windows-sys v0.48.0
[INFO] [stderr]       Adding windows-sys v0.61.2
[INFO] [stderr]     Updating windows-targets v0.42.2 -> v0.48.5
[INFO] [stderr]     Updating windows_aarch64_gnullvm v0.42.2 -> v0.48.5
[INFO] [stderr]     Updating windows_aarch64_msvc v0.42.2 -> v0.48.5
[INFO] [stderr]     Updating windows_i686_gnu v0.42.2 -> v0.48.5
[INFO] [stderr]     Updating windows_i686_msvc v0.42.2 -> v0.48.5
[INFO] [stderr]     Updating windows_x86_64_gnu v0.42.2 -> v0.48.5
[INFO] [stderr]     Updating windows_x86_64_gnullvm v0.42.2 -> v0.48.5
[INFO] [stderr]     Updating windows_x86_64_msvc v0.42.2 -> v0.48.5
[INFO] [stderr]       Adding writeable v0.6.4
[INFO] [stderr]     Updating x25519-dalek v2.0.1 -> v3.0.0
[INFO] [stderr]       Adding yoke v0.8.1 (available: v0.8.3)
[INFO] [stderr]       Adding yoke-derive v0.8.1 (available: v0.8.4)
[INFO] [stderr]     Updating zerocopy v0.8.26 -> v0.8.61
[INFO] [stderr]     Updating zerocopy-derive v0.8.26 -> v0.8.61
[INFO] [stderr]       Adding zerofrom v0.1.8
[INFO] [stderr]       Adding zerofrom-derive v0.1.6 (available: v0.1.8)
[INFO] [stderr]     Updating zeroize v1.8.1 -> v1.9.1
[INFO] [stderr]     Updating zeroize_derive v1.4.2 -> v1.5.0
[INFO] [stderr]       Adding zerotrie v0.2.3 (available: v0.2.5)
[INFO] [stderr]       Adding zerovec v0.11.5 (available: v0.11.8)
[INFO] [stderr]       Adding zerovec-derive v0.11.2 (available: v0.11.6)
[INFO] [stderr]     Updating zkcredential v0.1.0 (https://github.com/signalapp/libsignal.git#83690bdf) -> #4beb029d
[INFO] [stderr]     Updating zkgroup v0.9.0 (https://github.com/signalapp/libsignal.git#83690bdf) -> #4beb029d
[INFO] running `Command { std: "docker" "create" "-v" "/var/lib/crater-agent-workspace/builds/worker-7-tc2/source:/opt/rustwide/workdir:ro,Z" "-v" "/var/lib/crater-agent-workspace/builds/worker-7-tc2/target:/opt/rustwide/target:rw,Z" "-v" "/var/lib/crater-agent-workspace/cargo-home:/opt/rustwide/cargo-home:ro,Z" "-v" "/var/lib/crater-agent-workspace/rustup-home:/opt/rustwide/rustup-home:ro,Z" "-m" "1610612736" "--network" "none" "ghcr.io/rust-lang/crates-build-env/linux@sha256:77db811e55d90add9212f6832c23229e3de5f1c1f9905e8cb07319ea15df73ac" "sleep" "infinity", kill_on_drop: false }`
[INFO] [stdout] b8c29eb27bc7c92b7db74a2f2c65c309ce7992431e5764a64697e28380e4cf19
[INFO] running `Command { std: "docker" "start" "b8c29eb27bc7c92b7db74a2f2c65c309ce7992431e5764a64697e28380e4cf19", kill_on_drop: false }`
[INFO] running `Command { std: "docker" "inspect" "b8c29eb27bc7c92b7db74a2f2c65c309ce7992431e5764a64697e28380e4cf19", kill_on_drop: false }`
[INFO] running `Command { std: "docker" "exec" "-e" "SOURCE_DIR=/opt/rustwide/workdir" "-e" "CARGO_HOME=/opt/rustwide/cargo-home" "-e" "RUSTUP_HOME=/opt/rustwide/rustup-home" "-e" "CARGO_TARGET_DIR=/opt/rustwide/target" "-w" "/opt/rustwide/workdir" "--user" "0:0" "b8c29eb27bc7c92b7db74a2f2c65c309ce7992431e5764a64697e28380e4cf19" "/opt/rustwide/cargo-home/bin/cargo" "+1.100.0-beta.1" "metadata" "--no-deps" "--format-version=1", kill_on_drop: false }`
[INFO] running `Command { std: "docker" "inspect" "b8c29eb27bc7c92b7db74a2f2c65c309ce7992431e5764a64697e28380e4cf19", kill_on_drop: false }`
[INFO] running `Command { std: "docker" "exec" "-e" "SOURCE_DIR=/opt/rustwide/workdir" "-e" "CARGO_HOME=/opt/rustwide/cargo-home" "-e" "RUSTUP_HOME=/opt/rustwide/rustup-home" "-e" "CARGO_TARGET_DIR=/opt/rustwide/target" "-e" "CARGO_INCREMENTAL=0" "-e" "RUST_BACKTRACE=full" "-e" "RUSTFLAGS=--cap-lints=warn" "-e" "RUSTDOCFLAGS=--cap-lints=warn" "-w" "/opt/rustwide/workdir" "--user" "0:0" "b8c29eb27bc7c92b7db74a2f2c65c309ce7992431e5764a64697e28380e4cf19" "/opt/rustwide/cargo-home/bin/cargo" "+1.100.0-beta.1" "doc" "--frozen" "--no-deps" "--document-private-items" "--message-format=json", kill_on_drop: false }`
[INFO] [stderr] warning: patch `boring v4.18.0 (https://github.com/signalapp/boring?tag=signal-v4.18.0#81d4aa19)` was not used in the crate graph
[INFO] [stderr]   |
[INFO] [stderr]   = help: perhaps you meant one of the following:
[INFO] [stderr]           	https://github.com/signalapp/boring
[INFO] [stderr] warning: patch `boring-sys v4.18.0 (https://github.com/signalapp/boring?tag=signal-v4.18.0#81d4aa19)` was not used in the crate graph
[INFO] [stderr]   |
[INFO] [stderr]   = help: perhaps you meant one of the following:
[INFO] [stderr]           	https://github.com/signalapp/boring
[INFO] [stderr] warning: patch `curve25519-dalek v4.1.3 (https://github.com/signalapp/curve25519-dalek?tag=signal-curve25519-4.1.3#7c6d3475)` was not used in the crate graph
[INFO] [stderr] warning: patch `tungstenite v0.27.0 (https://github.com/signalapp/tungstenite-rs?tag=signal-v0.27.0#d9409e36)` was not used in the crate graph
[INFO] [stderr] help: Check that the patched package version and available features are compatible
[INFO] [stderr]       with the dependency requirements. If the patch has a different version from
[INFO] [stderr]       what is locked in the Cargo.lock file, run `cargo update` to use the new
[INFO] [stderr]       version. This may also occur with an optional dependency that is not enabled.
[INFO] [stderr]    Compiling libc v0.2.190
[INFO] [stderr]    Compiling typenum v1.18.0
[INFO] [stderr]    Compiling memchr v2.7.5
[INFO] [stderr]    Compiling bitflags v2.13.2
[INFO] [stderr]    Compiling serde_core v1.0.229
[INFO] [stderr]    Compiling syn v3.0.6
[INFO] [stderr]    Compiling hashbrown v0.15.5
[INFO] [stderr]    Compiling zeroize_derive v1.5.0
[INFO] [stderr]    Compiling regex-syntax v0.8.5
[INFO] [stderr]     Checking zeroize v1.9.1
[INFO] [stderr]    Compiling indexmap v2.11.0
[INFO] [stderr]    Compiling aho-corasick v1.1.3
[INFO] [stderr]     Checking hybrid-array v0.4.10
[INFO] [stderr]    Compiling anyhow v1.0.99
[INFO] [stderr]    Compiling rustix v1.0.8
[INFO] [stderr]    Compiling getrandom v0.3.3
[INFO] [stderr]    Compiling getrandom v0.4.3
[INFO] [stderr]     Checking subtle v2.6.1
[INFO] [stderr]    Compiling cc v1.2.34
[INFO] [stderr]     Checking crypto-common v0.2.2
[INFO] [stderr]    Compiling yoke-derive v0.8.1
[INFO] [stderr]    Compiling regex-automata v0.4.9
[INFO] [stderr]     Checking block-buffer v0.12.1
[INFO] [stderr]     Checking cmov v0.5.4
[INFO] [stderr]    Compiling zerovec-derive v0.11.2
[INFO] [stderr]     Checking ctutils v0.4.3
[INFO] [stderr]    Compiling zerocopy v0.8.61
[INFO] [stderr]    Compiling prettyplease v0.2.37
[INFO] [stderr]    Compiling zerocopy-derive v0.8.61
[INFO] [stderr]     Checking cpufeatures v0.3.1
[INFO] [stderr]    Compiling petgraph v0.8.3
[INFO] [stderr]     Checking const-oid v0.10.2
[INFO] [stderr]     Checking digest v0.11.3
[INFO] [stderr]    Compiling tempfile v3.21.0
[INFO] [stderr]     Checking generic-array v0.14.7
[INFO] [stderr]     Checking lock_api v0.4.13
[INFO] [stderr]     Checking parking_lot_core v0.9.11
[INFO] [stderr]    Compiling hax-lib v0.3.7
[INFO] [stderr]    Compiling curve25519-dalek v5.0.0
[INFO] [stderr]     Checking parking_lot v0.12.4
[INFO] [stderr]     Checking block-buffer v0.10.4
[INFO] [stderr]     Checking crypto-common v0.1.6
[INFO] [stderr]     Checking block-padding v0.4.2
[INFO] [stderr]    Compiling hax-lib-macros v0.3.7
[INFO] [stderr]     Checking digest v0.10.7
[INFO] [stderr]     Checking inout v0.2.2
[INFO] [stderr]    Compiling thiserror v1.0.69
[INFO] [stderr]    Compiling zerofrom v0.1.8
[INFO] [stderr]     Checking socket2 v0.6.5
[INFO] [stderr]     Checking signal-hook-registry v1.4.6
[INFO] [stderr]     Checking mio v1.2.4
[INFO] [stderr]    Compiling tracing-attributes v0.1.31
[INFO] [stderr]    Compiling curve25519-dalek-derive v0.1.1
[INFO] [stderr]    Compiling stable_deref_trait v1.2.1
[INFO] [stderr]    Compiling nom v7.1.3
[INFO] [stderr]    Compiling yoke v0.8.1
[INFO] [stderr]     Checking sha2 v0.11.0
[INFO] [stderr]     Checking rand_core v0.9.3
[INFO] [stderr]     Checking rand v0.10.3
[INFO] [stderr]    Compiling thiserror v2.0.21
[INFO] [stderr]    Compiling serde_derive v1.0.229
[INFO] [stderr]    Compiling displaydoc v0.2.7
[INFO] [stderr]    Compiling tokio-macros v2.7.2
[INFO] [stderr]    Compiling regex v1.11.1
[INFO] [stderr]    Compiling openssl-sys v0.9.117
[INFO] [stderr]     Checking tokio v1.53.2
[INFO] [stderr]    Compiling thiserror-impl v2.0.21
[INFO] [stderr]     Checking libcrux-secrets v0.0.6
[INFO] [stderr]     Checking cipher v0.5.2
[INFO] [stderr]     Checking getrandom v0.2.16
[INFO] [stderr]     Checking libcrux-traits v0.0.8
[INFO] [stderr]    Compiling zerovec v0.11.5
[INFO] [stderr]     Checking universal-hash v0.6.1
[INFO] [stderr]    Compiling libcrux-intrinsics v0.0.8
[INFO] [stderr]    Compiling ahash v0.8.12
[INFO] [stderr]    Compiling rustix v0.38.44
[INFO] [stderr]    Compiling libcrux-sha3 v0.0.10
[INFO] [stderr]    Compiling protobuf v3.7.2
[INFO] [stderr]    Compiling glob v0.3.3
[INFO] [stderr]     Checking http v1.3.1
[INFO] [stderr]     Checking hmac v0.13.0
[INFO] [stderr]    Compiling clang-sys v1.8.1
[INFO] [stderr]     Checking libcrux-platform v0.0.3
[INFO] [stderr]    Compiling linux-raw-sys v0.4.15
[INFO] [stderr]    Compiling derive_more-impl v2.0.1
[INFO] [stderr]     Checking tracing v0.1.41
[INFO] [stderr]    Compiling tinystr v0.8.2
[INFO] [stderr]    Compiling protobuf-support v3.7.2
[INFO] [stderr]    Compiling litemap v0.8.3
[INFO] [stderr]     Checking cpubits v0.1.1
[INFO] [stderr]    Compiling writeable v0.6.4
[INFO] [stderr]    Compiling openssl v0.10.81
[INFO] [stderr]    Compiling icu_locale_core v2.1.1
[INFO] [stderr]    Compiling serde v1.0.229
[INFO] [stderr]    Compiling either v1.15.0
[INFO] [stderr]     Checking uuid v1.18.0
[INFO] [stderr]    Compiling itertools v0.14.0
[INFO] [stderr]     Checking ppv-lite86 v0.2.21
[INFO] [stderr]     Checking tokio-util v0.7.19
[INFO] [stderr]    Compiling which v4.4.2
[INFO] [stderr]     Checking rand_chacha v0.9.0
[INFO] [stderr]     Checking hex v0.4.3
[INFO] [stderr]     Checking rand v0.9.5
[INFO] [stderr]     Checking derive_more v2.0.1
[INFO] [stderr]    Compiling potential_utf v0.1.4
[INFO] [stderr]    Compiling zerotrie v0.2.3
[INFO] [stderr]    Compiling libloading v0.8.8
[INFO] [stderr]     Checking libsignal-debug v0.105.0 (https://github.com/signalapp/libsignal.git#4beb029d)
[INFO] [stderr]     Checking futures-io v0.3.34
[INFO] [stderr]    Compiling bindgen v0.72.1
[INFO] [stderr]     Checking futures-util v0.3.31
[INFO] [stderr]    Compiling icu_provider v2.1.1
[INFO] [stderr]     Checking x25519-dalek v3.0.0
[INFO] [stderr]    Compiling icu_collections v2.1.1
[INFO] [stderr]     Checking libsignal-core v0.1.0 (https://github.com/signalapp/libsignal.git#4beb029d)
[INFO] [stderr]    Compiling itertools v0.13.0
[INFO] [stderr]     Checking polyval v0.7.3
[INFO] [stderr]    Compiling prost-derive v0.14.4
[INFO] [stderr]     Checking rand_core v0.6.4
[INFO] [stderr]    Compiling cexpr v0.6.0
[INFO] [stderr]     Checking aead v0.6.1
[INFO] [stderr]    Compiling libcrux-ml-kem v0.0.10
[INFO] [stderr]    Compiling winnow v0.7.13
[INFO] [stderr]    Compiling native-tls v0.2.18
[INFO] [stderr]     Checking tokio-stream v0.1.17
[INFO] [stderr]    Compiling protobuf-parse v3.7.2
[INFO] [stderr]    Compiling prost v0.14.4
[INFO] [stderr]     Checking aes v0.9.3
[INFO] [stderr]    Compiling toml_edit v0.22.27
[INFO] [stderr]    Compiling prost-types v0.14.4
[INFO] [stderr]     Checking http-body v1.0.1
[INFO] [stderr]     Checking hkdf v0.13.0
[INFO] [stderr]     Checking ctr v0.10.1
[INFO] [stderr]    Compiling icu_properties_data v2.1.2
[INFO] [stderr]    Compiling icu_normalizer_data v2.1.1
[INFO] [stderr]    Compiling ring v0.17.14
[INFO] [stderr]    Compiling cmake v0.1.54
[INFO] [stderr]    Compiling protobuf-codegen v3.7.2
[INFO] [stderr]    Compiling prost-build v0.14.4
[INFO] [stderr]    Compiling fslock v0.2.1
[INFO] [stderr]    Compiling async-trait v0.1.89
[INFO] [stderr]    Compiling libcrux-macros v0.0.3
[INFO] [stderr]     Checking data-encoding v2.11.1
[INFO] [stderr]    Compiling proc-macro-crate v3.3.0
[INFO] [stderr]     Checking libcrux-hacl-rs v0.0.5
[INFO] [stderr]    Compiling icu_normalizer v2.1.1
[INFO] [stderr]    Compiling icu_properties v2.1.2
[INFO] [stderr]     Checking hpke-rs-crypto v0.7.0
[INFO] [stderr]    Compiling derive-where v1.7.0
[INFO] [stderr]     Checking const-str v1.1.0
[INFO] [stderr]     Checking serde_json v1.0.143
[INFO] [stderr]    Compiling crossbeam-utils v0.8.21
[INFO] [stderr]    Compiling num_enum_derive v0.7.4
[INFO] [stderr]     Checking hpke-rs v0.7.0
[INFO] [stderr]    Compiling spqr v1.6.0 (https://github.com/signalapp/SparsePostQuantumRatchet.git?tag=v1.6.0#06959b47)
[INFO] [stderr]    Compiling idna_adapter v1.2.1
[INFO] [stderr]     Checking ghash v0.6.0
[INFO] [stderr]     Checking itertools v0.15.0
[INFO] [stderr]     Checking cbc v0.2.1
[INFO] [stderr]     Checking blake2 v0.10.6
[INFO] [stderr]     Checking sha1 v0.11.0
[INFO] [stderr]    Compiling strum_macros v0.28.0
[INFO] [stderr]     Checking rustls-pki-types v1.12.0
[INFO] [stderr]    Compiling foreign-types-macros v0.2.3
[INFO] [stderr]    Compiling pin-project-internal v1.1.10
[INFO] [stderr]    Compiling form_urlencoded v1.2.2
[INFO] [stderr]     Checking foreign-types v0.5.0
[INFO] [stderr]    Compiling idna v1.1.0
[INFO] [stderr]    Compiling hashbrown v0.14.5
[INFO] [stderr]    Compiling data-encoding-macro-internal v0.1.19
[INFO] [stderr]     Checking pin-project v1.1.10
[INFO] [stderr]     Checking signal-crypto v0.1.0 (https://github.com/signalapp/libsignal.git#4beb029d)
[INFO] [stderr]     Checking strum v0.28.0
[INFO] [stderr]    Compiling boring-sys v5.2.0 (https://github.com/signalapp/boring?tag=signal-v5.2.0#1405df0a)
[INFO] [stderr]     Checking libcrux-sha2 v0.0.8
[INFO] [stderr]     Checking num_enum v0.7.4
[INFO] [stderr]     Checking rayon v1.11.0
[INFO] [stderr]    Compiling libsignal-protocol v0.1.0 (https://github.com/signalapp/libsignal.git#4beb029d)
[INFO] [stderr]     Checking aes-gcm-siv v0.12.1
[INFO] [stderr]     Checking http-body-util v0.1.3
[INFO] [stderr]     Checking libcrux-hmac v0.0.8
[INFO] [stderr]    Compiling num-traits v0.2.19
[INFO] [stderr]    Compiling snow v0.10.0
[INFO] [stderr]    Compiling partial-default-derive v0.1.0
[INFO] [stderr]     Checking sorted-vec v0.8.8
[INFO] [stderr]     Checking base64ct v1.8.0
[INFO] [stderr]    Compiling rustls v0.23.45
[INFO] [stderr]    Compiling tinyvec v1.13.3
[INFO] [stderr]    Compiling crc-catalog v2.5.0
[INFO] [stderr]    Compiling crc v3.4.0
[INFO] [stderr]    Compiling unicode-normalization v0.1.25
[INFO] [stderr]     Checking want v0.3.2
[INFO] [stderr]     Checking partial-default v0.1.0
[INFO] [stderr]    Compiling atoi v2.0.0
[INFO] [stderr]    Compiling darling_core v0.20.11
[INFO] [stderr]     Checking password-hash v0.5.0
[INFO] [stderr]     Checking h2 v0.4.20
[INFO] [stderr]    Compiling sha2 v0.10.9
[INFO] [stderr]    Compiling sqlformat v0.2.6
[INFO] [stderr]    Compiling rand_chacha v0.3.1
[INFO] [stderr]    Compiling crossbeam-queue v0.3.14
[INFO] [stderr]     Checking rustls-webpki v0.103.15
[INFO] [stderr]    Compiling futures-intrusive v0.5.0
[INFO] [stderr]     Checking data-encoding-macro v0.1.21
[INFO] [stderr]    Compiling hashlink v0.8.4
[INFO] [stderr]    Compiling url v2.5.8
[INFO] [stderr]    Compiling libsignal-account-keys v0.1.0 (https://github.com/signalapp/libsignal.git#4beb029d)
[INFO] [stderr]    Compiling attest v0.1.0 (https://github.com/signalapp/libsignal.git#4beb029d)
[INFO] [stderr]    Compiling hmac v0.12.1
[INFO] [stderr]     Checking sha1 v0.10.6
[INFO] [stderr]     Checking poly1305 v0.9.1
[INFO] [stderr]     Checking chacha20 v0.10.2
[INFO] [stderr]    Compiling tonic-build v0.14.6
[INFO] [stderr]    Compiling asn1_derive v0.24.1
[INFO] [stderr]     Checking iana-time-zone v0.1.63
[INFO] [stderr]    Compiling unicode-properties v0.1.4
[INFO] [stderr]     Checking signature v3.0.0
[INFO] [stderr]     Checking hyper v1.12.0
[INFO] [stderr]    Compiling stringprep v0.1.5
[INFO] [stderr]     Checking asn1 v0.24.1
[INFO] [stderr]     Checking rustls-native-certs v0.8.1
[INFO] [stderr]     Checking ed25519 v3.0.0
[INFO] [stderr]    Compiling sqlx-core v0.7.4
[INFO] [stderr]     Checking tonic v0.14.6
[INFO] [stderr]     Checking chrono v0.4.45
[INFO] [stderr]    Compiling tonic-prost-build v0.14.6
[INFO] [stderr]     Checking chacha20poly1305 v0.11.0
[INFO] [stderr]     Checking tungstenite v0.29.0
[INFO] [stderr]    Compiling hkdf v0.12.4
[INFO] [stderr]    Compiling darling_macro v0.20.11
[INFO] [stderr]    Compiling rand v0.8.5
[INFO] [stderr]     Checking argon2 v0.5.3
[INFO] [stderr]    Compiling libsignal-svrb v0.1.0 (https://github.com/signalapp/libsignal.git#4beb029d)
[INFO] [stderr]    Compiling libsignal-keytrans v0.0.1 (https://github.com/signalapp/libsignal.git#4beb029d)
[INFO] [stderr]    Compiling md-5 v0.10.6
[INFO] [stderr]     Checking poksho v0.7.0 (https://github.com/signalapp/libsignal.git#4beb029d)
[INFO] [stderr]    Compiling derive_utils v0.15.0
[INFO] [stderr]    Compiling sqlx-postgres v0.7.4
[INFO] [stderr]    Compiling heck v0.4.1
[INFO] [stderr]    Compiling auto_enums v0.8.7
[INFO] [stdout] error[E0277]: the trait bound `!: sqlx_core::io::Decode<'_>` is not satisfied
[INFO] [stdout]   --> /opt/rustwide/cargo-home/registry/src/index.crates.io-1949cf8c6b5b557f/sqlx-postgres-0.7.4/src/connection/executor.rs:68:10
[INFO] [stdout]    |
[INFO] [stdout] 68 |         .recv_expect(MessageFormat::ParseComplete)
[INFO] [stdout]    |          ^^^^^^^^^^^ the trait `sqlx_core::io::Decode<'_>` is not implemented for `!`
[INFO] [stdout]    |
[INFO] [stdout]    = help: the following other types implement trait `sqlx_core::io::Decode<'de, Context>`:
[INFO] [stdout]              ()
[INFO] [stdout]              Authentication
[INFO] [stdout]              AuthenticationSaslContinue
[INFO] [stdout]              AuthenticationSaslFinal
[INFO] [stdout]              BackendKeyData
[INFO] [stdout]              CommandComplete
[INFO] [stdout]              CopyData<sqlx_core::bytes::Bytes>
[INFO] [stdout]              CopyDone
[INFO] [stdout]            and 10 others
[INFO] [stdout]    = note: this error might have been caused by changes to Rust's type-inference algorithm (see issue #148922 <https://github.com/rust-lang/rust/issues/148922> for more information)
[INFO] [stdout]    = help: you might have intended to use the type `()` here instead
[INFO] [stdout] note: required by a bound in `PgStream::recv_expect`
[INFO] [stdout]   --> /opt/rustwide/cargo-home/registry/src/index.crates.io-1949cf8c6b5b557f/sqlx-postgres-0.7.4/src/connection/stream.rs:68:45
[INFO] [stdout]    |
[INFO] [stdout] 41 | impl PgStream {
[INFO] [stdout] ...
[INFO] [stdout] 68 |     pub(crate) async fn recv_expect<'de, T: Decode<'de>>(
[INFO] [stdout]    |                                             ^^^^^^^^^^^ required by this bound in `PgStream::recv_expect`
[INFO] [stdout] 
[INFO] [stdout] 
[INFO] [stdout] error[E0277]: the trait bound `!: sqlx_core::io::Decode<'_>` is not satisfied
[INFO] [stdout]   --> /opt/rustwide/cargo-home/registry/src/index.crates.io-1949cf8c6b5b557f/sqlx-postgres-0.7.4/src/connection/executor.rs:66:13
[INFO] [stdout]    |
[INFO] [stdout] 66 |       let _ = conn
[INFO] [stdout]    |  _____________^
[INFO] [stdout] 67 | |         .stream
[INFO] [stdout] 68 | |         .recv_expect(MessageFormat::ParseComplete)
[INFO] [stdout]    | |__________________________________________________^ the trait `sqlx_core::io::Decode<'_>` is not implemented for `!`
[INFO] [stdout]    |
[INFO] [stdout]    = help: the following other types implement trait `sqlx_core::io::Decode<'de, Context>`:
[INFO] [stdout]              ()
[INFO] [stdout]              Authentication
[INFO] [stdout]              AuthenticationSaslContinue
[INFO] [stdout]              AuthenticationSaslFinal
[INFO] [stdout]              BackendKeyData
[INFO] [stdout]              CommandComplete
[INFO] [stdout]              CopyData<sqlx_core::bytes::Bytes>
[INFO] [stdout]              CopyDone
[INFO] [stdout]            and 10 others
[INFO] [stdout]    = note: this error might have been caused by changes to Rust's type-inference algorithm (see issue #148922 <https://github.com/rust-lang/rust/issues/148922> for more information)
[INFO] [stdout]    = help: you might have intended to use the type `()` here instead
[INFO] [stdout] note: required by a bound in `PgStream::recv_expect`
[INFO] [stdout]   --> /opt/rustwide/cargo-home/registry/src/index.crates.io-1949cf8c6b5b557f/sqlx-postgres-0.7.4/src/connection/stream.rs:68:45
[INFO] [stdout]    |
[INFO] [stdout] 41 | impl PgStream {
[INFO] [stdout] ...
[INFO] [stdout] 68 |     pub(crate) async fn recv_expect<'de, T: Decode<'de>>(
[INFO] [stdout]    |                                             ^^^^^^^^^^^ required by this bound in `PgStream::recv_expect`
[INFO] [stdout] 
[INFO] [stdout] 
[INFO] [stdout] error[E0277]: the trait bound `!: sqlx_core::io::Decode<'_>` is not satisfied
[INFO] [stdout]   --> /opt/rustwide/cargo-home/registry/src/index.crates.io-1949cf8c6b5b557f/sqlx-postgres-0.7.4/src/connection/executor.rs:69:10
[INFO] [stdout]    |
[INFO] [stdout] 69 |         .await?;
[INFO] [stdout]    |          ^^^^^ the trait `sqlx_core::io::Decode<'_>` is not implemented for `!`
[INFO] [stdout]    |
[INFO] [stdout]    = help: the following other types implement trait `sqlx_core::io::Decode<'de, Context>`:
[INFO] [stdout]              ()
[INFO] [stdout]              Authentication
[INFO] [stdout]              AuthenticationSaslContinue
[INFO] [stdout]              AuthenticationSaslFinal
[INFO] [stdout]              BackendKeyData
[INFO] [stdout]              CommandComplete
[INFO] [stdout]              CopyData<sqlx_core::bytes::Bytes>
[INFO] [stdout]              CopyDone
[INFO] [stdout]            and 10 others
[INFO] [stdout]    = note: this error might have been caused by changes to Rust's type-inference algorithm (see issue #148922 <https://github.com/rust-lang/rust/issues/148922> for more information)
[INFO] [stdout]    = help: you might have intended to use the type `()` here instead
[INFO] [stdout] note: required by a bound in `PgStream::recv_expect`
[INFO] [stdout]   --> /opt/rustwide/cargo-home/registry/src/index.crates.io-1949cf8c6b5b557f/sqlx-postgres-0.7.4/src/connection/stream.rs:68:45
[INFO] [stdout]    |
[INFO] [stdout] 41 | impl PgStream {
[INFO] [stdout] ...
[INFO] [stdout] 68 |     pub(crate) async fn recv_expect<'de, T: Decode<'de>>(
[INFO] [stdout]    |                                             ^^^^^^^^^^^ required by this bound in `PgStream::recv_expect`
[INFO] [stdout] 
[INFO] [stdout] 
[INFO] [stdout] error[E0277]: the trait bound `!: sqlx_core::io::Decode<'_>` is not satisfied
[INFO] [stdout]    --> /opt/rustwide/cargo-home/registry/src/index.crates.io-1949cf8c6b5b557f/sqlx-postgres-0.7.4/src/copy.rs:280:30
[INFO] [stdout]     |
[INFO] [stdout] 280 | ...                   .recv_expect(MessageFormat::ReadyForQuery)
[INFO] [stdout]     |                        ^^^^^^^^^^^ the trait `sqlx_core::io::Decode<'_>` is not implemented for `!`
[INFO] [stdout]     |
[INFO] [stdout]     = help: the following other types implement trait `sqlx_core::io::Decode<'de, Context>`:
[INFO] [stdout]               ()
[INFO] [stdout]               Authentication
[INFO] [stdout]               AuthenticationSaslContinue
[INFO] [stdout]               AuthenticationSaslFinal
[INFO] [stdout]               BackendKeyData
[INFO] [stdout]               CommandComplete
[INFO] [stdout]               CopyData<sqlx_core::bytes::Bytes>
[INFO] [stdout]               CopyDone
[INFO] [stdout]             and 10 others
[INFO] [stdout]     = note: this error might have been caused by changes to Rust's type-inference algorithm (see issue #148922 <https://github.com/rust-lang/rust/issues/148922> for more information)
[INFO] [stdout]     = help: you might have intended to use the type `()` here instead
[INFO] [stdout] note: required by a bound in `PgStream::recv_expect`
[INFO] [stdout]    --> /opt/rustwide/cargo-home/registry/src/index.crates.io-1949cf8c6b5b557f/sqlx-postgres-0.7.4/src/connection/stream.rs:68:45
[INFO] [stdout]     |
[INFO] [stdout]  41 | impl PgStream {
[INFO] [stdout] ...
[INFO] [stdout]  68 |     pub(crate) async fn recv_expect<'de, T: Decode<'de>>(
[INFO] [stdout]     |                                             ^^^^^^^^^^^ required by this bound in `PgStream::recv_expect`
[INFO] [stdout] 
[INFO] [stdout] 
[INFO] [stdout] error[E0277]: the trait bound `!: sqlx_core::io::Decode<'_>` is not satisfied
[INFO] [stdout]    --> /opt/rustwide/cargo-home/registry/src/index.crates.io-1949cf8c6b5b557f/sqlx-postgres-0.7.4/src/copy.rs:279:25
[INFO] [stdout]     |
[INFO] [stdout] 279 | /                         conn.stream
[INFO] [stdout] 280 | |                             .recv_expect(MessageFormat::ReadyForQuery)
[INFO] [stdout]     | |______________________________________________________________________^ the trait `sqlx_core::io::Decode<'_>` is not implemented for `!`
[INFO] [stdout]     |
[INFO] [stdout]     = help: the following other types implement trait `sqlx_core::io::Decode<'de, Context>`:
[INFO] [stdout]               ()
[INFO] [stdout]               Authentication
[INFO] [stdout]               AuthenticationSaslContinue
[INFO] [stdout]               AuthenticationSaslFinal
[INFO] [stdout]               BackendKeyData
[INFO] [stdout]               CommandComplete
[INFO] [stdout]               CopyData<sqlx_core::bytes::Bytes>
[INFO] [stdout]               CopyDone
[INFO] [stdout]             and 10 others
[INFO] [stdout]     = note: this error might have been caused by changes to Rust's type-inference algorithm (see issue #148922 <https://github.com/rust-lang/rust/issues/148922> for more information)
[INFO] [stdout]     = help: you might have intended to use the type `()` here instead
[INFO] [stdout] note: required by a bound in `PgStream::recv_expect`
[INFO] [stdout]    --> /opt/rustwide/cargo-home/registry/src/index.crates.io-1949cf8c6b5b557f/sqlx-postgres-0.7.4/src/connection/stream.rs:68:45
[INFO] [stdout]     |
[INFO] [stdout]  41 | impl PgStream {
[INFO] [stdout] ...
[INFO] [stdout]  68 |     pub(crate) async fn recv_expect<'de, T: Decode<'de>>(
[INFO] [stdout]     |                                             ^^^^^^^^^^^ required by this bound in `PgStream::recv_expect`
[INFO] [stdout] 
[INFO] [stdout] 
[INFO] [stdout] error[E0277]: the trait bound `!: sqlx_core::io::Decode<'_>` is not satisfied
[INFO] [stdout]    --> /opt/rustwide/cargo-home/registry/src/index.crates.io-1949cf8c6b5b557f/sqlx-postgres-0.7.4/src/copy.rs:281:30
[INFO] [stdout]     |
[INFO] [stdout] 281 | ...                   .await?;
[INFO] [stdout]     |                        ^^^^^ the trait `sqlx_core::io::Decode<'_>` is not implemented for `!`
[INFO] [stdout]     |
[INFO] [stdout]     = help: the following other types implement trait `sqlx_core::io::Decode<'de, Context>`:
[INFO] [stdout]               ()
[INFO] [stdout]               Authentication
[INFO] [stdout]               AuthenticationSaslContinue
[INFO] [stdout]               AuthenticationSaslFinal
[INFO] [stdout]               BackendKeyData
[INFO] [stdout]               CommandComplete
[INFO] [stdout]               CopyData<sqlx_core::bytes::Bytes>
[INFO] [stdout]               CopyDone
[INFO] [stdout]             and 10 others
[INFO] [stdout]     = note: this error might have been caused by changes to Rust's type-inference algorithm (see issue #148922 <https://github.com/rust-lang/rust/issues/148922> for more information)
[INFO] [stdout]     = help: you might have intended to use the type `()` here instead
[INFO] [stdout] note: required by a bound in `PgStream::recv_expect`
[INFO] [stdout]    --> /opt/rustwide/cargo-home/registry/src/index.crates.io-1949cf8c6b5b557f/sqlx-postgres-0.7.4/src/connection/stream.rs:68:45
[INFO] [stdout]     |
[INFO] [stdout]  41 | impl PgStream {
[INFO] [stdout] ...
[INFO] [stdout]  68 |     pub(crate) async fn recv_expect<'de, T: Decode<'de>>(
[INFO] [stdout]     |                                             ^^^^^^^^^^^ required by this bound in `PgStream::recv_expect`
[INFO] [stdout] 
[INFO] [stdout] 
[INFO] [stdout] error[E0277]: the trait bound `!: sqlx_core::io::Decode<'_>` is not satisfied
[INFO] [stdout]    --> /opt/rustwide/cargo-home/registry/src/index.crates.io-1949cf8c6b5b557f/sqlx-postgres-0.7.4/src/copy.rs:314:14
[INFO] [stdout]     |
[INFO] [stdout] 314 |             .recv_expect(MessageFormat::ReadyForQuery)
[INFO] [stdout]     |              ^^^^^^^^^^^ the trait `sqlx_core::io::Decode<'_>` is not implemented for `!`
[INFO] [stdout]     |
[INFO] [stdout]     = help: the following other types implement trait `sqlx_core::io::Decode<'de, Context>`:
[INFO] [stdout]               ()
[INFO] [stdout]               Authentication
[INFO] [stdout]               AuthenticationSaslContinue
[INFO] [stdout]               AuthenticationSaslFinal
[INFO] [stdout]               BackendKeyData
[INFO] [stdout]               CommandComplete
[INFO] [stdout]               CopyData<sqlx_core::bytes::Bytes>
[INFO] [stdout]               CopyDone
[INFO] [stdout]             and 10 others
[INFO] [stdout]     = note: this error might have been caused by changes to Rust's type-inference algorithm (see issue #148922 <https://github.com/rust-lang/rust/issues/148922> for more information)
[INFO] [stdout]     = help: you might have intended to use the type `()` here instead
[INFO] [stdout] note: required by a bound in `PgStream::recv_expect`
[INFO] [stdout]    --> /opt/rustwide/cargo-home/registry/src/index.crates.io-1949cf8c6b5b557f/sqlx-postgres-0.7.4/src/connection/stream.rs:68:45
[INFO] [stdout]     |
[INFO] [stdout]  41 | impl PgStream {
[INFO] [stdout] ...
[INFO] [stdout]  68 |     pub(crate) async fn recv_expect<'de, T: Decode<'de>>(
[INFO] [stdout]     |                                             ^^^^^^^^^^^ required by this bound in `PgStream::recv_expect`
[INFO] [stdout] 
[INFO] [stdout] 
[INFO] [stdout] error[E0277]: the trait bound `!: sqlx_core::io::Decode<'_>` is not satisfied
[INFO] [stdout]    --> /opt/rustwide/cargo-home/registry/src/index.crates.io-1949cf8c6b5b557f/sqlx-postgres-0.7.4/src/copy.rs:313:9
[INFO] [stdout]     |
[INFO] [stdout] 313 | /         conn.stream
[INFO] [stdout] 314 | |             .recv_expect(MessageFormat::ReadyForQuery)
[INFO] [stdout]     | |______________________________________________________^ the trait `sqlx_core::io::Decode<'_>` is not implemented for `!`
[INFO] [stdout]     |
[INFO] [stdout]     = help: the following other types implement trait `sqlx_core::io::Decode<'de, Context>`:
[INFO] [stdout]               ()
[INFO] [stdout]               Authentication
[INFO] [stdout]               AuthenticationSaslContinue
[INFO] [stdout]               AuthenticationSaslFinal
[INFO] [stdout]               BackendKeyData
[INFO] [stdout]               CommandComplete
[INFO] [stdout]               CopyData<sqlx_core::bytes::Bytes>
[INFO] [stdout]               CopyDone
[INFO] [stdout]             and 10 others
[INFO] [stdout]     = note: this error might have been caused by changes to Rust's type-inference algorithm (see issue #148922 <https://github.com/rust-lang/rust/issues/148922> for more information)
[INFO] [stdout]     = help: you might have intended to use the type `()` here instead
[INFO] [stdout] note: required by a bound in `PgStream::recv_expect`
[INFO] [stdout]    --> /opt/rustwide/cargo-home/registry/src/index.crates.io-1949cf8c6b5b557f/sqlx-postgres-0.7.4/src/connection/stream.rs:68:45
[INFO] [stdout]     |
[INFO] [stdout]  41 | impl PgStream {
[INFO] [stdout] ...
[INFO] [stdout]  68 |     pub(crate) async fn recv_expect<'de, T: Decode<'de>>(
[INFO] [stdout]     |                                             ^^^^^^^^^^^ required by this bound in `PgStream::recv_expect`
[INFO] [stdout] 
[INFO] [stdout] 
[INFO] [stdout] error[E0277]: the trait bound `!: sqlx_core::io::Decode<'_>` is not satisfied
[INFO] [stdout]    --> /opt/rustwide/cargo-home/registry/src/index.crates.io-1949cf8c6b5b557f/sqlx-postgres-0.7.4/src/copy.rs:315:14
[INFO] [stdout]     |
[INFO] [stdout] 315 |             .await?;
[INFO] [stdout]     |              ^^^^^ the trait `sqlx_core::io::Decode<'_>` is not implemented for `!`
[INFO] [stdout]     |
[INFO] [stdout]     = help: the following other types implement trait `sqlx_core::io::Decode<'de, Context>`:
[INFO] [stdout]               ()
[INFO] [stdout]               Authentication
[INFO] [stdout]               AuthenticationSaslContinue
[INFO] [stdout]               AuthenticationSaslFinal
[INFO] [stdout]               BackendKeyData
[INFO] [stdout]               CommandComplete
[INFO] [stdout]               CopyData<sqlx_core::bytes::Bytes>
[INFO] [stdout]               CopyDone
[INFO] [stdout]             and 10 others
[INFO] [stdout]     = note: this error might have been caused by changes to Rust's type-inference algorithm (see issue #148922 <https://github.com/rust-lang/rust/issues/148922> for more information)
[INFO] [stdout]     = help: you might have intended to use the type `()` here instead
[INFO] [stdout] note: required by a bound in `PgStream::recv_expect`
[INFO] [stdout]    --> /opt/rustwide/cargo-home/registry/src/index.crates.io-1949cf8c6b5b557f/sqlx-postgres-0.7.4/src/connection/stream.rs:68:45
[INFO] [stdout]     |
[INFO] [stdout]  41 | impl PgStream {
[INFO] [stdout] ...
[INFO] [stdout]  68 |     pub(crate) async fn recv_expect<'de, T: Decode<'de>>(
[INFO] [stdout]     |                                             ^^^^^^^^^^^ required by this bound in `PgStream::recv_expect`
[INFO] [stdout] 
[INFO] [stdout] 
[INFO] [stdout] error[E0277]: the trait bound `!: sqlx_core::io::Decode<'_>` is not satisfied
[INFO] [stdout]    --> /opt/rustwide/cargo-home/registry/src/index.crates.io-1949cf8c6b5b557f/sqlx-postgres-0.7.4/src/copy.rs:350:33
[INFO] [stdout]     |
[INFO] [stdout] 350 |                     conn.stream.recv_expect(MessageFormat::CommandComplete).await?;
[INFO] [stdout]     |                                 ^^^^^^^^^^^ the trait `sqlx_core::io::Decode<'_>` is not implemented for `!`
[INFO] [stdout]     |
[INFO] [stdout]     = help: the following other types implement trait `sqlx_core::io::Decode<'de, Context>`:
[INFO] [stdout]               ()
[INFO] [stdout]               Authentication
[INFO] [stdout]               AuthenticationSaslContinue
[INFO] [stdout]               AuthenticationSaslFinal
[INFO] [stdout]               BackendKeyData
[INFO] [stdout]               CommandComplete
[INFO] [stdout]               CopyData<sqlx_core::bytes::Bytes>
[INFO] [stdout]               CopyDone
[INFO] [stdout]             and 10 others
[INFO] [stdout]     = note: this error might have been caused by changes to Rust's type-inference algorithm (see issue #148922 <https://github.com/rust-lang/rust/issues/148922> for more information)
[INFO] [stdout]     = help: you might have intended to use the type `()` here instead
[INFO] [stdout] note: required by a bound in `PgStream::recv_expect`
[INFO] [stdout]    --> /opt/rustwide/cargo-home/registry/src/index.crates.io-1949cf8c6b5b557f/sqlx-postgres-0.7.4/src/connection/stream.rs:68:45
[INFO] [stdout]     |
[INFO] [stdout]  41 | impl PgStream {
[INFO] [stdout] ...
[INFO] [stdout]  68 |     pub(crate) async fn recv_expect<'de, T: Decode<'de>>(
[INFO] [stdout]     |                                             ^^^^^^^^^^^ required by this bound in `PgStream::recv_expect`
[INFO] [stdout] 
[INFO] [stdout] 
[INFO] [stdout] error[E0277]: the trait bound `!: sqlx_core::io::Decode<'_>` is not satisfied
[INFO] [stdout]    --> /opt/rustwide/cargo-home/registry/src/index.crates.io-1949cf8c6b5b557f/sqlx-postgres-0.7.4/src/copy.rs:350:21
[INFO] [stdout]     |
[INFO] [stdout] 350 |                     conn.stream.recv_expect(MessageFormat::CommandComplete).await?;
[INFO] [stdout]     |                     ^^^^^^^^^^^^^^^^^^^^^^^^^^^^^^^^^^^^^^^^^^^^^^^^^^^^^^^ the trait `sqlx_core::io::Decode<'_>` is not implemented for `!`
[INFO] [stdout]     |
[INFO] [stdout]     = help: the following other types implement trait `sqlx_core::io::Decode<'de, Context>`:
[INFO] [stdout]               ()
[INFO] [stdout]               Authentication
[INFO] [stdout]               AuthenticationSaslContinue
[INFO] [stdout]               AuthenticationSaslFinal
[INFO] [stdout]               BackendKeyData
[INFO] [stdout]               CommandComplete
[INFO] [stdout]               CopyData<sqlx_core::bytes::Bytes>
[INFO] [stdout]               CopyDone
[INFO] [stdout]             and 10 others
[INFO] [stdout]     = note: this error might have been caused by changes to Rust's type-inference algorithm (see issue #148922 <https://github.com/rust-lang/rust/issues/148922> for more information)
[INFO] [stdout]     = help: you might have intended to use the type `()` here instead
[INFO] [stdout] note: required by a bound in `PgStream::recv_expect`
[INFO] [stdout]    --> /opt/rustwide/cargo-home/registry/src/index.crates.io-1949cf8c6b5b557f/sqlx-postgres-0.7.4/src/connection/stream.rs:68:45
[INFO] [stdout]     |
[INFO] [stdout]  41 | impl PgStream {
[INFO] [stdout] ...
[INFO] [stdout]  68 |     pub(crate) async fn recv_expect<'de, T: Decode<'de>>(
[INFO] [stdout]     |                                             ^^^^^^^^^^^ required by this bound in `PgStream::recv_expect`
[INFO] [stdout] 
[INFO] [stdout] 
[INFO] [stdout] error[E0277]: the trait bound `!: sqlx_core::io::Decode<'_>` is not satisfied
[INFO] [stdout]    --> /opt/rustwide/cargo-home/registry/src/index.crates.io-1949cf8c6b5b557f/sqlx-postgres-0.7.4/src/copy.rs:351:33
[INFO] [stdout]     |
[INFO] [stdout] 351 |                     conn.stream.recv_expect(MessageFormat::ReadyForQuery).await?;
[INFO] [stdout]     |                                 ^^^^^^^^^^^ the trait `sqlx_core::io::Decode<'_>` is not implemented for `!`
[INFO] [stdout]     |
[INFO] [stdout]     = help: the following other types implement trait `sqlx_core::io::Decode<'de, Context>`:
[INFO] [stdout]               ()
[INFO] [stdout]               Authentication
[INFO] [stdout]               AuthenticationSaslContinue
[INFO] [stdout]               AuthenticationSaslFinal
[INFO] [stdout]               BackendKeyData
[INFO] [stdout]               CommandComplete
[INFO] [stdout]               CopyData<sqlx_core::bytes::Bytes>
[INFO] [stdout]               CopyDone
[INFO] [stdout]             and 10 others
[INFO] [stdout]     = note: this error might have been caused by changes to Rust's type-inference algorithm (see issue #148922 <https://github.com/rust-lang/rust/issues/148922> for more information)
[INFO] [stdout]     = help: you might have intended to use the type `()` here instead
[INFO] [stdout] note: required by a bound in `PgStream::recv_expect`
[INFO] [stdout]    --> /opt/rustwide/cargo-home/registry/src/index.crates.io-1949cf8c6b5b557f/sqlx-postgres-0.7.4/src/connection/stream.rs:68:45
[INFO] [stdout]     |
[INFO] [stdout]  41 | impl PgStream {
[INFO] [stdout] ...
[INFO] [stdout]  68 |     pub(crate) async fn recv_expect<'de, T: Decode<'de>>(
[INFO] [stdout]     |                                             ^^^^^^^^^^^ required by this bound in `PgStream::recv_expect`
[INFO] [stdout] 
[INFO] [stdout] 
[INFO] [stdout] error[E0277]: the trait bound `!: sqlx_core::io::Decode<'_>` is not satisfied
[INFO] [stdout]    --> /opt/rustwide/cargo-home/registry/src/index.crates.io-1949cf8c6b5b557f/sqlx-postgres-0.7.4/src/copy.rs:351:21
[INFO] [stdout]     |
[INFO] [stdout] 351 |                     conn.stream.recv_expect(MessageFormat::ReadyForQuery).await?;
[INFO] [stdout]     |                     ^^^^^^^^^^^^^^^^^^^^^^^^^^^^^^^^^^^^^^^^^^^^^^^^^^^^^ the trait `sqlx_core::io::Decode<'_>` is not implemented for `!`
[INFO] [stdout]     |
[INFO] [stdout]     = help: the following other types implement trait `sqlx_core::io::Decode<'de, Context>`:
[INFO] [stdout]               ()
[INFO] [stdout]               Authentication
[INFO] [stdout]               AuthenticationSaslContinue
[INFO] [stdout]               AuthenticationSaslFinal
[INFO] [stdout]               BackendKeyData
[INFO] [stdout]               CommandComplete
[INFO] [stdout]               CopyData<sqlx_core::bytes::Bytes>
[INFO] [stdout]               CopyDone
[INFO] [stdout]             and 10 others
[INFO] [stdout]     = note: this error might have been caused by changes to Rust's type-inference algorithm (see issue #148922 <https://github.com/rust-lang/rust/issues/148922> for more information)
[INFO] [stdout]     = help: you might have intended to use the type `()` here instead
[INFO] [stdout] note: required by a bound in `PgStream::recv_expect`
[INFO] [stdout]    --> /opt/rustwide/cargo-home/registry/src/index.crates.io-1949cf8c6b5b557f/sqlx-postgres-0.7.4/src/connection/stream.rs:68:45
[INFO] [stdout]     |
[INFO] [stdout]  41 | impl PgStream {
[INFO] [stdout] ...
[INFO] [stdout]  68 |     pub(crate) async fn recv_expect<'de, T: Decode<'de>>(
[INFO] [stdout]     |                                             ^^^^^^^^^^^ required by this bound in `PgStream::recv_expect`
[INFO] [stdout] 
[INFO] [stdout] 
[INFO] [stdout] error[E0277]: the trait bound `!: sqlx_core::io::Decode<'_>` is not satisfied
[INFO] [stdout]    --> /opt/rustwide/cargo-home/registry/src/index.crates.io-1949cf8c6b5b557f/sqlx-postgres-0.7.4/src/copy.rs:350:77
[INFO] [stdout]     |
[INFO] [stdout] 350 |                     conn.stream.recv_expect(MessageFormat::CommandComplete).await?;
[INFO] [stdout]     |                                                                             ^^^^^ the trait `sqlx_core::io::Decode<'_>` is not implemented for `!`
[INFO] [stdout]     |
[INFO] [stdout]     = help: the following other types implement trait `sqlx_core::io::Decode<'de, Context>`:
[INFO] [stdout]               ()
[INFO] [stdout]               Authentication
[INFO] [stdout]               AuthenticationSaslContinue
[INFO] [stdout]               AuthenticationSaslFinal
[INFO] [stdout]               BackendKeyData
[INFO] [stdout]               CommandComplete
[INFO] [stdout]               CopyData<sqlx_core::bytes::Bytes>
[INFO] [stdout]               CopyDone
[INFO] [stdout]             and 10 others
[INFO] [stdout]     = note: this error might have been caused by changes to Rust's type-inference algorithm (see issue #148922 <https://github.com/rust-lang/rust/issues/148922> for more information)
[INFO] [stdout]     = help: you might have intended to use the type `()` here instead
[INFO] [stdout] note: required by a bound in `PgStream::recv_expect`
[INFO] [stdout]    --> /opt/rustwide/cargo-home/registry/src/index.crates.io-1949cf8c6b5b557f/sqlx-postgres-0.7.4/src/connection/stream.rs:68:45
[INFO] [stdout]     |
[INFO] [stdout]  41 | impl PgStream {
[INFO] [stdout] ...
[INFO] [stdout]  68 |     pub(crate) async fn recv_expect<'de, T: Decode<'de>>(
[INFO] [stdout]     |                                             ^^^^^^^^^^^ required by this bound in `PgStream::recv_expect`
[INFO] [stdout] 
[INFO] [stdout] 
[INFO] [stdout] error[E0277]: the trait bound `!: sqlx_core::io::Decode<'_>` is not satisfied
[INFO] [stdout]    --> /opt/rustwide/cargo-home/registry/src/index.crates.io-1949cf8c6b5b557f/sqlx-postgres-0.7.4/src/copy.rs:351:75
[INFO] [stdout]     |
[INFO] [stdout] 351 |                     conn.stream.recv_expect(MessageFormat::ReadyForQuery).await?;
[INFO] [stdout]     |                                                                           ^^^^^ the trait `sqlx_core::io::Decode<'_>` is not implemented for `!`
[INFO] [stdout]     |
[INFO] [stdout]     = help: the following other types implement trait `sqlx_core::io::Decode<'de, Context>`:
[INFO] [stdout]               ()
[INFO] [stdout]               Authentication
[INFO] [stdout]               AuthenticationSaslContinue
[INFO] [stdout]               AuthenticationSaslFinal
[INFO] [stdout]               BackendKeyData
[INFO] [stdout]               CommandComplete
[INFO] [stdout]               CopyData<sqlx_core::bytes::Bytes>
[INFO] [stdout]               CopyDone
[INFO] [stdout]             and 10 others
[INFO] [stdout]     = note: this error might have been caused by changes to Rust's type-inference algorithm (see issue #148922 <https://github.com/rust-lang/rust/issues/148922> for more information)
[INFO] [stdout]     = help: you might have intended to use the type `()` here instead
[INFO] [stdout] note: required by a bound in `PgStream::recv_expect`
[INFO] [stdout]    --> /opt/rustwide/cargo-home/registry/src/index.crates.io-1949cf8c6b5b557f/sqlx-postgres-0.7.4/src/connection/stream.rs:68:45
[INFO] [stdout]     |
[INFO] [stdout]  41 | impl PgStream {
[INFO] [stdout] ...
[INFO] [stdout]  68 |     pub(crate) async fn recv_expect<'de, T: Decode<'de>>(
[INFO] [stdout]     |                                             ^^^^^^^^^^^ required by this bound in `PgStream::recv_expect`
[INFO] [stdout] 
[INFO] [stdout] 
[INFO] [stderr]    Compiling darling v0.20.11
[INFO] [stderr]     Checking tokio-tungstenite v0.29.0
[INFO] [stderr]    Compiling libsignal-net-grpc v0.1.0 (https://github.com/signalapp/libsignal.git#4beb029d)
[INFO] [stderr]    Compiling syn v1.0.109
[INFO] [stderr]     Checking hyper-util v0.1.21
[INFO] [stderr]     Checking rustls-platform-verifier v0.7.1
[INFO] [stderr]     Checking ed25519-dalek v3.0.0
[INFO] [stderr]    Compiling libsignal-net v0.1.0 (https://github.com/signalapp/libsignal.git#4beb029d)
[INFO] [stderr]    Compiling usernames v0.1.0 (https://github.com/signalapp/libsignal.git#4beb029d)
[INFO] [stderr]     Checking futures-executor v0.3.31
[INFO] [stderr]     Checking tokio-socks v0.5.2
[INFO] [stdout] For more information about this error, try `rustc --explain E0277`.
[INFO] [stdout] 
[INFO] [stderr] error: could not compile `sqlx-postgres` (lib) due to 15 previous errors
[INFO] [stderr] warning: build failed, waiting for other jobs to finish...
[INFO] running `Command { std: "docker" "inspect" "b8c29eb27bc7c92b7db74a2f2c65c309ce7992431e5764a64697e28380e4cf19", kill_on_drop: false }`
[INFO] running `Command { std: "docker" "rm" "-f" "b8c29eb27bc7c92b7db74a2f2c65c309ce7992431e5764a64697e28380e4cf19", kill_on_drop: false }`
[INFO] [stdout] b8c29eb27bc7c92b7db74a2f2c65c309ce7992431e5764a64697e28380e4cf19
